{"id":249862,"date":"2026-04-02T01:51:47","date_gmt":"2026-04-02T07:51:47","guid":{"rendered":"https:\/\/compuviper.mx\/tienda\/producto\/dell-ac958788-memoria-ram-16gb-ddr5-5600-mt-s-udimm-ecc-para-servidores-t160-t360-r260-y-r360\/"},"modified":"2026-04-02T01:51:48","modified_gmt":"2026-04-02T07:51:48","slug":"dell-ac958788ac958788-memoria-ram-ac958788-16gb-ddr5-5600-mt-s-udimm-ecc-para-servidores-t160-t360-r260-y-r360","status":"publish","type":"product","link":"https:\/\/compuviper.mx\/tienda\/producto\/dell-ac958788ac958788-memoria-ram-ac958788-16gb-ddr5-5600-mt-s-udimm-ecc-para-servidores-t160-t360-r260-y-r360\/","title":{"rendered":"Dell Ac958788,ac958788 Memoria Ram  Ac958788 16gb\/ Ddr5 \/ 5600 Mt\/s Udimm Ecc Para Servidores  T160, T360, R260 Y R360"},"content":{"rendered":"<table class=\"descripcion\">\n<tr>\n<td>Capacidad de memoria 16gb<\/td>\n<\/tr>\n<tr>\n<td>1rx8 ddr5 udimm 5600 mt\/s ecc<\/td>\n<\/tr>\n<tr>\n<td>Servidores compatibles<\/td>\n<\/tr>\n<tr>\n<td>Poweredge r260<\/td>\n<\/tr>\n<tr>\n<td>Poweredge r360<\/td>\n<\/tr>\n<tr>\n<td>Poweredge t160<\/td>\n<\/tr>\n<tr>\n<td>Poweredge t360<\/td>\n<\/tr>\n<\/table>\n","protected":false},"excerpt":{"rendered":"<p>Las actualizaciones de memoria de dell son las mismas piezas que utilizamos en los sistemas dell originales. Funcionar\u00e1n correctamente la primera vez y garantizamos que ser\u00e1n compatibles. La memoria dell est\u00e1 fabricada con piezas de calidad oem l\u00edderes en la industria. Solo los productos obtenidos en el primer paso son aceptables para cumplir con el est\u00e1ndar de alta calidad de dell, disponible \u00fanicamente cuando se compran a dell.<\/p>\n","protected":false},"featured_media":260678,"comment_status":"open","ping_status":"open","template":"","meta":[],"product_cat":[1797,1793],"product_tag":[1537],"acf":[],"yoast_head":"<!-- This site is optimized with the Yoast SEO plugin v21.7 - https:\/\/yoast.com\/wordpress\/plugins\/seo\/ -->\n<title>[ Dell ] &#129351; Ac958788,ac958788 Memoria Ram Ac958788 16gb\/ Ddr5 \/ 5600 Mt\/s Udimm Ecc Para Servidores T160, T360, R260 Y R360<\/title>\n<meta name=\"description\" content=\"Compra Ac958788,ac958788 Memoria Ram Ac958788 16gb\/ Ddr5 \/ 5600 Mt\/s Udimm Ecc Para Servidores T160, T360, R260 Y R360 + Env\u00edo a domicilio + Pago seguro + Garant\u00eda\" \/>\n<meta name=\"robots\" content=\"index, follow, max-snippet:-1, max-image-preview:large, max-video-preview:-1\" \/>\n<link rel=\"canonical\" href=\"https:\/\/compuviper.mx\/tienda\/producto\/dell-ac958788ac958788-memoria-ram-ac958788-16gb-ddr5-5600-mt-s-udimm-ecc-para-servidores-t160-t360-r260-y-r360\/\" \/>\n<meta property=\"og:locale\" content=\"es_MX\" \/>\n<meta property=\"og:type\" content=\"article\" \/>\n<meta property=\"og:title\" content=\"[ Dell ] &#129351; Ac958788,ac958788 Memoria Ram Ac958788 16gb\/ Ddr5 \/ 5600 Mt\/s Udimm Ecc Para Servidores T160, T360, R260 Y R360\" \/>\n<meta property=\"og:description\" content=\"Compra Ac958788,ac958788 Memoria Ram Ac958788 16gb\/ Ddr5 \/ 5600 Mt\/s Udimm Ecc Para Servidores T160, T360, R260 Y R360 + Env\u00edo a domicilio + Pago seguro + Garant\u00eda\" \/>\n<meta property=\"og:url\" content=\"https:\/\/compuviper.mx\/tienda\/producto\/dell-ac958788ac958788-memoria-ram-ac958788-16gb-ddr5-5600-mt-s-udimm-ecc-para-servidores-t160-t360-r260-y-r360\/\" \/>\n<meta property=\"og:site_name\" content=\"Compuviper\" \/>\n<meta property=\"article:publisher\" content=\"https:\/\/www.facebook.com\/compuviper\" \/>\n<meta property=\"article:modified_time\" content=\"2026-04-02T07:51:48+00:00\" \/>\n<meta property=\"og:image\" content=\"https:\/\/compuviper.mx\/tienda\/wp-content\/uploads\/2025\/10\/Memoria-ram-dell-ac958788-16gb-ddr5-5600-mts-udimm-ecc-para-servidores-dell-t160-t360-r260-y-r360.jpg\" \/>\n\t<meta property=\"og:image:width\" content=\"200\" \/>\n\t<meta property=\"og:image:height\" content=\"200\" \/>\n\t<meta property=\"og:image:type\" content=\"image\/jpeg\" \/>\n<meta name=\"twitter:card\" content=\"summary_large_image\" \/>\n<meta name=\"twitter:label1\" content=\"Precio\" \/>\n\t<meta name=\"twitter:data1\" content=\"&#36;5,742 con IVA\" \/>\n\t<meta name=\"twitter:label2\" content=\"Availability\" \/>\n\t<meta name=\"twitter:data2\" content=\"Out of stock\" \/>\n<script type=\"application\/ld+json\" class=\"yoast-schema-graph\">{\"@context\":\"https:\/\/schema.org\",\"@graph\":[{\"@type\":\"WebPage\",\"@id\":\"https:\/\/compuviper.mx\/tienda\/producto\/dell-ac958788ac958788-memoria-ram-ac958788-16gb-ddr5-5600-mt-s-udimm-ecc-para-servidores-t160-t360-r260-y-r360\/\",\"url\":\"https:\/\/compuviper.mx\/tienda\/producto\/dell-ac958788ac958788-memoria-ram-ac958788-16gb-ddr5-5600-mt-s-udimm-ecc-para-servidores-t160-t360-r260-y-r360\/\",\"name\":\"[ Dell ] &#129351; Ac958788,ac958788 Memoria Ram Ac958788 16gb\/ Ddr5 \/ 5600 Mt\/s Udimm Ecc Para Servidores T160, T360, R260 Y R360\",\"isPartOf\":{\"@id\":\"https:\/\/compuviper.mx\/tienda\/#website\"},\"datePublished\":\"2026-04-02T07:51:47+00:00\",\"dateModified\":\"2026-04-02T07:51:48+00:00\",\"description\":\"Compra Ac958788,ac958788 Memoria Ram Ac958788 16gb\/ Ddr5 \/ 5600 Mt\/s Udimm Ecc Para Servidores T160, T360, R260 Y R360 + Env\u00edo a domicilio + Pago seguro + Garant\u00eda\",\"breadcrumb\":{\"@id\":\"https:\/\/compuviper.mx\/tienda\/producto\/dell-ac958788ac958788-memoria-ram-ac958788-16gb-ddr5-5600-mt-s-udimm-ecc-para-servidores-t160-t360-r260-y-r360\/#breadcrumb\"},\"inLanguage\":\"es-MX\",\"potentialAction\":[{\"@type\":\"ReadAction\",\"target\":[\"https:\/\/compuviper.mx\/tienda\/producto\/dell-ac958788ac958788-memoria-ram-ac958788-16gb-ddr5-5600-mt-s-udimm-ecc-para-servidores-t160-t360-r260-y-r360\/\"]}]},{\"@type\":\"BreadcrumbList\",\"@id\":\"https:\/\/compuviper.mx\/tienda\/producto\/dell-ac958788ac958788-memoria-ram-ac958788-16gb-ddr5-5600-mt-s-udimm-ecc-para-servidores-t160-t360-r260-y-r360\/#breadcrumb\",\"itemListElement\":[{\"@type\":\"ListItem\",\"position\":1,\"name\":\"Inicio\",\"item\":\"https:\/\/compuviper.mx\/tienda\/\"},{\"@type\":\"ListItem\",\"position\":2,\"name\":\"Productos\",\"item\":\"https:\/\/compuviper.mx\/tienda\/productos\/\"},{\"@type\":\"ListItem\",\"position\":3,\"name\":\"Memorias\",\"item\":\"https:\/\/compuviper.mx\/tienda\/categoria-producto\/memorias\/\"},{\"@type\":\"ListItem\",\"position\":4,\"name\":\"Memoria Ram\",\"item\":\"https:\/\/compuviper.mx\/tienda\/categoria-producto\/memorias\/memoria-ram\/\"},{\"@type\":\"ListItem\",\"position\":5,\"name\":\"Dell Ac958788,ac958788 Memoria Ram Ac958788 16gb\/ Ddr5 \/ 5600 Mt\/s Udimm Ecc Para Servidores T160, T360, R260 Y R360\"}]},{\"@type\":\"WebSite\",\"@id\":\"https:\/\/compuviper.mx\/tienda\/#website\",\"url\":\"https:\/\/compuviper.mx\/tienda\/\",\"name\":\"Compuviper\",\"description\":\"Proveedor de Computadoras, Laptops, Servidores, Monitores, Puntos de Venta, Teclados,   Impresoras, T\u00f3ner, C\u00e1maras de Seguridad y m\u00e1s en tu tienda en l\u00ednea\",\"publisher\":{\"@id\":\"https:\/\/compuviper.mx\/tienda\/#organization\"},\"potentialAction\":[{\"@type\":\"SearchAction\",\"target\":{\"@type\":\"EntryPoint\",\"urlTemplate\":\"https:\/\/compuviper.mx\/tienda\/?s={search_term_string}\"},\"query-input\":\"required name=search_term_string\"}],\"inLanguage\":\"es-MX\"},{\"@type\":\"Organization\",\"@id\":\"https:\/\/compuviper.mx\/tienda\/#organization\",\"name\":\"Compuviper\",\"url\":\"https:\/\/compuviper.mx\/tienda\/\",\"logo\":{\"@type\":\"ImageObject\",\"inLanguage\":\"es-MX\",\"@id\":\"https:\/\/compuviper.mx\/tienda\/#\/schema\/logo\/image\/\",\"url\":\"https:\/\/compuviper.mx\/tienda\/wp-content\/uploads\/2021\/08\/Logo-Compuviper-10.png\",\"contentUrl\":\"https:\/\/compuviper.mx\/tienda\/wp-content\/uploads\/2021\/08\/Logo-Compuviper-10.png\",\"width\":1000,\"height\":500,\"caption\":\"Compuviper\"},\"image\":{\"@id\":\"https:\/\/compuviper.mx\/tienda\/#\/schema\/logo\/image\/\"},\"sameAs\":[\"https:\/\/www.facebook.com\/compuviper\",\"https:\/\/www.youtube.com\/channel\/UCf73dERp9Y3cfOq7q8BhLjA?view_as=subscriber\"]}]}<\/script>\n<meta property=\"product:brand\" content=\"DELL\" \/>\n<meta property=\"product:price:amount\" content=\"5742\" \/>\n<meta property=\"product:price:currency\" content=\"MXN\" \/>\n<meta property=\"og:availability\" content=\"out of stock\" \/>\n<meta property=\"product:availability\" content=\"out of stock\" \/>\n<meta property=\"product:retailer_item_id\" content=\"AC958788,AC958788\" \/>\n<meta property=\"product:condition\" content=\"new\" \/>\n<!-- \/ Yoast SEO plugin. -->","yoast_head_json":{"title":"[ Dell ] &#129351; Ac958788,ac958788 Memoria Ram Ac958788 16gb\/ Ddr5 \/ 5600 Mt\/s Udimm Ecc Para Servidores T160, T360, R260 Y R360","description":"Compra Ac958788,ac958788 Memoria Ram Ac958788 16gb\/ Ddr5 \/ 5600 Mt\/s Udimm Ecc Para Servidores T160, T360, R260 Y R360 + Env\u00edo a domicilio + Pago seguro + Garant\u00eda","robots":{"index":"index","follow":"follow","max-snippet":"max-snippet:-1","max-image-preview":"max-image-preview:large","max-video-preview":"max-video-preview:-1"},"canonical":"https:\/\/compuviper.mx\/tienda\/producto\/dell-ac958788ac958788-memoria-ram-ac958788-16gb-ddr5-5600-mt-s-udimm-ecc-para-servidores-t160-t360-r260-y-r360\/","og_locale":"es_MX","og_type":"article","og_title":"[ Dell ] &#129351; Ac958788,ac958788 Memoria Ram Ac958788 16gb\/ Ddr5 \/ 5600 Mt\/s Udimm Ecc Para Servidores T160, T360, R260 Y R360","og_description":"Compra Ac958788,ac958788 Memoria Ram Ac958788 16gb\/ Ddr5 \/ 5600 Mt\/s Udimm Ecc Para Servidores T160, T360, R260 Y R360 + Env\u00edo a domicilio + Pago seguro + Garant\u00eda","og_url":"https:\/\/compuviper.mx\/tienda\/producto\/dell-ac958788ac958788-memoria-ram-ac958788-16gb-ddr5-5600-mt-s-udimm-ecc-para-servidores-t160-t360-r260-y-r360\/","og_site_name":"Compuviper","article_publisher":"https:\/\/www.facebook.com\/compuviper","article_modified_time":"2026-04-02T07:51:48+00:00","og_image":[{"width":200,"height":200,"url":"https:\/\/compuviper.mx\/tienda\/wp-content\/uploads\/2025\/10\/Memoria-ram-dell-ac958788-16gb-ddr5-5600-mts-udimm-ecc-para-servidores-dell-t160-t360-r260-y-r360.jpg","type":"image\/jpeg"}],"twitter_card":"summary_large_image","twitter_misc":{"Precio":"&#36;5,742 con IVA","Availability":"Out of stock"},"schema":{"@context":"https:\/\/schema.org","@graph":[{"@type":"WebPage","@id":"https:\/\/compuviper.mx\/tienda\/producto\/dell-ac958788ac958788-memoria-ram-ac958788-16gb-ddr5-5600-mt-s-udimm-ecc-para-servidores-t160-t360-r260-y-r360\/","url":"https:\/\/compuviper.mx\/tienda\/producto\/dell-ac958788ac958788-memoria-ram-ac958788-16gb-ddr5-5600-mt-s-udimm-ecc-para-servidores-t160-t360-r260-y-r360\/","name":"[ Dell ] &#129351; Ac958788,ac958788 Memoria Ram Ac958788 16gb\/ Ddr5 \/ 5600 Mt\/s Udimm Ecc Para Servidores T160, T360, R260 Y R360","isPartOf":{"@id":"https:\/\/compuviper.mx\/tienda\/#website"},"datePublished":"2026-04-02T07:51:47+00:00","dateModified":"2026-04-02T07:51:48+00:00","description":"Compra Ac958788,ac958788 Memoria Ram Ac958788 16gb\/ Ddr5 \/ 5600 Mt\/s Udimm Ecc Para Servidores T160, T360, R260 Y R360 + Env\u00edo a domicilio + Pago seguro + Garant\u00eda","breadcrumb":{"@id":"https:\/\/compuviper.mx\/tienda\/producto\/dell-ac958788ac958788-memoria-ram-ac958788-16gb-ddr5-5600-mt-s-udimm-ecc-para-servidores-t160-t360-r260-y-r360\/#breadcrumb"},"inLanguage":"es-MX","potentialAction":[{"@type":"ReadAction","target":["https:\/\/compuviper.mx\/tienda\/producto\/dell-ac958788ac958788-memoria-ram-ac958788-16gb-ddr5-5600-mt-s-udimm-ecc-para-servidores-t160-t360-r260-y-r360\/"]}]},{"@type":"BreadcrumbList","@id":"https:\/\/compuviper.mx\/tienda\/producto\/dell-ac958788ac958788-memoria-ram-ac958788-16gb-ddr5-5600-mt-s-udimm-ecc-para-servidores-t160-t360-r260-y-r360\/#breadcrumb","itemListElement":[{"@type":"ListItem","position":1,"name":"Inicio","item":"https:\/\/compuviper.mx\/tienda\/"},{"@type":"ListItem","position":2,"name":"Productos","item":"https:\/\/compuviper.mx\/tienda\/productos\/"},{"@type":"ListItem","position":3,"name":"Memorias","item":"https:\/\/compuviper.mx\/tienda\/categoria-producto\/memorias\/"},{"@type":"ListItem","position":4,"name":"Memoria Ram","item":"https:\/\/compuviper.mx\/tienda\/categoria-producto\/memorias\/memoria-ram\/"},{"@type":"ListItem","position":5,"name":"Dell Ac958788,ac958788 Memoria Ram Ac958788 16gb\/ Ddr5 \/ 5600 Mt\/s Udimm Ecc Para Servidores T160, T360, R260 Y R360"}]},{"@type":"WebSite","@id":"https:\/\/compuviper.mx\/tienda\/#website","url":"https:\/\/compuviper.mx\/tienda\/","name":"Compuviper","description":"Proveedor de Computadoras, Laptops, Servidores, Monitores, Puntos de Venta, Teclados,   Impresoras, T\u00f3ner, C\u00e1maras de Seguridad y m\u00e1s en tu tienda en l\u00ednea","publisher":{"@id":"https:\/\/compuviper.mx\/tienda\/#organization"},"potentialAction":[{"@type":"SearchAction","target":{"@type":"EntryPoint","urlTemplate":"https:\/\/compuviper.mx\/tienda\/?s={search_term_string}"},"query-input":"required name=search_term_string"}],"inLanguage":"es-MX"},{"@type":"Organization","@id":"https:\/\/compuviper.mx\/tienda\/#organization","name":"Compuviper","url":"https:\/\/compuviper.mx\/tienda\/","logo":{"@type":"ImageObject","inLanguage":"es-MX","@id":"https:\/\/compuviper.mx\/tienda\/#\/schema\/logo\/image\/","url":"https:\/\/compuviper.mx\/tienda\/wp-content\/uploads\/2021\/08\/Logo-Compuviper-10.png","contentUrl":"https:\/\/compuviper.mx\/tienda\/wp-content\/uploads\/2021\/08\/Logo-Compuviper-10.png","width":1000,"height":500,"caption":"Compuviper"},"image":{"@id":"https:\/\/compuviper.mx\/tienda\/#\/schema\/logo\/image\/"},"sameAs":["https:\/\/www.facebook.com\/compuviper","https:\/\/www.youtube.com\/channel\/UCf73dERp9Y3cfOq7q8BhLjA?view_as=subscriber"]}]},"product_brand":"DELL","product_price_amount":"5742","product_price_currency":"MXN","og_availability":"out of stock","product_availability":"out of stock","product_retailer_item_id":"AC958788,AC958788","product_condition":"new"},"_links":{"self":[{"href":"https:\/\/compuviper.mx\/tienda\/wp-json\/wp\/v2\/product\/249862"}],"collection":[{"href":"https:\/\/compuviper.mx\/tienda\/wp-json\/wp\/v2\/product"}],"about":[{"href":"https:\/\/compuviper.mx\/tienda\/wp-json\/wp\/v2\/types\/product"}],"replies":[{"embeddable":true,"href":"https:\/\/compuviper.mx\/tienda\/wp-json\/wp\/v2\/comments?post=249862"}],"wp:featuredmedia":[{"embeddable":true,"href":"https:\/\/compuviper.mx\/tienda\/wp-json\/wp\/v2\/media\/260678"}],"wp:attachment":[{"href":"https:\/\/compuviper.mx\/tienda\/wp-json\/wp\/v2\/media?parent=249862"}],"wp:term":[{"taxonomy":"product_cat","embeddable":true,"href":"https:\/\/compuviper.mx\/tienda\/wp-json\/wp\/v2\/product_cat?post=249862"},{"taxonomy":"product_tag","embeddable":true,"href":"https:\/\/compuviper.mx\/tienda\/wp-json\/wp\/v2\/product_tag?post=249862"}],"curies":[{"name":"wp","href":"https:\/\/api.w.org\/{rel}","templated":true}]}}