{"id":249433,"date":"2026-04-07T00:28:14","date_gmt":"2026-04-07T06:28:14","guid":{"rendered":"https:\/\/compuviper.mx\/tienda\/producto\/apc-smx1500rm2uc-smart-ups-x-de-lnea-interactiva-1500-va-rack-torre-convertible-2u-120-v-8x-5-15r-nema-puerto-smartconnect-tiempo-de-ejecucin-extendido\/"},"modified":"2026-04-07T00:28:15","modified_gmt":"2026-04-07T06:28:15","slug":"apc-smx1500rm2uc-smart-ups-x-de-lnea-interactiva-1500-va-rack-torre-convertible-2u-120-v-8x-5-15r-nema-puerto-smartconnect-tiempo-de-ejecucin-extendido","status":"publish","type":"product","link":"https:\/\/compuviper.mx\/tienda\/producto\/apc-smx1500rm2uc-smart-ups-x-de-lnea-interactiva-1500-va-rack-torre-convertible-2u-120-v-8x-5-15r-nema-puerto-smartconnect-tiempo-de-ejecucin-extendido\/","title":{"rendered":"Apc Smx1500rm2uc Smart-ups X De , Lnea Interactiva, 1500 Va, Rack\/torre Convertible 2u, 120 V, 8x 5-15r Nema, Puerto Smartconnect, Tiempo De Ejecucin Extendido"},"content":{"rendered":"<table class=\"descripcion\">\n<tr>\n<td>Este apc smart-ups est diseado para administradores de ti o administradores de red para mantener el tiempo de actividad comercial, la transferencia de datos y la continuidad durante cortes de energa prolongados el ups en torre\/rack de 2ur interactivo de lnea de 1500 va proporciona energa de onda sinusoidal pura para respaldar los componentes electrnicos crticos durante las interrupciones del suministro elctrico. el smx viene con entrada nema 5-15p y 8 salidas nema 5-15r. el ups ofrece monitoreo de energa remoto basado en la nube, actualizaciones de firmware de ups, diagnsticos remotos y notificaciones proactivas por correo electrnico con acciones recomendadas. el smart-ups tiene una smartslot para la tarjeta de administracin de red opcional que permite el apagado correcto de servidores fsicos, mquinas virtuales y clsteres de hci a travs de powerchute network shutdown. esta fuente de alimentacin ininterrumpida se puede conectar a ecostruxure it o a plataformas de gestin centralizada de tercero<\/td>\n<\/tr>\n<\/table>\n","protected":false},"excerpt":{"rendered":"<p>El ups smx tiene una garanta de 3 aos y la batera de plomo-cido incorporada tiene una garanta de 2 aos. Esto es compatible con la batera reemplazable por el usuario dedicada, y el cartucho de batera de reemplazo de apc ayuda a restaurar el rendimiento del ups a las especificaciones originales. Los 3 grupos de tomacorrientes conmutables permiten una administracin ms granular de la energa suministrada a sus dispositivos. La funcin de apagado de emergencia permite que el ups se apague de forma remota durante emergencias.<\/p>\n","protected":false},"featured_media":259541,"comment_status":"open","ping_status":"open","template":"","meta":[],"product_cat":[1508,1691],"product_tag":[1694],"acf":[],"yoast_head":"<!-- This site is optimized with the Yoast SEO plugin v21.7 - https:\/\/yoast.com\/wordpress\/plugins\/seo\/ -->\n<title>[ Apc ] &#129351; Smx1500rm2uc Smart-ups X De , Lnea Interactiva, 1500 Va, Rack\/torre Convertible 2u, 120 V, 8x 5-15r Nema, Puerto Smartconnect, Tiempo De Ejecucin Extendido<\/title>\n<meta name=\"description\" content=\"Compra Smx1500rm2uc Smart-ups X De , Lnea Interactiva, 1500 Va, Rack\/torre Convertible 2u, 120 V, 8x 5-15r Nema, Puerto Smartconnect, Tiempo De Ejecucin Extendido + Env\u00edo a domicilio + Pago seguro + Garant\u00eda\" \/>\n<meta name=\"robots\" content=\"index, follow, max-snippet:-1, max-image-preview:large, max-video-preview:-1\" \/>\n<link rel=\"canonical\" href=\"https:\/\/compuviper.mx\/tienda\/producto\/apc-smx1500rm2uc-smart-ups-x-de-lnea-interactiva-1500-va-rack-torre-convertible-2u-120-v-8x-5-15r-nema-puerto-smartconnect-tiempo-de-ejecucin-extendido\/\" \/>\n<meta property=\"og:locale\" content=\"es_MX\" \/>\n<meta property=\"og:type\" content=\"article\" \/>\n<meta property=\"og:title\" content=\"[ Apc ] &#129351; Smx1500rm2uc Smart-ups X De , Lnea Interactiva, 1500 Va, Rack\/torre Convertible 2u, 120 V, 8x 5-15r Nema, Puerto Smartconnect, Tiempo De Ejecucin Extendido\" \/>\n<meta property=\"og:description\" content=\"Compra Smx1500rm2uc Smart-ups X De , Lnea Interactiva, 1500 Va, Rack\/torre Convertible 2u, 120 V, 8x 5-15r Nema, Puerto Smartconnect, Tiempo De Ejecucin Extendido + Env\u00edo a domicilio + Pago seguro + Garant\u00eda\" \/>\n<meta property=\"og:url\" content=\"https:\/\/compuviper.mx\/tienda\/producto\/apc-smx1500rm2uc-smart-ups-x-de-lnea-interactiva-1500-va-rack-torre-convertible-2u-120-v-8x-5-15r-nema-puerto-smartconnect-tiempo-de-ejecucin-extendido\/\" \/>\n<meta property=\"og:site_name\" content=\"Compuviper\" \/>\n<meta property=\"article:publisher\" content=\"https:\/\/www.facebook.com\/compuviper\" \/>\n<meta property=\"article:modified_time\" content=\"2026-04-07T06:28:15+00:00\" \/>\n<meta property=\"og:image\" content=\"https:\/\/compuviper.mx\/tienda\/wp-content\/uploads\/2025\/10\/Smart-ups-x-de-apc-lnea-interactiva-1500-va-racktorre-convertible-2u-120-v-8x-5-15r-nema-puerto-smartconnect-tiempo-de-ejecucin-extendido.jpg\" \/>\n\t<meta property=\"og:image:width\" content=\"200\" \/>\n\t<meta property=\"og:image:height\" content=\"200\" \/>\n\t<meta property=\"og:image:type\" content=\"image\/jpeg\" \/>\n<meta name=\"twitter:card\" content=\"summary_large_image\" \/>\n<meta name=\"twitter:label1\" content=\"Precio\" \/>\n\t<meta name=\"twitter:data1\" content=\"&#36;19,211 &#36;18,827 con IVA\" \/>\n\t<meta name=\"twitter:label2\" content=\"Availability\" \/>\n\t<meta name=\"twitter:data2\" content=\"Out of stock\" \/>\n<script type=\"application\/ld+json\" class=\"yoast-schema-graph\">{\"@context\":\"https:\/\/schema.org\",\"@graph\":[{\"@type\":\"WebPage\",\"@id\":\"https:\/\/compuviper.mx\/tienda\/producto\/apc-smx1500rm2uc-smart-ups-x-de-lnea-interactiva-1500-va-rack-torre-convertible-2u-120-v-8x-5-15r-nema-puerto-smartconnect-tiempo-de-ejecucin-extendido\/\",\"url\":\"https:\/\/compuviper.mx\/tienda\/producto\/apc-smx1500rm2uc-smart-ups-x-de-lnea-interactiva-1500-va-rack-torre-convertible-2u-120-v-8x-5-15r-nema-puerto-smartconnect-tiempo-de-ejecucin-extendido\/\",\"name\":\"[ Apc ] &#129351; Smx1500rm2uc Smart-ups X De , Lnea Interactiva, 1500 Va, Rack\/torre Convertible 2u, 120 V, 8x 5-15r Nema, Puerto Smartconnect, Tiempo De Ejecucin Extendido\",\"isPartOf\":{\"@id\":\"https:\/\/compuviper.mx\/tienda\/#website\"},\"datePublished\":\"2026-04-07T06:28:14+00:00\",\"dateModified\":\"2026-04-07T06:28:15+00:00\",\"description\":\"Compra Smx1500rm2uc Smart-ups X De , Lnea Interactiva, 1500 Va, Rack\/torre Convertible 2u, 120 V, 8x 5-15r Nema, Puerto Smartconnect, Tiempo De Ejecucin Extendido + Env\u00edo a domicilio + Pago seguro + Garant\u00eda\",\"breadcrumb\":{\"@id\":\"https:\/\/compuviper.mx\/tienda\/producto\/apc-smx1500rm2uc-smart-ups-x-de-lnea-interactiva-1500-va-rack-torre-convertible-2u-120-v-8x-5-15r-nema-puerto-smartconnect-tiempo-de-ejecucin-extendido\/#breadcrumb\"},\"inLanguage\":\"es-MX\",\"potentialAction\":[{\"@type\":\"ReadAction\",\"target\":[\"https:\/\/compuviper.mx\/tienda\/producto\/apc-smx1500rm2uc-smart-ups-x-de-lnea-interactiva-1500-va-rack-torre-convertible-2u-120-v-8x-5-15r-nema-puerto-smartconnect-tiempo-de-ejecucin-extendido\/\"]}]},{\"@type\":\"BreadcrumbList\",\"@id\":\"https:\/\/compuviper.mx\/tienda\/producto\/apc-smx1500rm2uc-smart-ups-x-de-lnea-interactiva-1500-va-rack-torre-convertible-2u-120-v-8x-5-15r-nema-puerto-smartconnect-tiempo-de-ejecucin-extendido\/#breadcrumb\",\"itemListElement\":[{\"@type\":\"ListItem\",\"position\":1,\"name\":\"Inicio\",\"item\":\"https:\/\/compuviper.mx\/tienda\/\"},{\"@type\":\"ListItem\",\"position\":2,\"name\":\"Productos\",\"item\":\"https:\/\/compuviper.mx\/tienda\/productos\/\"},{\"@type\":\"ListItem\",\"position\":3,\"name\":\"Energia\",\"item\":\"https:\/\/compuviper.mx\/tienda\/categoria-producto\/energia\/\"},{\"@type\":\"ListItem\",\"position\":4,\"name\":\"No Break\",\"item\":\"https:\/\/compuviper.mx\/tienda\/categoria-producto\/energia\/no-break\/\"},{\"@type\":\"ListItem\",\"position\":5,\"name\":\"Apc Smx1500rm2uc Smart-ups X De , Lnea Interactiva, 1500 Va, Rack\/torre Convertible 2u, 120 V, 8x 5-15r Nema, Puerto Smartconnect, Tiempo De Ejecucin Extendido\"}]},{\"@type\":\"WebSite\",\"@id\":\"https:\/\/compuviper.mx\/tienda\/#website\",\"url\":\"https:\/\/compuviper.mx\/tienda\/\",\"name\":\"Compuviper\",\"description\":\"Proveedor de Computadoras, Laptops, Servidores, Monitores, Puntos de Venta, Teclados,   Impresoras, T\u00f3ner, C\u00e1maras de Seguridad y m\u00e1s en tu tienda en l\u00ednea\",\"publisher\":{\"@id\":\"https:\/\/compuviper.mx\/tienda\/#organization\"},\"potentialAction\":[{\"@type\":\"SearchAction\",\"target\":{\"@type\":\"EntryPoint\",\"urlTemplate\":\"https:\/\/compuviper.mx\/tienda\/?s={search_term_string}\"},\"query-input\":\"required name=search_term_string\"}],\"inLanguage\":\"es-MX\"},{\"@type\":\"Organization\",\"@id\":\"https:\/\/compuviper.mx\/tienda\/#organization\",\"name\":\"Compuviper\",\"url\":\"https:\/\/compuviper.mx\/tienda\/\",\"logo\":{\"@type\":\"ImageObject\",\"inLanguage\":\"es-MX\",\"@id\":\"https:\/\/compuviper.mx\/tienda\/#\/schema\/logo\/image\/\",\"url\":\"https:\/\/compuviper.mx\/tienda\/wp-content\/uploads\/2021\/08\/Logo-Compuviper-10.png\",\"contentUrl\":\"https:\/\/compuviper.mx\/tienda\/wp-content\/uploads\/2021\/08\/Logo-Compuviper-10.png\",\"width\":1000,\"height\":500,\"caption\":\"Compuviper\"},\"image\":{\"@id\":\"https:\/\/compuviper.mx\/tienda\/#\/schema\/logo\/image\/\"},\"sameAs\":[\"https:\/\/www.facebook.com\/compuviper\",\"https:\/\/www.youtube.com\/channel\/UCf73dERp9Y3cfOq7q8BhLjA?view_as=subscriber\"]}]}<\/script>\n<meta property=\"product:brand\" content=\"APC\" \/>\n<meta property=\"product:price:amount\" content=\"18827\" \/>\n<meta property=\"product:price:currency\" content=\"MXN\" \/>\n<meta property=\"og:availability\" content=\"out of stock\" \/>\n<meta property=\"product:availability\" content=\"out of stock\" \/>\n<meta property=\"product:retailer_item_id\" content=\"SMX1500RM2UC\" \/>\n<meta property=\"product:condition\" content=\"new\" \/>\n<!-- \/ Yoast SEO plugin. -->","yoast_head_json":{"title":"[ Apc ] &#129351; Smx1500rm2uc Smart-ups X De , Lnea Interactiva, 1500 Va, Rack\/torre Convertible 2u, 120 V, 8x 5-15r Nema, Puerto Smartconnect, Tiempo De Ejecucin Extendido","description":"Compra Smx1500rm2uc Smart-ups X De , Lnea Interactiva, 1500 Va, Rack\/torre Convertible 2u, 120 V, 8x 5-15r Nema, Puerto Smartconnect, Tiempo De Ejecucin Extendido + Env\u00edo a domicilio + Pago seguro + Garant\u00eda","robots":{"index":"index","follow":"follow","max-snippet":"max-snippet:-1","max-image-preview":"max-image-preview:large","max-video-preview":"max-video-preview:-1"},"canonical":"https:\/\/compuviper.mx\/tienda\/producto\/apc-smx1500rm2uc-smart-ups-x-de-lnea-interactiva-1500-va-rack-torre-convertible-2u-120-v-8x-5-15r-nema-puerto-smartconnect-tiempo-de-ejecucin-extendido\/","og_locale":"es_MX","og_type":"article","og_title":"[ Apc ] &#129351; Smx1500rm2uc Smart-ups X De , Lnea Interactiva, 1500 Va, Rack\/torre Convertible 2u, 120 V, 8x 5-15r Nema, Puerto Smartconnect, Tiempo De Ejecucin Extendido","og_description":"Compra Smx1500rm2uc Smart-ups X De , Lnea Interactiva, 1500 Va, Rack\/torre Convertible 2u, 120 V, 8x 5-15r Nema, Puerto Smartconnect, Tiempo De Ejecucin Extendido + Env\u00edo a domicilio + Pago seguro + Garant\u00eda","og_url":"https:\/\/compuviper.mx\/tienda\/producto\/apc-smx1500rm2uc-smart-ups-x-de-lnea-interactiva-1500-va-rack-torre-convertible-2u-120-v-8x-5-15r-nema-puerto-smartconnect-tiempo-de-ejecucin-extendido\/","og_site_name":"Compuviper","article_publisher":"https:\/\/www.facebook.com\/compuviper","article_modified_time":"2026-04-07T06:28:15+00:00","og_image":[{"width":200,"height":200,"url":"https:\/\/compuviper.mx\/tienda\/wp-content\/uploads\/2025\/10\/Smart-ups-x-de-apc-lnea-interactiva-1500-va-racktorre-convertible-2u-120-v-8x-5-15r-nema-puerto-smartconnect-tiempo-de-ejecucin-extendido.jpg","type":"image\/jpeg"}],"twitter_card":"summary_large_image","twitter_misc":{"Precio":"&#36;19,211 &#36;18,827 con IVA","Availability":"Out of stock"},"schema":{"@context":"https:\/\/schema.org","@graph":[{"@type":"WebPage","@id":"https:\/\/compuviper.mx\/tienda\/producto\/apc-smx1500rm2uc-smart-ups-x-de-lnea-interactiva-1500-va-rack-torre-convertible-2u-120-v-8x-5-15r-nema-puerto-smartconnect-tiempo-de-ejecucin-extendido\/","url":"https:\/\/compuviper.mx\/tienda\/producto\/apc-smx1500rm2uc-smart-ups-x-de-lnea-interactiva-1500-va-rack-torre-convertible-2u-120-v-8x-5-15r-nema-puerto-smartconnect-tiempo-de-ejecucin-extendido\/","name":"[ Apc ] &#129351; Smx1500rm2uc Smart-ups X De , Lnea Interactiva, 1500 Va, Rack\/torre Convertible 2u, 120 V, 8x 5-15r Nema, Puerto Smartconnect, Tiempo De Ejecucin Extendido","isPartOf":{"@id":"https:\/\/compuviper.mx\/tienda\/#website"},"datePublished":"2026-04-07T06:28:14+00:00","dateModified":"2026-04-07T06:28:15+00:00","description":"Compra Smx1500rm2uc Smart-ups X De , Lnea Interactiva, 1500 Va, Rack\/torre Convertible 2u, 120 V, 8x 5-15r Nema, Puerto Smartconnect, Tiempo De Ejecucin Extendido + Env\u00edo a domicilio + Pago seguro + Garant\u00eda","breadcrumb":{"@id":"https:\/\/compuviper.mx\/tienda\/producto\/apc-smx1500rm2uc-smart-ups-x-de-lnea-interactiva-1500-va-rack-torre-convertible-2u-120-v-8x-5-15r-nema-puerto-smartconnect-tiempo-de-ejecucin-extendido\/#breadcrumb"},"inLanguage":"es-MX","potentialAction":[{"@type":"ReadAction","target":["https:\/\/compuviper.mx\/tienda\/producto\/apc-smx1500rm2uc-smart-ups-x-de-lnea-interactiva-1500-va-rack-torre-convertible-2u-120-v-8x-5-15r-nema-puerto-smartconnect-tiempo-de-ejecucin-extendido\/"]}]},{"@type":"BreadcrumbList","@id":"https:\/\/compuviper.mx\/tienda\/producto\/apc-smx1500rm2uc-smart-ups-x-de-lnea-interactiva-1500-va-rack-torre-convertible-2u-120-v-8x-5-15r-nema-puerto-smartconnect-tiempo-de-ejecucin-extendido\/#breadcrumb","itemListElement":[{"@type":"ListItem","position":1,"name":"Inicio","item":"https:\/\/compuviper.mx\/tienda\/"},{"@type":"ListItem","position":2,"name":"Productos","item":"https:\/\/compuviper.mx\/tienda\/productos\/"},{"@type":"ListItem","position":3,"name":"Energia","item":"https:\/\/compuviper.mx\/tienda\/categoria-producto\/energia\/"},{"@type":"ListItem","position":4,"name":"No Break","item":"https:\/\/compuviper.mx\/tienda\/categoria-producto\/energia\/no-break\/"},{"@type":"ListItem","position":5,"name":"Apc Smx1500rm2uc Smart-ups X De , Lnea Interactiva, 1500 Va, Rack\/torre Convertible 2u, 120 V, 8x 5-15r Nema, Puerto Smartconnect, Tiempo De Ejecucin Extendido"}]},{"@type":"WebSite","@id":"https:\/\/compuviper.mx\/tienda\/#website","url":"https:\/\/compuviper.mx\/tienda\/","name":"Compuviper","description":"Proveedor de Computadoras, Laptops, Servidores, Monitores, Puntos de Venta, Teclados,   Impresoras, T\u00f3ner, C\u00e1maras de Seguridad y m\u00e1s en tu tienda en l\u00ednea","publisher":{"@id":"https:\/\/compuviper.mx\/tienda\/#organization"},"potentialAction":[{"@type":"SearchAction","target":{"@type":"EntryPoint","urlTemplate":"https:\/\/compuviper.mx\/tienda\/?s={search_term_string}"},"query-input":"required name=search_term_string"}],"inLanguage":"es-MX"},{"@type":"Organization","@id":"https:\/\/compuviper.mx\/tienda\/#organization","name":"Compuviper","url":"https:\/\/compuviper.mx\/tienda\/","logo":{"@type":"ImageObject","inLanguage":"es-MX","@id":"https:\/\/compuviper.mx\/tienda\/#\/schema\/logo\/image\/","url":"https:\/\/compuviper.mx\/tienda\/wp-content\/uploads\/2021\/08\/Logo-Compuviper-10.png","contentUrl":"https:\/\/compuviper.mx\/tienda\/wp-content\/uploads\/2021\/08\/Logo-Compuviper-10.png","width":1000,"height":500,"caption":"Compuviper"},"image":{"@id":"https:\/\/compuviper.mx\/tienda\/#\/schema\/logo\/image\/"},"sameAs":["https:\/\/www.facebook.com\/compuviper","https:\/\/www.youtube.com\/channel\/UCf73dERp9Y3cfOq7q8BhLjA?view_as=subscriber"]}]},"product_brand":"APC","product_price_amount":"18827","product_price_currency":"MXN","og_availability":"out of stock","product_availability":"out of stock","product_retailer_item_id":"SMX1500RM2UC","product_condition":"new"},"_links":{"self":[{"href":"https:\/\/compuviper.mx\/tienda\/wp-json\/wp\/v2\/product\/249433"}],"collection":[{"href":"https:\/\/compuviper.mx\/tienda\/wp-json\/wp\/v2\/product"}],"about":[{"href":"https:\/\/compuviper.mx\/tienda\/wp-json\/wp\/v2\/types\/product"}],"replies":[{"embeddable":true,"href":"https:\/\/compuviper.mx\/tienda\/wp-json\/wp\/v2\/comments?post=249433"}],"wp:featuredmedia":[{"embeddable":true,"href":"https:\/\/compuviper.mx\/tienda\/wp-json\/wp\/v2\/media\/259541"}],"wp:attachment":[{"href":"https:\/\/compuviper.mx\/tienda\/wp-json\/wp\/v2\/media?parent=249433"}],"wp:term":[{"taxonomy":"product_cat","embeddable":true,"href":"https:\/\/compuviper.mx\/tienda\/wp-json\/wp\/v2\/product_cat?post=249433"},{"taxonomy":"product_tag","embeddable":true,"href":"https:\/\/compuviper.mx\/tienda\/wp-json\/wp\/v2\/product_tag?post=249433"}],"curies":[{"name":"wp","href":"https:\/\/api.w.org\/{rel}","templated":true}]}}