{"id":249344,"date":"2026-04-22T00:39:52","date_gmt":"2026-04-22T06:39:52","guid":{"rendered":"https:\/\/compuviper.mx\/tienda\/producto\/benq-9h-lkela-tbl-monitor-gaming-ex2510s-24-5-1920x1080-hdmi-2-0x2-dp-1-2x1-bocinas-2-5wx2-tecnologia-eye-care-3-aos-de-garantia\/"},"modified":"2026-04-22T00:39:52","modified_gmt":"2026-04-22T06:39:52","slug":"benq-9h-lkela-tbl-monitor-gaming-ex2510s-24-5-1920x1080-hdmi-2-0x2-dp-1-2x1-bocinas-2-5wx2-tecnologia-eye-care-3-aos-de-garantia","status":"publish","type":"product","link":"https:\/\/compuviper.mx\/tienda\/producto\/benq-9h-lkela-tbl-monitor-gaming-ex2510s-24-5-1920x1080-hdmi-2-0x2-dp-1-2x1-bocinas-2-5wx2-tecnologia-eye-care-3-aos-de-garantia\/","title":{"rendered":"Benq 9h.lkela.tbl Monitor  Gaming Ex2510s 24.5 1920&#215;1080 Hdmi 2.0&#215;2 Dp 1.2&#215;1 Bocinas 2.5wx2 Tecnologia Eye Care 3 A?os De Garantia"},"content":{"rendered":"<table class=\"descripcion\">\n<tr>\n<td>Ex2510s<\/td>\n<\/tr>\n<tr>\n<td>Color negro con gris metalizado<\/td>\n<\/tr>\n<tr>\n<td>Tamano de la pantalla 24.5<\/td>\n<\/tr>\n<tr>\n<td>Tipo de iluminacion led backlight<\/td>\n<\/tr>\n<tr>\n<td>Tipo de panel ips con anti reflejante<\/td>\n<\/tr>\n<tr>\n<td>Formato 16 9<\/td>\n<\/tr>\n<tr>\n<td>Resolucion full hd 1920 x 1080 pixeles<\/td>\n<\/tr>\n<tr>\n<td>Dot pitch 0.311<\/td>\n<\/tr>\n<tr>\n<td>Brillo 280 cd m2 tipicsa 400 cd m2 hdr<\/td>\n<\/tr>\n<tr>\n<td>Contraste 1000 1<\/td>\n<\/tr>\n<tr>\n<td>Angulo de vision 178 178<\/td>\n<\/tr>\n<tr>\n<td>Tiempo de respuesta 1 ms mprt 2 ms gtg<\/td>\n<\/tr>\n<tr>\n<td>Cantidad de colores 16.7 millones 8 bits<\/td>\n<\/tr>\n<tr>\n<td>Gama de color 99 srgb<\/td>\n<\/tr>\n<tr>\n<td>Modo de imagen hdr game hdri cinema hdri fps rpg srgb m book e paper estandar<\/td>\n<\/tr>\n<tr>\n<td>Frecuencia de actualizacion 165 hz<\/td>\n<\/tr>\n<tr>\n<td>Frecuencia vertical 48hz 165 hz<\/td>\n<\/tr>\n<tr>\n<td>Frecuencia horizontal 30khz 185khz<\/td>\n<\/tr>\n<tr>\n<td>Video ancho de banda 390 mhz<\/td>\n<\/tr>\n<tr>\n<td>Entradas salidas hdmi v2.0 x2 display port v1.2 x1 audifonos in bocinas 2.5w x2<\/td>\n<\/tr>\n<tr>\n<td>Fuente de poder integrada 100 240 v ac<\/td>\n<\/tr>\n<tr>\n<td>Consumo de energia en espera 18w normal 0.5w standby<\/td>\n<\/tr>\n<tr>\n<td>Peso 5.7 kg 15.27 lb<\/td>\n<\/tr>\n<tr>\n<td>Dimensiones minimo 391.5&#215;557,6&#215;216.7 mm maximo 521.5&#215;557.6&#215;216.7 mm<\/td>\n<\/tr>\n<tr>\n<td>Idiomas 18 idiomas<\/td>\n<\/tr>\n<tr>\n<td>Caracteristicas especiales<\/td>\n<\/tr>\n<tr>\n<td>Modo hdri fps<\/td>\n<\/tr>\n<tr>\n<td>Ams freesync<\/td>\n<\/tr>\n<tr>\n<td>Soporte formatos de video<\/td>\n<\/tr>\n<tr>\n<td>Black equalizer motion blur reduction color vibrance light tuner<\/td>\n<\/tr>\n<tr>\n<td>Tecnologia ama<\/td>\n<\/tr>\n<tr>\n<td>Tecnologia eye care para el cuidado de tus ojos flicker free low blue light brightness intelligence plus color weakness e paper<\/td>\n<\/tr>\n<tr>\n<td>Ajuste de altura 130 mm 5.12 inch<\/td>\n<\/tr>\n<tr>\n<td>Giro 20 20 inclinacion 5 20<\/td>\n<\/tr>\n<tr>\n<td>Vesa 10&#215;100 mm<\/td>\n<\/tr>\n<tr>\n<td>Compatible con mac y windows<\/td>\n<\/tr>\n<tr>\n<td>Accesorios incluidos<\/td>\n<\/tr>\n<tr>\n<td>Cable hdmi v2.0 cable de poder<\/td>\n<\/tr>\n<tr>\n<td>Tarjeta de garantia<\/td>\n<\/tr>\n<tr>\n<td>Guia de inicio rapido<\/td>\n<\/tr>\n<\/table>\n","protected":false},"excerpt":{"rendered":"<p>Descubre los detalles. Explora el horizonte en busca de peligro y recompensas ocultas. Experimenta la pantalla clara y detallada del ex2510s con sus imagenes fluidas y libre de irritacion ocular.<\/p>\n","protected":false},"featured_media":249419,"comment_status":"open","ping_status":"open","template":"","meta":[],"product_cat":[1741,1740],"product_tag":[1744],"acf":[],"yoast_head":"<!-- This site is optimized with the Yoast SEO plugin v21.7 - https:\/\/yoast.com\/wordpress\/plugins\/seo\/ -->\n<title>[ Benq ] &#129351; 9h.lkela.tbl Monitor Gaming Ex2510s 24.5 1920x1080 Hdmi 2.0x2 Dp 1.2x1 Bocinas 2.5wx2 Tecnologia Eye Care 3 A\u00f1os De Garantia<\/title>\n<meta name=\"description\" content=\"Compra 9h.lkela.tbl Monitor Gaming Ex2510s 24.5 1920x1080 Hdmi 2.0x2 Dp 1.2x1 Bocinas 2.5wx2 Tecnologia Eye Care 3 A\u00f1os De Garantia + Env\u00edo a domicilio + Pago seguro + Garant\u00eda\" \/>\n<meta name=\"robots\" content=\"index, follow, max-snippet:-1, max-image-preview:large, max-video-preview:-1\" \/>\n<link rel=\"canonical\" href=\"https:\/\/compuviper.mx\/tienda\/producto\/benq-9h-lkela-tbl-monitor-gaming-ex2510s-24-5-1920x1080-hdmi-2-0x2-dp-1-2x1-bocinas-2-5wx2-tecnologia-eye-care-3-aos-de-garantia\/\" \/>\n<meta property=\"og:locale\" content=\"es_MX\" \/>\n<meta property=\"og:type\" content=\"article\" \/>\n<meta property=\"og:title\" content=\"[ Benq ] &#129351; 9h.lkela.tbl Monitor Gaming Ex2510s 24.5 1920x1080 Hdmi 2.0x2 Dp 1.2x1 Bocinas 2.5wx2 Tecnologia Eye Care 3 A\u00f1os De Garantia\" \/>\n<meta property=\"og:description\" content=\"Compra 9h.lkela.tbl Monitor Gaming Ex2510s 24.5 1920x1080 Hdmi 2.0x2 Dp 1.2x1 Bocinas 2.5wx2 Tecnologia Eye Care 3 A\u00f1os De Garantia + Env\u00edo a domicilio + Pago seguro + Garant\u00eda\" \/>\n<meta property=\"og:url\" content=\"https:\/\/compuviper.mx\/tienda\/producto\/benq-9h-lkela-tbl-monitor-gaming-ex2510s-24-5-1920x1080-hdmi-2-0x2-dp-1-2x1-bocinas-2-5wx2-tecnologia-eye-care-3-aos-de-garantia\/\" \/>\n<meta property=\"og:site_name\" content=\"Compuviper\" \/>\n<meta property=\"article:publisher\" content=\"https:\/\/www.facebook.com\/compuviper\" \/>\n<meta property=\"og:image\" content=\"https:\/\/compuviper.mx\/tienda\/wp-content\/uploads\/2025\/02\/Monitor-benq-gaming-ex2510s-24.5-1920x1080-hdmi-2.0x2-dp-1.2x1-bocinas-2.5wx2-tecnologia-eye-care-3-anos-de-garantia.jpg\" \/>\n\t<meta property=\"og:image:width\" content=\"200\" \/>\n\t<meta property=\"og:image:height\" content=\"200\" \/>\n\t<meta property=\"og:image:type\" content=\"image\/jpeg\" \/>\n<meta name=\"twitter:card\" content=\"summary_large_image\" \/>\n<meta name=\"twitter:label1\" content=\"Precio\" \/>\n\t<meta name=\"twitter:data1\" content=\"&#36;5,060 con IVA\" \/>\n\t<meta name=\"twitter:label2\" content=\"Availability\" \/>\n\t<meta name=\"twitter:data2\" content=\"On backorder\" \/>\n<script type=\"application\/ld+json\" class=\"yoast-schema-graph\">{\"@context\":\"https:\/\/schema.org\",\"@graph\":[{\"@type\":\"WebPage\",\"@id\":\"https:\/\/compuviper.mx\/tienda\/producto\/benq-9h-lkela-tbl-monitor-gaming-ex2510s-24-5-1920x1080-hdmi-2-0x2-dp-1-2x1-bocinas-2-5wx2-tecnologia-eye-care-3-aos-de-garantia\/\",\"url\":\"https:\/\/compuviper.mx\/tienda\/producto\/benq-9h-lkela-tbl-monitor-gaming-ex2510s-24-5-1920x1080-hdmi-2-0x2-dp-1-2x1-bocinas-2-5wx2-tecnologia-eye-care-3-aos-de-garantia\/\",\"name\":\"[ Benq ] &#129351; 9h.lkela.tbl Monitor Gaming Ex2510s 24.5 1920x1080 Hdmi 2.0x2 Dp 1.2x1 Bocinas 2.5wx2 Tecnologia Eye Care 3 A\u00f1os De Garantia\",\"isPartOf\":{\"@id\":\"https:\/\/compuviper.mx\/tienda\/#website\"},\"datePublished\":\"2026-04-22T06:39:52+00:00\",\"dateModified\":\"2026-04-22T06:39:52+00:00\",\"description\":\"Compra 9h.lkela.tbl Monitor Gaming Ex2510s 24.5 1920x1080 Hdmi 2.0x2 Dp 1.2x1 Bocinas 2.5wx2 Tecnologia Eye Care 3 A\u00f1os De Garantia + Env\u00edo a domicilio + Pago seguro + Garant\u00eda\",\"breadcrumb\":{\"@id\":\"https:\/\/compuviper.mx\/tienda\/producto\/benq-9h-lkela-tbl-monitor-gaming-ex2510s-24-5-1920x1080-hdmi-2-0x2-dp-1-2x1-bocinas-2-5wx2-tecnologia-eye-care-3-aos-de-garantia\/#breadcrumb\"},\"inLanguage\":\"es-MX\",\"potentialAction\":[{\"@type\":\"ReadAction\",\"target\":[\"https:\/\/compuviper.mx\/tienda\/producto\/benq-9h-lkela-tbl-monitor-gaming-ex2510s-24-5-1920x1080-hdmi-2-0x2-dp-1-2x1-bocinas-2-5wx2-tecnologia-eye-care-3-aos-de-garantia\/\"]}]},{\"@type\":\"BreadcrumbList\",\"@id\":\"https:\/\/compuviper.mx\/tienda\/producto\/benq-9h-lkela-tbl-monitor-gaming-ex2510s-24-5-1920x1080-hdmi-2-0x2-dp-1-2x1-bocinas-2-5wx2-tecnologia-eye-care-3-aos-de-garantia\/#breadcrumb\",\"itemListElement\":[{\"@type\":\"ListItem\",\"position\":1,\"name\":\"Inicio\",\"item\":\"https:\/\/compuviper.mx\/tienda\/\"},{\"@type\":\"ListItem\",\"position\":2,\"name\":\"Productos\",\"item\":\"https:\/\/compuviper.mx\/tienda\/productos\/\"},{\"@type\":\"ListItem\",\"position\":3,\"name\":\"Monitores\",\"item\":\"https:\/\/compuviper.mx\/tienda\/categoria-producto\/monitores\/\"},{\"@type\":\"ListItem\",\"position\":4,\"name\":\"Led\",\"item\":\"https:\/\/compuviper.mx\/tienda\/categoria-producto\/monitores\/led\/\"},{\"@type\":\"ListItem\",\"position\":5,\"name\":\"Benq 9h.lkela.tbl Monitor Gaming Ex2510s 24.5 1920&#215;1080 Hdmi 2.0&#215;2 Dp 1.2&#215;1 Bocinas 2.5wx2 Tecnologia Eye Care 3 A?os De Garantia\"}]},{\"@type\":\"WebSite\",\"@id\":\"https:\/\/compuviper.mx\/tienda\/#website\",\"url\":\"https:\/\/compuviper.mx\/tienda\/\",\"name\":\"Compuviper\",\"description\":\"Proveedor de Computadoras, Laptops, Servidores, Monitores, Puntos de Venta, Teclados,   Impresoras, T\u00f3ner, C\u00e1maras de Seguridad y m\u00e1s en tu tienda en l\u00ednea\",\"publisher\":{\"@id\":\"https:\/\/compuviper.mx\/tienda\/#organization\"},\"potentialAction\":[{\"@type\":\"SearchAction\",\"target\":{\"@type\":\"EntryPoint\",\"urlTemplate\":\"https:\/\/compuviper.mx\/tienda\/?s={search_term_string}\"},\"query-input\":\"required name=search_term_string\"}],\"inLanguage\":\"es-MX\"},{\"@type\":\"Organization\",\"@id\":\"https:\/\/compuviper.mx\/tienda\/#organization\",\"name\":\"Compuviper\",\"url\":\"https:\/\/compuviper.mx\/tienda\/\",\"logo\":{\"@type\":\"ImageObject\",\"inLanguage\":\"es-MX\",\"@id\":\"https:\/\/compuviper.mx\/tienda\/#\/schema\/logo\/image\/\",\"url\":\"https:\/\/compuviper.mx\/tienda\/wp-content\/uploads\/2021\/08\/Logo-Compuviper-10.png\",\"contentUrl\":\"https:\/\/compuviper.mx\/tienda\/wp-content\/uploads\/2021\/08\/Logo-Compuviper-10.png\",\"width\":1000,\"height\":500,\"caption\":\"Compuviper\"},\"image\":{\"@id\":\"https:\/\/compuviper.mx\/tienda\/#\/schema\/logo\/image\/\"},\"sameAs\":[\"https:\/\/www.facebook.com\/compuviper\",\"https:\/\/www.youtube.com\/channel\/UCf73dERp9Y3cfOq7q8BhLjA?view_as=subscriber\"]}]}<\/script>\n<meta property=\"product:brand\" content=\"BENQ\" \/>\n<meta property=\"product:price:amount\" content=\"5060\" \/>\n<meta property=\"product:price:currency\" content=\"MXN\" \/>\n<meta property=\"og:availability\" content=\"backorder\" \/>\n<meta property=\"product:availability\" content=\"available for order\" \/>\n<meta property=\"product:retailer_item_id\" content=\"9H.LKELA.TBL\" \/>\n<meta property=\"product:condition\" content=\"new\" \/>\n<!-- \/ Yoast SEO plugin. -->","yoast_head_json":{"title":"[ Benq ] &#129351; 9h.lkela.tbl Monitor Gaming Ex2510s 24.5 1920x1080 Hdmi 2.0x2 Dp 1.2x1 Bocinas 2.5wx2 Tecnologia Eye Care 3 A\u00f1os De Garantia","description":"Compra 9h.lkela.tbl Monitor Gaming Ex2510s 24.5 1920x1080 Hdmi 2.0x2 Dp 1.2x1 Bocinas 2.5wx2 Tecnologia Eye Care 3 A\u00f1os De Garantia + Env\u00edo a domicilio + Pago seguro + Garant\u00eda","robots":{"index":"index","follow":"follow","max-snippet":"max-snippet:-1","max-image-preview":"max-image-preview:large","max-video-preview":"max-video-preview:-1"},"canonical":"https:\/\/compuviper.mx\/tienda\/producto\/benq-9h-lkela-tbl-monitor-gaming-ex2510s-24-5-1920x1080-hdmi-2-0x2-dp-1-2x1-bocinas-2-5wx2-tecnologia-eye-care-3-aos-de-garantia\/","og_locale":"es_MX","og_type":"article","og_title":"[ Benq ] &#129351; 9h.lkela.tbl Monitor Gaming Ex2510s 24.5 1920x1080 Hdmi 2.0x2 Dp 1.2x1 Bocinas 2.5wx2 Tecnologia Eye Care 3 A\u00f1os De Garantia","og_description":"Compra 9h.lkela.tbl Monitor Gaming Ex2510s 24.5 1920x1080 Hdmi 2.0x2 Dp 1.2x1 Bocinas 2.5wx2 Tecnologia Eye Care 3 A\u00f1os De Garantia + Env\u00edo a domicilio + Pago seguro + Garant\u00eda","og_url":"https:\/\/compuviper.mx\/tienda\/producto\/benq-9h-lkela-tbl-monitor-gaming-ex2510s-24-5-1920x1080-hdmi-2-0x2-dp-1-2x1-bocinas-2-5wx2-tecnologia-eye-care-3-aos-de-garantia\/","og_site_name":"Compuviper","article_publisher":"https:\/\/www.facebook.com\/compuviper","og_image":[{"width":200,"height":200,"url":"https:\/\/compuviper.mx\/tienda\/wp-content\/uploads\/2025\/02\/Monitor-benq-gaming-ex2510s-24.5-1920x1080-hdmi-2.0x2-dp-1.2x1-bocinas-2.5wx2-tecnologia-eye-care-3-anos-de-garantia.jpg","type":"image\/jpeg"}],"twitter_card":"summary_large_image","twitter_misc":{"Precio":"&#36;5,060 con IVA","Availability":"On backorder"},"schema":{"@context":"https:\/\/schema.org","@graph":[{"@type":"WebPage","@id":"https:\/\/compuviper.mx\/tienda\/producto\/benq-9h-lkela-tbl-monitor-gaming-ex2510s-24-5-1920x1080-hdmi-2-0x2-dp-1-2x1-bocinas-2-5wx2-tecnologia-eye-care-3-aos-de-garantia\/","url":"https:\/\/compuviper.mx\/tienda\/producto\/benq-9h-lkela-tbl-monitor-gaming-ex2510s-24-5-1920x1080-hdmi-2-0x2-dp-1-2x1-bocinas-2-5wx2-tecnologia-eye-care-3-aos-de-garantia\/","name":"[ Benq ] &#129351; 9h.lkela.tbl Monitor Gaming Ex2510s 24.5 1920x1080 Hdmi 2.0x2 Dp 1.2x1 Bocinas 2.5wx2 Tecnologia Eye Care 3 A\u00f1os De Garantia","isPartOf":{"@id":"https:\/\/compuviper.mx\/tienda\/#website"},"datePublished":"2026-04-22T06:39:52+00:00","dateModified":"2026-04-22T06:39:52+00:00","description":"Compra 9h.lkela.tbl Monitor Gaming Ex2510s 24.5 1920x1080 Hdmi 2.0x2 Dp 1.2x1 Bocinas 2.5wx2 Tecnologia Eye Care 3 A\u00f1os De Garantia + Env\u00edo a domicilio + Pago seguro + Garant\u00eda","breadcrumb":{"@id":"https:\/\/compuviper.mx\/tienda\/producto\/benq-9h-lkela-tbl-monitor-gaming-ex2510s-24-5-1920x1080-hdmi-2-0x2-dp-1-2x1-bocinas-2-5wx2-tecnologia-eye-care-3-aos-de-garantia\/#breadcrumb"},"inLanguage":"es-MX","potentialAction":[{"@type":"ReadAction","target":["https:\/\/compuviper.mx\/tienda\/producto\/benq-9h-lkela-tbl-monitor-gaming-ex2510s-24-5-1920x1080-hdmi-2-0x2-dp-1-2x1-bocinas-2-5wx2-tecnologia-eye-care-3-aos-de-garantia\/"]}]},{"@type":"BreadcrumbList","@id":"https:\/\/compuviper.mx\/tienda\/producto\/benq-9h-lkela-tbl-monitor-gaming-ex2510s-24-5-1920x1080-hdmi-2-0x2-dp-1-2x1-bocinas-2-5wx2-tecnologia-eye-care-3-aos-de-garantia\/#breadcrumb","itemListElement":[{"@type":"ListItem","position":1,"name":"Inicio","item":"https:\/\/compuviper.mx\/tienda\/"},{"@type":"ListItem","position":2,"name":"Productos","item":"https:\/\/compuviper.mx\/tienda\/productos\/"},{"@type":"ListItem","position":3,"name":"Monitores","item":"https:\/\/compuviper.mx\/tienda\/categoria-producto\/monitores\/"},{"@type":"ListItem","position":4,"name":"Led","item":"https:\/\/compuviper.mx\/tienda\/categoria-producto\/monitores\/led\/"},{"@type":"ListItem","position":5,"name":"Benq 9h.lkela.tbl Monitor Gaming Ex2510s 24.5 1920&#215;1080 Hdmi 2.0&#215;2 Dp 1.2&#215;1 Bocinas 2.5wx2 Tecnologia Eye Care 3 A?os De Garantia"}]},{"@type":"WebSite","@id":"https:\/\/compuviper.mx\/tienda\/#website","url":"https:\/\/compuviper.mx\/tienda\/","name":"Compuviper","description":"Proveedor de Computadoras, Laptops, Servidores, Monitores, Puntos de Venta, Teclados,   Impresoras, T\u00f3ner, C\u00e1maras de Seguridad y m\u00e1s en tu tienda en l\u00ednea","publisher":{"@id":"https:\/\/compuviper.mx\/tienda\/#organization"},"potentialAction":[{"@type":"SearchAction","target":{"@type":"EntryPoint","urlTemplate":"https:\/\/compuviper.mx\/tienda\/?s={search_term_string}"},"query-input":"required name=search_term_string"}],"inLanguage":"es-MX"},{"@type":"Organization","@id":"https:\/\/compuviper.mx\/tienda\/#organization","name":"Compuviper","url":"https:\/\/compuviper.mx\/tienda\/","logo":{"@type":"ImageObject","inLanguage":"es-MX","@id":"https:\/\/compuviper.mx\/tienda\/#\/schema\/logo\/image\/","url":"https:\/\/compuviper.mx\/tienda\/wp-content\/uploads\/2021\/08\/Logo-Compuviper-10.png","contentUrl":"https:\/\/compuviper.mx\/tienda\/wp-content\/uploads\/2021\/08\/Logo-Compuviper-10.png","width":1000,"height":500,"caption":"Compuviper"},"image":{"@id":"https:\/\/compuviper.mx\/tienda\/#\/schema\/logo\/image\/"},"sameAs":["https:\/\/www.facebook.com\/compuviper","https:\/\/www.youtube.com\/channel\/UCf73dERp9Y3cfOq7q8BhLjA?view_as=subscriber"]}]},"product_brand":"BENQ","product_price_amount":"5060","product_price_currency":"MXN","og_availability":"backorder","product_availability":"available for order","product_retailer_item_id":"9H.LKELA.TBL","product_condition":"new"},"_links":{"self":[{"href":"https:\/\/compuviper.mx\/tienda\/wp-json\/wp\/v2\/product\/249344"}],"collection":[{"href":"https:\/\/compuviper.mx\/tienda\/wp-json\/wp\/v2\/product"}],"about":[{"href":"https:\/\/compuviper.mx\/tienda\/wp-json\/wp\/v2\/types\/product"}],"replies":[{"embeddable":true,"href":"https:\/\/compuviper.mx\/tienda\/wp-json\/wp\/v2\/comments?post=249344"}],"wp:featuredmedia":[{"embeddable":true,"href":"https:\/\/compuviper.mx\/tienda\/wp-json\/wp\/v2\/media\/249419"}],"wp:attachment":[{"href":"https:\/\/compuviper.mx\/tienda\/wp-json\/wp\/v2\/media?parent=249344"}],"wp:term":[{"taxonomy":"product_cat","embeddable":true,"href":"https:\/\/compuviper.mx\/tienda\/wp-json\/wp\/v2\/product_cat?post=249344"},{"taxonomy":"product_tag","embeddable":true,"href":"https:\/\/compuviper.mx\/tienda\/wp-json\/wp\/v2\/product_tag?post=249344"}],"curies":[{"name":"wp","href":"https:\/\/api.w.org\/{rel}","templated":true}]}}