{"id":249257,"date":"2026-04-23T00:15:21","date_gmt":"2026-04-23T06:15:21","guid":{"rendered":"https:\/\/compuviper.mx\/tienda\/producto\/hikvision-ds-2df8c442ixg-elw-camara-ptz-ptz-ip-4-megapixel-42x-zoom-400-mts-ir-autoseguimiento-3-0-wdr-140-db-eis-deep-learning-exterior-ip67-ik10-rapid-focus-hi-poe-wiper-mi\/"},"modified":"2026-04-23T00:15:21","modified_gmt":"2026-04-23T06:15:21","slug":"hikvision-ds-2df8c442ixg-elw-camara-ptz-ptz-ip-4-megapixel-42x-zoom-400-mts-ir-autoseguimiento-3-0-wdr-140-db-eis-deep-learning-exterior-ip67-ik10-rapid-focus-hi-poe-wiper-mi","status":"publish","type":"product","link":"https:\/\/compuviper.mx\/tienda\/producto\/hikvision-ds-2df8c442ixg-elw-camara-ptz-ptz-ip-4-megapixel-42x-zoom-400-mts-ir-autoseguimiento-3-0-wdr-140-db-eis-deep-learning-exterior-ip67-ik10-rapid-focus-hi-poe-wiper-mi\/","title":{"rendered":"Hikvision Ds-2df8c442ixg-elw Camara Ptz   Ptz Ip 4 Megapixel \/ 42x Zoom \/ 400 Mts Ir \/ Autoseguimiento 3.0 \/ Wdr 140 Db \/ Eis \/ Deep Learning \/ Exterior Ip67 \/ Ik10 \/ Rapid Focus \/ Hi-poe \/ Wiper \/ Micro Sd"},"content":{"rendered":"<table class=\"descripcion\">\n<tr>\n<td>Zoom \u00f3ptico 42x y digital 16x,sensor de imagen cmos de 2\/3 con scan progresivo,protecci\u00f3n ip67 para uso interior y exterior,rango ir inteligente hasta 400 m<\/td>\n<\/tr>\n<\/table>\n","protected":false},"excerpt":{"rendered":"<p>Camara ptz con tecnologia acusense y la tecnolog\u00eda deep learning podremos evitar las falsas alarmas ocasionadas por los movimientos de pixeles como son el movimiento de las ramas de un \u00e1rbol, movimiento de cortinas, lluvias, animales, etc. Con la tecnolog\u00eda acusense tendremos una detecci\u00f3n efectiva ya que solo se activar\u00e1 el evento o grabaci\u00f3n cuando detecte cuerpos humanos o veh\u00edculos para as\u00ed poder evitar falsas alarmas<\/p>\n","protected":false},"featured_media":259392,"comment_status":"open","ping_status":"open","template":"","meta":[],"product_cat":[1608,1681],"product_tag":[1595],"acf":[],"yoast_head":"<!-- This site is optimized with the Yoast SEO plugin v21.7 - https:\/\/yoast.com\/wordpress\/plugins\/seo\/ -->\n<title>[ Hikvision ] &#129351; Ds-2df8c442ixg-elw Camara Ptz Ptz Ip 4 Megapixel \/ 42x Zoom \/ 400 Mts Ir \/ Autoseguimiento 3.0 \/ Wdr 140 Db \/ Eis \/ Deep Learning \/ Exterior Ip67 \/ Ik10 \/ Rapid Focus \/ Hi-poe \/ Wiper \/ Micro Sd<\/title>\n<meta name=\"description\" content=\"Compra Ds-2df8c442ixg-elw Camara Ptz Ptz Ip 4 Megapixel \/ 42x Zoom \/ 400 Mts Ir \/ Autoseguimiento 3.0 \/ Wdr 140 Db \/ Eis \/ Deep Learning \/ Exterior Ip67 \/ Ik10 \/ Rapid Focus \/ Hi-poe \/ Wiper \/ Micro Sd + Env\u00edo a domicilio + Pago seguro + Garant\u00eda\" \/>\n<meta name=\"robots\" content=\"index, follow, max-snippet:-1, max-image-preview:large, max-video-preview:-1\" \/>\n<link rel=\"canonical\" href=\"https:\/\/compuviper.mx\/tienda\/producto\/hikvision-ds-2df8c442ixg-elw-camara-ptz-ptz-ip-4-megapixel-42x-zoom-400-mts-ir-autoseguimiento-3-0-wdr-140-db-eis-deep-learning-exterior-ip67-ik10-rapid-focus-hi-poe-wiper-mi\/\" \/>\n<meta property=\"og:locale\" content=\"es_MX\" \/>\n<meta property=\"og:type\" content=\"article\" \/>\n<meta property=\"og:title\" content=\"[ Hikvision ] &#129351; Ds-2df8c442ixg-elw Camara Ptz Ptz Ip 4 Megapixel \/ 42x Zoom \/ 400 Mts Ir \/ Autoseguimiento 3.0 \/ Wdr 140 Db \/ Eis \/ Deep Learning \/ Exterior Ip67 \/ Ik10 \/ Rapid Focus \/ Hi-poe \/ Wiper \/ Micro Sd\" \/>\n<meta property=\"og:description\" content=\"Compra Ds-2df8c442ixg-elw Camara Ptz Ptz Ip 4 Megapixel \/ 42x Zoom \/ 400 Mts Ir \/ Autoseguimiento 3.0 \/ Wdr 140 Db \/ Eis \/ Deep Learning \/ Exterior Ip67 \/ Ik10 \/ Rapid Focus \/ Hi-poe \/ Wiper \/ Micro Sd + Env\u00edo a domicilio + Pago seguro + Garant\u00eda\" \/>\n<meta property=\"og:url\" content=\"https:\/\/compuviper.mx\/tienda\/producto\/hikvision-ds-2df8c442ixg-elw-camara-ptz-ptz-ip-4-megapixel-42x-zoom-400-mts-ir-autoseguimiento-3-0-wdr-140-db-eis-deep-learning-exterior-ip67-ik10-rapid-focus-hi-poe-wiper-mi\/\" \/>\n<meta property=\"og:site_name\" content=\"Compuviper\" \/>\n<meta property=\"article:publisher\" content=\"https:\/\/www.facebook.com\/compuviper\" \/>\n<meta property=\"og:image\" content=\"https:\/\/compuviper.mx\/tienda\/wp-content\/uploads\/2025\/10\/Camara-ptz-hikvision-ptz-ip-4-megapixel-42x-zoom-400-mts-ir-autoseguimiento-3.0-wdr-140-db-eis-deep-learning-exterior-ip67-ik10-rapid-focus-hi-poe-wiper-micro-sd.jpg\" \/>\n\t<meta property=\"og:image:width\" content=\"200\" \/>\n\t<meta property=\"og:image:height\" content=\"200\" \/>\n\t<meta property=\"og:image:type\" content=\"image\/jpeg\" \/>\n<meta name=\"twitter:card\" content=\"summary_large_image\" \/>\n<meta name=\"twitter:label1\" content=\"Precio\" \/>\n\t<meta name=\"twitter:data1\" content=\"&#36;37,188 con IVA\" \/>\n\t<meta name=\"twitter:label2\" content=\"Availability\" \/>\n\t<meta name=\"twitter:data2\" content=\"On backorder\" \/>\n<script type=\"application\/ld+json\" class=\"yoast-schema-graph\">{\"@context\":\"https:\/\/schema.org\",\"@graph\":[{\"@type\":\"WebPage\",\"@id\":\"https:\/\/compuviper.mx\/tienda\/producto\/hikvision-ds-2df8c442ixg-elw-camara-ptz-ptz-ip-4-megapixel-42x-zoom-400-mts-ir-autoseguimiento-3-0-wdr-140-db-eis-deep-learning-exterior-ip67-ik10-rapid-focus-hi-poe-wiper-mi\/\",\"url\":\"https:\/\/compuviper.mx\/tienda\/producto\/hikvision-ds-2df8c442ixg-elw-camara-ptz-ptz-ip-4-megapixel-42x-zoom-400-mts-ir-autoseguimiento-3-0-wdr-140-db-eis-deep-learning-exterior-ip67-ik10-rapid-focus-hi-poe-wiper-mi\/\",\"name\":\"[ Hikvision ] &#129351; Ds-2df8c442ixg-elw Camara Ptz Ptz Ip 4 Megapixel \/ 42x Zoom \/ 400 Mts Ir \/ Autoseguimiento 3.0 \/ Wdr 140 Db \/ Eis \/ Deep Learning \/ Exterior Ip67 \/ Ik10 \/ Rapid Focus \/ Hi-poe \/ Wiper \/ Micro Sd\",\"isPartOf\":{\"@id\":\"https:\/\/compuviper.mx\/tienda\/#website\"},\"datePublished\":\"2026-04-23T06:15:21+00:00\",\"dateModified\":\"2026-04-23T06:15:21+00:00\",\"description\":\"Compra Ds-2df8c442ixg-elw Camara Ptz Ptz Ip 4 Megapixel \/ 42x Zoom \/ 400 Mts Ir \/ Autoseguimiento 3.0 \/ Wdr 140 Db \/ Eis \/ Deep Learning \/ Exterior Ip67 \/ Ik10 \/ Rapid Focus \/ Hi-poe \/ Wiper \/ Micro Sd + Env\u00edo a domicilio + Pago seguro + Garant\u00eda\",\"breadcrumb\":{\"@id\":\"https:\/\/compuviper.mx\/tienda\/producto\/hikvision-ds-2df8c442ixg-elw-camara-ptz-ptz-ip-4-megapixel-42x-zoom-400-mts-ir-autoseguimiento-3-0-wdr-140-db-eis-deep-learning-exterior-ip67-ik10-rapid-focus-hi-poe-wiper-mi\/#breadcrumb\"},\"inLanguage\":\"es-MX\",\"potentialAction\":[{\"@type\":\"ReadAction\",\"target\":[\"https:\/\/compuviper.mx\/tienda\/producto\/hikvision-ds-2df8c442ixg-elw-camara-ptz-ptz-ip-4-megapixel-42x-zoom-400-mts-ir-autoseguimiento-3-0-wdr-140-db-eis-deep-learning-exterior-ip67-ik10-rapid-focus-hi-poe-wiper-mi\/\"]}]},{\"@type\":\"BreadcrumbList\",\"@id\":\"https:\/\/compuviper.mx\/tienda\/producto\/hikvision-ds-2df8c442ixg-elw-camara-ptz-ptz-ip-4-megapixel-42x-zoom-400-mts-ir-autoseguimiento-3-0-wdr-140-db-eis-deep-learning-exterior-ip67-ik10-rapid-focus-hi-poe-wiper-mi\/#breadcrumb\",\"itemListElement\":[{\"@type\":\"ListItem\",\"position\":1,\"name\":\"Inicio\",\"item\":\"https:\/\/compuviper.mx\/tienda\/\"},{\"@type\":\"ListItem\",\"position\":2,\"name\":\"Productos\",\"item\":\"https:\/\/compuviper.mx\/tienda\/productos\/\"},{\"@type\":\"ListItem\",\"position\":3,\"name\":\"Camaras\",\"item\":\"https:\/\/compuviper.mx\/tienda\/categoria-producto\/camaras-2\/\"},{\"@type\":\"ListItem\",\"position\":4,\"name\":\"Camara De Videovigilancia\",\"item\":\"https:\/\/compuviper.mx\/tienda\/categoria-producto\/camaras-2\/camara-de-videovigilancia\/\"},{\"@type\":\"ListItem\",\"position\":5,\"name\":\"Hikvision Ds-2df8c442ixg-elw Camara Ptz Ptz Ip 4 Megapixel \/ 42x Zoom \/ 400 Mts Ir \/ Autoseguimiento 3.0 \/ Wdr 140 Db \/ Eis \/ Deep Learning \/ Exterior Ip67 \/ Ik10 \/ Rapid Focus \/ Hi-poe \/ Wiper \/ Micro Sd\"}]},{\"@type\":\"WebSite\",\"@id\":\"https:\/\/compuviper.mx\/tienda\/#website\",\"url\":\"https:\/\/compuviper.mx\/tienda\/\",\"name\":\"Compuviper\",\"description\":\"Proveedor de Computadoras, Laptops, Servidores, Monitores, Puntos de Venta, Teclados,   Impresoras, T\u00f3ner, C\u00e1maras de Seguridad y m\u00e1s en tu tienda en l\u00ednea\",\"publisher\":{\"@id\":\"https:\/\/compuviper.mx\/tienda\/#organization\"},\"potentialAction\":[{\"@type\":\"SearchAction\",\"target\":{\"@type\":\"EntryPoint\",\"urlTemplate\":\"https:\/\/compuviper.mx\/tienda\/?s={search_term_string}\"},\"query-input\":\"required name=search_term_string\"}],\"inLanguage\":\"es-MX\"},{\"@type\":\"Organization\",\"@id\":\"https:\/\/compuviper.mx\/tienda\/#organization\",\"name\":\"Compuviper\",\"url\":\"https:\/\/compuviper.mx\/tienda\/\",\"logo\":{\"@type\":\"ImageObject\",\"inLanguage\":\"es-MX\",\"@id\":\"https:\/\/compuviper.mx\/tienda\/#\/schema\/logo\/image\/\",\"url\":\"https:\/\/compuviper.mx\/tienda\/wp-content\/uploads\/2021\/08\/Logo-Compuviper-10.png\",\"contentUrl\":\"https:\/\/compuviper.mx\/tienda\/wp-content\/uploads\/2021\/08\/Logo-Compuviper-10.png\",\"width\":1000,\"height\":500,\"caption\":\"Compuviper\"},\"image\":{\"@id\":\"https:\/\/compuviper.mx\/tienda\/#\/schema\/logo\/image\/\"},\"sameAs\":[\"https:\/\/www.facebook.com\/compuviper\",\"https:\/\/www.youtube.com\/channel\/UCf73dERp9Y3cfOq7q8BhLjA?view_as=subscriber\"]}]}<\/script>\n<meta property=\"product:brand\" content=\"HIKVISION\" \/>\n<meta property=\"product:price:amount\" content=\"37188\" \/>\n<meta property=\"product:price:currency\" content=\"MXN\" \/>\n<meta property=\"og:availability\" content=\"backorder\" \/>\n<meta property=\"product:availability\" content=\"available for order\" \/>\n<meta property=\"product:retailer_item_id\" content=\"DS-2DF8C442IXG-ELW\" \/>\n<meta property=\"product:condition\" content=\"new\" \/>\n<!-- \/ Yoast SEO plugin. -->","yoast_head_json":{"title":"[ Hikvision ] &#129351; Ds-2df8c442ixg-elw Camara Ptz Ptz Ip 4 Megapixel \/ 42x Zoom \/ 400 Mts Ir \/ Autoseguimiento 3.0 \/ Wdr 140 Db \/ Eis \/ Deep Learning \/ Exterior Ip67 \/ Ik10 \/ Rapid Focus \/ Hi-poe \/ Wiper \/ Micro Sd","description":"Compra Ds-2df8c442ixg-elw Camara Ptz Ptz Ip 4 Megapixel \/ 42x Zoom \/ 400 Mts Ir \/ Autoseguimiento 3.0 \/ Wdr 140 Db \/ Eis \/ Deep Learning \/ Exterior Ip67 \/ Ik10 \/ Rapid Focus \/ Hi-poe \/ Wiper \/ Micro Sd + Env\u00edo a domicilio + Pago seguro + Garant\u00eda","robots":{"index":"index","follow":"follow","max-snippet":"max-snippet:-1","max-image-preview":"max-image-preview:large","max-video-preview":"max-video-preview:-1"},"canonical":"https:\/\/compuviper.mx\/tienda\/producto\/hikvision-ds-2df8c442ixg-elw-camara-ptz-ptz-ip-4-megapixel-42x-zoom-400-mts-ir-autoseguimiento-3-0-wdr-140-db-eis-deep-learning-exterior-ip67-ik10-rapid-focus-hi-poe-wiper-mi\/","og_locale":"es_MX","og_type":"article","og_title":"[ Hikvision ] &#129351; Ds-2df8c442ixg-elw Camara Ptz Ptz Ip 4 Megapixel \/ 42x Zoom \/ 400 Mts Ir \/ Autoseguimiento 3.0 \/ Wdr 140 Db \/ Eis \/ Deep Learning \/ Exterior Ip67 \/ Ik10 \/ Rapid Focus \/ Hi-poe \/ Wiper \/ Micro Sd","og_description":"Compra Ds-2df8c442ixg-elw Camara Ptz Ptz Ip 4 Megapixel \/ 42x Zoom \/ 400 Mts Ir \/ Autoseguimiento 3.0 \/ Wdr 140 Db \/ Eis \/ Deep Learning \/ Exterior Ip67 \/ Ik10 \/ Rapid Focus \/ Hi-poe \/ Wiper \/ Micro Sd + Env\u00edo a domicilio + Pago seguro + Garant\u00eda","og_url":"https:\/\/compuviper.mx\/tienda\/producto\/hikvision-ds-2df8c442ixg-elw-camara-ptz-ptz-ip-4-megapixel-42x-zoom-400-mts-ir-autoseguimiento-3-0-wdr-140-db-eis-deep-learning-exterior-ip67-ik10-rapid-focus-hi-poe-wiper-mi\/","og_site_name":"Compuviper","article_publisher":"https:\/\/www.facebook.com\/compuviper","og_image":[{"width":200,"height":200,"url":"https:\/\/compuviper.mx\/tienda\/wp-content\/uploads\/2025\/10\/Camara-ptz-hikvision-ptz-ip-4-megapixel-42x-zoom-400-mts-ir-autoseguimiento-3.0-wdr-140-db-eis-deep-learning-exterior-ip67-ik10-rapid-focus-hi-poe-wiper-micro-sd.jpg","type":"image\/jpeg"}],"twitter_card":"summary_large_image","twitter_misc":{"Precio":"&#36;37,188 con IVA","Availability":"On backorder"},"schema":{"@context":"https:\/\/schema.org","@graph":[{"@type":"WebPage","@id":"https:\/\/compuviper.mx\/tienda\/producto\/hikvision-ds-2df8c442ixg-elw-camara-ptz-ptz-ip-4-megapixel-42x-zoom-400-mts-ir-autoseguimiento-3-0-wdr-140-db-eis-deep-learning-exterior-ip67-ik10-rapid-focus-hi-poe-wiper-mi\/","url":"https:\/\/compuviper.mx\/tienda\/producto\/hikvision-ds-2df8c442ixg-elw-camara-ptz-ptz-ip-4-megapixel-42x-zoom-400-mts-ir-autoseguimiento-3-0-wdr-140-db-eis-deep-learning-exterior-ip67-ik10-rapid-focus-hi-poe-wiper-mi\/","name":"[ Hikvision ] &#129351; Ds-2df8c442ixg-elw Camara Ptz Ptz Ip 4 Megapixel \/ 42x Zoom \/ 400 Mts Ir \/ Autoseguimiento 3.0 \/ Wdr 140 Db \/ Eis \/ Deep Learning \/ Exterior Ip67 \/ Ik10 \/ Rapid Focus \/ Hi-poe \/ Wiper \/ Micro Sd","isPartOf":{"@id":"https:\/\/compuviper.mx\/tienda\/#website"},"datePublished":"2026-04-23T06:15:21+00:00","dateModified":"2026-04-23T06:15:21+00:00","description":"Compra Ds-2df8c442ixg-elw Camara Ptz Ptz Ip 4 Megapixel \/ 42x Zoom \/ 400 Mts Ir \/ Autoseguimiento 3.0 \/ Wdr 140 Db \/ Eis \/ Deep Learning \/ Exterior Ip67 \/ Ik10 \/ Rapid Focus \/ Hi-poe \/ Wiper \/ Micro Sd + Env\u00edo a domicilio + Pago seguro + Garant\u00eda","breadcrumb":{"@id":"https:\/\/compuviper.mx\/tienda\/producto\/hikvision-ds-2df8c442ixg-elw-camara-ptz-ptz-ip-4-megapixel-42x-zoom-400-mts-ir-autoseguimiento-3-0-wdr-140-db-eis-deep-learning-exterior-ip67-ik10-rapid-focus-hi-poe-wiper-mi\/#breadcrumb"},"inLanguage":"es-MX","potentialAction":[{"@type":"ReadAction","target":["https:\/\/compuviper.mx\/tienda\/producto\/hikvision-ds-2df8c442ixg-elw-camara-ptz-ptz-ip-4-megapixel-42x-zoom-400-mts-ir-autoseguimiento-3-0-wdr-140-db-eis-deep-learning-exterior-ip67-ik10-rapid-focus-hi-poe-wiper-mi\/"]}]},{"@type":"BreadcrumbList","@id":"https:\/\/compuviper.mx\/tienda\/producto\/hikvision-ds-2df8c442ixg-elw-camara-ptz-ptz-ip-4-megapixel-42x-zoom-400-mts-ir-autoseguimiento-3-0-wdr-140-db-eis-deep-learning-exterior-ip67-ik10-rapid-focus-hi-poe-wiper-mi\/#breadcrumb","itemListElement":[{"@type":"ListItem","position":1,"name":"Inicio","item":"https:\/\/compuviper.mx\/tienda\/"},{"@type":"ListItem","position":2,"name":"Productos","item":"https:\/\/compuviper.mx\/tienda\/productos\/"},{"@type":"ListItem","position":3,"name":"Camaras","item":"https:\/\/compuviper.mx\/tienda\/categoria-producto\/camaras-2\/"},{"@type":"ListItem","position":4,"name":"Camara De Videovigilancia","item":"https:\/\/compuviper.mx\/tienda\/categoria-producto\/camaras-2\/camara-de-videovigilancia\/"},{"@type":"ListItem","position":5,"name":"Hikvision Ds-2df8c442ixg-elw Camara Ptz Ptz Ip 4 Megapixel \/ 42x Zoom \/ 400 Mts Ir \/ Autoseguimiento 3.0 \/ Wdr 140 Db \/ Eis \/ Deep Learning \/ Exterior Ip67 \/ Ik10 \/ Rapid Focus \/ Hi-poe \/ Wiper \/ Micro Sd"}]},{"@type":"WebSite","@id":"https:\/\/compuviper.mx\/tienda\/#website","url":"https:\/\/compuviper.mx\/tienda\/","name":"Compuviper","description":"Proveedor de Computadoras, Laptops, Servidores, Monitores, Puntos de Venta, Teclados,   Impresoras, T\u00f3ner, C\u00e1maras de Seguridad y m\u00e1s en tu tienda en l\u00ednea","publisher":{"@id":"https:\/\/compuviper.mx\/tienda\/#organization"},"potentialAction":[{"@type":"SearchAction","target":{"@type":"EntryPoint","urlTemplate":"https:\/\/compuviper.mx\/tienda\/?s={search_term_string}"},"query-input":"required name=search_term_string"}],"inLanguage":"es-MX"},{"@type":"Organization","@id":"https:\/\/compuviper.mx\/tienda\/#organization","name":"Compuviper","url":"https:\/\/compuviper.mx\/tienda\/","logo":{"@type":"ImageObject","inLanguage":"es-MX","@id":"https:\/\/compuviper.mx\/tienda\/#\/schema\/logo\/image\/","url":"https:\/\/compuviper.mx\/tienda\/wp-content\/uploads\/2021\/08\/Logo-Compuviper-10.png","contentUrl":"https:\/\/compuviper.mx\/tienda\/wp-content\/uploads\/2021\/08\/Logo-Compuviper-10.png","width":1000,"height":500,"caption":"Compuviper"},"image":{"@id":"https:\/\/compuviper.mx\/tienda\/#\/schema\/logo\/image\/"},"sameAs":["https:\/\/www.facebook.com\/compuviper","https:\/\/www.youtube.com\/channel\/UCf73dERp9Y3cfOq7q8BhLjA?view_as=subscriber"]}]},"product_brand":"HIKVISION","product_price_amount":"37188","product_price_currency":"MXN","og_availability":"backorder","product_availability":"available for order","product_retailer_item_id":"DS-2DF8C442IXG-ELW","product_condition":"new"},"_links":{"self":[{"href":"https:\/\/compuviper.mx\/tienda\/wp-json\/wp\/v2\/product\/249257"}],"collection":[{"href":"https:\/\/compuviper.mx\/tienda\/wp-json\/wp\/v2\/product"}],"about":[{"href":"https:\/\/compuviper.mx\/tienda\/wp-json\/wp\/v2\/types\/product"}],"replies":[{"embeddable":true,"href":"https:\/\/compuviper.mx\/tienda\/wp-json\/wp\/v2\/comments?post=249257"}],"wp:featuredmedia":[{"embeddable":true,"href":"https:\/\/compuviper.mx\/tienda\/wp-json\/wp\/v2\/media\/259392"}],"wp:attachment":[{"href":"https:\/\/compuviper.mx\/tienda\/wp-json\/wp\/v2\/media?parent=249257"}],"wp:term":[{"taxonomy":"product_cat","embeddable":true,"href":"https:\/\/compuviper.mx\/tienda\/wp-json\/wp\/v2\/product_cat?post=249257"},{"taxonomy":"product_tag","embeddable":true,"href":"https:\/\/compuviper.mx\/tienda\/wp-json\/wp\/v2\/product_tag?post=249257"}],"curies":[{"name":"wp","href":"https:\/\/api.w.org\/{rel}","templated":true}]}}