{"id":249114,"date":"2026-04-02T01:23:41","date_gmt":"2026-04-02T07:23:41","guid":{"rendered":"https:\/\/compuviper.mx\/tienda\/producto\/dahua-dhi-nvr4432-16p-ei-nvr-nvr-de-8-mp-4k-wizsense-32-canales-ip-16-pts-poe-4-bahias-p-discos-duros-smart-h-265-1-canal-de-reconocimiento-facial-smd-plus-rendimiento-de-256-mbps-quick\/"},"modified":"2026-04-02T01:23:42","modified_gmt":"2026-04-02T07:23:42","slug":"dahua-dhi-nvr4432-16p-ei-nvr-nvr-de-8-mp-4k-wizsense-32-canales-ip-16-pts-poe-4-bahias-p-discos-duros-smart-h-265-1-canal-de-reconocimiento-facial-smd-plus-rendimiento-de-256-mbps-quick","status":"publish","type":"product","link":"https:\/\/compuviper.mx\/tienda\/producto\/dahua-dhi-nvr4432-16p-ei-nvr-nvr-de-8-mp-4k-wizsense-32-canales-ip-16-pts-poe-4-bahias-p-discos-duros-smart-h-265-1-canal-de-reconocimiento-facial-smd-plus-rendimiento-de-256-mbps-quick\/","title":{"rendered":"Dahua Dhi-nvr4432-16p-ei Nvr\/ \/ \/ Nvr De 8 Mp\/ 4k Wizsense\/ 32 Canales Ip\/ 16 Pts Poe\/ 4 Bahias P\/discos Duros\/ Smart H.265+\/ 1 Canal De Reconocimiento Facial\/ Smd Plus\/ Rendimiento De 256 Mbps\/ Quick"},"content":{"rendered":"<table class=\"descripcion\">\n<tr>\n<td>Caracteristicas principales<\/td>\n<\/tr>\n<tr>\n<td>\u0095 formato de decodificacion smart h.265+\/h.265\/smart h.264+\/h.264\/mjpeg.<\/td>\n<\/tr>\n<tr>\n<td>\u0095 acceso, almacenamiento o reenvio a 256 mbps (180 mbps cuando la funcion ai esta habilitada).<\/td>\n<\/tr>\n<tr>\n<td>\u0095 max. capacidad de decodificacion: 16 \u00d7 1080p@30 fps. soporta decodificacion adaptativa.<\/td>\n<\/tr>\n<tr>\n<td>\u0095 ia por nvr: deteccion y reconocimiento de rostros de 1 canal; proteccion perimetral de 2 canales; hasta 10 bases de datos de rostros y 20 000 imagenes de rostros; smd plus de 4 canales.<\/td>\n<\/tr>\n<tr>\n<td>\u0095 ia por camara: deteccion y reconocimiento de rostros, proteccion perimetral; smd plus; anpr; conteo de personas; analisis estereo; mapa de calor.<\/td>\n<\/tr>\n<tr>\n<td>\u0095 conectado a las camaras de red de terceros.<\/td>\n<\/tr>\n<tr>\n<td>\u0095 4 puertos sata de 16 tb c\/u<\/td>\n<\/tr>\n<\/table>\n","protected":false},"excerpt":{"rendered":"<p>Informacion general. La serie nvr4000-ei es una nueva generacion de grabadores de red que ofrece potentes capacidades de decodificacion y un gran ancho de banda. Cuenta con reconocimiento facial de alta precision, proteccion perimetral y smd (deteccion inteligente de movimiento), que puede distinguir vehiculos objetivo y humanos de otros tipos en tiempo real. Cuando se conecta con camaras ipc seleccionadas, la tecnologia quick pick esta disponible, lo que permite buscar y seleccionar facilmente objetivos humanos y de vehiculos. Esta grabadora de red no solo es rentable, sino que tambien es compatible con una amplia variedad de dispositivos de terceros, lo que la convierte en una excelente opcion para las peque\u00f1as y medianas empresas. Smd mas. Con un algoritmo inteligente, la tecnologia de deteccion de movimiento inteligente de dahua puede categorizar los objetivos que activan la deteccion de movimiento y filtrar la alarma de deteccion de movimiento activada por objetivos no afectados para generar una alarma efectiva y precisa. Reconocimiento facial. La deteccion de rostros es para detectar si aparece algun rostro humano en el video. Esta tecnologia adopta un algoritmo de aprendizaje profundo para admitir la deteccion, el seguimiento, la optimizacion y la captura de rostros, y luego genera la mejor instantanea del rostro. Mapa de calor. La tecnologia de mapas de calor de dahua se utiliza para mostrar la densidad de la multitud y la probabilidad de aparicion de personas. Exporte y muestre el estado de la multitud por diferentes colores. En general, el estado de la multitud son las estadisticas de la cantidad de personas en las dimensiones de espacio y tiempo.<\/p>\n","protected":false},"featured_media":260418,"comment_status":"open","ping_status":"open","template":"","meta":[],"product_cat":[1689,1768],"product_tag":[1555],"acf":[],"yoast_head":"<!-- This site is optimized with the Yoast SEO plugin v21.7 - https:\/\/yoast.com\/wordpress\/plugins\/seo\/ -->\n<title>[ Dahua ] &#129351; Dhi-nvr4432-16p-ei Nvr\/ \/ \/ Nvr De 8 Mp\/ 4k Wizsense\/ 32 Canales Ip\/ 16 Pts Poe\/ 4 Bahias P\/discos Duros\/ Smart H.265+\/ 1 Canal De Reconocimiento Facial\/ Smd Plus\/ Rendimiento De 256 Mbps\/ Quick<\/title>\n<meta name=\"description\" content=\"Compra Dhi-nvr4432-16p-ei Nvr\/ \/ \/ Nvr De 8 Mp\/ 4k Wizsense\/ 32 Canales Ip\/ 16 Pts Poe\/ 4 Bahias P\/discos Duros\/ Smart H.265+\/ 1 Canal De Reconocimiento Facial\/ Smd Plus\/ Rendimiento De 256 Mbps\/ Quick + Env\u00edo a domicilio + Pago seguro + Garant\u00eda\" \/>\n<meta name=\"robots\" content=\"index, follow, max-snippet:-1, max-image-preview:large, max-video-preview:-1\" \/>\n<link rel=\"canonical\" href=\"https:\/\/compuviper.mx\/tienda\/producto\/dahua-dhi-nvr4432-16p-ei-nvr-nvr-de-8-mp-4k-wizsense-32-canales-ip-16-pts-poe-4-bahias-p-discos-duros-smart-h-265-1-canal-de-reconocimiento-facial-smd-plus-rendimiento-de-256-mbps-quick\/\" \/>\n<meta property=\"og:locale\" content=\"es_MX\" \/>\n<meta property=\"og:type\" content=\"article\" \/>\n<meta property=\"og:title\" content=\"[ Dahua ] &#129351; Dhi-nvr4432-16p-ei Nvr\/ \/ \/ Nvr De 8 Mp\/ 4k Wizsense\/ 32 Canales Ip\/ 16 Pts Poe\/ 4 Bahias P\/discos Duros\/ Smart H.265+\/ 1 Canal De Reconocimiento Facial\/ Smd Plus\/ Rendimiento De 256 Mbps\/ Quick\" \/>\n<meta property=\"og:description\" content=\"Compra Dhi-nvr4432-16p-ei Nvr\/ \/ \/ Nvr De 8 Mp\/ 4k Wizsense\/ 32 Canales Ip\/ 16 Pts Poe\/ 4 Bahias P\/discos Duros\/ Smart H.265+\/ 1 Canal De Reconocimiento Facial\/ Smd Plus\/ Rendimiento De 256 Mbps\/ Quick + Env\u00edo a domicilio + Pago seguro + Garant\u00eda\" \/>\n<meta property=\"og:url\" content=\"https:\/\/compuviper.mx\/tienda\/producto\/dahua-dhi-nvr4432-16p-ei-nvr-nvr-de-8-mp-4k-wizsense-32-canales-ip-16-pts-poe-4-bahias-p-discos-duros-smart-h-265-1-canal-de-reconocimiento-facial-smd-plus-rendimiento-de-256-mbps-quick\/\" \/>\n<meta property=\"og:site_name\" content=\"Compuviper\" \/>\n<meta property=\"article:publisher\" content=\"https:\/\/www.facebook.com\/compuviper\" \/>\n<meta property=\"article:modified_time\" content=\"2026-04-02T07:23:42+00:00\" \/>\n<meta property=\"og:image\" content=\"https:\/\/compuviper.mx\/tienda\/wp-content\/uploads\/2025\/10\/Nvr-dahua-dhi-nvr4432-16p-ei-nvr-de-8-mp-4k-wizsense-32-canales-ip-16-pts-poe-4-bahias-pdiscos-duros-smart-h.265-1-canal-de-reconocimiento-facial-smd-plus-rendimiento-de-256-mbps-quick.jpg\" \/>\n\t<meta property=\"og:image:width\" content=\"200\" \/>\n\t<meta property=\"og:image:height\" content=\"200\" \/>\n\t<meta property=\"og:image:type\" content=\"image\/jpeg\" \/>\n<meta name=\"twitter:card\" content=\"summary_large_image\" \/>\n<meta name=\"twitter:label1\" content=\"Precio\" \/>\n\t<meta name=\"twitter:data1\" content=\"&#36;7,726 con IVA\" \/>\n\t<meta name=\"twitter:label2\" content=\"Availability\" \/>\n\t<meta name=\"twitter:data2\" content=\"Out of stock\" \/>\n<script type=\"application\/ld+json\" class=\"yoast-schema-graph\">{\"@context\":\"https:\/\/schema.org\",\"@graph\":[{\"@type\":\"WebPage\",\"@id\":\"https:\/\/compuviper.mx\/tienda\/producto\/dahua-dhi-nvr4432-16p-ei-nvr-nvr-de-8-mp-4k-wizsense-32-canales-ip-16-pts-poe-4-bahias-p-discos-duros-smart-h-265-1-canal-de-reconocimiento-facial-smd-plus-rendimiento-de-256-mbps-quick\/\",\"url\":\"https:\/\/compuviper.mx\/tienda\/producto\/dahua-dhi-nvr4432-16p-ei-nvr-nvr-de-8-mp-4k-wizsense-32-canales-ip-16-pts-poe-4-bahias-p-discos-duros-smart-h-265-1-canal-de-reconocimiento-facial-smd-plus-rendimiento-de-256-mbps-quick\/\",\"name\":\"[ Dahua ] &#129351; Dhi-nvr4432-16p-ei Nvr\/ \/ \/ Nvr De 8 Mp\/ 4k Wizsense\/ 32 Canales Ip\/ 16 Pts Poe\/ 4 Bahias P\/discos Duros\/ Smart H.265+\/ 1 Canal De Reconocimiento Facial\/ Smd Plus\/ Rendimiento De 256 Mbps\/ Quick\",\"isPartOf\":{\"@id\":\"https:\/\/compuviper.mx\/tienda\/#website\"},\"datePublished\":\"2026-04-02T07:23:41+00:00\",\"dateModified\":\"2026-04-02T07:23:42+00:00\",\"description\":\"Compra Dhi-nvr4432-16p-ei Nvr\/ \/ \/ Nvr De 8 Mp\/ 4k Wizsense\/ 32 Canales Ip\/ 16 Pts Poe\/ 4 Bahias P\/discos Duros\/ Smart H.265+\/ 1 Canal De Reconocimiento Facial\/ Smd Plus\/ Rendimiento De 256 Mbps\/ Quick + Env\u00edo a domicilio + Pago seguro + Garant\u00eda\",\"breadcrumb\":{\"@id\":\"https:\/\/compuviper.mx\/tienda\/producto\/dahua-dhi-nvr4432-16p-ei-nvr-nvr-de-8-mp-4k-wizsense-32-canales-ip-16-pts-poe-4-bahias-p-discos-duros-smart-h-265-1-canal-de-reconocimiento-facial-smd-plus-rendimiento-de-256-mbps-quick\/#breadcrumb\"},\"inLanguage\":\"es-MX\",\"potentialAction\":[{\"@type\":\"ReadAction\",\"target\":[\"https:\/\/compuviper.mx\/tienda\/producto\/dahua-dhi-nvr4432-16p-ei-nvr-nvr-de-8-mp-4k-wizsense-32-canales-ip-16-pts-poe-4-bahias-p-discos-duros-smart-h-265-1-canal-de-reconocimiento-facial-smd-plus-rendimiento-de-256-mbps-quick\/\"]}]},{\"@type\":\"BreadcrumbList\",\"@id\":\"https:\/\/compuviper.mx\/tienda\/producto\/dahua-dhi-nvr4432-16p-ei-nvr-nvr-de-8-mp-4k-wizsense-32-canales-ip-16-pts-poe-4-bahias-p-discos-duros-smart-h-265-1-canal-de-reconocimiento-facial-smd-plus-rendimiento-de-256-mbps-quick\/#breadcrumb\",\"itemListElement\":[{\"@type\":\"ListItem\",\"position\":1,\"name\":\"Inicio\",\"item\":\"https:\/\/compuviper.mx\/tienda\/\"},{\"@type\":\"ListItem\",\"position\":2,\"name\":\"Productos\",\"item\":\"https:\/\/compuviper.mx\/tienda\/productos\/\"},{\"@type\":\"ListItem\",\"position\":3,\"name\":\"Videograbadores\",\"item\":\"https:\/\/compuviper.mx\/tienda\/categoria-producto\/videograbadores\/\"},{\"@type\":\"ListItem\",\"position\":4,\"name\":\"Nvr\",\"item\":\"https:\/\/compuviper.mx\/tienda\/categoria-producto\/videograbadores\/nvr\/\"},{\"@type\":\"ListItem\",\"position\":5,\"name\":\"Dahua Dhi-nvr4432-16p-ei Nvr\/ \/ \/ Nvr De 8 Mp\/ 4k Wizsense\/ 32 Canales Ip\/ 16 Pts Poe\/ 4 Bahias P\/discos Duros\/ Smart H.265+\/ 1 Canal De Reconocimiento Facial\/ Smd Plus\/ Rendimiento De 256 Mbps\/ Quick\"}]},{\"@type\":\"WebSite\",\"@id\":\"https:\/\/compuviper.mx\/tienda\/#website\",\"url\":\"https:\/\/compuviper.mx\/tienda\/\",\"name\":\"Compuviper\",\"description\":\"Proveedor de Computadoras, Laptops, Servidores, Monitores, Puntos de Venta, Teclados,   Impresoras, T\u00f3ner, C\u00e1maras de Seguridad y m\u00e1s en tu tienda en l\u00ednea\",\"publisher\":{\"@id\":\"https:\/\/compuviper.mx\/tienda\/#organization\"},\"potentialAction\":[{\"@type\":\"SearchAction\",\"target\":{\"@type\":\"EntryPoint\",\"urlTemplate\":\"https:\/\/compuviper.mx\/tienda\/?s={search_term_string}\"},\"query-input\":\"required name=search_term_string\"}],\"inLanguage\":\"es-MX\"},{\"@type\":\"Organization\",\"@id\":\"https:\/\/compuviper.mx\/tienda\/#organization\",\"name\":\"Compuviper\",\"url\":\"https:\/\/compuviper.mx\/tienda\/\",\"logo\":{\"@type\":\"ImageObject\",\"inLanguage\":\"es-MX\",\"@id\":\"https:\/\/compuviper.mx\/tienda\/#\/schema\/logo\/image\/\",\"url\":\"https:\/\/compuviper.mx\/tienda\/wp-content\/uploads\/2021\/08\/Logo-Compuviper-10.png\",\"contentUrl\":\"https:\/\/compuviper.mx\/tienda\/wp-content\/uploads\/2021\/08\/Logo-Compuviper-10.png\",\"width\":1000,\"height\":500,\"caption\":\"Compuviper\"},\"image\":{\"@id\":\"https:\/\/compuviper.mx\/tienda\/#\/schema\/logo\/image\/\"},\"sameAs\":[\"https:\/\/www.facebook.com\/compuviper\",\"https:\/\/www.youtube.com\/channel\/UCf73dERp9Y3cfOq7q8BhLjA?view_as=subscriber\"]}]}<\/script>\n<meta property=\"product:brand\" content=\"DAHUA\" \/>\n<meta property=\"product:price:amount\" content=\"7726\" \/>\n<meta property=\"product:price:currency\" content=\"MXN\" \/>\n<meta property=\"og:availability\" content=\"out of stock\" \/>\n<meta property=\"product:availability\" content=\"out of stock\" \/>\n<meta property=\"product:retailer_item_id\" content=\"DHI-NVR4432-16P-EI\" \/>\n<meta property=\"product:condition\" content=\"new\" \/>\n<!-- \/ Yoast SEO plugin. -->","yoast_head_json":{"title":"[ Dahua ] &#129351; Dhi-nvr4432-16p-ei Nvr\/ \/ \/ Nvr De 8 Mp\/ 4k Wizsense\/ 32 Canales Ip\/ 16 Pts Poe\/ 4 Bahias P\/discos Duros\/ Smart H.265+\/ 1 Canal De Reconocimiento Facial\/ Smd Plus\/ Rendimiento De 256 Mbps\/ Quick","description":"Compra Dhi-nvr4432-16p-ei Nvr\/ \/ \/ Nvr De 8 Mp\/ 4k Wizsense\/ 32 Canales Ip\/ 16 Pts Poe\/ 4 Bahias P\/discos Duros\/ Smart H.265+\/ 1 Canal De Reconocimiento Facial\/ Smd Plus\/ Rendimiento De 256 Mbps\/ Quick + Env\u00edo a domicilio + Pago seguro + Garant\u00eda","robots":{"index":"index","follow":"follow","max-snippet":"max-snippet:-1","max-image-preview":"max-image-preview:large","max-video-preview":"max-video-preview:-1"},"canonical":"https:\/\/compuviper.mx\/tienda\/producto\/dahua-dhi-nvr4432-16p-ei-nvr-nvr-de-8-mp-4k-wizsense-32-canales-ip-16-pts-poe-4-bahias-p-discos-duros-smart-h-265-1-canal-de-reconocimiento-facial-smd-plus-rendimiento-de-256-mbps-quick\/","og_locale":"es_MX","og_type":"article","og_title":"[ Dahua ] &#129351; Dhi-nvr4432-16p-ei Nvr\/ \/ \/ Nvr De 8 Mp\/ 4k Wizsense\/ 32 Canales Ip\/ 16 Pts Poe\/ 4 Bahias P\/discos Duros\/ Smart H.265+\/ 1 Canal De Reconocimiento Facial\/ Smd Plus\/ Rendimiento De 256 Mbps\/ Quick","og_description":"Compra Dhi-nvr4432-16p-ei Nvr\/ \/ \/ Nvr De 8 Mp\/ 4k Wizsense\/ 32 Canales Ip\/ 16 Pts Poe\/ 4 Bahias P\/discos Duros\/ Smart H.265+\/ 1 Canal De Reconocimiento Facial\/ Smd Plus\/ Rendimiento De 256 Mbps\/ Quick + Env\u00edo a domicilio + Pago seguro + Garant\u00eda","og_url":"https:\/\/compuviper.mx\/tienda\/producto\/dahua-dhi-nvr4432-16p-ei-nvr-nvr-de-8-mp-4k-wizsense-32-canales-ip-16-pts-poe-4-bahias-p-discos-duros-smart-h-265-1-canal-de-reconocimiento-facial-smd-plus-rendimiento-de-256-mbps-quick\/","og_site_name":"Compuviper","article_publisher":"https:\/\/www.facebook.com\/compuviper","article_modified_time":"2026-04-02T07:23:42+00:00","og_image":[{"width":200,"height":200,"url":"https:\/\/compuviper.mx\/tienda\/wp-content\/uploads\/2025\/10\/Nvr-dahua-dhi-nvr4432-16p-ei-nvr-de-8-mp-4k-wizsense-32-canales-ip-16-pts-poe-4-bahias-pdiscos-duros-smart-h.265-1-canal-de-reconocimiento-facial-smd-plus-rendimiento-de-256-mbps-quick.jpg","type":"image\/jpeg"}],"twitter_card":"summary_large_image","twitter_misc":{"Precio":"&#36;7,726 con IVA","Availability":"Out of stock"},"schema":{"@context":"https:\/\/schema.org","@graph":[{"@type":"WebPage","@id":"https:\/\/compuviper.mx\/tienda\/producto\/dahua-dhi-nvr4432-16p-ei-nvr-nvr-de-8-mp-4k-wizsense-32-canales-ip-16-pts-poe-4-bahias-p-discos-duros-smart-h-265-1-canal-de-reconocimiento-facial-smd-plus-rendimiento-de-256-mbps-quick\/","url":"https:\/\/compuviper.mx\/tienda\/producto\/dahua-dhi-nvr4432-16p-ei-nvr-nvr-de-8-mp-4k-wizsense-32-canales-ip-16-pts-poe-4-bahias-p-discos-duros-smart-h-265-1-canal-de-reconocimiento-facial-smd-plus-rendimiento-de-256-mbps-quick\/","name":"[ Dahua ] &#129351; Dhi-nvr4432-16p-ei Nvr\/ \/ \/ Nvr De 8 Mp\/ 4k Wizsense\/ 32 Canales Ip\/ 16 Pts Poe\/ 4 Bahias P\/discos Duros\/ Smart H.265+\/ 1 Canal De Reconocimiento Facial\/ Smd Plus\/ Rendimiento De 256 Mbps\/ Quick","isPartOf":{"@id":"https:\/\/compuviper.mx\/tienda\/#website"},"datePublished":"2026-04-02T07:23:41+00:00","dateModified":"2026-04-02T07:23:42+00:00","description":"Compra Dhi-nvr4432-16p-ei Nvr\/ \/ \/ Nvr De 8 Mp\/ 4k Wizsense\/ 32 Canales Ip\/ 16 Pts Poe\/ 4 Bahias P\/discos Duros\/ Smart H.265+\/ 1 Canal De Reconocimiento Facial\/ Smd Plus\/ Rendimiento De 256 Mbps\/ Quick + Env\u00edo a domicilio + Pago seguro + Garant\u00eda","breadcrumb":{"@id":"https:\/\/compuviper.mx\/tienda\/producto\/dahua-dhi-nvr4432-16p-ei-nvr-nvr-de-8-mp-4k-wizsense-32-canales-ip-16-pts-poe-4-bahias-p-discos-duros-smart-h-265-1-canal-de-reconocimiento-facial-smd-plus-rendimiento-de-256-mbps-quick\/#breadcrumb"},"inLanguage":"es-MX","potentialAction":[{"@type":"ReadAction","target":["https:\/\/compuviper.mx\/tienda\/producto\/dahua-dhi-nvr4432-16p-ei-nvr-nvr-de-8-mp-4k-wizsense-32-canales-ip-16-pts-poe-4-bahias-p-discos-duros-smart-h-265-1-canal-de-reconocimiento-facial-smd-plus-rendimiento-de-256-mbps-quick\/"]}]},{"@type":"BreadcrumbList","@id":"https:\/\/compuviper.mx\/tienda\/producto\/dahua-dhi-nvr4432-16p-ei-nvr-nvr-de-8-mp-4k-wizsense-32-canales-ip-16-pts-poe-4-bahias-p-discos-duros-smart-h-265-1-canal-de-reconocimiento-facial-smd-plus-rendimiento-de-256-mbps-quick\/#breadcrumb","itemListElement":[{"@type":"ListItem","position":1,"name":"Inicio","item":"https:\/\/compuviper.mx\/tienda\/"},{"@type":"ListItem","position":2,"name":"Productos","item":"https:\/\/compuviper.mx\/tienda\/productos\/"},{"@type":"ListItem","position":3,"name":"Videograbadores","item":"https:\/\/compuviper.mx\/tienda\/categoria-producto\/videograbadores\/"},{"@type":"ListItem","position":4,"name":"Nvr","item":"https:\/\/compuviper.mx\/tienda\/categoria-producto\/videograbadores\/nvr\/"},{"@type":"ListItem","position":5,"name":"Dahua Dhi-nvr4432-16p-ei Nvr\/ \/ \/ Nvr De 8 Mp\/ 4k Wizsense\/ 32 Canales Ip\/ 16 Pts Poe\/ 4 Bahias P\/discos Duros\/ Smart H.265+\/ 1 Canal De Reconocimiento Facial\/ Smd Plus\/ Rendimiento De 256 Mbps\/ Quick"}]},{"@type":"WebSite","@id":"https:\/\/compuviper.mx\/tienda\/#website","url":"https:\/\/compuviper.mx\/tienda\/","name":"Compuviper","description":"Proveedor de Computadoras, Laptops, Servidores, Monitores, Puntos de Venta, Teclados,   Impresoras, T\u00f3ner, C\u00e1maras de Seguridad y m\u00e1s en tu tienda en l\u00ednea","publisher":{"@id":"https:\/\/compuviper.mx\/tienda\/#organization"},"potentialAction":[{"@type":"SearchAction","target":{"@type":"EntryPoint","urlTemplate":"https:\/\/compuviper.mx\/tienda\/?s={search_term_string}"},"query-input":"required name=search_term_string"}],"inLanguage":"es-MX"},{"@type":"Organization","@id":"https:\/\/compuviper.mx\/tienda\/#organization","name":"Compuviper","url":"https:\/\/compuviper.mx\/tienda\/","logo":{"@type":"ImageObject","inLanguage":"es-MX","@id":"https:\/\/compuviper.mx\/tienda\/#\/schema\/logo\/image\/","url":"https:\/\/compuviper.mx\/tienda\/wp-content\/uploads\/2021\/08\/Logo-Compuviper-10.png","contentUrl":"https:\/\/compuviper.mx\/tienda\/wp-content\/uploads\/2021\/08\/Logo-Compuviper-10.png","width":1000,"height":500,"caption":"Compuviper"},"image":{"@id":"https:\/\/compuviper.mx\/tienda\/#\/schema\/logo\/image\/"},"sameAs":["https:\/\/www.facebook.com\/compuviper","https:\/\/www.youtube.com\/channel\/UCf73dERp9Y3cfOq7q8BhLjA?view_as=subscriber"]}]},"product_brand":"DAHUA","product_price_amount":"7726","product_price_currency":"MXN","og_availability":"out of stock","product_availability":"out of stock","product_retailer_item_id":"DHI-NVR4432-16P-EI","product_condition":"new"},"_links":{"self":[{"href":"https:\/\/compuviper.mx\/tienda\/wp-json\/wp\/v2\/product\/249114"}],"collection":[{"href":"https:\/\/compuviper.mx\/tienda\/wp-json\/wp\/v2\/product"}],"about":[{"href":"https:\/\/compuviper.mx\/tienda\/wp-json\/wp\/v2\/types\/product"}],"replies":[{"embeddable":true,"href":"https:\/\/compuviper.mx\/tienda\/wp-json\/wp\/v2\/comments?post=249114"}],"wp:featuredmedia":[{"embeddable":true,"href":"https:\/\/compuviper.mx\/tienda\/wp-json\/wp\/v2\/media\/260418"}],"wp:attachment":[{"href":"https:\/\/compuviper.mx\/tienda\/wp-json\/wp\/v2\/media?parent=249114"}],"wp:term":[{"taxonomy":"product_cat","embeddable":true,"href":"https:\/\/compuviper.mx\/tienda\/wp-json\/wp\/v2\/product_cat?post=249114"},{"taxonomy":"product_tag","embeddable":true,"href":"https:\/\/compuviper.mx\/tienda\/wp-json\/wp\/v2\/product_tag?post=249114"}],"curies":[{"name":"wp","href":"https:\/\/api.w.org\/{rel}","templated":true}]}}