{"id":249063,"date":"2026-04-02T00:42:31","date_gmt":"2026-04-02T06:42:31","guid":{"rendered":"https:\/\/compuviper.mx\/tienda\/producto\/balam-rush-br-940689-teclado-gamer-level-pro-gk990-dual-recargable-usb-bt-dongle-5-dispositivos-recargable-88-teclas-espaol-win-mac-android-rgb-mecanico-blanco\/"},"modified":"2026-04-02T00:42:31","modified_gmt":"2026-04-02T06:42:31","slug":"balam-rush-br-9406897506215940689-teclado-gamer-level-pro-gk990-dual-recargable-usb-bt-dongle-5-dispositivos-recargable-88-teclas-espaol-win-mac-android-rgb-mecanico-bla","status":"publish","type":"product","link":"https:\/\/compuviper.mx\/tienda\/producto\/balam-rush-br-9406897506215940689-teclado-gamer-level-pro-gk990-dual-recargable-usb-bt-dongle-5-dispositivos-recargable-88-teclas-espaol-win-mac-android-rgb-mecanico-bla\/","title":{"rendered":"Balam Rush Br-940689,7506215940689 Teclado Gamer  Level Pro Gk990 \/ Dual Recargable \/ Usb &#8211; Bt &#8211; Dongle \/ 5 Dispositivos \/ Recargable \/ 88 Teclas \/ Espa?ol \/ Win &#8211; Mac- Android \/ Rgb \/ Mecanico \/  Blanco \/ Br-940689"},"content":{"rendered":"<table class=\"descripcion\">\n<tr>\n<td>Especificaciones<\/td>\n<\/tr>\n<tr>\n<td>Producto: teclado inalambrico<\/td>\n<\/tr>\n<tr>\n<td>Modelo: br-940689<\/td>\n<\/tr>\n<tr>\n<td>Color: blanco<\/td>\n<\/tr>\n<tr>\n<td>Materiales: estructura met\u00e1lica + abs<\/td>\n<\/tr>\n<tr>\n<td>Dimensiones: 36.2 x 13.5 x 4 cm<\/td>\n<\/tr>\n<tr>\n<td>Peso: 930 g<\/td>\n<\/tr>\n<tr>\n<td>Compatibilidad: windows \/ mac \/ android<\/td>\n<\/tr>\n<tr>\n<td>Idioma: espa\u00f1ol<\/td>\n<\/tr>\n<tr>\n<td>Numero de teclas: 88<\/td>\n<\/tr>\n<tr>\n<td>Tipo de impresi\u00f3n: doble inyeccion<\/td>\n<\/tr>\n<tr>\n<td>Teclas con funcion multimedia (fn): 12<\/td>\n<\/tr>\n<tr>\n<td>Tecnolog\u00eda del teclado: mec\u00e1nico<\/td>\n<\/tr>\n<tr>\n<td>Tipo de switch: red switch outemu<\/td>\n<\/tr>\n<tr>\n<td>Frecuencia de respuesta:<\/td>\n<\/tr>\n<tr>\n<td>   * alambrica: 1000 mhz<\/td>\n<\/tr>\n<tr>\n<td>   * inalambrica: dongle 1000 hz  and  bluetooth 125 hz<\/td>\n<\/tr>\n<tr>\n<td>Anti-ghosting: si<\/td>\n<\/tr>\n<tr>\n<td>Alambrico:<\/td>\n<\/tr>\n<tr>\n<td>   * tipo de conector: usb c &#8211; usb a<\/td>\n<\/tr>\n<tr>\n<td>   * tama\u00f1o de cable: 1.8 m de fibra trenzada<\/td>\n<\/tr>\n<tr>\n<td>Inalambrico:<\/td>\n<\/tr>\n<tr>\n<td>   * tipo de conexi\u00f3n: 2.4 ghz + bluetooth 5.0<\/td>\n<\/tr>\n<tr>\n<td>   * distancia m\u00e1xima: 10 m<\/td>\n<\/tr>\n<tr>\n<td>   * emparejamiento de multiples dispositivos: 5 dispositivos<\/td>\n<\/tr>\n<tr>\n<td>Iluminacion:<\/td>\n<\/tr>\n<tr>\n<td>   * tipo: rgb<\/td>\n<\/tr>\n<tr>\n<td>   * modos: 18 modos y 5 niveles de velocidad<\/td>\n<\/tr>\n<tr>\n<td>Alimentacion:<\/td>\n<\/tr>\n<tr>\n<td>   * bateria: recargable litio 5v &#8211; 2000 mah<\/td>\n<\/tr>\n<tr>\n<td>   * carga: 3 hrs<\/td>\n<\/tr>\n<tr>\n<td>   * duraci\u00f3n:<\/td>\n<\/tr>\n<tr>\n<td>         * 20 hrs con iluminaci\u00f3n<\/td>\n<\/tr>\n<tr>\n<td>         * 200 horas sin iluminaci\u00f3n<\/td>\n<\/tr>\n<\/table>\n","protected":false},"excerpt":{"rendered":"<p>Especificaciones Producto: teclado inalambrico Modelo: br-940689 Color: blanco Materiales: estructura met\u00e1lica + abs Dimensiones: 36.2 x 13.5 x 4 cm Peso: 930 g Compatibilidad: windows \/ mac \/ android Idioma: espa\u00f1ol Numero de teclas: 88 Tipo de impresi\u00f3n: doble inyeccion Teclas con funcion multimedia (fn): 12 Tecnolog\u00eda del teclado: mec\u00e1nico Tipo de switch: red switch [&hellip;]<\/p>\n","protected":false},"featured_media":259755,"comment_status":"open","ping_status":"open","template":"","meta":[],"product_cat":[1718,1713],"product_tag":[2097],"acf":[],"yoast_head":"<!-- This site is optimized with the Yoast SEO plugin v21.7 - https:\/\/yoast.com\/wordpress\/plugins\/seo\/ -->\n<title>[ Balam Rush ] &#129351; Br-940689,7506215940689 Teclado Gamer Level Pro Gk990 \/ Dual Recargable \/ Usb - Bt - Dongle \/ 5 Dispositivos \/ Recargable \/ 88 Teclas \/ Espa\u00f1ol \/ Win - Mac- Android \/ Rgb \/ Mecanico \/ Blanco \/ Br-940689<\/title>\n<meta name=\"description\" content=\"Compra Br-940689,7506215940689 Teclado Gamer Level Pro Gk990 \/ Dual Recargable \/ Usb - Bt - Dongle \/ 5 Dispositivos \/ Recargable \/ 88 Teclas \/ Espa\u00f1ol \/ Win - Mac- Android \/ Rgb \/ Mecanico \/ Blanco \/ Br-940689 + Env\u00edo a domicilio + Pago seguro + Garant\u00eda\" \/>\n<meta name=\"robots\" content=\"index, follow, max-snippet:-1, max-image-preview:large, max-video-preview:-1\" \/>\n<link rel=\"canonical\" href=\"https:\/\/compuviper.mx\/tienda\/producto\/balam-rush-br-9406897506215940689-teclado-gamer-level-pro-gk990-dual-recargable-usb-bt-dongle-5-dispositivos-recargable-88-teclas-espaol-win-mac-android-rgb-mecanico-bla\/\" \/>\n<meta property=\"og:locale\" content=\"es_MX\" \/>\n<meta property=\"og:type\" content=\"article\" \/>\n<meta property=\"og:title\" content=\"[ Balam Rush ] &#129351; Br-940689,7506215940689 Teclado Gamer Level Pro Gk990 \/ Dual Recargable \/ Usb - Bt - Dongle \/ 5 Dispositivos \/ Recargable \/ 88 Teclas \/ Espa\u00f1ol \/ Win - Mac- Android \/ Rgb \/ Mecanico \/ Blanco \/ Br-940689\" \/>\n<meta property=\"og:description\" content=\"Compra Br-940689,7506215940689 Teclado Gamer Level Pro Gk990 \/ Dual Recargable \/ Usb - Bt - Dongle \/ 5 Dispositivos \/ Recargable \/ 88 Teclas \/ Espa\u00f1ol \/ Win - Mac- Android \/ Rgb \/ Mecanico \/ Blanco \/ Br-940689 + Env\u00edo a domicilio + Pago seguro + Garant\u00eda\" \/>\n<meta property=\"og:url\" content=\"https:\/\/compuviper.mx\/tienda\/producto\/balam-rush-br-9406897506215940689-teclado-gamer-level-pro-gk990-dual-recargable-usb-bt-dongle-5-dispositivos-recargable-88-teclas-espaol-win-mac-android-rgb-mecanico-bla\/\" \/>\n<meta property=\"og:site_name\" content=\"Compuviper\" \/>\n<meta property=\"article:publisher\" content=\"https:\/\/www.facebook.com\/compuviper\" \/>\n<meta property=\"og:image\" content=\"https:\/\/compuviper.mx\/tienda\/wp-content\/uploads\/2025\/10\/Teclado-gamer-balam-rush-level-pro-gk990-dual-recargable-usb-bt-dongle-5-dispositivos-recargable-88-teclas-espanol-win-mac-android-rgb-mecanico-blanco-br-940689.jpg\" \/>\n\t<meta property=\"og:image:width\" content=\"200\" \/>\n\t<meta property=\"og:image:height\" content=\"200\" \/>\n\t<meta property=\"og:image:type\" content=\"image\/jpeg\" \/>\n<meta name=\"twitter:card\" content=\"summary_large_image\" \/>\n<meta name=\"twitter:label1\" content=\"Precio\" \/>\n\t<meta name=\"twitter:data1\" content=\"&#36;967 con IVA\" \/>\n\t<meta name=\"twitter:label2\" content=\"Availability\" \/>\n\t<meta name=\"twitter:data2\" content=\"In stock\" \/>\n<script type=\"application\/ld+json\" class=\"yoast-schema-graph\">{\"@context\":\"https:\/\/schema.org\",\"@graph\":[{\"@type\":\"WebPage\",\"@id\":\"https:\/\/compuviper.mx\/tienda\/producto\/balam-rush-br-9406897506215940689-teclado-gamer-level-pro-gk990-dual-recargable-usb-bt-dongle-5-dispositivos-recargable-88-teclas-espaol-win-mac-android-rgb-mecanico-bla\/\",\"url\":\"https:\/\/compuviper.mx\/tienda\/producto\/balam-rush-br-9406897506215940689-teclado-gamer-level-pro-gk990-dual-recargable-usb-bt-dongle-5-dispositivos-recargable-88-teclas-espaol-win-mac-android-rgb-mecanico-bla\/\",\"name\":\"[ Balam Rush ] &#129351; Br-940689,7506215940689 Teclado Gamer Level Pro Gk990 \/ Dual Recargable \/ Usb - Bt - Dongle \/ 5 Dispositivos \/ Recargable \/ 88 Teclas \/ Espa\u00f1ol \/ Win - Mac- Android \/ Rgb \/ Mecanico \/ Blanco \/ Br-940689\",\"isPartOf\":{\"@id\":\"https:\/\/compuviper.mx\/tienda\/#website\"},\"datePublished\":\"2026-04-02T06:42:31+00:00\",\"dateModified\":\"2026-04-02T06:42:31+00:00\",\"description\":\"Compra Br-940689,7506215940689 Teclado Gamer Level Pro Gk990 \/ Dual Recargable \/ Usb - Bt - Dongle \/ 5 Dispositivos \/ Recargable \/ 88 Teclas \/ Espa\u00f1ol \/ Win - Mac- Android \/ Rgb \/ Mecanico \/ Blanco \/ Br-940689 + Env\u00edo a domicilio + Pago seguro + Garant\u00eda\",\"breadcrumb\":{\"@id\":\"https:\/\/compuviper.mx\/tienda\/producto\/balam-rush-br-9406897506215940689-teclado-gamer-level-pro-gk990-dual-recargable-usb-bt-dongle-5-dispositivos-recargable-88-teclas-espaol-win-mac-android-rgb-mecanico-bla\/#breadcrumb\"},\"inLanguage\":\"es-MX\",\"potentialAction\":[{\"@type\":\"ReadAction\",\"target\":[\"https:\/\/compuviper.mx\/tienda\/producto\/balam-rush-br-9406897506215940689-teclado-gamer-level-pro-gk990-dual-recargable-usb-bt-dongle-5-dispositivos-recargable-88-teclas-espaol-win-mac-android-rgb-mecanico-bla\/\"]}]},{\"@type\":\"BreadcrumbList\",\"@id\":\"https:\/\/compuviper.mx\/tienda\/producto\/balam-rush-br-9406897506215940689-teclado-gamer-level-pro-gk990-dual-recargable-usb-bt-dongle-5-dispositivos-recargable-88-teclas-espaol-win-mac-android-rgb-mecanico-bla\/#breadcrumb\",\"itemListElement\":[{\"@type\":\"ListItem\",\"position\":1,\"name\":\"Inicio\",\"item\":\"https:\/\/compuviper.mx\/tienda\/\"},{\"@type\":\"ListItem\",\"position\":2,\"name\":\"Productos\",\"item\":\"https:\/\/compuviper.mx\/tienda\/productos\/\"},{\"@type\":\"ListItem\",\"position\":3,\"name\":\"Teclados\",\"item\":\"https:\/\/compuviper.mx\/tienda\/categoria-producto\/teclados\/\"},{\"@type\":\"ListItem\",\"position\":4,\"name\":\"Gamers\",\"item\":\"https:\/\/compuviper.mx\/tienda\/categoria-producto\/teclados\/gamers\/\"},{\"@type\":\"ListItem\",\"position\":5,\"name\":\"Balam Rush Br-940689,7506215940689 Teclado Gamer Level Pro Gk990 \/ Dual Recargable \/ Usb &#8211; Bt &#8211; Dongle \/ 5 Dispositivos \/ Recargable \/ 88 Teclas \/ Espa?ol \/ Win &#8211; Mac- Android \/ Rgb \/ Mecanico \/ Blanco \/ Br-940689\"}]},{\"@type\":\"WebSite\",\"@id\":\"https:\/\/compuviper.mx\/tienda\/#website\",\"url\":\"https:\/\/compuviper.mx\/tienda\/\",\"name\":\"Compuviper\",\"description\":\"Proveedor de Computadoras, Laptops, Servidores, Monitores, Puntos de Venta, Teclados,   Impresoras, T\u00f3ner, C\u00e1maras de Seguridad y m\u00e1s en tu tienda en l\u00ednea\",\"publisher\":{\"@id\":\"https:\/\/compuviper.mx\/tienda\/#organization\"},\"potentialAction\":[{\"@type\":\"SearchAction\",\"target\":{\"@type\":\"EntryPoint\",\"urlTemplate\":\"https:\/\/compuviper.mx\/tienda\/?s={search_term_string}\"},\"query-input\":\"required name=search_term_string\"}],\"inLanguage\":\"es-MX\"},{\"@type\":\"Organization\",\"@id\":\"https:\/\/compuviper.mx\/tienda\/#organization\",\"name\":\"Compuviper\",\"url\":\"https:\/\/compuviper.mx\/tienda\/\",\"logo\":{\"@type\":\"ImageObject\",\"inLanguage\":\"es-MX\",\"@id\":\"https:\/\/compuviper.mx\/tienda\/#\/schema\/logo\/image\/\",\"url\":\"https:\/\/compuviper.mx\/tienda\/wp-content\/uploads\/2021\/08\/Logo-Compuviper-10.png\",\"contentUrl\":\"https:\/\/compuviper.mx\/tienda\/wp-content\/uploads\/2021\/08\/Logo-Compuviper-10.png\",\"width\":1000,\"height\":500,\"caption\":\"Compuviper\"},\"image\":{\"@id\":\"https:\/\/compuviper.mx\/tienda\/#\/schema\/logo\/image\/\"},\"sameAs\":[\"https:\/\/www.facebook.com\/compuviper\",\"https:\/\/www.youtube.com\/channel\/UCf73dERp9Y3cfOq7q8BhLjA?view_as=subscriber\"]}]}<\/script>\n<meta property=\"product:brand\" content=\"Balam Rush\" \/>\n<meta property=\"product:price:amount\" content=\"967\" \/>\n<meta property=\"product:price:currency\" content=\"MXN\" \/>\n<meta property=\"og:availability\" content=\"instock\" \/>\n<meta property=\"product:availability\" content=\"instock\" \/>\n<meta property=\"product:retailer_item_id\" content=\"BR-940689,7506215940689\" \/>\n<meta property=\"product:condition\" content=\"new\" \/>\n<!-- \/ Yoast SEO plugin. -->","yoast_head_json":{"title":"[ Balam Rush ] &#129351; Br-940689,7506215940689 Teclado Gamer Level Pro Gk990 \/ Dual Recargable \/ Usb - Bt - Dongle \/ 5 Dispositivos \/ Recargable \/ 88 Teclas \/ Espa\u00f1ol \/ Win - Mac- Android \/ Rgb \/ Mecanico \/ Blanco \/ Br-940689","description":"Compra Br-940689,7506215940689 Teclado Gamer Level Pro Gk990 \/ Dual Recargable \/ Usb - Bt - Dongle \/ 5 Dispositivos \/ Recargable \/ 88 Teclas \/ Espa\u00f1ol \/ Win - Mac- Android \/ Rgb \/ Mecanico \/ Blanco \/ Br-940689 + Env\u00edo a domicilio + Pago seguro + Garant\u00eda","robots":{"index":"index","follow":"follow","max-snippet":"max-snippet:-1","max-image-preview":"max-image-preview:large","max-video-preview":"max-video-preview:-1"},"canonical":"https:\/\/compuviper.mx\/tienda\/producto\/balam-rush-br-9406897506215940689-teclado-gamer-level-pro-gk990-dual-recargable-usb-bt-dongle-5-dispositivos-recargable-88-teclas-espaol-win-mac-android-rgb-mecanico-bla\/","og_locale":"es_MX","og_type":"article","og_title":"[ Balam Rush ] &#129351; Br-940689,7506215940689 Teclado Gamer Level Pro Gk990 \/ Dual Recargable \/ Usb - Bt - Dongle \/ 5 Dispositivos \/ Recargable \/ 88 Teclas \/ Espa\u00f1ol \/ Win - Mac- Android \/ Rgb \/ Mecanico \/ Blanco \/ Br-940689","og_description":"Compra Br-940689,7506215940689 Teclado Gamer Level Pro Gk990 \/ Dual Recargable \/ Usb - Bt - Dongle \/ 5 Dispositivos \/ Recargable \/ 88 Teclas \/ Espa\u00f1ol \/ Win - Mac- Android \/ Rgb \/ Mecanico \/ Blanco \/ Br-940689 + Env\u00edo a domicilio + Pago seguro + Garant\u00eda","og_url":"https:\/\/compuviper.mx\/tienda\/producto\/balam-rush-br-9406897506215940689-teclado-gamer-level-pro-gk990-dual-recargable-usb-bt-dongle-5-dispositivos-recargable-88-teclas-espaol-win-mac-android-rgb-mecanico-bla\/","og_site_name":"Compuviper","article_publisher":"https:\/\/www.facebook.com\/compuviper","og_image":[{"width":200,"height":200,"url":"https:\/\/compuviper.mx\/tienda\/wp-content\/uploads\/2025\/10\/Teclado-gamer-balam-rush-level-pro-gk990-dual-recargable-usb-bt-dongle-5-dispositivos-recargable-88-teclas-espanol-win-mac-android-rgb-mecanico-blanco-br-940689.jpg","type":"image\/jpeg"}],"twitter_card":"summary_large_image","twitter_misc":{"Precio":"&#36;967 con IVA","Availability":"In stock"},"schema":{"@context":"https:\/\/schema.org","@graph":[{"@type":"WebPage","@id":"https:\/\/compuviper.mx\/tienda\/producto\/balam-rush-br-9406897506215940689-teclado-gamer-level-pro-gk990-dual-recargable-usb-bt-dongle-5-dispositivos-recargable-88-teclas-espaol-win-mac-android-rgb-mecanico-bla\/","url":"https:\/\/compuviper.mx\/tienda\/producto\/balam-rush-br-9406897506215940689-teclado-gamer-level-pro-gk990-dual-recargable-usb-bt-dongle-5-dispositivos-recargable-88-teclas-espaol-win-mac-android-rgb-mecanico-bla\/","name":"[ Balam Rush ] &#129351; Br-940689,7506215940689 Teclado Gamer Level Pro Gk990 \/ Dual Recargable \/ Usb - Bt - Dongle \/ 5 Dispositivos \/ Recargable \/ 88 Teclas \/ Espa\u00f1ol \/ Win - Mac- Android \/ Rgb \/ Mecanico \/ Blanco \/ Br-940689","isPartOf":{"@id":"https:\/\/compuviper.mx\/tienda\/#website"},"datePublished":"2026-04-02T06:42:31+00:00","dateModified":"2026-04-02T06:42:31+00:00","description":"Compra Br-940689,7506215940689 Teclado Gamer Level Pro Gk990 \/ Dual Recargable \/ Usb - Bt - Dongle \/ 5 Dispositivos \/ Recargable \/ 88 Teclas \/ Espa\u00f1ol \/ Win - Mac- Android \/ Rgb \/ Mecanico \/ Blanco \/ Br-940689 + Env\u00edo a domicilio + Pago seguro + Garant\u00eda","breadcrumb":{"@id":"https:\/\/compuviper.mx\/tienda\/producto\/balam-rush-br-9406897506215940689-teclado-gamer-level-pro-gk990-dual-recargable-usb-bt-dongle-5-dispositivos-recargable-88-teclas-espaol-win-mac-android-rgb-mecanico-bla\/#breadcrumb"},"inLanguage":"es-MX","potentialAction":[{"@type":"ReadAction","target":["https:\/\/compuviper.mx\/tienda\/producto\/balam-rush-br-9406897506215940689-teclado-gamer-level-pro-gk990-dual-recargable-usb-bt-dongle-5-dispositivos-recargable-88-teclas-espaol-win-mac-android-rgb-mecanico-bla\/"]}]},{"@type":"BreadcrumbList","@id":"https:\/\/compuviper.mx\/tienda\/producto\/balam-rush-br-9406897506215940689-teclado-gamer-level-pro-gk990-dual-recargable-usb-bt-dongle-5-dispositivos-recargable-88-teclas-espaol-win-mac-android-rgb-mecanico-bla\/#breadcrumb","itemListElement":[{"@type":"ListItem","position":1,"name":"Inicio","item":"https:\/\/compuviper.mx\/tienda\/"},{"@type":"ListItem","position":2,"name":"Productos","item":"https:\/\/compuviper.mx\/tienda\/productos\/"},{"@type":"ListItem","position":3,"name":"Teclados","item":"https:\/\/compuviper.mx\/tienda\/categoria-producto\/teclados\/"},{"@type":"ListItem","position":4,"name":"Gamers","item":"https:\/\/compuviper.mx\/tienda\/categoria-producto\/teclados\/gamers\/"},{"@type":"ListItem","position":5,"name":"Balam Rush Br-940689,7506215940689 Teclado Gamer Level Pro Gk990 \/ Dual Recargable \/ Usb &#8211; Bt &#8211; Dongle \/ 5 Dispositivos \/ Recargable \/ 88 Teclas \/ Espa?ol \/ Win &#8211; Mac- Android \/ Rgb \/ Mecanico \/ Blanco \/ Br-940689"}]},{"@type":"WebSite","@id":"https:\/\/compuviper.mx\/tienda\/#website","url":"https:\/\/compuviper.mx\/tienda\/","name":"Compuviper","description":"Proveedor de Computadoras, Laptops, Servidores, Monitores, Puntos de Venta, Teclados,   Impresoras, T\u00f3ner, C\u00e1maras de Seguridad y m\u00e1s en tu tienda en l\u00ednea","publisher":{"@id":"https:\/\/compuviper.mx\/tienda\/#organization"},"potentialAction":[{"@type":"SearchAction","target":{"@type":"EntryPoint","urlTemplate":"https:\/\/compuviper.mx\/tienda\/?s={search_term_string}"},"query-input":"required name=search_term_string"}],"inLanguage":"es-MX"},{"@type":"Organization","@id":"https:\/\/compuviper.mx\/tienda\/#organization","name":"Compuviper","url":"https:\/\/compuviper.mx\/tienda\/","logo":{"@type":"ImageObject","inLanguage":"es-MX","@id":"https:\/\/compuviper.mx\/tienda\/#\/schema\/logo\/image\/","url":"https:\/\/compuviper.mx\/tienda\/wp-content\/uploads\/2021\/08\/Logo-Compuviper-10.png","contentUrl":"https:\/\/compuviper.mx\/tienda\/wp-content\/uploads\/2021\/08\/Logo-Compuviper-10.png","width":1000,"height":500,"caption":"Compuviper"},"image":{"@id":"https:\/\/compuviper.mx\/tienda\/#\/schema\/logo\/image\/"},"sameAs":["https:\/\/www.facebook.com\/compuviper","https:\/\/www.youtube.com\/channel\/UCf73dERp9Y3cfOq7q8BhLjA?view_as=subscriber"]}]},"product_brand":"Balam Rush","product_price_amount":"967","product_price_currency":"MXN","og_availability":"instock","product_availability":"instock","product_retailer_item_id":"BR-940689,7506215940689","product_condition":"new"},"_links":{"self":[{"href":"https:\/\/compuviper.mx\/tienda\/wp-json\/wp\/v2\/product\/249063"}],"collection":[{"href":"https:\/\/compuviper.mx\/tienda\/wp-json\/wp\/v2\/product"}],"about":[{"href":"https:\/\/compuviper.mx\/tienda\/wp-json\/wp\/v2\/types\/product"}],"replies":[{"embeddable":true,"href":"https:\/\/compuviper.mx\/tienda\/wp-json\/wp\/v2\/comments?post=249063"}],"wp:featuredmedia":[{"embeddable":true,"href":"https:\/\/compuviper.mx\/tienda\/wp-json\/wp\/v2\/media\/259755"}],"wp:attachment":[{"href":"https:\/\/compuviper.mx\/tienda\/wp-json\/wp\/v2\/media?parent=249063"}],"wp:term":[{"taxonomy":"product_cat","embeddable":true,"href":"https:\/\/compuviper.mx\/tienda\/wp-json\/wp\/v2\/product_cat?post=249063"},{"taxonomy":"product_tag","embeddable":true,"href":"https:\/\/compuviper.mx\/tienda\/wp-json\/wp\/v2\/product_tag?post=249063"}],"curies":[{"name":"wp","href":"https:\/\/api.w.org\/{rel}","templated":true}]}}