{"id":248808,"date":"2026-04-07T00:28:47","date_gmt":"2026-04-07T06:28:47","guid":{"rendered":"https:\/\/compuviper.mx\/tienda\/producto\/dahua-dh-pfm350-900-a-ups-de-1500va-900w-linea-interactiva-entrada-y-salida-de-110-vac-a-120-vac-estabilizador-de-voltaje-avr-compacto\/"},"modified":"2026-04-07T00:28:47","modified_gmt":"2026-04-07T06:28:47","slug":"dahua-dh-pfm350-900-a-ups-de-1500va-900w-linea-interactiva-entrada-y-salida-de-110-vac-a-120-vac-estabilizador-de-voltaje-avr-compacto","status":"publish","type":"product","link":"https:\/\/compuviper.mx\/tienda\/producto\/dahua-dh-pfm350-900-a-ups-de-1500va-900w-linea-interactiva-entrada-y-salida-de-110-vac-a-120-vac-estabilizador-de-voltaje-avr-compacto\/","title":{"rendered":"Dahua Dh-pfm350-900-a Ups\/ \/ \/ De 1500va\/900w\/ Linea Interactiva\/ Entrada Y Salida De 110 Vac A 120 Vac\/ Estabilizador De Voltaje Avr\/ Compacto"},"content":{"rendered":"<table class=\"descripcion\">\n<tr>\n<td>Especificaciones tecnicas<\/td>\n<\/tr>\n<tr>\n<td>\u0095 capacidad: 1500 va.<\/td>\n<\/tr>\n<tr>\n<td>\u0095 voltaje de entrada: 90-140 vac.<\/td>\n<\/tr>\n<tr>\n<td>\u0095 frecuencia de entrada: 50\/60 hz.<\/td>\n<\/tr>\n<tr>\n<td>\u0095 voltaje de salida: 110 vac \u00b1 10%.<\/td>\n<\/tr>\n<tr>\n<td>\u0095 corriente de salida: 8.1 a (red), 7.2 a (bateria).<\/td>\n<\/tr>\n<tr>\n<td>\u0095 tipo de onda de salida: senoidal pura (modo de red), seno modificada (modo de bateria).<\/td>\n<\/tr>\n<tr>\n<td>\u0095 proteccion: sobrecarga, sobredescarga, sobrecarga.<\/td>\n<\/tr>\n<tr>\n<td>\u0095 dimensiones: 360 mm x 122 mm x 195 mm.<\/td>\n<\/tr>\n<tr>\n<td>\u0095 peso neto: 11 kg.<\/td>\n<\/tr>\n<tr>\n<td>\u0095 material: acero + plastico<\/td>\n<\/tr>\n<tr>\n<td>\u0095 color: negro<\/td>\n<\/tr>\n<tr>\n<td>\u0095 temperatura de funcionamiento: 0 \u00b0c\u009640 \u00b0c<\/td>\n<\/tr>\n<tr>\n<td>\u0095 humedad de funcionamiento: 0\u009690% rh<\/td>\n<\/tr>\n<\/table>\n","protected":false},"excerpt":{"rendered":"<p>Informacion general. La fuente de alimentacion ininterrumpida (ups) dahua dh-pfm350-900-a es un dispositivo disenado para proporcionar un suministro de energia estable y continuo en entornos donde se requiere proteccion contra fallos electricos. Con una capacidad de 1500 va y 900 w, esta ups es ideal para interiores, ofreciendo proteccion contra sobrecargas, sobredescargas y sobrecargas, ademas de permitir un arranque en frio y cambio automatico de modo de energia en caso de fallos de la red. Caracteristicas principales. \u0095 adaptabilidad a diferentes entornos electricos: funciona con un rango de voltaje de entrada de 90-140 vac. \u0095 estabilizacion de voltaje: incluye regulador automatico de voltaje (avr) para mantener la salida estable. \u0095 cambio automatico de energia: cambia automaticamente entre suministro de red y bateria en caso de fallos. \u0095 proteccion completa: contra sobrecarga, sobredescarga y sobrecarga. \u0095 bateria integrada: baterias de plomo-acido de 12 v, 9 ah \u00d7 2, con tiempo de carga hasta el 90% en 6 horas. \u0095 indicadores de estado: luces indicadoras para modos de bateria, red y carga.<\/p>\n","protected":false},"featured_media":259577,"comment_status":"open","ping_status":"open","template":"","meta":[],"product_cat":[1508,1691],"product_tag":[1555],"acf":[],"yoast_head":"<!-- This site is optimized with the Yoast SEO plugin v21.7 - https:\/\/yoast.com\/wordpress\/plugins\/seo\/ -->\n<title>[ Dahua ] &#129351; Dh-pfm350-900-a Ups\/ \/ \/ De 1500va\/900w\/ Linea Interactiva\/ Entrada Y Salida De 110 Vac A 120 Vac\/ Estabilizador De Voltaje Avr\/ Compacto<\/title>\n<meta name=\"description\" content=\"Compra Dh-pfm350-900-a Ups\/ \/ \/ De 1500va\/900w\/ Linea Interactiva\/ Entrada Y Salida De 110 Vac A 120 Vac\/ Estabilizador De Voltaje Avr\/ Compacto + Env\u00edo a domicilio + Pago seguro + Garant\u00eda\" \/>\n<meta name=\"robots\" content=\"index, follow, max-snippet:-1, max-image-preview:large, max-video-preview:-1\" \/>\n<link rel=\"canonical\" href=\"https:\/\/compuviper.mx\/tienda\/producto\/dahua-dh-pfm350-900-a-ups-de-1500va-900w-linea-interactiva-entrada-y-salida-de-110-vac-a-120-vac-estabilizador-de-voltaje-avr-compacto\/\" \/>\n<meta property=\"og:locale\" content=\"es_MX\" \/>\n<meta property=\"og:type\" content=\"article\" \/>\n<meta property=\"og:title\" content=\"[ Dahua ] &#129351; Dh-pfm350-900-a Ups\/ \/ \/ De 1500va\/900w\/ Linea Interactiva\/ Entrada Y Salida De 110 Vac A 120 Vac\/ Estabilizador De Voltaje Avr\/ Compacto\" \/>\n<meta property=\"og:description\" content=\"Compra Dh-pfm350-900-a Ups\/ \/ \/ De 1500va\/900w\/ Linea Interactiva\/ Entrada Y Salida De 110 Vac A 120 Vac\/ Estabilizador De Voltaje Avr\/ Compacto + Env\u00edo a domicilio + Pago seguro + Garant\u00eda\" \/>\n<meta property=\"og:url\" content=\"https:\/\/compuviper.mx\/tienda\/producto\/dahua-dh-pfm350-900-a-ups-de-1500va-900w-linea-interactiva-entrada-y-salida-de-110-vac-a-120-vac-estabilizador-de-voltaje-avr-compacto\/\" \/>\n<meta property=\"og:site_name\" content=\"Compuviper\" \/>\n<meta property=\"article:publisher\" content=\"https:\/\/www.facebook.com\/compuviper\" \/>\n<meta property=\"og:image\" content=\"https:\/\/compuviper.mx\/tienda\/wp-content\/uploads\/2025\/10\/Ups-dahua-dh-pfm350-900-a-de-1500va900w-linea-interactiva-entrada-y-salida-de-110-vac-a-120-vac-estabilizador-de-voltaje-avr-compacto.jpg\" \/>\n\t<meta property=\"og:image:width\" content=\"200\" \/>\n\t<meta property=\"og:image:height\" content=\"200\" \/>\n\t<meta property=\"og:image:type\" content=\"image\/jpeg\" \/>\n<meta name=\"twitter:card\" content=\"summary_large_image\" \/>\n<meta name=\"twitter:label1\" content=\"Precio\" \/>\n\t<meta name=\"twitter:data1\" content=\"&#36;1,707 con IVA\" \/>\n\t<meta name=\"twitter:label2\" content=\"Availability\" \/>\n\t<meta name=\"twitter:data2\" content=\"Out of stock\" \/>\n<script type=\"application\/ld+json\" class=\"yoast-schema-graph\">{\"@context\":\"https:\/\/schema.org\",\"@graph\":[{\"@type\":\"WebPage\",\"@id\":\"https:\/\/compuviper.mx\/tienda\/producto\/dahua-dh-pfm350-900-a-ups-de-1500va-900w-linea-interactiva-entrada-y-salida-de-110-vac-a-120-vac-estabilizador-de-voltaje-avr-compacto\/\",\"url\":\"https:\/\/compuviper.mx\/tienda\/producto\/dahua-dh-pfm350-900-a-ups-de-1500va-900w-linea-interactiva-entrada-y-salida-de-110-vac-a-120-vac-estabilizador-de-voltaje-avr-compacto\/\",\"name\":\"[ Dahua ] &#129351; Dh-pfm350-900-a Ups\/ \/ \/ De 1500va\/900w\/ Linea Interactiva\/ Entrada Y Salida De 110 Vac A 120 Vac\/ Estabilizador De Voltaje Avr\/ Compacto\",\"isPartOf\":{\"@id\":\"https:\/\/compuviper.mx\/tienda\/#website\"},\"datePublished\":\"2026-04-07T06:28:47+00:00\",\"dateModified\":\"2026-04-07T06:28:47+00:00\",\"description\":\"Compra Dh-pfm350-900-a Ups\/ \/ \/ De 1500va\/900w\/ Linea Interactiva\/ Entrada Y Salida De 110 Vac A 120 Vac\/ Estabilizador De Voltaje Avr\/ Compacto + Env\u00edo a domicilio + Pago seguro + Garant\u00eda\",\"breadcrumb\":{\"@id\":\"https:\/\/compuviper.mx\/tienda\/producto\/dahua-dh-pfm350-900-a-ups-de-1500va-900w-linea-interactiva-entrada-y-salida-de-110-vac-a-120-vac-estabilizador-de-voltaje-avr-compacto\/#breadcrumb\"},\"inLanguage\":\"es-MX\",\"potentialAction\":[{\"@type\":\"ReadAction\",\"target\":[\"https:\/\/compuviper.mx\/tienda\/producto\/dahua-dh-pfm350-900-a-ups-de-1500va-900w-linea-interactiva-entrada-y-salida-de-110-vac-a-120-vac-estabilizador-de-voltaje-avr-compacto\/\"]}]},{\"@type\":\"BreadcrumbList\",\"@id\":\"https:\/\/compuviper.mx\/tienda\/producto\/dahua-dh-pfm350-900-a-ups-de-1500va-900w-linea-interactiva-entrada-y-salida-de-110-vac-a-120-vac-estabilizador-de-voltaje-avr-compacto\/#breadcrumb\",\"itemListElement\":[{\"@type\":\"ListItem\",\"position\":1,\"name\":\"Inicio\",\"item\":\"https:\/\/compuviper.mx\/tienda\/\"},{\"@type\":\"ListItem\",\"position\":2,\"name\":\"Productos\",\"item\":\"https:\/\/compuviper.mx\/tienda\/productos\/\"},{\"@type\":\"ListItem\",\"position\":3,\"name\":\"Energia\",\"item\":\"https:\/\/compuviper.mx\/tienda\/categoria-producto\/energia\/\"},{\"@type\":\"ListItem\",\"position\":4,\"name\":\"No Break\",\"item\":\"https:\/\/compuviper.mx\/tienda\/categoria-producto\/energia\/no-break\/\"},{\"@type\":\"ListItem\",\"position\":5,\"name\":\"Dahua Dh-pfm350-900-a Ups\/ \/ \/ De 1500va\/900w\/ Linea Interactiva\/ Entrada Y Salida De 110 Vac A 120 Vac\/ Estabilizador De Voltaje Avr\/ Compacto\"}]},{\"@type\":\"WebSite\",\"@id\":\"https:\/\/compuviper.mx\/tienda\/#website\",\"url\":\"https:\/\/compuviper.mx\/tienda\/\",\"name\":\"Compuviper\",\"description\":\"Proveedor de Computadoras, Laptops, Servidores, Monitores, Puntos de Venta, Teclados,   Impresoras, T\u00f3ner, C\u00e1maras de Seguridad y m\u00e1s en tu tienda en l\u00ednea\",\"publisher\":{\"@id\":\"https:\/\/compuviper.mx\/tienda\/#organization\"},\"potentialAction\":[{\"@type\":\"SearchAction\",\"target\":{\"@type\":\"EntryPoint\",\"urlTemplate\":\"https:\/\/compuviper.mx\/tienda\/?s={search_term_string}\"},\"query-input\":\"required name=search_term_string\"}],\"inLanguage\":\"es-MX\"},{\"@type\":\"Organization\",\"@id\":\"https:\/\/compuviper.mx\/tienda\/#organization\",\"name\":\"Compuviper\",\"url\":\"https:\/\/compuviper.mx\/tienda\/\",\"logo\":{\"@type\":\"ImageObject\",\"inLanguage\":\"es-MX\",\"@id\":\"https:\/\/compuviper.mx\/tienda\/#\/schema\/logo\/image\/\",\"url\":\"https:\/\/compuviper.mx\/tienda\/wp-content\/uploads\/2021\/08\/Logo-Compuviper-10.png\",\"contentUrl\":\"https:\/\/compuviper.mx\/tienda\/wp-content\/uploads\/2021\/08\/Logo-Compuviper-10.png\",\"width\":1000,\"height\":500,\"caption\":\"Compuviper\"},\"image\":{\"@id\":\"https:\/\/compuviper.mx\/tienda\/#\/schema\/logo\/image\/\"},\"sameAs\":[\"https:\/\/www.facebook.com\/compuviper\",\"https:\/\/www.youtube.com\/channel\/UCf73dERp9Y3cfOq7q8BhLjA?view_as=subscriber\"]}]}<\/script>\n<meta property=\"product:brand\" content=\"DAHUA\" \/>\n<meta property=\"product:price:amount\" content=\"1707\" \/>\n<meta property=\"product:price:currency\" content=\"MXN\" \/>\n<meta property=\"og:availability\" content=\"out of stock\" \/>\n<meta property=\"product:availability\" content=\"out of stock\" \/>\n<meta property=\"product:retailer_item_id\" content=\"DH-PFM350-900-A\" \/>\n<meta property=\"product:condition\" content=\"new\" \/>\n<!-- \/ Yoast SEO plugin. -->","yoast_head_json":{"title":"[ Dahua ] &#129351; Dh-pfm350-900-a Ups\/ \/ \/ De 1500va\/900w\/ Linea Interactiva\/ Entrada Y Salida De 110 Vac A 120 Vac\/ Estabilizador De Voltaje Avr\/ Compacto","description":"Compra Dh-pfm350-900-a Ups\/ \/ \/ De 1500va\/900w\/ Linea Interactiva\/ Entrada Y Salida De 110 Vac A 120 Vac\/ Estabilizador De Voltaje Avr\/ Compacto + Env\u00edo a domicilio + Pago seguro + Garant\u00eda","robots":{"index":"index","follow":"follow","max-snippet":"max-snippet:-1","max-image-preview":"max-image-preview:large","max-video-preview":"max-video-preview:-1"},"canonical":"https:\/\/compuviper.mx\/tienda\/producto\/dahua-dh-pfm350-900-a-ups-de-1500va-900w-linea-interactiva-entrada-y-salida-de-110-vac-a-120-vac-estabilizador-de-voltaje-avr-compacto\/","og_locale":"es_MX","og_type":"article","og_title":"[ Dahua ] &#129351; Dh-pfm350-900-a Ups\/ \/ \/ De 1500va\/900w\/ Linea Interactiva\/ Entrada Y Salida De 110 Vac A 120 Vac\/ Estabilizador De Voltaje Avr\/ Compacto","og_description":"Compra Dh-pfm350-900-a Ups\/ \/ \/ De 1500va\/900w\/ Linea Interactiva\/ Entrada Y Salida De 110 Vac A 120 Vac\/ Estabilizador De Voltaje Avr\/ Compacto + Env\u00edo a domicilio + Pago seguro + Garant\u00eda","og_url":"https:\/\/compuviper.mx\/tienda\/producto\/dahua-dh-pfm350-900-a-ups-de-1500va-900w-linea-interactiva-entrada-y-salida-de-110-vac-a-120-vac-estabilizador-de-voltaje-avr-compacto\/","og_site_name":"Compuviper","article_publisher":"https:\/\/www.facebook.com\/compuviper","og_image":[{"width":200,"height":200,"url":"https:\/\/compuviper.mx\/tienda\/wp-content\/uploads\/2025\/10\/Ups-dahua-dh-pfm350-900-a-de-1500va900w-linea-interactiva-entrada-y-salida-de-110-vac-a-120-vac-estabilizador-de-voltaje-avr-compacto.jpg","type":"image\/jpeg"}],"twitter_card":"summary_large_image","twitter_misc":{"Precio":"&#36;1,707 con IVA","Availability":"Out of stock"},"schema":{"@context":"https:\/\/schema.org","@graph":[{"@type":"WebPage","@id":"https:\/\/compuviper.mx\/tienda\/producto\/dahua-dh-pfm350-900-a-ups-de-1500va-900w-linea-interactiva-entrada-y-salida-de-110-vac-a-120-vac-estabilizador-de-voltaje-avr-compacto\/","url":"https:\/\/compuviper.mx\/tienda\/producto\/dahua-dh-pfm350-900-a-ups-de-1500va-900w-linea-interactiva-entrada-y-salida-de-110-vac-a-120-vac-estabilizador-de-voltaje-avr-compacto\/","name":"[ Dahua ] &#129351; Dh-pfm350-900-a Ups\/ \/ \/ De 1500va\/900w\/ Linea Interactiva\/ Entrada Y Salida De 110 Vac A 120 Vac\/ Estabilizador De Voltaje Avr\/ Compacto","isPartOf":{"@id":"https:\/\/compuviper.mx\/tienda\/#website"},"datePublished":"2026-04-07T06:28:47+00:00","dateModified":"2026-04-07T06:28:47+00:00","description":"Compra Dh-pfm350-900-a Ups\/ \/ \/ De 1500va\/900w\/ Linea Interactiva\/ Entrada Y Salida De 110 Vac A 120 Vac\/ Estabilizador De Voltaje Avr\/ Compacto + Env\u00edo a domicilio + Pago seguro + Garant\u00eda","breadcrumb":{"@id":"https:\/\/compuviper.mx\/tienda\/producto\/dahua-dh-pfm350-900-a-ups-de-1500va-900w-linea-interactiva-entrada-y-salida-de-110-vac-a-120-vac-estabilizador-de-voltaje-avr-compacto\/#breadcrumb"},"inLanguage":"es-MX","potentialAction":[{"@type":"ReadAction","target":["https:\/\/compuviper.mx\/tienda\/producto\/dahua-dh-pfm350-900-a-ups-de-1500va-900w-linea-interactiva-entrada-y-salida-de-110-vac-a-120-vac-estabilizador-de-voltaje-avr-compacto\/"]}]},{"@type":"BreadcrumbList","@id":"https:\/\/compuviper.mx\/tienda\/producto\/dahua-dh-pfm350-900-a-ups-de-1500va-900w-linea-interactiva-entrada-y-salida-de-110-vac-a-120-vac-estabilizador-de-voltaje-avr-compacto\/#breadcrumb","itemListElement":[{"@type":"ListItem","position":1,"name":"Inicio","item":"https:\/\/compuviper.mx\/tienda\/"},{"@type":"ListItem","position":2,"name":"Productos","item":"https:\/\/compuviper.mx\/tienda\/productos\/"},{"@type":"ListItem","position":3,"name":"Energia","item":"https:\/\/compuviper.mx\/tienda\/categoria-producto\/energia\/"},{"@type":"ListItem","position":4,"name":"No Break","item":"https:\/\/compuviper.mx\/tienda\/categoria-producto\/energia\/no-break\/"},{"@type":"ListItem","position":5,"name":"Dahua Dh-pfm350-900-a Ups\/ \/ \/ De 1500va\/900w\/ Linea Interactiva\/ Entrada Y Salida De 110 Vac A 120 Vac\/ Estabilizador De Voltaje Avr\/ Compacto"}]},{"@type":"WebSite","@id":"https:\/\/compuviper.mx\/tienda\/#website","url":"https:\/\/compuviper.mx\/tienda\/","name":"Compuviper","description":"Proveedor de Computadoras, Laptops, Servidores, Monitores, Puntos de Venta, Teclados,   Impresoras, T\u00f3ner, C\u00e1maras de Seguridad y m\u00e1s en tu tienda en l\u00ednea","publisher":{"@id":"https:\/\/compuviper.mx\/tienda\/#organization"},"potentialAction":[{"@type":"SearchAction","target":{"@type":"EntryPoint","urlTemplate":"https:\/\/compuviper.mx\/tienda\/?s={search_term_string}"},"query-input":"required name=search_term_string"}],"inLanguage":"es-MX"},{"@type":"Organization","@id":"https:\/\/compuviper.mx\/tienda\/#organization","name":"Compuviper","url":"https:\/\/compuviper.mx\/tienda\/","logo":{"@type":"ImageObject","inLanguage":"es-MX","@id":"https:\/\/compuviper.mx\/tienda\/#\/schema\/logo\/image\/","url":"https:\/\/compuviper.mx\/tienda\/wp-content\/uploads\/2021\/08\/Logo-Compuviper-10.png","contentUrl":"https:\/\/compuviper.mx\/tienda\/wp-content\/uploads\/2021\/08\/Logo-Compuviper-10.png","width":1000,"height":500,"caption":"Compuviper"},"image":{"@id":"https:\/\/compuviper.mx\/tienda\/#\/schema\/logo\/image\/"},"sameAs":["https:\/\/www.facebook.com\/compuviper","https:\/\/www.youtube.com\/channel\/UCf73dERp9Y3cfOq7q8BhLjA?view_as=subscriber"]}]},"product_brand":"DAHUA","product_price_amount":"1707","product_price_currency":"MXN","og_availability":"out of stock","product_availability":"out of stock","product_retailer_item_id":"DH-PFM350-900-A","product_condition":"new"},"_links":{"self":[{"href":"https:\/\/compuviper.mx\/tienda\/wp-json\/wp\/v2\/product\/248808"}],"collection":[{"href":"https:\/\/compuviper.mx\/tienda\/wp-json\/wp\/v2\/product"}],"about":[{"href":"https:\/\/compuviper.mx\/tienda\/wp-json\/wp\/v2\/types\/product"}],"replies":[{"embeddable":true,"href":"https:\/\/compuviper.mx\/tienda\/wp-json\/wp\/v2\/comments?post=248808"}],"wp:featuredmedia":[{"embeddable":true,"href":"https:\/\/compuviper.mx\/tienda\/wp-json\/wp\/v2\/media\/259577"}],"wp:attachment":[{"href":"https:\/\/compuviper.mx\/tienda\/wp-json\/wp\/v2\/media?parent=248808"}],"wp:term":[{"taxonomy":"product_cat","embeddable":true,"href":"https:\/\/compuviper.mx\/tienda\/wp-json\/wp\/v2\/product_cat?post=248808"},{"taxonomy":"product_tag","embeddable":true,"href":"https:\/\/compuviper.mx\/tienda\/wp-json\/wp\/v2\/product_tag?post=248808"}],"curies":[{"name":"wp","href":"https:\/\/api.w.org\/{rel}","templated":true}]}}