{"id":248426,"date":"2026-04-18T23:16:52","date_gmt":"2026-04-19T05:16:52","guid":{"rendered":"https:\/\/compuviper.mx\/tienda\/producto\/acteck-ac-940085-teclado-inspire-krea-ti755-inalambrico-dual-multidispositivo-2-4-ghz-2-bt-espaol-win-mac-118-teclas-bateria-recargable-anti-ghosting-negro-gris\/"},"modified":"2026-04-18T23:16:53","modified_gmt":"2026-04-19T05:16:53","slug":"acteck-ac-940085-teclado-inspire-krea-ti755-inalambrico-dual-multidispositivo-2-4-ghz-2-bt-espaol-win-mac-118-teclas-bateria-recargable-anti-ghosting-negro-gris","status":"publish","type":"product","link":"https:\/\/compuviper.mx\/tienda\/producto\/acteck-ac-940085-teclado-inspire-krea-ti755-inalambrico-dual-multidispositivo-2-4-ghz-2-bt-espaol-win-mac-118-teclas-bateria-recargable-anti-ghosting-negro-gris\/","title":{"rendered":"Acteck Ac-940085 Teclado  Inspire Krea Ti755 \/ Inalambrico Dual \/ Multidispositivo 2.4 Ghz 2 Bt \/ Espa?ol \/ Win &#8211; Mac \/ 118 Teclas \/ Bateria Recargable \/ Anti Ghosting \/ Negro &#8211; Gris \/"},"content":{"rendered":"<table class=\"descripcion\">\n<tr>\n<td>Especificaciones<\/td>\n<\/tr>\n<tr>\n<td>\u0095 modelo: ac-940085<\/td>\n<\/tr>\n<tr>\n<td>\u0095 producto: teclado inalambrico<\/td>\n<\/tr>\n<tr>\n<td>\u0095 color: negro &#8211; gris<\/td>\n<\/tr>\n<tr>\n<td>\u0095 materiales: abs<\/td>\n<\/tr>\n<tr>\n<td>\u0095 dimensiones: 42.7 x 13.6 x 2 cm<\/td>\n<\/tr>\n<tr>\n<td>\u0095 peso: 821 g<\/td>\n<\/tr>\n<tr>\n<td>\u0095 compatibilidad: windows \/ mac<\/td>\n<\/tr>\n<tr>\n<td>\u0095 lenguaje: espa\u00f1ol<\/td>\n<\/tr>\n<tr>\n<td>\u0095 numero de teclas: 118<\/td>\n<\/tr>\n<tr>\n<td>\u0095 tipo de impresion: laser<\/td>\n<\/tr>\n<tr>\n<td>\u0095 teclas multimedia: 8<\/td>\n<\/tr>\n<tr>\n<td>\u0095 teclas con funcion multimedia (fn): 12<\/td>\n<\/tr>\n<tr>\n<td>\u0095 tecnologia del teclado: membrana tipo tijera<\/td>\n<\/tr>\n<tr>\n<td>\u0095 anti-ghosting: si<\/td>\n<\/tr>\n<tr>\n<td>\u0095 alambrico<\/td>\n<\/tr>\n<tr>\n<td>      o tipo de conector: usb a &#8211; usb c<\/td>\n<\/tr>\n<tr>\n<td>      o tama\u00f1o de cable: 80 cm<\/td>\n<\/tr>\n<tr>\n<td>\u0095 inalambrico<\/td>\n<\/tr>\n<tr>\n<td>      o tipo de conexion: 2.4 ghz + bluetooth 5.1<\/td>\n<\/tr>\n<tr>\n<td>      o distancia maxima: 10 m<\/td>\n<\/tr>\n<tr>\n<td>      o emparejamiento de multiples dispositivos: 3<\/td>\n<\/tr>\n<tr>\n<td>\u0095 alimentacion<\/td>\n<\/tr>\n<tr>\n<td>      o bateria: recargable litio 5 v and #9107; 300 mah<\/td>\n<\/tr>\n<tr>\n<td>      o carga: 2 horas<\/td>\n<\/tr>\n<tr>\n<td>      o duracion: 200 horas<\/td>\n<\/tr>\n<\/table>\n","protected":false},"excerpt":{"rendered":"<p>Especificaciones \u0095 modelo: ac-940085 \u0095 producto: teclado inalambrico \u0095 color: negro &#8211; gris \u0095 materiales: abs \u0095 dimensiones: 42.7 x 13.6 x 2 cm \u0095 peso: 821 g \u0095 compatibilidad: windows \/ mac \u0095 lenguaje: espa\u00f1ol \u0095 numero de teclas: 118 \u0095 tipo de impresion: laser \u0095 teclas multimedia: 8 \u0095 teclas con funcion multimedia [&hellip;]<\/p>\n","protected":false},"featured_media":259747,"comment_status":"open","ping_status":"open","template":"","meta":[],"product_cat":[1713,1716],"product_tag":[1582],"acf":[],"yoast_head":"<!-- This site is optimized with the Yoast SEO plugin v21.7 - https:\/\/yoast.com\/wordpress\/plugins\/seo\/ -->\n<title>[ Acteck ] &#129351; Ac-940085 Teclado Inspire Krea Ti755 \/ Inalambrico Dual \/ Multidispositivo 2.4 Ghz 2 Bt \/ Espa\u00f1ol \/ Win - Mac \/ 118 Teclas \/ Bateria Recargable \/ Anti Ghosting \/ Negro - Gris \/<\/title>\n<meta name=\"description\" content=\"Compra Ac-940085 Teclado Inspire Krea Ti755 \/ Inalambrico Dual \/ Multidispositivo 2.4 Ghz 2 Bt \/ Espa\u00f1ol \/ Win - Mac \/ 118 Teclas \/ Bateria Recargable \/ Anti Ghosting \/ Negro - Gris \/ + Env\u00edo a domicilio + Pago seguro + Garant\u00eda\" \/>\n<meta name=\"robots\" content=\"index, follow, max-snippet:-1, max-image-preview:large, max-video-preview:-1\" \/>\n<link rel=\"canonical\" href=\"https:\/\/compuviper.mx\/tienda\/producto\/acteck-ac-940085-teclado-inspire-krea-ti755-inalambrico-dual-multidispositivo-2-4-ghz-2-bt-espaol-win-mac-118-teclas-bateria-recargable-anti-ghosting-negro-gris\/\" \/>\n<meta property=\"og:locale\" content=\"es_MX\" \/>\n<meta property=\"og:type\" content=\"article\" \/>\n<meta property=\"og:title\" content=\"[ Acteck ] &#129351; Ac-940085 Teclado Inspire Krea Ti755 \/ Inalambrico Dual \/ Multidispositivo 2.4 Ghz 2 Bt \/ Espa\u00f1ol \/ Win - Mac \/ 118 Teclas \/ Bateria Recargable \/ Anti Ghosting \/ Negro - Gris \/\" \/>\n<meta property=\"og:description\" content=\"Compra Ac-940085 Teclado Inspire Krea Ti755 \/ Inalambrico Dual \/ Multidispositivo 2.4 Ghz 2 Bt \/ Espa\u00f1ol \/ Win - Mac \/ 118 Teclas \/ Bateria Recargable \/ Anti Ghosting \/ Negro - Gris \/ + Env\u00edo a domicilio + Pago seguro + Garant\u00eda\" \/>\n<meta property=\"og:url\" content=\"https:\/\/compuviper.mx\/tienda\/producto\/acteck-ac-940085-teclado-inspire-krea-ti755-inalambrico-dual-multidispositivo-2-4-ghz-2-bt-espaol-win-mac-118-teclas-bateria-recargable-anti-ghosting-negro-gris\/\" \/>\n<meta property=\"og:site_name\" content=\"Compuviper\" \/>\n<meta property=\"article:publisher\" content=\"https:\/\/www.facebook.com\/compuviper\" \/>\n<meta property=\"article:modified_time\" content=\"2026-04-19T05:16:53+00:00\" \/>\n<meta property=\"og:image\" content=\"https:\/\/compuviper.mx\/tienda\/wp-content\/uploads\/2025\/10\/Teclado-acteck-inspire-krea-ti755-inalambrico-dual-multidispositivo-2.4-ghz-2-bt-espanol-win-mac-118-teclas-bateria-recargable-anti-ghosting-negro-gris-ac-940085.jpg\" \/>\n\t<meta property=\"og:image:width\" content=\"200\" \/>\n\t<meta property=\"og:image:height\" content=\"200\" \/>\n\t<meta property=\"og:image:type\" content=\"image\/jpeg\" \/>\n<meta name=\"twitter:card\" content=\"summary_large_image\" \/>\n<meta name=\"twitter:label1\" content=\"Precio\" \/>\n\t<meta name=\"twitter:data1\" content=\"&#36;552 con IVA\" \/>\n\t<meta name=\"twitter:label2\" content=\"Availability\" \/>\n\t<meta name=\"twitter:data2\" content=\"In stock\" \/>\n<script type=\"application\/ld+json\" class=\"yoast-schema-graph\">{\"@context\":\"https:\/\/schema.org\",\"@graph\":[{\"@type\":\"WebPage\",\"@id\":\"https:\/\/compuviper.mx\/tienda\/producto\/acteck-ac-940085-teclado-inspire-krea-ti755-inalambrico-dual-multidispositivo-2-4-ghz-2-bt-espaol-win-mac-118-teclas-bateria-recargable-anti-ghosting-negro-gris\/\",\"url\":\"https:\/\/compuviper.mx\/tienda\/producto\/acteck-ac-940085-teclado-inspire-krea-ti755-inalambrico-dual-multidispositivo-2-4-ghz-2-bt-espaol-win-mac-118-teclas-bateria-recargable-anti-ghosting-negro-gris\/\",\"name\":\"[ Acteck ] &#129351; Ac-940085 Teclado Inspire Krea Ti755 \/ Inalambrico Dual \/ Multidispositivo 2.4 Ghz 2 Bt \/ Espa\u00f1ol \/ Win - Mac \/ 118 Teclas \/ Bateria Recargable \/ Anti Ghosting \/ Negro - Gris \/\",\"isPartOf\":{\"@id\":\"https:\/\/compuviper.mx\/tienda\/#website\"},\"datePublished\":\"2026-04-19T05:16:52+00:00\",\"dateModified\":\"2026-04-19T05:16:53+00:00\",\"description\":\"Compra Ac-940085 Teclado Inspire Krea Ti755 \/ Inalambrico Dual \/ Multidispositivo 2.4 Ghz 2 Bt \/ Espa\u00f1ol \/ Win - Mac \/ 118 Teclas \/ Bateria Recargable \/ Anti Ghosting \/ Negro - Gris \/ + Env\u00edo a domicilio + Pago seguro + Garant\u00eda\",\"breadcrumb\":{\"@id\":\"https:\/\/compuviper.mx\/tienda\/producto\/acteck-ac-940085-teclado-inspire-krea-ti755-inalambrico-dual-multidispositivo-2-4-ghz-2-bt-espaol-win-mac-118-teclas-bateria-recargable-anti-ghosting-negro-gris\/#breadcrumb\"},\"inLanguage\":\"es-MX\",\"potentialAction\":[{\"@type\":\"ReadAction\",\"target\":[\"https:\/\/compuviper.mx\/tienda\/producto\/acteck-ac-940085-teclado-inspire-krea-ti755-inalambrico-dual-multidispositivo-2-4-ghz-2-bt-espaol-win-mac-118-teclas-bateria-recargable-anti-ghosting-negro-gris\/\"]}]},{\"@type\":\"BreadcrumbList\",\"@id\":\"https:\/\/compuviper.mx\/tienda\/producto\/acteck-ac-940085-teclado-inspire-krea-ti755-inalambrico-dual-multidispositivo-2-4-ghz-2-bt-espaol-win-mac-118-teclas-bateria-recargable-anti-ghosting-negro-gris\/#breadcrumb\",\"itemListElement\":[{\"@type\":\"ListItem\",\"position\":1,\"name\":\"Inicio\",\"item\":\"https:\/\/compuviper.mx\/tienda\/\"},{\"@type\":\"ListItem\",\"position\":2,\"name\":\"Productos\",\"item\":\"https:\/\/compuviper.mx\/tienda\/productos\/\"},{\"@type\":\"ListItem\",\"position\":3,\"name\":\"Teclados\",\"item\":\"https:\/\/compuviper.mx\/tienda\/categoria-producto\/teclados\/\"},{\"@type\":\"ListItem\",\"position\":4,\"name\":\"Multimedia\",\"item\":\"https:\/\/compuviper.mx\/tienda\/categoria-producto\/teclados\/multimedia\/\"},{\"@type\":\"ListItem\",\"position\":5,\"name\":\"Acteck Ac-940085 Teclado Inspire Krea Ti755 \/ Inalambrico Dual \/ Multidispositivo 2.4 Ghz 2 Bt \/ Espa?ol \/ Win &#8211; Mac \/ 118 Teclas \/ Bateria Recargable \/ Anti Ghosting \/ Negro &#8211; Gris \/\"}]},{\"@type\":\"WebSite\",\"@id\":\"https:\/\/compuviper.mx\/tienda\/#website\",\"url\":\"https:\/\/compuviper.mx\/tienda\/\",\"name\":\"Compuviper\",\"description\":\"Proveedor de Computadoras, Laptops, Servidores, Monitores, Puntos de Venta, Teclados,   Impresoras, T\u00f3ner, C\u00e1maras de Seguridad y m\u00e1s en tu tienda en l\u00ednea\",\"publisher\":{\"@id\":\"https:\/\/compuviper.mx\/tienda\/#organization\"},\"potentialAction\":[{\"@type\":\"SearchAction\",\"target\":{\"@type\":\"EntryPoint\",\"urlTemplate\":\"https:\/\/compuviper.mx\/tienda\/?s={search_term_string}\"},\"query-input\":\"required name=search_term_string\"}],\"inLanguage\":\"es-MX\"},{\"@type\":\"Organization\",\"@id\":\"https:\/\/compuviper.mx\/tienda\/#organization\",\"name\":\"Compuviper\",\"url\":\"https:\/\/compuviper.mx\/tienda\/\",\"logo\":{\"@type\":\"ImageObject\",\"inLanguage\":\"es-MX\",\"@id\":\"https:\/\/compuviper.mx\/tienda\/#\/schema\/logo\/image\/\",\"url\":\"https:\/\/compuviper.mx\/tienda\/wp-content\/uploads\/2021\/08\/Logo-Compuviper-10.png\",\"contentUrl\":\"https:\/\/compuviper.mx\/tienda\/wp-content\/uploads\/2021\/08\/Logo-Compuviper-10.png\",\"width\":1000,\"height\":500,\"caption\":\"Compuviper\"},\"image\":{\"@id\":\"https:\/\/compuviper.mx\/tienda\/#\/schema\/logo\/image\/\"},\"sameAs\":[\"https:\/\/www.facebook.com\/compuviper\",\"https:\/\/www.youtube.com\/channel\/UCf73dERp9Y3cfOq7q8BhLjA?view_as=subscriber\"]}]}<\/script>\n<meta property=\"product:brand\" content=\"ACTECK\" \/>\n<meta property=\"product:price:amount\" content=\"552\" \/>\n<meta property=\"product:price:currency\" content=\"MXN\" \/>\n<meta property=\"og:availability\" content=\"instock\" \/>\n<meta property=\"product:availability\" content=\"instock\" \/>\n<meta property=\"product:retailer_item_id\" content=\"AC-940085\" \/>\n<meta property=\"product:condition\" content=\"new\" \/>\n<!-- \/ Yoast SEO plugin. -->","yoast_head_json":{"title":"[ Acteck ] &#129351; Ac-940085 Teclado Inspire Krea Ti755 \/ Inalambrico Dual \/ Multidispositivo 2.4 Ghz 2 Bt \/ Espa\u00f1ol \/ Win - Mac \/ 118 Teclas \/ Bateria Recargable \/ Anti Ghosting \/ Negro - Gris \/","description":"Compra Ac-940085 Teclado Inspire Krea Ti755 \/ Inalambrico Dual \/ Multidispositivo 2.4 Ghz 2 Bt \/ Espa\u00f1ol \/ Win - Mac \/ 118 Teclas \/ Bateria Recargable \/ Anti Ghosting \/ Negro - Gris \/ + Env\u00edo a domicilio + Pago seguro + Garant\u00eda","robots":{"index":"index","follow":"follow","max-snippet":"max-snippet:-1","max-image-preview":"max-image-preview:large","max-video-preview":"max-video-preview:-1"},"canonical":"https:\/\/compuviper.mx\/tienda\/producto\/acteck-ac-940085-teclado-inspire-krea-ti755-inalambrico-dual-multidispositivo-2-4-ghz-2-bt-espaol-win-mac-118-teclas-bateria-recargable-anti-ghosting-negro-gris\/","og_locale":"es_MX","og_type":"article","og_title":"[ Acteck ] &#129351; Ac-940085 Teclado Inspire Krea Ti755 \/ Inalambrico Dual \/ Multidispositivo 2.4 Ghz 2 Bt \/ Espa\u00f1ol \/ Win - Mac \/ 118 Teclas \/ Bateria Recargable \/ Anti Ghosting \/ Negro - Gris \/","og_description":"Compra Ac-940085 Teclado Inspire Krea Ti755 \/ Inalambrico Dual \/ Multidispositivo 2.4 Ghz 2 Bt \/ Espa\u00f1ol \/ Win - Mac \/ 118 Teclas \/ Bateria Recargable \/ Anti Ghosting \/ Negro - Gris \/ + Env\u00edo a domicilio + Pago seguro + Garant\u00eda","og_url":"https:\/\/compuviper.mx\/tienda\/producto\/acteck-ac-940085-teclado-inspire-krea-ti755-inalambrico-dual-multidispositivo-2-4-ghz-2-bt-espaol-win-mac-118-teclas-bateria-recargable-anti-ghosting-negro-gris\/","og_site_name":"Compuviper","article_publisher":"https:\/\/www.facebook.com\/compuviper","article_modified_time":"2026-04-19T05:16:53+00:00","og_image":[{"width":200,"height":200,"url":"https:\/\/compuviper.mx\/tienda\/wp-content\/uploads\/2025\/10\/Teclado-acteck-inspire-krea-ti755-inalambrico-dual-multidispositivo-2.4-ghz-2-bt-espanol-win-mac-118-teclas-bateria-recargable-anti-ghosting-negro-gris-ac-940085.jpg","type":"image\/jpeg"}],"twitter_card":"summary_large_image","twitter_misc":{"Precio":"&#36;552 con IVA","Availability":"In stock"},"schema":{"@context":"https:\/\/schema.org","@graph":[{"@type":"WebPage","@id":"https:\/\/compuviper.mx\/tienda\/producto\/acteck-ac-940085-teclado-inspire-krea-ti755-inalambrico-dual-multidispositivo-2-4-ghz-2-bt-espaol-win-mac-118-teclas-bateria-recargable-anti-ghosting-negro-gris\/","url":"https:\/\/compuviper.mx\/tienda\/producto\/acteck-ac-940085-teclado-inspire-krea-ti755-inalambrico-dual-multidispositivo-2-4-ghz-2-bt-espaol-win-mac-118-teclas-bateria-recargable-anti-ghosting-negro-gris\/","name":"[ Acteck ] &#129351; Ac-940085 Teclado Inspire Krea Ti755 \/ Inalambrico Dual \/ Multidispositivo 2.4 Ghz 2 Bt \/ Espa\u00f1ol \/ Win - Mac \/ 118 Teclas \/ Bateria Recargable \/ Anti Ghosting \/ Negro - Gris \/","isPartOf":{"@id":"https:\/\/compuviper.mx\/tienda\/#website"},"datePublished":"2026-04-19T05:16:52+00:00","dateModified":"2026-04-19T05:16:53+00:00","description":"Compra Ac-940085 Teclado Inspire Krea Ti755 \/ Inalambrico Dual \/ Multidispositivo 2.4 Ghz 2 Bt \/ Espa\u00f1ol \/ Win - Mac \/ 118 Teclas \/ Bateria Recargable \/ Anti Ghosting \/ Negro - Gris \/ + Env\u00edo a domicilio + Pago seguro + Garant\u00eda","breadcrumb":{"@id":"https:\/\/compuviper.mx\/tienda\/producto\/acteck-ac-940085-teclado-inspire-krea-ti755-inalambrico-dual-multidispositivo-2-4-ghz-2-bt-espaol-win-mac-118-teclas-bateria-recargable-anti-ghosting-negro-gris\/#breadcrumb"},"inLanguage":"es-MX","potentialAction":[{"@type":"ReadAction","target":["https:\/\/compuviper.mx\/tienda\/producto\/acteck-ac-940085-teclado-inspire-krea-ti755-inalambrico-dual-multidispositivo-2-4-ghz-2-bt-espaol-win-mac-118-teclas-bateria-recargable-anti-ghosting-negro-gris\/"]}]},{"@type":"BreadcrumbList","@id":"https:\/\/compuviper.mx\/tienda\/producto\/acteck-ac-940085-teclado-inspire-krea-ti755-inalambrico-dual-multidispositivo-2-4-ghz-2-bt-espaol-win-mac-118-teclas-bateria-recargable-anti-ghosting-negro-gris\/#breadcrumb","itemListElement":[{"@type":"ListItem","position":1,"name":"Inicio","item":"https:\/\/compuviper.mx\/tienda\/"},{"@type":"ListItem","position":2,"name":"Productos","item":"https:\/\/compuviper.mx\/tienda\/productos\/"},{"@type":"ListItem","position":3,"name":"Teclados","item":"https:\/\/compuviper.mx\/tienda\/categoria-producto\/teclados\/"},{"@type":"ListItem","position":4,"name":"Multimedia","item":"https:\/\/compuviper.mx\/tienda\/categoria-producto\/teclados\/multimedia\/"},{"@type":"ListItem","position":5,"name":"Acteck Ac-940085 Teclado Inspire Krea Ti755 \/ Inalambrico Dual \/ Multidispositivo 2.4 Ghz 2 Bt \/ Espa?ol \/ Win &#8211; Mac \/ 118 Teclas \/ Bateria Recargable \/ Anti Ghosting \/ Negro &#8211; Gris \/"}]},{"@type":"WebSite","@id":"https:\/\/compuviper.mx\/tienda\/#website","url":"https:\/\/compuviper.mx\/tienda\/","name":"Compuviper","description":"Proveedor de Computadoras, Laptops, Servidores, Monitores, Puntos de Venta, Teclados,   Impresoras, T\u00f3ner, C\u00e1maras de Seguridad y m\u00e1s en tu tienda en l\u00ednea","publisher":{"@id":"https:\/\/compuviper.mx\/tienda\/#organization"},"potentialAction":[{"@type":"SearchAction","target":{"@type":"EntryPoint","urlTemplate":"https:\/\/compuviper.mx\/tienda\/?s={search_term_string}"},"query-input":"required name=search_term_string"}],"inLanguage":"es-MX"},{"@type":"Organization","@id":"https:\/\/compuviper.mx\/tienda\/#organization","name":"Compuviper","url":"https:\/\/compuviper.mx\/tienda\/","logo":{"@type":"ImageObject","inLanguage":"es-MX","@id":"https:\/\/compuviper.mx\/tienda\/#\/schema\/logo\/image\/","url":"https:\/\/compuviper.mx\/tienda\/wp-content\/uploads\/2021\/08\/Logo-Compuviper-10.png","contentUrl":"https:\/\/compuviper.mx\/tienda\/wp-content\/uploads\/2021\/08\/Logo-Compuviper-10.png","width":1000,"height":500,"caption":"Compuviper"},"image":{"@id":"https:\/\/compuviper.mx\/tienda\/#\/schema\/logo\/image\/"},"sameAs":["https:\/\/www.facebook.com\/compuviper","https:\/\/www.youtube.com\/channel\/UCf73dERp9Y3cfOq7q8BhLjA?view_as=subscriber"]}]},"product_brand":"ACTECK","product_price_amount":"552","product_price_currency":"MXN","og_availability":"instock","product_availability":"instock","product_retailer_item_id":"AC-940085","product_condition":"new"},"_links":{"self":[{"href":"https:\/\/compuviper.mx\/tienda\/wp-json\/wp\/v2\/product\/248426"}],"collection":[{"href":"https:\/\/compuviper.mx\/tienda\/wp-json\/wp\/v2\/product"}],"about":[{"href":"https:\/\/compuviper.mx\/tienda\/wp-json\/wp\/v2\/types\/product"}],"replies":[{"embeddable":true,"href":"https:\/\/compuviper.mx\/tienda\/wp-json\/wp\/v2\/comments?post=248426"}],"wp:featuredmedia":[{"embeddable":true,"href":"https:\/\/compuviper.mx\/tienda\/wp-json\/wp\/v2\/media\/259747"}],"wp:attachment":[{"href":"https:\/\/compuviper.mx\/tienda\/wp-json\/wp\/v2\/media?parent=248426"}],"wp:term":[{"taxonomy":"product_cat","embeddable":true,"href":"https:\/\/compuviper.mx\/tienda\/wp-json\/wp\/v2\/product_cat?post=248426"},{"taxonomy":"product_tag","embeddable":true,"href":"https:\/\/compuviper.mx\/tienda\/wp-json\/wp\/v2\/product_tag?post=248426"}],"curies":[{"name":"wp","href":"https:\/\/api.w.org\/{rel}","templated":true}]}}