{"id":248385,"date":"2026-04-11T01:22:40","date_gmt":"2026-04-11T07:22:40","guid":{"rendered":"https:\/\/compuviper.mx\/tienda\/producto\/dahua-dhi-nvr4208-8p-4ks3-nvr-de-8-mp-4k-8-canales-ip-8-puertos-poe-rendimiento-de-160-mbps-h-265-2-bahias-hdd-soporta-camaras-wizsense-hdmi-4k-and-vga-4-can-smd-plus-e-and-s-de-a\/"},"modified":"2026-04-11T01:22:41","modified_gmt":"2026-04-11T07:22:41","slug":"dahua-dhi-nvr4208-8p-4ks3-nvr-de-8-mp-4k-8-canales-ip-8-puertos-poe-rendimiento-de-160-mbps-h-265-2-bahias-hdd-soporta-camaras-wizsense-hdmi-4k-and-vga-4-can-smd-plus-e-and-s-de-a","status":"publish","type":"product","link":"https:\/\/compuviper.mx\/tienda\/producto\/dahua-dhi-nvr4208-8p-4ks3-nvr-de-8-mp-4k-8-canales-ip-8-puertos-poe-rendimiento-de-160-mbps-h-265-2-bahias-hdd-soporta-camaras-wizsense-hdmi-4k-and-vga-4-can-smd-plus-e-and-s-de-a\/","title":{"rendered":"Dahua Dhi-nvr4208-8p-4ks3 Nvr\/ \/  \/ De 8 Mp\/ 4k\/ 8 Canales Ip\/ 8 Puertos Poe\/ Rendimiento De 160 Mbps\/ H.265+\/ 2 Bahias Hdd \/ Soporta Camaras Wizsense\/ Hdmi 4k  And  Vga\/ 4 Can. Smd Plus\/ E And S De Alarma"},"content":{"rendered":"<table class=\"descripcion\">\n<tr>\n<td>Caracteristicas principales<\/td>\n<\/tr>\n<tr>\n<td>\u0095 admite formatos de decodificacion smart h.265+, h.265, smart h.264+, h.264 y mjpeg.<\/td>\n<\/tr>\n<tr>\n<td>\u0095 max. capacidad de decodificacion: 8\u00d71080p a 30 fps<\/td>\n<\/tr>\n<tr>\n<td>\u0095 max. ancho de banda entrante\/grabador\/saliente de 160\/160\/80 mbps.<\/td>\n<\/tr>\n<tr>\n<td>\u0095 admite camaras ip con una resolucion de hasta 12 mp.<\/td>\n<\/tr>\n<tr>\n<td>\u0095 admite smd plus de 4 canales.<\/td>\n<\/tr>\n<tr>\n<td>\u0095 admite deteccion y reconocimiento de rostros, proteccion perimetral, smd plus, conteo de personas, analisis estereo y mapa de calor.<\/td>\n<\/tr>\n<tr>\n<td>\u0095 admite eptz y armado y desarmado con un solo clic.<\/td>\n<\/tr>\n<tr>\n<td>Especificaciones tecnicas<\/td>\n<\/tr>\n<tr>\n<td>\u0095 1 entrada hdmi<\/td>\n<\/tr>\n<tr>\n<td>\u0095 1 entrada vga<\/td>\n<\/tr>\n<tr>\n<td>\u0095 2 entradas usb 2 (1 puerto usb 2.0 frontal, 1 puerto usb 2.0 trasero)<\/td>\n<\/tr>\n<tr>\n<td>\u0095 1 entrada rj-45 (100 mb)<\/td>\n<\/tr>\n<tr>\n<td>\u0095 8 puertos poe (10\/100 mbps, ieee 802.3 af\/at)<\/td>\n<\/tr>\n<tr>\n<td>\u0095 1 entrada de audio rca<\/td>\n<\/tr>\n<tr>\n<td>\u0095 1 salida de audio rca<\/td>\n<\/tr>\n<tr>\n<td>\u0095 1 entrada de alimentacion<\/td>\n<\/tr>\n<tr>\n<td>\u0095 4 entradas de alarma<\/td>\n<\/tr>\n<tr>\n<td>\u0095 2 salidas de alarma (salida de 1 canal 12 v 1 a and #65289;<\/td>\n<\/tr>\n<tr>\n<td>\u0095 dimensiones: 375,0 mm \u00d7 327,9 mm \u00d7 53,0 mm<\/td>\n<\/tr>\n<tr>\n<td>\u0095 alimentacion: 100\u0096240 vca, 50\/60 hz<\/td>\n<\/tr>\n<tr>\n<td>\u0095 peso: 2,47 kg<\/td>\n<\/tr>\n<tr>\n<td>\u0095 puerto sata: 2 puertos de hasta 20 tb de capacidad.<\/td>\n<\/tr>\n<tr>\n<td>\u0095 temperatura de funcionamiento: \u0096 10\u00b0c a +55\u00b0c<\/td>\n<\/tr>\n<tr>\n<td>\u0095 humedad de funcionamiento: 10%\u009693% (hr), sin condensacion<\/td>\n<\/tr>\n<\/table>\n","protected":false},"excerpt":{"rendered":"<p>Informacion general. El dahua dhi-nvr4208-8p-4ks3 es un grabador de video en red (nvr) de alta gama ideal para sistemas de seguridad avanzados. Soporta camaras ip de hasta 8 mp y video 4k en 8 canales, con 8 puertos poe para simplificar la instalacion. Tiene una capacidad de procesamiento de 160 mbps y utiliza compresion h.265+ para un mejor ahorro de espacio. Ofrece 2 bahias para discos duros, lo que permite una gran capacidad de almacenamiento, y es compatible con camaras wizsense y 4 canales smd plus para deteccion inteligente. Sus salidas de video incluyen hdmi 4k y vga, y cuenta con entradas y salidas de alarma para integracion con otros sistemas. Este nvr es ideal para oficinas, centros comerciales, instalaciones industriales y residencias de alto valor, proporcionando una solucion robusta y eficiente con alta capacidad y funciones inteligentes. Caracteristicas principales. \u0095 admite formatos de decodificacion smart h.265+, h.265, smart h.264+, h.264 y mjpeg. \u0095 max. Capacidad de decodificacion: 8\u00d71080p a 30 fps. \u0095 max. Ancho de banda entrante\/grabador\/saliente de 160\/160\/80 mbps. \u0095 admite camaras ip con una resolucion de hasta 12 mp. \u0095 admite smd plus de 4 canales. \u0095 admite deteccion y reconocimiento de rostros, proteccion perimetral, smd plus, conteo de personas, analisis estereo y mapa de calor. \u0095 admite eptz y armado y desarmado con un solo clic. Proteccion perimetral por camara. Filtrar automaticamente falsas alarmas causadas por animales, crujidos de hojas, luces brillantes, etc. Permite que el sistema actue como reconocimiento secundario de los objetivos. Mejora de la precision de las alarmas. Deteccion de rostro por camara. La deteccion de rostros consiste en detectar si aparece algun rostro humano en el video. Esta tecnologia adopta un algoritmo de aprendizaje profundo para admitir la deteccion, el seguimiento, la optimizacion y la captura de rostros, y luego genera la mejor instananea del rostro. \u0095 smd plus. Con un algoritmo inteligente, la tecnologia de deteccion de movimiento inteligente de dahua puede categorizar los objetivos que activan la deteccion de movimiento y filtrar la alarma de deteccion de movimiento activada por objetivos no afectados para realizar una alarma efectiva y precisa. Conteo de personas por camara. Con un algoritmo de aprendizaje profundo, la tecnologia dahua people counting puede rastrear y procesar objetivos de cuerpos humanos en movimiento para obtener estadisticas precisas de numero de entrada, numero de salida y numero de area. Al trabajar con la plataforma de gestion, genera resultados anuales\/mensuales\/semanales\/diairios. Informes para satisfacer sus necesidades.<\/p>\n","protected":false},"featured_media":260417,"comment_status":"open","ping_status":"open","template":"","meta":[],"product_cat":[1689,1768],"product_tag":[1555],"acf":[],"yoast_head":"<!-- This site is optimized with the Yoast SEO plugin v21.7 - https:\/\/yoast.com\/wordpress\/plugins\/seo\/ -->\n<title>[ Dahua ] &#129351; Dhi-nvr4208-8p-4ks3 Nvr\/ \/ \/ De 8 Mp\/ 4k\/ 8 Canales Ip\/ 8 Puertos Poe\/ Rendimiento De 160 Mbps\/ H.265+\/ 2 Bahias Hdd \/ Soporta Camaras Wizsense\/ Hdmi 4k And Vga\/ 4 Can. Smd Plus\/ E And S De Alarma<\/title>\n<meta name=\"description\" content=\"Compra Dhi-nvr4208-8p-4ks3 Nvr\/ \/ \/ De 8 Mp\/ 4k\/ 8 Canales Ip\/ 8 Puertos Poe\/ Rendimiento De 160 Mbps\/ H.265+\/ 2 Bahias Hdd \/ Soporta Camaras Wizsense\/ Hdmi 4k And Vga\/ 4 Can. Smd Plus\/ E And S De Alarma + Env\u00edo a domicilio + Pago seguro + Garant\u00eda\" \/>\n<meta name=\"robots\" content=\"index, follow, max-snippet:-1, max-image-preview:large, max-video-preview:-1\" \/>\n<link rel=\"canonical\" href=\"https:\/\/compuviper.mx\/tienda\/producto\/dahua-dhi-nvr4208-8p-4ks3-nvr-de-8-mp-4k-8-canales-ip-8-puertos-poe-rendimiento-de-160-mbps-h-265-2-bahias-hdd-soporta-camaras-wizsense-hdmi-4k-and-vga-4-can-smd-plus-e-and-s-de-a\/\" \/>\n<meta property=\"og:locale\" content=\"es_MX\" \/>\n<meta property=\"og:type\" content=\"article\" \/>\n<meta property=\"og:title\" content=\"[ Dahua ] &#129351; Dhi-nvr4208-8p-4ks3 Nvr\/ \/ \/ De 8 Mp\/ 4k\/ 8 Canales Ip\/ 8 Puertos Poe\/ Rendimiento De 160 Mbps\/ H.265+\/ 2 Bahias Hdd \/ Soporta Camaras Wizsense\/ Hdmi 4k And Vga\/ 4 Can. Smd Plus\/ E And S De Alarma\" \/>\n<meta property=\"og:description\" content=\"Compra Dhi-nvr4208-8p-4ks3 Nvr\/ \/ \/ De 8 Mp\/ 4k\/ 8 Canales Ip\/ 8 Puertos Poe\/ Rendimiento De 160 Mbps\/ H.265+\/ 2 Bahias Hdd \/ Soporta Camaras Wizsense\/ Hdmi 4k And Vga\/ 4 Can. Smd Plus\/ E And S De Alarma + Env\u00edo a domicilio + Pago seguro + Garant\u00eda\" \/>\n<meta property=\"og:url\" content=\"https:\/\/compuviper.mx\/tienda\/producto\/dahua-dhi-nvr4208-8p-4ks3-nvr-de-8-mp-4k-8-canales-ip-8-puertos-poe-rendimiento-de-160-mbps-h-265-2-bahias-hdd-soporta-camaras-wizsense-hdmi-4k-and-vga-4-can-smd-plus-e-and-s-de-a\/\" \/>\n<meta property=\"og:site_name\" content=\"Compuviper\" \/>\n<meta property=\"article:publisher\" content=\"https:\/\/www.facebook.com\/compuviper\" \/>\n<meta property=\"article:modified_time\" content=\"2026-04-11T07:22:41+00:00\" \/>\n<meta property=\"og:image\" content=\"https:\/\/compuviper.mx\/tienda\/wp-content\/uploads\/2025\/10\/Nvr-dahua-dhi-nvr4208-8p-4ks3-de-8-mp-4k-8-canales-ip-8-puertos-poe-rendimiento-de-160-mbps-h.265-2-bahias-hdd-soporta-camaras-wizsense-hdmi-4k-and-vga-4-can.-smd-plus-e-and-s-de-alarma.jpg\" \/>\n\t<meta property=\"og:image:width\" content=\"200\" \/>\n\t<meta property=\"og:image:height\" content=\"200\" \/>\n\t<meta property=\"og:image:type\" content=\"image\/jpeg\" \/>\n<meta name=\"twitter:card\" content=\"summary_large_image\" \/>\n<meta name=\"twitter:label1\" content=\"Precio\" \/>\n\t<meta name=\"twitter:data1\" content=\"&#36;3,143 con IVA\" \/>\n\t<meta name=\"twitter:label2\" content=\"Availability\" \/>\n\t<meta name=\"twitter:data2\" content=\"Out of stock\" \/>\n<script type=\"application\/ld+json\" class=\"yoast-schema-graph\">{\"@context\":\"https:\/\/schema.org\",\"@graph\":[{\"@type\":\"WebPage\",\"@id\":\"https:\/\/compuviper.mx\/tienda\/producto\/dahua-dhi-nvr4208-8p-4ks3-nvr-de-8-mp-4k-8-canales-ip-8-puertos-poe-rendimiento-de-160-mbps-h-265-2-bahias-hdd-soporta-camaras-wizsense-hdmi-4k-and-vga-4-can-smd-plus-e-and-s-de-a\/\",\"url\":\"https:\/\/compuviper.mx\/tienda\/producto\/dahua-dhi-nvr4208-8p-4ks3-nvr-de-8-mp-4k-8-canales-ip-8-puertos-poe-rendimiento-de-160-mbps-h-265-2-bahias-hdd-soporta-camaras-wizsense-hdmi-4k-and-vga-4-can-smd-plus-e-and-s-de-a\/\",\"name\":\"[ Dahua ] &#129351; Dhi-nvr4208-8p-4ks3 Nvr\/ \/ \/ De 8 Mp\/ 4k\/ 8 Canales Ip\/ 8 Puertos Poe\/ Rendimiento De 160 Mbps\/ H.265+\/ 2 Bahias Hdd \/ Soporta Camaras Wizsense\/ Hdmi 4k And Vga\/ 4 Can. Smd Plus\/ E And S De Alarma\",\"isPartOf\":{\"@id\":\"https:\/\/compuviper.mx\/tienda\/#website\"},\"datePublished\":\"2026-04-11T07:22:40+00:00\",\"dateModified\":\"2026-04-11T07:22:41+00:00\",\"description\":\"Compra Dhi-nvr4208-8p-4ks3 Nvr\/ \/ \/ De 8 Mp\/ 4k\/ 8 Canales Ip\/ 8 Puertos Poe\/ Rendimiento De 160 Mbps\/ H.265+\/ 2 Bahias Hdd \/ Soporta Camaras Wizsense\/ Hdmi 4k And Vga\/ 4 Can. Smd Plus\/ E And S De Alarma + Env\u00edo a domicilio + Pago seguro + Garant\u00eda\",\"breadcrumb\":{\"@id\":\"https:\/\/compuviper.mx\/tienda\/producto\/dahua-dhi-nvr4208-8p-4ks3-nvr-de-8-mp-4k-8-canales-ip-8-puertos-poe-rendimiento-de-160-mbps-h-265-2-bahias-hdd-soporta-camaras-wizsense-hdmi-4k-and-vga-4-can-smd-plus-e-and-s-de-a\/#breadcrumb\"},\"inLanguage\":\"es-MX\",\"potentialAction\":[{\"@type\":\"ReadAction\",\"target\":[\"https:\/\/compuviper.mx\/tienda\/producto\/dahua-dhi-nvr4208-8p-4ks3-nvr-de-8-mp-4k-8-canales-ip-8-puertos-poe-rendimiento-de-160-mbps-h-265-2-bahias-hdd-soporta-camaras-wizsense-hdmi-4k-and-vga-4-can-smd-plus-e-and-s-de-a\/\"]}]},{\"@type\":\"BreadcrumbList\",\"@id\":\"https:\/\/compuviper.mx\/tienda\/producto\/dahua-dhi-nvr4208-8p-4ks3-nvr-de-8-mp-4k-8-canales-ip-8-puertos-poe-rendimiento-de-160-mbps-h-265-2-bahias-hdd-soporta-camaras-wizsense-hdmi-4k-and-vga-4-can-smd-plus-e-and-s-de-a\/#breadcrumb\",\"itemListElement\":[{\"@type\":\"ListItem\",\"position\":1,\"name\":\"Inicio\",\"item\":\"https:\/\/compuviper.mx\/tienda\/\"},{\"@type\":\"ListItem\",\"position\":2,\"name\":\"Productos\",\"item\":\"https:\/\/compuviper.mx\/tienda\/productos\/\"},{\"@type\":\"ListItem\",\"position\":3,\"name\":\"Videograbadores\",\"item\":\"https:\/\/compuviper.mx\/tienda\/categoria-producto\/videograbadores\/\"},{\"@type\":\"ListItem\",\"position\":4,\"name\":\"Nvr\",\"item\":\"https:\/\/compuviper.mx\/tienda\/categoria-producto\/videograbadores\/nvr\/\"},{\"@type\":\"ListItem\",\"position\":5,\"name\":\"Dahua Dhi-nvr4208-8p-4ks3 Nvr\/ \/ \/ De 8 Mp\/ 4k\/ 8 Canales Ip\/ 8 Puertos Poe\/ Rendimiento De 160 Mbps\/ H.265+\/ 2 Bahias Hdd \/ Soporta Camaras Wizsense\/ Hdmi 4k And Vga\/ 4 Can. Smd Plus\/ E And S De Alarma\"}]},{\"@type\":\"WebSite\",\"@id\":\"https:\/\/compuviper.mx\/tienda\/#website\",\"url\":\"https:\/\/compuviper.mx\/tienda\/\",\"name\":\"Compuviper\",\"description\":\"Proveedor de Computadoras, Laptops, Servidores, Monitores, Puntos de Venta, Teclados,   Impresoras, T\u00f3ner, C\u00e1maras de Seguridad y m\u00e1s en tu tienda en l\u00ednea\",\"publisher\":{\"@id\":\"https:\/\/compuviper.mx\/tienda\/#organization\"},\"potentialAction\":[{\"@type\":\"SearchAction\",\"target\":{\"@type\":\"EntryPoint\",\"urlTemplate\":\"https:\/\/compuviper.mx\/tienda\/?s={search_term_string}\"},\"query-input\":\"required name=search_term_string\"}],\"inLanguage\":\"es-MX\"},{\"@type\":\"Organization\",\"@id\":\"https:\/\/compuviper.mx\/tienda\/#organization\",\"name\":\"Compuviper\",\"url\":\"https:\/\/compuviper.mx\/tienda\/\",\"logo\":{\"@type\":\"ImageObject\",\"inLanguage\":\"es-MX\",\"@id\":\"https:\/\/compuviper.mx\/tienda\/#\/schema\/logo\/image\/\",\"url\":\"https:\/\/compuviper.mx\/tienda\/wp-content\/uploads\/2021\/08\/Logo-Compuviper-10.png\",\"contentUrl\":\"https:\/\/compuviper.mx\/tienda\/wp-content\/uploads\/2021\/08\/Logo-Compuviper-10.png\",\"width\":1000,\"height\":500,\"caption\":\"Compuviper\"},\"image\":{\"@id\":\"https:\/\/compuviper.mx\/tienda\/#\/schema\/logo\/image\/\"},\"sameAs\":[\"https:\/\/www.facebook.com\/compuviper\",\"https:\/\/www.youtube.com\/channel\/UCf73dERp9Y3cfOq7q8BhLjA?view_as=subscriber\"]}]}<\/script>\n<meta property=\"product:brand\" content=\"DAHUA\" \/>\n<meta property=\"product:price:amount\" content=\"3143\" \/>\n<meta property=\"product:price:currency\" content=\"MXN\" \/>\n<meta property=\"og:availability\" content=\"out of stock\" \/>\n<meta property=\"product:availability\" content=\"out of stock\" \/>\n<meta property=\"product:retailer_item_id\" content=\"DHI-NVR4208-8P-4KS3\" \/>\n<meta property=\"product:condition\" content=\"new\" \/>\n<!-- \/ Yoast SEO plugin. -->","yoast_head_json":{"title":"[ Dahua ] &#129351; Dhi-nvr4208-8p-4ks3 Nvr\/ \/ \/ De 8 Mp\/ 4k\/ 8 Canales Ip\/ 8 Puertos Poe\/ Rendimiento De 160 Mbps\/ H.265+\/ 2 Bahias Hdd \/ Soporta Camaras Wizsense\/ Hdmi 4k And Vga\/ 4 Can. Smd Plus\/ E And S De Alarma","description":"Compra Dhi-nvr4208-8p-4ks3 Nvr\/ \/ \/ De 8 Mp\/ 4k\/ 8 Canales Ip\/ 8 Puertos Poe\/ Rendimiento De 160 Mbps\/ H.265+\/ 2 Bahias Hdd \/ Soporta Camaras Wizsense\/ Hdmi 4k And Vga\/ 4 Can. Smd Plus\/ E And S De Alarma + Env\u00edo a domicilio + Pago seguro + Garant\u00eda","robots":{"index":"index","follow":"follow","max-snippet":"max-snippet:-1","max-image-preview":"max-image-preview:large","max-video-preview":"max-video-preview:-1"},"canonical":"https:\/\/compuviper.mx\/tienda\/producto\/dahua-dhi-nvr4208-8p-4ks3-nvr-de-8-mp-4k-8-canales-ip-8-puertos-poe-rendimiento-de-160-mbps-h-265-2-bahias-hdd-soporta-camaras-wizsense-hdmi-4k-and-vga-4-can-smd-plus-e-and-s-de-a\/","og_locale":"es_MX","og_type":"article","og_title":"[ Dahua ] &#129351; Dhi-nvr4208-8p-4ks3 Nvr\/ \/ \/ De 8 Mp\/ 4k\/ 8 Canales Ip\/ 8 Puertos Poe\/ Rendimiento De 160 Mbps\/ H.265+\/ 2 Bahias Hdd \/ Soporta Camaras Wizsense\/ Hdmi 4k And Vga\/ 4 Can. Smd Plus\/ E And S De Alarma","og_description":"Compra Dhi-nvr4208-8p-4ks3 Nvr\/ \/ \/ De 8 Mp\/ 4k\/ 8 Canales Ip\/ 8 Puertos Poe\/ Rendimiento De 160 Mbps\/ H.265+\/ 2 Bahias Hdd \/ Soporta Camaras Wizsense\/ Hdmi 4k And Vga\/ 4 Can. Smd Plus\/ E And S De Alarma + Env\u00edo a domicilio + Pago seguro + Garant\u00eda","og_url":"https:\/\/compuviper.mx\/tienda\/producto\/dahua-dhi-nvr4208-8p-4ks3-nvr-de-8-mp-4k-8-canales-ip-8-puertos-poe-rendimiento-de-160-mbps-h-265-2-bahias-hdd-soporta-camaras-wizsense-hdmi-4k-and-vga-4-can-smd-plus-e-and-s-de-a\/","og_site_name":"Compuviper","article_publisher":"https:\/\/www.facebook.com\/compuviper","article_modified_time":"2026-04-11T07:22:41+00:00","og_image":[{"width":200,"height":200,"url":"https:\/\/compuviper.mx\/tienda\/wp-content\/uploads\/2025\/10\/Nvr-dahua-dhi-nvr4208-8p-4ks3-de-8-mp-4k-8-canales-ip-8-puertos-poe-rendimiento-de-160-mbps-h.265-2-bahias-hdd-soporta-camaras-wizsense-hdmi-4k-and-vga-4-can.-smd-plus-e-and-s-de-alarma.jpg","type":"image\/jpeg"}],"twitter_card":"summary_large_image","twitter_misc":{"Precio":"&#36;3,143 con IVA","Availability":"Out of stock"},"schema":{"@context":"https:\/\/schema.org","@graph":[{"@type":"WebPage","@id":"https:\/\/compuviper.mx\/tienda\/producto\/dahua-dhi-nvr4208-8p-4ks3-nvr-de-8-mp-4k-8-canales-ip-8-puertos-poe-rendimiento-de-160-mbps-h-265-2-bahias-hdd-soporta-camaras-wizsense-hdmi-4k-and-vga-4-can-smd-plus-e-and-s-de-a\/","url":"https:\/\/compuviper.mx\/tienda\/producto\/dahua-dhi-nvr4208-8p-4ks3-nvr-de-8-mp-4k-8-canales-ip-8-puertos-poe-rendimiento-de-160-mbps-h-265-2-bahias-hdd-soporta-camaras-wizsense-hdmi-4k-and-vga-4-can-smd-plus-e-and-s-de-a\/","name":"[ Dahua ] &#129351; Dhi-nvr4208-8p-4ks3 Nvr\/ \/ \/ De 8 Mp\/ 4k\/ 8 Canales Ip\/ 8 Puertos Poe\/ Rendimiento De 160 Mbps\/ H.265+\/ 2 Bahias Hdd \/ Soporta Camaras Wizsense\/ Hdmi 4k And Vga\/ 4 Can. Smd Plus\/ E And S De Alarma","isPartOf":{"@id":"https:\/\/compuviper.mx\/tienda\/#website"},"datePublished":"2026-04-11T07:22:40+00:00","dateModified":"2026-04-11T07:22:41+00:00","description":"Compra Dhi-nvr4208-8p-4ks3 Nvr\/ \/ \/ De 8 Mp\/ 4k\/ 8 Canales Ip\/ 8 Puertos Poe\/ Rendimiento De 160 Mbps\/ H.265+\/ 2 Bahias Hdd \/ Soporta Camaras Wizsense\/ Hdmi 4k And Vga\/ 4 Can. Smd Plus\/ E And S De Alarma + Env\u00edo a domicilio + Pago seguro + Garant\u00eda","breadcrumb":{"@id":"https:\/\/compuviper.mx\/tienda\/producto\/dahua-dhi-nvr4208-8p-4ks3-nvr-de-8-mp-4k-8-canales-ip-8-puertos-poe-rendimiento-de-160-mbps-h-265-2-bahias-hdd-soporta-camaras-wizsense-hdmi-4k-and-vga-4-can-smd-plus-e-and-s-de-a\/#breadcrumb"},"inLanguage":"es-MX","potentialAction":[{"@type":"ReadAction","target":["https:\/\/compuviper.mx\/tienda\/producto\/dahua-dhi-nvr4208-8p-4ks3-nvr-de-8-mp-4k-8-canales-ip-8-puertos-poe-rendimiento-de-160-mbps-h-265-2-bahias-hdd-soporta-camaras-wizsense-hdmi-4k-and-vga-4-can-smd-plus-e-and-s-de-a\/"]}]},{"@type":"BreadcrumbList","@id":"https:\/\/compuviper.mx\/tienda\/producto\/dahua-dhi-nvr4208-8p-4ks3-nvr-de-8-mp-4k-8-canales-ip-8-puertos-poe-rendimiento-de-160-mbps-h-265-2-bahias-hdd-soporta-camaras-wizsense-hdmi-4k-and-vga-4-can-smd-plus-e-and-s-de-a\/#breadcrumb","itemListElement":[{"@type":"ListItem","position":1,"name":"Inicio","item":"https:\/\/compuviper.mx\/tienda\/"},{"@type":"ListItem","position":2,"name":"Productos","item":"https:\/\/compuviper.mx\/tienda\/productos\/"},{"@type":"ListItem","position":3,"name":"Videograbadores","item":"https:\/\/compuviper.mx\/tienda\/categoria-producto\/videograbadores\/"},{"@type":"ListItem","position":4,"name":"Nvr","item":"https:\/\/compuviper.mx\/tienda\/categoria-producto\/videograbadores\/nvr\/"},{"@type":"ListItem","position":5,"name":"Dahua Dhi-nvr4208-8p-4ks3 Nvr\/ \/ \/ De 8 Mp\/ 4k\/ 8 Canales Ip\/ 8 Puertos Poe\/ Rendimiento De 160 Mbps\/ H.265+\/ 2 Bahias Hdd \/ Soporta Camaras Wizsense\/ Hdmi 4k And Vga\/ 4 Can. Smd Plus\/ E And S De Alarma"}]},{"@type":"WebSite","@id":"https:\/\/compuviper.mx\/tienda\/#website","url":"https:\/\/compuviper.mx\/tienda\/","name":"Compuviper","description":"Proveedor de Computadoras, Laptops, Servidores, Monitores, Puntos de Venta, Teclados,   Impresoras, T\u00f3ner, C\u00e1maras de Seguridad y m\u00e1s en tu tienda en l\u00ednea","publisher":{"@id":"https:\/\/compuviper.mx\/tienda\/#organization"},"potentialAction":[{"@type":"SearchAction","target":{"@type":"EntryPoint","urlTemplate":"https:\/\/compuviper.mx\/tienda\/?s={search_term_string}"},"query-input":"required name=search_term_string"}],"inLanguage":"es-MX"},{"@type":"Organization","@id":"https:\/\/compuviper.mx\/tienda\/#organization","name":"Compuviper","url":"https:\/\/compuviper.mx\/tienda\/","logo":{"@type":"ImageObject","inLanguage":"es-MX","@id":"https:\/\/compuviper.mx\/tienda\/#\/schema\/logo\/image\/","url":"https:\/\/compuviper.mx\/tienda\/wp-content\/uploads\/2021\/08\/Logo-Compuviper-10.png","contentUrl":"https:\/\/compuviper.mx\/tienda\/wp-content\/uploads\/2021\/08\/Logo-Compuviper-10.png","width":1000,"height":500,"caption":"Compuviper"},"image":{"@id":"https:\/\/compuviper.mx\/tienda\/#\/schema\/logo\/image\/"},"sameAs":["https:\/\/www.facebook.com\/compuviper","https:\/\/www.youtube.com\/channel\/UCf73dERp9Y3cfOq7q8BhLjA?view_as=subscriber"]}]},"product_brand":"DAHUA","product_price_amount":"3143","product_price_currency":"MXN","og_availability":"out of stock","product_availability":"out of stock","product_retailer_item_id":"DHI-NVR4208-8P-4KS3","product_condition":"new"},"_links":{"self":[{"href":"https:\/\/compuviper.mx\/tienda\/wp-json\/wp\/v2\/product\/248385"}],"collection":[{"href":"https:\/\/compuviper.mx\/tienda\/wp-json\/wp\/v2\/product"}],"about":[{"href":"https:\/\/compuviper.mx\/tienda\/wp-json\/wp\/v2\/types\/product"}],"replies":[{"embeddable":true,"href":"https:\/\/compuviper.mx\/tienda\/wp-json\/wp\/v2\/comments?post=248385"}],"wp:featuredmedia":[{"embeddable":true,"href":"https:\/\/compuviper.mx\/tienda\/wp-json\/wp\/v2\/media\/260417"}],"wp:attachment":[{"href":"https:\/\/compuviper.mx\/tienda\/wp-json\/wp\/v2\/media?parent=248385"}],"wp:term":[{"taxonomy":"product_cat","embeddable":true,"href":"https:\/\/compuviper.mx\/tienda\/wp-json\/wp\/v2\/product_cat?post=248385"},{"taxonomy":"product_tag","embeddable":true,"href":"https:\/\/compuviper.mx\/tienda\/wp-json\/wp\/v2\/product_tag?post=248385"}],"curies":[{"name":"wp","href":"https:\/\/api.w.org\/{rel}","templated":true}]}}