{"id":248371,"date":"2026-04-23T00:15:17","date_gmt":"2026-04-23T06:15:17","guid":{"rendered":"https:\/\/compuviper.mx\/tienda\/producto\/dahua-dh-hac-me1239hn-a-pv-camara-analoga-hac-me1239hn-a-pv-domo-tioc-de-2-mp-disuasion-activa-luz-roja-y-azul-lente-de-3-6-mm-super-adapt-microfono-40-mts-de-iluminacion-ir-y-calida-metal\/"},"modified":"2026-04-23T00:15:18","modified_gmt":"2026-04-23T06:15:18","slug":"dahua-dh-hac-me1239hn-a-pv-camara-analoga-hac-me1239hn-a-pv-domo-tioc-de-2-mp-disuasion-activa-luz-roja-y-azul-lente-de-3-6-mm-super-adapt-microfono-40-mts-de-iluminacion-ir-y-calida-metal","status":"publish","type":"product","link":"https:\/\/compuviper.mx\/tienda\/producto\/dahua-dh-hac-me1239hn-a-pv-camara-analoga-hac-me1239hn-a-pv-domo-tioc-de-2-mp-disuasion-activa-luz-roja-y-azul-lente-de-3-6-mm-super-adapt-microfono-40-mts-de-iluminacion-ir-y-calida-metal\/","title":{"rendered":"Dahua Dh-hac-me1239hn-a-pv Camara Analoga\/ \/ Hac-me1239hn-a-pv\/ Domo Tioc De 2 Mp\/ Disuasion Activa Luz Roja Y Azul\/ Lente De 3.6 Mm\/ Super Adapt\/ Microfono\/ 40 Mts De Iluminacion (ir Y Calida)\/ Metalica\/ Ip67"},"content":{"rendered":"<table class=\"descripcion\">\n<tr>\n<td>Especificaciones<\/td>\n<\/tr>\n<tr>\n<td>\u0095 fuente de alimentacion: 12 v cc \u00b1 30 %.<\/td>\n<\/tr>\n<tr>\n<td>\u0095 consumo de energia: max. 7,6 w (12 v cc, ir activado).<\/td>\n<\/tr>\n<tr>\n<td>\u0095 temperatura de funcionamiento: \u0096 40 \u00b0c a +60 \u00b0c.<\/td>\n<\/tr>\n<tr>\n<td>\u0095 temperatura de almacenamiento: \u0096 40 \u00b0c a +60 \u00b0c.<\/td>\n<\/tr>\n<tr>\n<td>\u0095 indice de proteccion: ip67.<\/td>\n<\/tr>\n<tr>\n<td>\u0095 dimensiones del producto:  and #934;122,0 mm \u00d7 110,9 mm.<\/td>\n<\/tr>\n<tr>\n<td>\u0095 dimensiones del embalaje: 165 mm \u00d7 165 mm \u00d7 138 mm.<\/td>\n<\/tr>\n<tr>\n<td>\u0095 peso: 0.69kg.<\/td>\n<\/tr>\n<tr>\n<td>Incluye<\/td>\n<\/tr>\n<tr>\n<td>\u0095 x1 camara domo tioc de 2mp dh-hac-me1239hn-a-pv.<\/td>\n<\/tr>\n<tr>\n<td>\u0095 x1 manual de usuario.<\/td>\n<\/tr>\n<tr>\n<td>\u0095 x1 poliza de garantia.<\/td>\n<\/tr>\n<tr>\n<td>\u0095 x1 tornillos de fijacion.<\/td>\n<\/tr>\n<\/table>\n","protected":false},"excerpt":{"rendered":"<p>Informacion general. La serie active deterrence ofrece un sistema multidimensional que vincula videos de vigilancia con alarmas, avisos de audio y varios tipos de informacion para ayudar a verificar los riesgos potenciales. Las camaras de esta serie advierten activamente a los intrusos con luz y sonido, mientras lo mantienen actualizado de los eventos en tiempo real a traves de la alarma por coaxial y su vista en vivo. **no cuenta con audio de 2 vias.*. Principales caracteristicas. \u0095 disuasion activa mediante luz azul y roja, sirena y salida de alarma. \u0095 wdr real de 130 db para mejor desempe\u00f1o en condiciones de alto contraste. \u0095 reduccion de ruido digital 3d (3d nr). \u0095 iluminadores inteligentes duales con alcance de hasta 40 m. \u0095 tecnologia super adapt para mejor adaptacion a diversas condiciones ambientales. \u0095 microfono integrado. \u0095 compatible con cvi, cvbs, ahd y tvi, con capacidad de cambio entre formatos. \u0095 puerto de salida de alarma.<\/p>\n","protected":false},"featured_media":259384,"comment_status":"open","ping_status":"open","template":"","meta":[],"product_cat":[1681,1608],"product_tag":[1555],"acf":[],"yoast_head":"<!-- This site is optimized with the Yoast SEO plugin v21.7 - https:\/\/yoast.com\/wordpress\/plugins\/seo\/ -->\n<title>[ Dahua ] &#129351; Dh-hac-me1239hn-a-pv Camara Analoga\/ \/ Hac-me1239hn-a-pv\/ Domo Tioc De 2 Mp\/ Disuasion Activa Luz Roja Y Azul\/ Lente De 3.6 Mm\/ Super Adapt\/ Microfono\/ 40 Mts De Iluminacion (ir Y Calida)\/ Metalica\/ Ip67<\/title>\n<meta name=\"description\" content=\"Compra Dh-hac-me1239hn-a-pv Camara Analoga\/ \/ Hac-me1239hn-a-pv\/ Domo Tioc De 2 Mp\/ Disuasion Activa Luz Roja Y Azul\/ Lente De 3.6 Mm\/ Super Adapt\/ Microfono\/ 40 Mts De Iluminacion (ir Y Calida)\/ Metalica\/ Ip67 + Env\u00edo a domicilio + Pago seguro + Garant\u00eda\" \/>\n<meta name=\"robots\" content=\"index, follow, max-snippet:-1, max-image-preview:large, max-video-preview:-1\" \/>\n<link rel=\"canonical\" href=\"https:\/\/compuviper.mx\/tienda\/producto\/dahua-dh-hac-me1239hn-a-pv-camara-analoga-hac-me1239hn-a-pv-domo-tioc-de-2-mp-disuasion-activa-luz-roja-y-azul-lente-de-3-6-mm-super-adapt-microfono-40-mts-de-iluminacion-ir-y-calida-metal\/\" \/>\n<meta property=\"og:locale\" content=\"es_MX\" \/>\n<meta property=\"og:type\" content=\"article\" \/>\n<meta property=\"og:title\" content=\"[ Dahua ] &#129351; Dh-hac-me1239hn-a-pv Camara Analoga\/ \/ Hac-me1239hn-a-pv\/ Domo Tioc De 2 Mp\/ Disuasion Activa Luz Roja Y Azul\/ Lente De 3.6 Mm\/ Super Adapt\/ Microfono\/ 40 Mts De Iluminacion (ir Y Calida)\/ Metalica\/ Ip67\" \/>\n<meta property=\"og:description\" content=\"Compra Dh-hac-me1239hn-a-pv Camara Analoga\/ \/ Hac-me1239hn-a-pv\/ Domo Tioc De 2 Mp\/ Disuasion Activa Luz Roja Y Azul\/ Lente De 3.6 Mm\/ Super Adapt\/ Microfono\/ 40 Mts De Iluminacion (ir Y Calida)\/ Metalica\/ Ip67 + Env\u00edo a domicilio + Pago seguro + Garant\u00eda\" \/>\n<meta property=\"og:url\" content=\"https:\/\/compuviper.mx\/tienda\/producto\/dahua-dh-hac-me1239hn-a-pv-camara-analoga-hac-me1239hn-a-pv-domo-tioc-de-2-mp-disuasion-activa-luz-roja-y-azul-lente-de-3-6-mm-super-adapt-microfono-40-mts-de-iluminacion-ir-y-calida-metal\/\" \/>\n<meta property=\"og:site_name\" content=\"Compuviper\" \/>\n<meta property=\"article:publisher\" content=\"https:\/\/www.facebook.com\/compuviper\" \/>\n<meta property=\"article:modified_time\" content=\"2026-04-23T06:15:18+00:00\" \/>\n<meta property=\"og:image\" content=\"https:\/\/compuviper.mx\/tienda\/wp-content\/uploads\/2025\/10\/Camara-analoga-dahua-hac-me1239hn-a-pv-domo-tioc-de-2-mp-disuasion-activa-luz-roja-y-azul-lente-de-3.6-mm-super-adapt-microfono-40-mts-de-iluminacion-ir-y-calida-metalica-ip67.jpg\" \/>\n\t<meta property=\"og:image:width\" content=\"200\" \/>\n\t<meta property=\"og:image:height\" content=\"200\" \/>\n\t<meta property=\"og:image:type\" content=\"image\/jpeg\" \/>\n<meta name=\"twitter:card\" content=\"summary_large_image\" \/>\n<meta name=\"twitter:label1\" content=\"Precio\" \/>\n\t<meta name=\"twitter:data1\" content=\"&#36;1,000 con IVA\" \/>\n\t<meta name=\"twitter:label2\" content=\"Availability\" \/>\n\t<meta name=\"twitter:data2\" content=\"In stock\" \/>\n<script type=\"application\/ld+json\" class=\"yoast-schema-graph\">{\"@context\":\"https:\/\/schema.org\",\"@graph\":[{\"@type\":\"WebPage\",\"@id\":\"https:\/\/compuviper.mx\/tienda\/producto\/dahua-dh-hac-me1239hn-a-pv-camara-analoga-hac-me1239hn-a-pv-domo-tioc-de-2-mp-disuasion-activa-luz-roja-y-azul-lente-de-3-6-mm-super-adapt-microfono-40-mts-de-iluminacion-ir-y-calida-metal\/\",\"url\":\"https:\/\/compuviper.mx\/tienda\/producto\/dahua-dh-hac-me1239hn-a-pv-camara-analoga-hac-me1239hn-a-pv-domo-tioc-de-2-mp-disuasion-activa-luz-roja-y-azul-lente-de-3-6-mm-super-adapt-microfono-40-mts-de-iluminacion-ir-y-calida-metal\/\",\"name\":\"[ Dahua ] &#129351; Dh-hac-me1239hn-a-pv Camara Analoga\/ \/ Hac-me1239hn-a-pv\/ Domo Tioc De 2 Mp\/ Disuasion Activa Luz Roja Y Azul\/ Lente De 3.6 Mm\/ Super Adapt\/ Microfono\/ 40 Mts De Iluminacion (ir Y Calida)\/ Metalica\/ Ip67\",\"isPartOf\":{\"@id\":\"https:\/\/compuviper.mx\/tienda\/#website\"},\"datePublished\":\"2026-04-23T06:15:17+00:00\",\"dateModified\":\"2026-04-23T06:15:18+00:00\",\"description\":\"Compra Dh-hac-me1239hn-a-pv Camara Analoga\/ \/ Hac-me1239hn-a-pv\/ Domo Tioc De 2 Mp\/ Disuasion Activa Luz Roja Y Azul\/ Lente De 3.6 Mm\/ Super Adapt\/ Microfono\/ 40 Mts De Iluminacion (ir Y Calida)\/ Metalica\/ Ip67 + Env\u00edo a domicilio + Pago seguro + Garant\u00eda\",\"breadcrumb\":{\"@id\":\"https:\/\/compuviper.mx\/tienda\/producto\/dahua-dh-hac-me1239hn-a-pv-camara-analoga-hac-me1239hn-a-pv-domo-tioc-de-2-mp-disuasion-activa-luz-roja-y-azul-lente-de-3-6-mm-super-adapt-microfono-40-mts-de-iluminacion-ir-y-calida-metal\/#breadcrumb\"},\"inLanguage\":\"es-MX\",\"potentialAction\":[{\"@type\":\"ReadAction\",\"target\":[\"https:\/\/compuviper.mx\/tienda\/producto\/dahua-dh-hac-me1239hn-a-pv-camara-analoga-hac-me1239hn-a-pv-domo-tioc-de-2-mp-disuasion-activa-luz-roja-y-azul-lente-de-3-6-mm-super-adapt-microfono-40-mts-de-iluminacion-ir-y-calida-metal\/\"]}]},{\"@type\":\"BreadcrumbList\",\"@id\":\"https:\/\/compuviper.mx\/tienda\/producto\/dahua-dh-hac-me1239hn-a-pv-camara-analoga-hac-me1239hn-a-pv-domo-tioc-de-2-mp-disuasion-activa-luz-roja-y-azul-lente-de-3-6-mm-super-adapt-microfono-40-mts-de-iluminacion-ir-y-calida-metal\/#breadcrumb\",\"itemListElement\":[{\"@type\":\"ListItem\",\"position\":1,\"name\":\"Inicio\",\"item\":\"https:\/\/compuviper.mx\/tienda\/\"},{\"@type\":\"ListItem\",\"position\":2,\"name\":\"Productos\",\"item\":\"https:\/\/compuviper.mx\/tienda\/productos\/\"},{\"@type\":\"ListItem\",\"position\":3,\"name\":\"Camaras\",\"item\":\"https:\/\/compuviper.mx\/tienda\/categoria-producto\/camaras-2\/\"},{\"@type\":\"ListItem\",\"position\":4,\"name\":\"Camara De Videovigilancia\",\"item\":\"https:\/\/compuviper.mx\/tienda\/categoria-producto\/camaras-2\/camara-de-videovigilancia\/\"},{\"@type\":\"ListItem\",\"position\":5,\"name\":\"Dahua Dh-hac-me1239hn-a-pv Camara Analoga\/ \/ Hac-me1239hn-a-pv\/ Domo Tioc De 2 Mp\/ Disuasion Activa Luz Roja Y Azul\/ Lente De 3.6 Mm\/ Super Adapt\/ Microfono\/ 40 Mts De Iluminacion (ir Y Calida)\/ Metalica\/ Ip67\"}]},{\"@type\":\"WebSite\",\"@id\":\"https:\/\/compuviper.mx\/tienda\/#website\",\"url\":\"https:\/\/compuviper.mx\/tienda\/\",\"name\":\"Compuviper\",\"description\":\"Proveedor de Computadoras, Laptops, Servidores, Monitores, Puntos de Venta, Teclados,   Impresoras, T\u00f3ner, C\u00e1maras de Seguridad y m\u00e1s en tu tienda en l\u00ednea\",\"publisher\":{\"@id\":\"https:\/\/compuviper.mx\/tienda\/#organization\"},\"potentialAction\":[{\"@type\":\"SearchAction\",\"target\":{\"@type\":\"EntryPoint\",\"urlTemplate\":\"https:\/\/compuviper.mx\/tienda\/?s={search_term_string}\"},\"query-input\":\"required name=search_term_string\"}],\"inLanguage\":\"es-MX\"},{\"@type\":\"Organization\",\"@id\":\"https:\/\/compuviper.mx\/tienda\/#organization\",\"name\":\"Compuviper\",\"url\":\"https:\/\/compuviper.mx\/tienda\/\",\"logo\":{\"@type\":\"ImageObject\",\"inLanguage\":\"es-MX\",\"@id\":\"https:\/\/compuviper.mx\/tienda\/#\/schema\/logo\/image\/\",\"url\":\"https:\/\/compuviper.mx\/tienda\/wp-content\/uploads\/2021\/08\/Logo-Compuviper-10.png\",\"contentUrl\":\"https:\/\/compuviper.mx\/tienda\/wp-content\/uploads\/2021\/08\/Logo-Compuviper-10.png\",\"width\":1000,\"height\":500,\"caption\":\"Compuviper\"},\"image\":{\"@id\":\"https:\/\/compuviper.mx\/tienda\/#\/schema\/logo\/image\/\"},\"sameAs\":[\"https:\/\/www.facebook.com\/compuviper\",\"https:\/\/www.youtube.com\/channel\/UCf73dERp9Y3cfOq7q8BhLjA?view_as=subscriber\"]}]}<\/script>\n<meta property=\"product:brand\" content=\"DAHUA\" \/>\n<meta property=\"product:price:amount\" content=\"1000\" \/>\n<meta property=\"product:price:currency\" content=\"MXN\" \/>\n<meta property=\"og:availability\" content=\"instock\" \/>\n<meta property=\"product:availability\" content=\"instock\" \/>\n<meta property=\"product:retailer_item_id\" content=\"DH-HAC-ME1239HN-A-PV\" \/>\n<meta property=\"product:condition\" content=\"new\" \/>\n<!-- \/ Yoast SEO plugin. -->","yoast_head_json":{"title":"[ Dahua ] &#129351; Dh-hac-me1239hn-a-pv Camara Analoga\/ \/ Hac-me1239hn-a-pv\/ Domo Tioc De 2 Mp\/ Disuasion Activa Luz Roja Y Azul\/ Lente De 3.6 Mm\/ Super Adapt\/ Microfono\/ 40 Mts De Iluminacion (ir Y Calida)\/ Metalica\/ Ip67","description":"Compra Dh-hac-me1239hn-a-pv Camara Analoga\/ \/ Hac-me1239hn-a-pv\/ Domo Tioc De 2 Mp\/ Disuasion Activa Luz Roja Y Azul\/ Lente De 3.6 Mm\/ Super Adapt\/ Microfono\/ 40 Mts De Iluminacion (ir Y Calida)\/ Metalica\/ Ip67 + Env\u00edo a domicilio + Pago seguro + Garant\u00eda","robots":{"index":"index","follow":"follow","max-snippet":"max-snippet:-1","max-image-preview":"max-image-preview:large","max-video-preview":"max-video-preview:-1"},"canonical":"https:\/\/compuviper.mx\/tienda\/producto\/dahua-dh-hac-me1239hn-a-pv-camara-analoga-hac-me1239hn-a-pv-domo-tioc-de-2-mp-disuasion-activa-luz-roja-y-azul-lente-de-3-6-mm-super-adapt-microfono-40-mts-de-iluminacion-ir-y-calida-metal\/","og_locale":"es_MX","og_type":"article","og_title":"[ Dahua ] &#129351; Dh-hac-me1239hn-a-pv Camara Analoga\/ \/ Hac-me1239hn-a-pv\/ Domo Tioc De 2 Mp\/ Disuasion Activa Luz Roja Y Azul\/ Lente De 3.6 Mm\/ Super Adapt\/ Microfono\/ 40 Mts De Iluminacion (ir Y Calida)\/ Metalica\/ Ip67","og_description":"Compra Dh-hac-me1239hn-a-pv Camara Analoga\/ \/ Hac-me1239hn-a-pv\/ Domo Tioc De 2 Mp\/ Disuasion Activa Luz Roja Y Azul\/ Lente De 3.6 Mm\/ Super Adapt\/ Microfono\/ 40 Mts De Iluminacion (ir Y Calida)\/ Metalica\/ Ip67 + Env\u00edo a domicilio + Pago seguro + Garant\u00eda","og_url":"https:\/\/compuviper.mx\/tienda\/producto\/dahua-dh-hac-me1239hn-a-pv-camara-analoga-hac-me1239hn-a-pv-domo-tioc-de-2-mp-disuasion-activa-luz-roja-y-azul-lente-de-3-6-mm-super-adapt-microfono-40-mts-de-iluminacion-ir-y-calida-metal\/","og_site_name":"Compuviper","article_publisher":"https:\/\/www.facebook.com\/compuviper","article_modified_time":"2026-04-23T06:15:18+00:00","og_image":[{"width":200,"height":200,"url":"https:\/\/compuviper.mx\/tienda\/wp-content\/uploads\/2025\/10\/Camara-analoga-dahua-hac-me1239hn-a-pv-domo-tioc-de-2-mp-disuasion-activa-luz-roja-y-azul-lente-de-3.6-mm-super-adapt-microfono-40-mts-de-iluminacion-ir-y-calida-metalica-ip67.jpg","type":"image\/jpeg"}],"twitter_card":"summary_large_image","twitter_misc":{"Precio":"&#36;1,000 con IVA","Availability":"In stock"},"schema":{"@context":"https:\/\/schema.org","@graph":[{"@type":"WebPage","@id":"https:\/\/compuviper.mx\/tienda\/producto\/dahua-dh-hac-me1239hn-a-pv-camara-analoga-hac-me1239hn-a-pv-domo-tioc-de-2-mp-disuasion-activa-luz-roja-y-azul-lente-de-3-6-mm-super-adapt-microfono-40-mts-de-iluminacion-ir-y-calida-metal\/","url":"https:\/\/compuviper.mx\/tienda\/producto\/dahua-dh-hac-me1239hn-a-pv-camara-analoga-hac-me1239hn-a-pv-domo-tioc-de-2-mp-disuasion-activa-luz-roja-y-azul-lente-de-3-6-mm-super-adapt-microfono-40-mts-de-iluminacion-ir-y-calida-metal\/","name":"[ Dahua ] &#129351; Dh-hac-me1239hn-a-pv Camara Analoga\/ \/ Hac-me1239hn-a-pv\/ Domo Tioc De 2 Mp\/ Disuasion Activa Luz Roja Y Azul\/ Lente De 3.6 Mm\/ Super Adapt\/ Microfono\/ 40 Mts De Iluminacion (ir Y Calida)\/ Metalica\/ Ip67","isPartOf":{"@id":"https:\/\/compuviper.mx\/tienda\/#website"},"datePublished":"2026-04-23T06:15:17+00:00","dateModified":"2026-04-23T06:15:18+00:00","description":"Compra Dh-hac-me1239hn-a-pv Camara Analoga\/ \/ Hac-me1239hn-a-pv\/ Domo Tioc De 2 Mp\/ Disuasion Activa Luz Roja Y Azul\/ Lente De 3.6 Mm\/ Super Adapt\/ Microfono\/ 40 Mts De Iluminacion (ir Y Calida)\/ Metalica\/ Ip67 + Env\u00edo a domicilio + Pago seguro + Garant\u00eda","breadcrumb":{"@id":"https:\/\/compuviper.mx\/tienda\/producto\/dahua-dh-hac-me1239hn-a-pv-camara-analoga-hac-me1239hn-a-pv-domo-tioc-de-2-mp-disuasion-activa-luz-roja-y-azul-lente-de-3-6-mm-super-adapt-microfono-40-mts-de-iluminacion-ir-y-calida-metal\/#breadcrumb"},"inLanguage":"es-MX","potentialAction":[{"@type":"ReadAction","target":["https:\/\/compuviper.mx\/tienda\/producto\/dahua-dh-hac-me1239hn-a-pv-camara-analoga-hac-me1239hn-a-pv-domo-tioc-de-2-mp-disuasion-activa-luz-roja-y-azul-lente-de-3-6-mm-super-adapt-microfono-40-mts-de-iluminacion-ir-y-calida-metal\/"]}]},{"@type":"BreadcrumbList","@id":"https:\/\/compuviper.mx\/tienda\/producto\/dahua-dh-hac-me1239hn-a-pv-camara-analoga-hac-me1239hn-a-pv-domo-tioc-de-2-mp-disuasion-activa-luz-roja-y-azul-lente-de-3-6-mm-super-adapt-microfono-40-mts-de-iluminacion-ir-y-calida-metal\/#breadcrumb","itemListElement":[{"@type":"ListItem","position":1,"name":"Inicio","item":"https:\/\/compuviper.mx\/tienda\/"},{"@type":"ListItem","position":2,"name":"Productos","item":"https:\/\/compuviper.mx\/tienda\/productos\/"},{"@type":"ListItem","position":3,"name":"Camaras","item":"https:\/\/compuviper.mx\/tienda\/categoria-producto\/camaras-2\/"},{"@type":"ListItem","position":4,"name":"Camara De Videovigilancia","item":"https:\/\/compuviper.mx\/tienda\/categoria-producto\/camaras-2\/camara-de-videovigilancia\/"},{"@type":"ListItem","position":5,"name":"Dahua Dh-hac-me1239hn-a-pv Camara Analoga\/ \/ Hac-me1239hn-a-pv\/ Domo Tioc De 2 Mp\/ Disuasion Activa Luz Roja Y Azul\/ Lente De 3.6 Mm\/ Super Adapt\/ Microfono\/ 40 Mts De Iluminacion (ir Y Calida)\/ Metalica\/ Ip67"}]},{"@type":"WebSite","@id":"https:\/\/compuviper.mx\/tienda\/#website","url":"https:\/\/compuviper.mx\/tienda\/","name":"Compuviper","description":"Proveedor de Computadoras, Laptops, Servidores, Monitores, Puntos de Venta, Teclados,   Impresoras, T\u00f3ner, C\u00e1maras de Seguridad y m\u00e1s en tu tienda en l\u00ednea","publisher":{"@id":"https:\/\/compuviper.mx\/tienda\/#organization"},"potentialAction":[{"@type":"SearchAction","target":{"@type":"EntryPoint","urlTemplate":"https:\/\/compuviper.mx\/tienda\/?s={search_term_string}"},"query-input":"required name=search_term_string"}],"inLanguage":"es-MX"},{"@type":"Organization","@id":"https:\/\/compuviper.mx\/tienda\/#organization","name":"Compuviper","url":"https:\/\/compuviper.mx\/tienda\/","logo":{"@type":"ImageObject","inLanguage":"es-MX","@id":"https:\/\/compuviper.mx\/tienda\/#\/schema\/logo\/image\/","url":"https:\/\/compuviper.mx\/tienda\/wp-content\/uploads\/2021\/08\/Logo-Compuviper-10.png","contentUrl":"https:\/\/compuviper.mx\/tienda\/wp-content\/uploads\/2021\/08\/Logo-Compuviper-10.png","width":1000,"height":500,"caption":"Compuviper"},"image":{"@id":"https:\/\/compuviper.mx\/tienda\/#\/schema\/logo\/image\/"},"sameAs":["https:\/\/www.facebook.com\/compuviper","https:\/\/www.youtube.com\/channel\/UCf73dERp9Y3cfOq7q8BhLjA?view_as=subscriber"]}]},"product_brand":"DAHUA","product_price_amount":"1000","product_price_currency":"MXN","og_availability":"instock","product_availability":"instock","product_retailer_item_id":"DH-HAC-ME1239HN-A-PV","product_condition":"new"},"_links":{"self":[{"href":"https:\/\/compuviper.mx\/tienda\/wp-json\/wp\/v2\/product\/248371"}],"collection":[{"href":"https:\/\/compuviper.mx\/tienda\/wp-json\/wp\/v2\/product"}],"about":[{"href":"https:\/\/compuviper.mx\/tienda\/wp-json\/wp\/v2\/types\/product"}],"replies":[{"embeddable":true,"href":"https:\/\/compuviper.mx\/tienda\/wp-json\/wp\/v2\/comments?post=248371"}],"wp:featuredmedia":[{"embeddable":true,"href":"https:\/\/compuviper.mx\/tienda\/wp-json\/wp\/v2\/media\/259384"}],"wp:attachment":[{"href":"https:\/\/compuviper.mx\/tienda\/wp-json\/wp\/v2\/media?parent=248371"}],"wp:term":[{"taxonomy":"product_cat","embeddable":true,"href":"https:\/\/compuviper.mx\/tienda\/wp-json\/wp\/v2\/product_cat?post=248371"},{"taxonomy":"product_tag","embeddable":true,"href":"https:\/\/compuviper.mx\/tienda\/wp-json\/wp\/v2\/product_tag?post=248371"}],"curies":[{"name":"wp","href":"https:\/\/api.w.org\/{rel}","templated":true}]}}