{"id":248199,"date":"2026-04-11T01:47:48","date_gmt":"2026-04-11T07:47:48","guid":{"rendered":"https:\/\/compuviper.mx\/tienda\/producto\/x-fusion-0251y070n-sx0251y070-memoria-ram-ddr4-rdimm-32gb-288pin-0-625ns-3200000khz-1-2v-ecc-2rank-2g4bit\/"},"modified":"2026-04-11T01:47:48","modified_gmt":"2026-04-11T07:47:48","slug":"x-fusion-0251y070n-sx0251y070-memoria-ram-ddr4-rdimm-32gb-288pin-0-625ns-3200000khz-1-2v-ecc-2rank-2g4bit","status":"publish","type":"product","link":"https:\/\/compuviper.mx\/tienda\/producto\/x-fusion-0251y070n-sx0251y070-memoria-ram-ddr4-rdimm-32gb-288pin-0-625ns-3200000khz-1-2v-ecc-2rank-2g4bit\/","title":{"rendered":"X-fusion 0251y070n-sx,0251y070 Memoria Ram Ddr4 Rdimm, 32gb, 288pin, 0.625ns, 3200000khz, 1.2v, Ecc, 2rank 2g4bit"},"content":{"rendered":"<table class=\"descripcion\">\n<tr>\n<td>Informacin tcnica:<\/td>\n<\/tr>\n<tr>\n<td>Informacion general<\/td>\n<\/tr>\n<tr>\n<td>Nombre del producto: 32gb 2rank 1.2v 3200mhz rdimm<\/td>\n<\/tr>\n<tr>\n<td>Tipo de producto: modulo ram<\/td>\n<\/tr>\n<tr>\n<td>Capacidad de la memoria: dimm 32 gb<\/td>\n<\/tr>\n<tr>\n<td>Tecnologia de memoria ddr4<\/td>\n<\/tr>\n<tr>\n<td>Voltaje de memoria: 1.2v<\/td>\n<\/tr>\n<tr>\n<td>Velocidad de la memoria: 3200 mhz<\/td>\n<\/tr>\n<tr>\n<td>Comprobacion de errores: ecc<\/td>\n<\/tr>\n<tr>\n<td>Dispositivo compatible: servidor 2288h v6 16dimm<\/td>\n<\/tr>\n<tr>\n<td>Caracteristicas fisicas<\/td>\n<\/tr>\n<tr>\n<td>Numero de pines: 288 pines<\/td>\n<\/tr>\n<tr>\n<td>Factor de forma: dimm<\/td>\n<\/tr>\n<tr>\n<td>Rango 2g  4 bits<\/td>\n<\/tr>\n<tr>\n<td>Modelo: m432r32<\/td>\n<\/tr>\n<\/table>\n","protected":false},"excerpt":{"rendered":"<p>Informacin comercial. La memoria ram ddr4 rdimm, 32gb, modelo 0251y070, ofrece un rendimiento ptimo para los servidores. Con una capacidad de 32 gb, esta memoria est\u00e1 diseada para satisfacer las necesidades de aplicaciones que requieren un alto rendimiento. Su tipo de memoria interna es ddr4, lo que garantiza una mayor velocidad y eficiencia. La velocidad de la memoria alcanza los 3200 mhz, lo que permite un procesamiento \u00e1gil de datos. Este mdulo de memoria tiene un diseo de 1 x 32 gb y utiliza un factor de forma de 288 pines dimm, lo que facilita su instalacin en la mayora. El voltaje de operacin es de 1.2 v, lo que asegura un consumo energtico eficiente. Adem\u00e1s, esta memoria ram cuenta con soporte ecc error-correcting code, lo que proporciona una mayor fiabilidad al detectar y corregir errores en los datos, siendo ideal para entornos crticos donde la estabilidad es fundamental.<\/p>\n","protected":false},"featured_media":260646,"comment_status":"open","ping_status":"open","template":"","meta":[],"product_cat":[1793,1797],"product_tag":[2205],"acf":[],"yoast_head":"<!-- This site is optimized with the Yoast SEO plugin v21.7 - https:\/\/yoast.com\/wordpress\/plugins\/seo\/ -->\n<title>[ X-fusion ] &#129351; 0251y070n-sx,0251y070 Memoria Ram Ddr4 Rdimm, 32gb, 288pin, 0.625ns, 3200000khz, 1.2v, Ecc, 2rank 2g4bit<\/title>\n<meta name=\"description\" content=\"Compra 0251y070n-sx,0251y070 Memoria Ram Ddr4 Rdimm, 32gb, 288pin, 0.625ns, 3200000khz, 1.2v, Ecc, 2rank 2g4bit + Env\u00edo a domicilio + Pago seguro + Garant\u00eda\" \/>\n<meta name=\"robots\" content=\"index, follow, max-snippet:-1, max-image-preview:large, max-video-preview:-1\" \/>\n<link rel=\"canonical\" href=\"https:\/\/compuviper.mx\/tienda\/producto\/x-fusion-0251y070n-sx0251y070-memoria-ram-ddr4-rdimm-32gb-288pin-0-625ns-3200000khz-1-2v-ecc-2rank-2g4bit\/\" \/>\n<meta property=\"og:locale\" content=\"es_MX\" \/>\n<meta property=\"og:type\" content=\"article\" \/>\n<meta property=\"og:title\" content=\"[ X-fusion ] &#129351; 0251y070n-sx,0251y070 Memoria Ram Ddr4 Rdimm, 32gb, 288pin, 0.625ns, 3200000khz, 1.2v, Ecc, 2rank 2g4bit\" \/>\n<meta property=\"og:description\" content=\"Compra 0251y070n-sx,0251y070 Memoria Ram Ddr4 Rdimm, 32gb, 288pin, 0.625ns, 3200000khz, 1.2v, Ecc, 2rank 2g4bit + Env\u00edo a domicilio + Pago seguro + Garant\u00eda\" \/>\n<meta property=\"og:url\" content=\"https:\/\/compuviper.mx\/tienda\/producto\/x-fusion-0251y070n-sx0251y070-memoria-ram-ddr4-rdimm-32gb-288pin-0-625ns-3200000khz-1-2v-ecc-2rank-2g4bit\/\" \/>\n<meta property=\"og:site_name\" content=\"Compuviper\" \/>\n<meta property=\"article:publisher\" content=\"https:\/\/www.facebook.com\/compuviper\" \/>\n<meta property=\"og:image\" content=\"https:\/\/compuviper.mx\/tienda\/wp-content\/uploads\/2025\/10\/Memoria-ram-ddr4-rdimm-32gb-288pin-0.625ns-3200000khz-1.2v-ecc-2rank-2g4bit.jpg\" \/>\n\t<meta property=\"og:image:width\" content=\"200\" \/>\n\t<meta property=\"og:image:height\" content=\"200\" \/>\n\t<meta property=\"og:image:type\" content=\"image\/jpeg\" \/>\n<meta name=\"twitter:card\" content=\"summary_large_image\" \/>\n<meta name=\"twitter:label1\" content=\"Precio\" \/>\n\t<meta name=\"twitter:data1\" content=\"&#36;2,371 con IVA\" \/>\n\t<meta name=\"twitter:label2\" content=\"Availability\" \/>\n\t<meta name=\"twitter:data2\" content=\"Out of stock\" \/>\n<script type=\"application\/ld+json\" class=\"yoast-schema-graph\">{\"@context\":\"https:\/\/schema.org\",\"@graph\":[{\"@type\":\"WebPage\",\"@id\":\"https:\/\/compuviper.mx\/tienda\/producto\/x-fusion-0251y070n-sx0251y070-memoria-ram-ddr4-rdimm-32gb-288pin-0-625ns-3200000khz-1-2v-ecc-2rank-2g4bit\/\",\"url\":\"https:\/\/compuviper.mx\/tienda\/producto\/x-fusion-0251y070n-sx0251y070-memoria-ram-ddr4-rdimm-32gb-288pin-0-625ns-3200000khz-1-2v-ecc-2rank-2g4bit\/\",\"name\":\"[ X-fusion ] &#129351; 0251y070n-sx,0251y070 Memoria Ram Ddr4 Rdimm, 32gb, 288pin, 0.625ns, 3200000khz, 1.2v, Ecc, 2rank 2g4bit\",\"isPartOf\":{\"@id\":\"https:\/\/compuviper.mx\/tienda\/#website\"},\"datePublished\":\"2026-04-11T07:47:48+00:00\",\"dateModified\":\"2026-04-11T07:47:48+00:00\",\"description\":\"Compra 0251y070n-sx,0251y070 Memoria Ram Ddr4 Rdimm, 32gb, 288pin, 0.625ns, 3200000khz, 1.2v, Ecc, 2rank 2g4bit + Env\u00edo a domicilio + Pago seguro + Garant\u00eda\",\"breadcrumb\":{\"@id\":\"https:\/\/compuviper.mx\/tienda\/producto\/x-fusion-0251y070n-sx0251y070-memoria-ram-ddr4-rdimm-32gb-288pin-0-625ns-3200000khz-1-2v-ecc-2rank-2g4bit\/#breadcrumb\"},\"inLanguage\":\"es-MX\",\"potentialAction\":[{\"@type\":\"ReadAction\",\"target\":[\"https:\/\/compuviper.mx\/tienda\/producto\/x-fusion-0251y070n-sx0251y070-memoria-ram-ddr4-rdimm-32gb-288pin-0-625ns-3200000khz-1-2v-ecc-2rank-2g4bit\/\"]}]},{\"@type\":\"BreadcrumbList\",\"@id\":\"https:\/\/compuviper.mx\/tienda\/producto\/x-fusion-0251y070n-sx0251y070-memoria-ram-ddr4-rdimm-32gb-288pin-0-625ns-3200000khz-1-2v-ecc-2rank-2g4bit\/#breadcrumb\",\"itemListElement\":[{\"@type\":\"ListItem\",\"position\":1,\"name\":\"Inicio\",\"item\":\"https:\/\/compuviper.mx\/tienda\/\"},{\"@type\":\"ListItem\",\"position\":2,\"name\":\"Productos\",\"item\":\"https:\/\/compuviper.mx\/tienda\/productos\/\"},{\"@type\":\"ListItem\",\"position\":3,\"name\":\"Memorias\",\"item\":\"https:\/\/compuviper.mx\/tienda\/categoria-producto\/memorias\/\"},{\"@type\":\"ListItem\",\"position\":4,\"name\":\"Memoria Ram\",\"item\":\"https:\/\/compuviper.mx\/tienda\/categoria-producto\/memorias\/memoria-ram\/\"},{\"@type\":\"ListItem\",\"position\":5,\"name\":\"X-fusion 0251y070n-sx,0251y070 Memoria Ram Ddr4 Rdimm, 32gb, 288pin, 0.625ns, 3200000khz, 1.2v, Ecc, 2rank 2g4bit\"}]},{\"@type\":\"WebSite\",\"@id\":\"https:\/\/compuviper.mx\/tienda\/#website\",\"url\":\"https:\/\/compuviper.mx\/tienda\/\",\"name\":\"Compuviper\",\"description\":\"Proveedor de Computadoras, Laptops, Servidores, Monitores, Puntos de Venta, Teclados,   Impresoras, T\u00f3ner, C\u00e1maras de Seguridad y m\u00e1s en tu tienda en l\u00ednea\",\"publisher\":{\"@id\":\"https:\/\/compuviper.mx\/tienda\/#organization\"},\"potentialAction\":[{\"@type\":\"SearchAction\",\"target\":{\"@type\":\"EntryPoint\",\"urlTemplate\":\"https:\/\/compuviper.mx\/tienda\/?s={search_term_string}\"},\"query-input\":\"required name=search_term_string\"}],\"inLanguage\":\"es-MX\"},{\"@type\":\"Organization\",\"@id\":\"https:\/\/compuviper.mx\/tienda\/#organization\",\"name\":\"Compuviper\",\"url\":\"https:\/\/compuviper.mx\/tienda\/\",\"logo\":{\"@type\":\"ImageObject\",\"inLanguage\":\"es-MX\",\"@id\":\"https:\/\/compuviper.mx\/tienda\/#\/schema\/logo\/image\/\",\"url\":\"https:\/\/compuviper.mx\/tienda\/wp-content\/uploads\/2021\/08\/Logo-Compuviper-10.png\",\"contentUrl\":\"https:\/\/compuviper.mx\/tienda\/wp-content\/uploads\/2021\/08\/Logo-Compuviper-10.png\",\"width\":1000,\"height\":500,\"caption\":\"Compuviper\"},\"image\":{\"@id\":\"https:\/\/compuviper.mx\/tienda\/#\/schema\/logo\/image\/\"},\"sameAs\":[\"https:\/\/www.facebook.com\/compuviper\",\"https:\/\/www.youtube.com\/channel\/UCf73dERp9Y3cfOq7q8BhLjA?view_as=subscriber\"]}]}<\/script>\n<meta property=\"product:brand\" content=\"X-fusion\" \/>\n<meta property=\"product:price:amount\" content=\"2371\" \/>\n<meta property=\"product:price:currency\" content=\"MXN\" \/>\n<meta property=\"og:availability\" content=\"out of stock\" \/>\n<meta property=\"product:availability\" content=\"out of stock\" \/>\n<meta property=\"product:retailer_item_id\" content=\"0251Y070N-SX,0251Y070\" \/>\n<meta property=\"product:condition\" content=\"new\" \/>\n<!-- \/ Yoast SEO plugin. -->","yoast_head_json":{"title":"[ X-fusion ] &#129351; 0251y070n-sx,0251y070 Memoria Ram Ddr4 Rdimm, 32gb, 288pin, 0.625ns, 3200000khz, 1.2v, Ecc, 2rank 2g4bit","description":"Compra 0251y070n-sx,0251y070 Memoria Ram Ddr4 Rdimm, 32gb, 288pin, 0.625ns, 3200000khz, 1.2v, Ecc, 2rank 2g4bit + Env\u00edo a domicilio + Pago seguro + Garant\u00eda","robots":{"index":"index","follow":"follow","max-snippet":"max-snippet:-1","max-image-preview":"max-image-preview:large","max-video-preview":"max-video-preview:-1"},"canonical":"https:\/\/compuviper.mx\/tienda\/producto\/x-fusion-0251y070n-sx0251y070-memoria-ram-ddr4-rdimm-32gb-288pin-0-625ns-3200000khz-1-2v-ecc-2rank-2g4bit\/","og_locale":"es_MX","og_type":"article","og_title":"[ X-fusion ] &#129351; 0251y070n-sx,0251y070 Memoria Ram Ddr4 Rdimm, 32gb, 288pin, 0.625ns, 3200000khz, 1.2v, Ecc, 2rank 2g4bit","og_description":"Compra 0251y070n-sx,0251y070 Memoria Ram Ddr4 Rdimm, 32gb, 288pin, 0.625ns, 3200000khz, 1.2v, Ecc, 2rank 2g4bit + Env\u00edo a domicilio + Pago seguro + Garant\u00eda","og_url":"https:\/\/compuviper.mx\/tienda\/producto\/x-fusion-0251y070n-sx0251y070-memoria-ram-ddr4-rdimm-32gb-288pin-0-625ns-3200000khz-1-2v-ecc-2rank-2g4bit\/","og_site_name":"Compuviper","article_publisher":"https:\/\/www.facebook.com\/compuviper","og_image":[{"width":200,"height":200,"url":"https:\/\/compuviper.mx\/tienda\/wp-content\/uploads\/2025\/10\/Memoria-ram-ddr4-rdimm-32gb-288pin-0.625ns-3200000khz-1.2v-ecc-2rank-2g4bit.jpg","type":"image\/jpeg"}],"twitter_card":"summary_large_image","twitter_misc":{"Precio":"&#36;2,371 con IVA","Availability":"Out of stock"},"schema":{"@context":"https:\/\/schema.org","@graph":[{"@type":"WebPage","@id":"https:\/\/compuviper.mx\/tienda\/producto\/x-fusion-0251y070n-sx0251y070-memoria-ram-ddr4-rdimm-32gb-288pin-0-625ns-3200000khz-1-2v-ecc-2rank-2g4bit\/","url":"https:\/\/compuviper.mx\/tienda\/producto\/x-fusion-0251y070n-sx0251y070-memoria-ram-ddr4-rdimm-32gb-288pin-0-625ns-3200000khz-1-2v-ecc-2rank-2g4bit\/","name":"[ X-fusion ] &#129351; 0251y070n-sx,0251y070 Memoria Ram Ddr4 Rdimm, 32gb, 288pin, 0.625ns, 3200000khz, 1.2v, Ecc, 2rank 2g4bit","isPartOf":{"@id":"https:\/\/compuviper.mx\/tienda\/#website"},"datePublished":"2026-04-11T07:47:48+00:00","dateModified":"2026-04-11T07:47:48+00:00","description":"Compra 0251y070n-sx,0251y070 Memoria Ram Ddr4 Rdimm, 32gb, 288pin, 0.625ns, 3200000khz, 1.2v, Ecc, 2rank 2g4bit + Env\u00edo a domicilio + Pago seguro + Garant\u00eda","breadcrumb":{"@id":"https:\/\/compuviper.mx\/tienda\/producto\/x-fusion-0251y070n-sx0251y070-memoria-ram-ddr4-rdimm-32gb-288pin-0-625ns-3200000khz-1-2v-ecc-2rank-2g4bit\/#breadcrumb"},"inLanguage":"es-MX","potentialAction":[{"@type":"ReadAction","target":["https:\/\/compuviper.mx\/tienda\/producto\/x-fusion-0251y070n-sx0251y070-memoria-ram-ddr4-rdimm-32gb-288pin-0-625ns-3200000khz-1-2v-ecc-2rank-2g4bit\/"]}]},{"@type":"BreadcrumbList","@id":"https:\/\/compuviper.mx\/tienda\/producto\/x-fusion-0251y070n-sx0251y070-memoria-ram-ddr4-rdimm-32gb-288pin-0-625ns-3200000khz-1-2v-ecc-2rank-2g4bit\/#breadcrumb","itemListElement":[{"@type":"ListItem","position":1,"name":"Inicio","item":"https:\/\/compuviper.mx\/tienda\/"},{"@type":"ListItem","position":2,"name":"Productos","item":"https:\/\/compuviper.mx\/tienda\/productos\/"},{"@type":"ListItem","position":3,"name":"Memorias","item":"https:\/\/compuviper.mx\/tienda\/categoria-producto\/memorias\/"},{"@type":"ListItem","position":4,"name":"Memoria Ram","item":"https:\/\/compuviper.mx\/tienda\/categoria-producto\/memorias\/memoria-ram\/"},{"@type":"ListItem","position":5,"name":"X-fusion 0251y070n-sx,0251y070 Memoria Ram Ddr4 Rdimm, 32gb, 288pin, 0.625ns, 3200000khz, 1.2v, Ecc, 2rank 2g4bit"}]},{"@type":"WebSite","@id":"https:\/\/compuviper.mx\/tienda\/#website","url":"https:\/\/compuviper.mx\/tienda\/","name":"Compuviper","description":"Proveedor de Computadoras, Laptops, Servidores, Monitores, Puntos de Venta, Teclados,   Impresoras, T\u00f3ner, C\u00e1maras de Seguridad y m\u00e1s en tu tienda en l\u00ednea","publisher":{"@id":"https:\/\/compuviper.mx\/tienda\/#organization"},"potentialAction":[{"@type":"SearchAction","target":{"@type":"EntryPoint","urlTemplate":"https:\/\/compuviper.mx\/tienda\/?s={search_term_string}"},"query-input":"required name=search_term_string"}],"inLanguage":"es-MX"},{"@type":"Organization","@id":"https:\/\/compuviper.mx\/tienda\/#organization","name":"Compuviper","url":"https:\/\/compuviper.mx\/tienda\/","logo":{"@type":"ImageObject","inLanguage":"es-MX","@id":"https:\/\/compuviper.mx\/tienda\/#\/schema\/logo\/image\/","url":"https:\/\/compuviper.mx\/tienda\/wp-content\/uploads\/2021\/08\/Logo-Compuviper-10.png","contentUrl":"https:\/\/compuviper.mx\/tienda\/wp-content\/uploads\/2021\/08\/Logo-Compuviper-10.png","width":1000,"height":500,"caption":"Compuviper"},"image":{"@id":"https:\/\/compuviper.mx\/tienda\/#\/schema\/logo\/image\/"},"sameAs":["https:\/\/www.facebook.com\/compuviper","https:\/\/www.youtube.com\/channel\/UCf73dERp9Y3cfOq7q8BhLjA?view_as=subscriber"]}]},"product_brand":"X-fusion","product_price_amount":"2371","product_price_currency":"MXN","og_availability":"out of stock","product_availability":"out of stock","product_retailer_item_id":"0251Y070N-SX,0251Y070","product_condition":"new"},"_links":{"self":[{"href":"https:\/\/compuviper.mx\/tienda\/wp-json\/wp\/v2\/product\/248199"}],"collection":[{"href":"https:\/\/compuviper.mx\/tienda\/wp-json\/wp\/v2\/product"}],"about":[{"href":"https:\/\/compuviper.mx\/tienda\/wp-json\/wp\/v2\/types\/product"}],"replies":[{"embeddable":true,"href":"https:\/\/compuviper.mx\/tienda\/wp-json\/wp\/v2\/comments?post=248199"}],"wp:featuredmedia":[{"embeddable":true,"href":"https:\/\/compuviper.mx\/tienda\/wp-json\/wp\/v2\/media\/260646"}],"wp:attachment":[{"href":"https:\/\/compuviper.mx\/tienda\/wp-json\/wp\/v2\/media?parent=248199"}],"wp:term":[{"taxonomy":"product_cat","embeddable":true,"href":"https:\/\/compuviper.mx\/tienda\/wp-json\/wp\/v2\/product_cat?post=248199"},{"taxonomy":"product_tag","embeddable":true,"href":"https:\/\/compuviper.mx\/tienda\/wp-json\/wp\/v2\/product_tag?post=248199"}],"curies":[{"name":"wp","href":"https:\/\/api.w.org\/{rel}","templated":true}]}}