{"id":248110,"date":"2026-04-11T01:22:40","date_gmt":"2026-04-11T07:22:40","guid":{"rendered":"https:\/\/compuviper.mx\/tienda\/producto\/hikvision-ds-7108ni-k1-w-mc-nvr-4-megapixel-8-canales-ip-1-baha-de-disco-duro-2-antenas-wi-fi-salida-de-vdeo-full-hd\/"},"modified":"2026-04-11T01:22:40","modified_gmt":"2026-04-11T07:22:40","slug":"hikvision-ds-7108ni-k1-w-mc-nvr-4-megapixel-8-canales-ip-1-baha-de-disco-duro-2-antenas-wi-fi-salida-de-vdeo-full-hd","status":"publish","type":"product","link":"https:\/\/compuviper.mx\/tienda\/producto\/hikvision-ds-7108ni-k1-w-mc-nvr-4-megapixel-8-canales-ip-1-baha-de-disco-duro-2-antenas-wi-fi-salida-de-vdeo-full-hd\/","title":{"rendered":"Hikvision Ds-7108ni-k1\/w\/m(c) Nvr 4 Megapixel \/ 8 Canales Ip \/ 1 Bah?a De Disco Duro \/ 2 Antenas Wi-fi \/ Salida De V?deo Full Hd"},"content":{"rendered":"<table class=\"descripcion\">\n<tr>\n<td>Caracter\u00edsticas principales:<\/td>\n<\/tr>\n<tr>\n<td>Compresi\u00f3n de video: h.265+ \/ h.265 \/ h.264+ \/ h.264<\/td>\n<\/tr>\n<tr>\n<td>Soporta mouse usb para su operaci\u00f3n (incluido)<\/td>\n<\/tr>\n<tr>\n<td>Soporta 1 disco duro de hasta 6 tb (no inluido)<\/td>\n<\/tr>\n<tr>\n<td>Compatible con hik-connect p2p \/ dyndns \/ no-ip<\/td>\n<\/tr>\n<tr>\n<td>Compatible con el software ivms-4200 (gratuito).<\/td>\n<\/tr>\n<tr>\n<td>Caracter\u00edsticas f\u00edsicas y el\u00e9ctricas:<\/td>\n<\/tr>\n<tr>\n<td>Dimensiones 265 x 246 x 48 mm.<\/td>\n<\/tr>\n<tr>\n<td>Peso: 1.6 kg.<\/td>\n<\/tr>\n<tr>\n<td>Garant\u00eda: 2 a\u00f1os.<\/td>\n<\/tr>\n<tr>\n<td>Alimentaci\u00f3n \/ consumo :12 vcc \/ 10 w m\u00e1ximo.<\/td>\n<\/tr>\n<tr>\n<td>Caracter\u00edsticas destacadas:<\/td>\n<\/tr>\n<tr>\n<td>Procesamiento entrada (throughput entrada): 50 mbps.<\/td>\n<\/tr>\n<tr>\n<td>Procesamiento salida (throughput salida): 40 mbps.<\/td>\n<\/tr>\n<tr>\n<td>1 puerto red lan 100 mbps.<\/td>\n<\/tr>\n<tr>\n<td>Cuenta con dos antenas 2mimo (frecuencia 2.4 ghz).<\/td>\n<\/tr>\n<tr>\n<td>Compatible con todas las c\u00e1maras wifi marca hikvision.<\/td>\n<\/tr>\n<tr>\n<td>Resoluci\u00f3n de grabacion por canal (recomendado):<\/td>\n<\/tr>\n<tr>\n<td>1 megapixel: 8 canales @ 30 ips.<\/td>\n<\/tr>\n<tr>\n<td>2 megapixel: 8 canales @ 30 ips.<\/td>\n<\/tr>\n<tr>\n<td>4 megapixel: 8 canales @ 30 ips.<\/td>\n<\/tr>\n<tr>\n<td>Reproducci\u00f3n s\u00edncrona en canales: 8 canales.<\/td>\n<\/tr>\n<tr>\n<td>Consideraciones:<\/td>\n<\/tr>\n<tr>\n<td>El alcance del wifi entre las c\u00e1maras y el nvr depender\u00e1 de las limitaciones que se tenga como por ejemplo: muros de concreto, alg\u00fan otro modem en 2.4 ghz, ruido en el ambiente, etc.<\/td>\n<\/tr>\n<tr>\n<td>El nvr se tiene que conectar via ethernet hacia el modem (router) por el cual saldr\u00e1 por internet, solo las c\u00e1maras wifi se pueden conectar de manera inal\u00e1mbrica hacia el nvr.<\/td>\n<\/tr>\n<tr>\n<td>El para un mejor desempe\u00f1o con los modelos ds-2cv2121g2-idw(d), ds-2cv2141g2-idw(d), ds-2cv2021g2-idw(d), ds-2cv2041g2-idw(d), se recomienda actualizar las c\u00e1maras a la versi\u00f3n de firmware.<\/td>\n<\/tr>\n<\/table>\n","protected":false},"excerpt":{"rendered":"<p>Compresi\u00f3n video: h.265+, h.265, h.264+, h.264. Soporta disco duro hasta 6 tb (no incluido. Compatible con hik-connect p2p y software ivms-4200. Procesamiento entrada\/salida: 50\/40 mbps. 2 antenas mimo, frecuencia 2.4 ghz<\/p>\n","protected":false},"featured_media":260416,"comment_status":"open","ping_status":"open","template":"","meta":[],"product_cat":[1689,1768],"product_tag":[1595],"acf":[],"yoast_head":"<!-- This site is optimized with the Yoast SEO plugin v21.7 - https:\/\/yoast.com\/wordpress\/plugins\/seo\/ -->\n<title>[ Hikvision ] &#129351; Ds-7108ni-k1\/w\/m(c) Nvr 4 Megapixel \/ 8 Canales Ip \/ 1 Bah\u00eda De Disco Duro \/ 2 Antenas Wi-fi \/ Salida De V\u00eddeo Full Hd<\/title>\n<meta name=\"description\" content=\"Compra Ds-7108ni-k1\/w\/m(c) Nvr 4 Megapixel \/ 8 Canales Ip \/ 1 Bah\u00eda De Disco Duro \/ 2 Antenas Wi-fi \/ Salida De V\u00eddeo Full Hd + Env\u00edo a domicilio + Pago seguro + Garant\u00eda\" \/>\n<meta name=\"robots\" content=\"index, follow, max-snippet:-1, max-image-preview:large, max-video-preview:-1\" \/>\n<link rel=\"canonical\" href=\"https:\/\/compuviper.mx\/tienda\/producto\/hikvision-ds-7108ni-k1-w-mc-nvr-4-megapixel-8-canales-ip-1-baha-de-disco-duro-2-antenas-wi-fi-salida-de-vdeo-full-hd\/\" \/>\n<meta property=\"og:locale\" content=\"es_MX\" \/>\n<meta property=\"og:type\" content=\"article\" \/>\n<meta property=\"og:title\" content=\"[ Hikvision ] &#129351; Ds-7108ni-k1\/w\/m(c) Nvr 4 Megapixel \/ 8 Canales Ip \/ 1 Bah\u00eda De Disco Duro \/ 2 Antenas Wi-fi \/ Salida De V\u00eddeo Full Hd\" \/>\n<meta property=\"og:description\" content=\"Compra Ds-7108ni-k1\/w\/m(c) Nvr 4 Megapixel \/ 8 Canales Ip \/ 1 Bah\u00eda De Disco Duro \/ 2 Antenas Wi-fi \/ Salida De V\u00eddeo Full Hd + Env\u00edo a domicilio + Pago seguro + Garant\u00eda\" \/>\n<meta property=\"og:url\" content=\"https:\/\/compuviper.mx\/tienda\/producto\/hikvision-ds-7108ni-k1-w-mc-nvr-4-megapixel-8-canales-ip-1-baha-de-disco-duro-2-antenas-wi-fi-salida-de-vdeo-full-hd\/\" \/>\n<meta property=\"og:site_name\" content=\"Compuviper\" \/>\n<meta property=\"article:publisher\" content=\"https:\/\/www.facebook.com\/compuviper\" \/>\n<meta property=\"og:image\" content=\"https:\/\/compuviper.mx\/tienda\/wp-content\/uploads\/2025\/10\/Nvr-4-megapixel-8-canales-ip-1-bahia-de-disco-duro-2-antenas-wi-fi-salida-de-video-full-hd.jpg\" \/>\n\t<meta property=\"og:image:width\" content=\"200\" \/>\n\t<meta property=\"og:image:height\" content=\"200\" \/>\n\t<meta property=\"og:image:type\" content=\"image\/jpeg\" \/>\n<meta name=\"twitter:card\" content=\"summary_large_image\" \/>\n<meta name=\"twitter:label1\" content=\"Precio\" \/>\n\t<meta name=\"twitter:data1\" content=\"&#36;1,709 con IVA\" \/>\n\t<meta name=\"twitter:label2\" content=\"Availability\" \/>\n\t<meta name=\"twitter:data2\" content=\"On backorder\" \/>\n<script type=\"application\/ld+json\" class=\"yoast-schema-graph\">{\"@context\":\"https:\/\/schema.org\",\"@graph\":[{\"@type\":\"WebPage\",\"@id\":\"https:\/\/compuviper.mx\/tienda\/producto\/hikvision-ds-7108ni-k1-w-mc-nvr-4-megapixel-8-canales-ip-1-baha-de-disco-duro-2-antenas-wi-fi-salida-de-vdeo-full-hd\/\",\"url\":\"https:\/\/compuviper.mx\/tienda\/producto\/hikvision-ds-7108ni-k1-w-mc-nvr-4-megapixel-8-canales-ip-1-baha-de-disco-duro-2-antenas-wi-fi-salida-de-vdeo-full-hd\/\",\"name\":\"[ Hikvision ] &#129351; Ds-7108ni-k1\/w\/m(c) Nvr 4 Megapixel \/ 8 Canales Ip \/ 1 Bah\u00eda De Disco Duro \/ 2 Antenas Wi-fi \/ Salida De V\u00eddeo Full Hd\",\"isPartOf\":{\"@id\":\"https:\/\/compuviper.mx\/tienda\/#website\"},\"datePublished\":\"2026-04-11T07:22:40+00:00\",\"dateModified\":\"2026-04-11T07:22:40+00:00\",\"description\":\"Compra Ds-7108ni-k1\/w\/m(c) Nvr 4 Megapixel \/ 8 Canales Ip \/ 1 Bah\u00eda De Disco Duro \/ 2 Antenas Wi-fi \/ Salida De V\u00eddeo Full Hd + Env\u00edo a domicilio + Pago seguro + Garant\u00eda\",\"breadcrumb\":{\"@id\":\"https:\/\/compuviper.mx\/tienda\/producto\/hikvision-ds-7108ni-k1-w-mc-nvr-4-megapixel-8-canales-ip-1-baha-de-disco-duro-2-antenas-wi-fi-salida-de-vdeo-full-hd\/#breadcrumb\"},\"inLanguage\":\"es-MX\",\"potentialAction\":[{\"@type\":\"ReadAction\",\"target\":[\"https:\/\/compuviper.mx\/tienda\/producto\/hikvision-ds-7108ni-k1-w-mc-nvr-4-megapixel-8-canales-ip-1-baha-de-disco-duro-2-antenas-wi-fi-salida-de-vdeo-full-hd\/\"]}]},{\"@type\":\"BreadcrumbList\",\"@id\":\"https:\/\/compuviper.mx\/tienda\/producto\/hikvision-ds-7108ni-k1-w-mc-nvr-4-megapixel-8-canales-ip-1-baha-de-disco-duro-2-antenas-wi-fi-salida-de-vdeo-full-hd\/#breadcrumb\",\"itemListElement\":[{\"@type\":\"ListItem\",\"position\":1,\"name\":\"Inicio\",\"item\":\"https:\/\/compuviper.mx\/tienda\/\"},{\"@type\":\"ListItem\",\"position\":2,\"name\":\"Productos\",\"item\":\"https:\/\/compuviper.mx\/tienda\/productos\/\"},{\"@type\":\"ListItem\",\"position\":3,\"name\":\"Videograbadores\",\"item\":\"https:\/\/compuviper.mx\/tienda\/categoria-producto\/videograbadores\/\"},{\"@type\":\"ListItem\",\"position\":4,\"name\":\"Nvr\",\"item\":\"https:\/\/compuviper.mx\/tienda\/categoria-producto\/videograbadores\/nvr\/\"},{\"@type\":\"ListItem\",\"position\":5,\"name\":\"Hikvision Ds-7108ni-k1\/w\/m(c) Nvr 4 Megapixel \/ 8 Canales Ip \/ 1 Bah?a De Disco Duro \/ 2 Antenas Wi-fi \/ Salida De V?deo Full Hd\"}]},{\"@type\":\"WebSite\",\"@id\":\"https:\/\/compuviper.mx\/tienda\/#website\",\"url\":\"https:\/\/compuviper.mx\/tienda\/\",\"name\":\"Compuviper\",\"description\":\"Proveedor de Computadoras, Laptops, Servidores, Monitores, Puntos de Venta, Teclados,   Impresoras, T\u00f3ner, C\u00e1maras de Seguridad y m\u00e1s en tu tienda en l\u00ednea\",\"publisher\":{\"@id\":\"https:\/\/compuviper.mx\/tienda\/#organization\"},\"potentialAction\":[{\"@type\":\"SearchAction\",\"target\":{\"@type\":\"EntryPoint\",\"urlTemplate\":\"https:\/\/compuviper.mx\/tienda\/?s={search_term_string}\"},\"query-input\":\"required name=search_term_string\"}],\"inLanguage\":\"es-MX\"},{\"@type\":\"Organization\",\"@id\":\"https:\/\/compuviper.mx\/tienda\/#organization\",\"name\":\"Compuviper\",\"url\":\"https:\/\/compuviper.mx\/tienda\/\",\"logo\":{\"@type\":\"ImageObject\",\"inLanguage\":\"es-MX\",\"@id\":\"https:\/\/compuviper.mx\/tienda\/#\/schema\/logo\/image\/\",\"url\":\"https:\/\/compuviper.mx\/tienda\/wp-content\/uploads\/2021\/08\/Logo-Compuviper-10.png\",\"contentUrl\":\"https:\/\/compuviper.mx\/tienda\/wp-content\/uploads\/2021\/08\/Logo-Compuviper-10.png\",\"width\":1000,\"height\":500,\"caption\":\"Compuviper\"},\"image\":{\"@id\":\"https:\/\/compuviper.mx\/tienda\/#\/schema\/logo\/image\/\"},\"sameAs\":[\"https:\/\/www.facebook.com\/compuviper\",\"https:\/\/www.youtube.com\/channel\/UCf73dERp9Y3cfOq7q8BhLjA?view_as=subscriber\"]}]}<\/script>\n<meta property=\"product:brand\" content=\"HIKVISION\" \/>\n<meta property=\"product:price:amount\" content=\"1709\" \/>\n<meta property=\"product:price:currency\" content=\"MXN\" \/>\n<meta property=\"og:availability\" content=\"backorder\" \/>\n<meta property=\"product:availability\" content=\"available for order\" \/>\n<meta property=\"product:retailer_item_id\" content=\"DS-7108NI-K1\/W\/M(C)\" \/>\n<meta property=\"product:condition\" content=\"new\" \/>\n<!-- \/ Yoast SEO plugin. -->","yoast_head_json":{"title":"[ Hikvision ] &#129351; Ds-7108ni-k1\/w\/m(c) Nvr 4 Megapixel \/ 8 Canales Ip \/ 1 Bah\u00eda De Disco Duro \/ 2 Antenas Wi-fi \/ Salida De V\u00eddeo Full Hd","description":"Compra Ds-7108ni-k1\/w\/m(c) Nvr 4 Megapixel \/ 8 Canales Ip \/ 1 Bah\u00eda De Disco Duro \/ 2 Antenas Wi-fi \/ Salida De V\u00eddeo Full Hd + Env\u00edo a domicilio + Pago seguro + Garant\u00eda","robots":{"index":"index","follow":"follow","max-snippet":"max-snippet:-1","max-image-preview":"max-image-preview:large","max-video-preview":"max-video-preview:-1"},"canonical":"https:\/\/compuviper.mx\/tienda\/producto\/hikvision-ds-7108ni-k1-w-mc-nvr-4-megapixel-8-canales-ip-1-baha-de-disco-duro-2-antenas-wi-fi-salida-de-vdeo-full-hd\/","og_locale":"es_MX","og_type":"article","og_title":"[ Hikvision ] &#129351; Ds-7108ni-k1\/w\/m(c) Nvr 4 Megapixel \/ 8 Canales Ip \/ 1 Bah\u00eda De Disco Duro \/ 2 Antenas Wi-fi \/ Salida De V\u00eddeo Full Hd","og_description":"Compra Ds-7108ni-k1\/w\/m(c) Nvr 4 Megapixel \/ 8 Canales Ip \/ 1 Bah\u00eda De Disco Duro \/ 2 Antenas Wi-fi \/ Salida De V\u00eddeo Full Hd + Env\u00edo a domicilio + Pago seguro + Garant\u00eda","og_url":"https:\/\/compuviper.mx\/tienda\/producto\/hikvision-ds-7108ni-k1-w-mc-nvr-4-megapixel-8-canales-ip-1-baha-de-disco-duro-2-antenas-wi-fi-salida-de-vdeo-full-hd\/","og_site_name":"Compuviper","article_publisher":"https:\/\/www.facebook.com\/compuviper","og_image":[{"width":200,"height":200,"url":"https:\/\/compuviper.mx\/tienda\/wp-content\/uploads\/2025\/10\/Nvr-4-megapixel-8-canales-ip-1-bahia-de-disco-duro-2-antenas-wi-fi-salida-de-video-full-hd.jpg","type":"image\/jpeg"}],"twitter_card":"summary_large_image","twitter_misc":{"Precio":"&#36;1,709 con IVA","Availability":"On backorder"},"schema":{"@context":"https:\/\/schema.org","@graph":[{"@type":"WebPage","@id":"https:\/\/compuviper.mx\/tienda\/producto\/hikvision-ds-7108ni-k1-w-mc-nvr-4-megapixel-8-canales-ip-1-baha-de-disco-duro-2-antenas-wi-fi-salida-de-vdeo-full-hd\/","url":"https:\/\/compuviper.mx\/tienda\/producto\/hikvision-ds-7108ni-k1-w-mc-nvr-4-megapixel-8-canales-ip-1-baha-de-disco-duro-2-antenas-wi-fi-salida-de-vdeo-full-hd\/","name":"[ Hikvision ] &#129351; Ds-7108ni-k1\/w\/m(c) Nvr 4 Megapixel \/ 8 Canales Ip \/ 1 Bah\u00eda De Disco Duro \/ 2 Antenas Wi-fi \/ Salida De V\u00eddeo Full Hd","isPartOf":{"@id":"https:\/\/compuviper.mx\/tienda\/#website"},"datePublished":"2026-04-11T07:22:40+00:00","dateModified":"2026-04-11T07:22:40+00:00","description":"Compra Ds-7108ni-k1\/w\/m(c) Nvr 4 Megapixel \/ 8 Canales Ip \/ 1 Bah\u00eda De Disco Duro \/ 2 Antenas Wi-fi \/ Salida De V\u00eddeo Full Hd + Env\u00edo a domicilio + Pago seguro + Garant\u00eda","breadcrumb":{"@id":"https:\/\/compuviper.mx\/tienda\/producto\/hikvision-ds-7108ni-k1-w-mc-nvr-4-megapixel-8-canales-ip-1-baha-de-disco-duro-2-antenas-wi-fi-salida-de-vdeo-full-hd\/#breadcrumb"},"inLanguage":"es-MX","potentialAction":[{"@type":"ReadAction","target":["https:\/\/compuviper.mx\/tienda\/producto\/hikvision-ds-7108ni-k1-w-mc-nvr-4-megapixel-8-canales-ip-1-baha-de-disco-duro-2-antenas-wi-fi-salida-de-vdeo-full-hd\/"]}]},{"@type":"BreadcrumbList","@id":"https:\/\/compuviper.mx\/tienda\/producto\/hikvision-ds-7108ni-k1-w-mc-nvr-4-megapixel-8-canales-ip-1-baha-de-disco-duro-2-antenas-wi-fi-salida-de-vdeo-full-hd\/#breadcrumb","itemListElement":[{"@type":"ListItem","position":1,"name":"Inicio","item":"https:\/\/compuviper.mx\/tienda\/"},{"@type":"ListItem","position":2,"name":"Productos","item":"https:\/\/compuviper.mx\/tienda\/productos\/"},{"@type":"ListItem","position":3,"name":"Videograbadores","item":"https:\/\/compuviper.mx\/tienda\/categoria-producto\/videograbadores\/"},{"@type":"ListItem","position":4,"name":"Nvr","item":"https:\/\/compuviper.mx\/tienda\/categoria-producto\/videograbadores\/nvr\/"},{"@type":"ListItem","position":5,"name":"Hikvision Ds-7108ni-k1\/w\/m(c) Nvr 4 Megapixel \/ 8 Canales Ip \/ 1 Bah?a De Disco Duro \/ 2 Antenas Wi-fi \/ Salida De V?deo Full Hd"}]},{"@type":"WebSite","@id":"https:\/\/compuviper.mx\/tienda\/#website","url":"https:\/\/compuviper.mx\/tienda\/","name":"Compuviper","description":"Proveedor de Computadoras, Laptops, Servidores, Monitores, Puntos de Venta, Teclados,   Impresoras, T\u00f3ner, C\u00e1maras de Seguridad y m\u00e1s en tu tienda en l\u00ednea","publisher":{"@id":"https:\/\/compuviper.mx\/tienda\/#organization"},"potentialAction":[{"@type":"SearchAction","target":{"@type":"EntryPoint","urlTemplate":"https:\/\/compuviper.mx\/tienda\/?s={search_term_string}"},"query-input":"required name=search_term_string"}],"inLanguage":"es-MX"},{"@type":"Organization","@id":"https:\/\/compuviper.mx\/tienda\/#organization","name":"Compuviper","url":"https:\/\/compuviper.mx\/tienda\/","logo":{"@type":"ImageObject","inLanguage":"es-MX","@id":"https:\/\/compuviper.mx\/tienda\/#\/schema\/logo\/image\/","url":"https:\/\/compuviper.mx\/tienda\/wp-content\/uploads\/2021\/08\/Logo-Compuviper-10.png","contentUrl":"https:\/\/compuviper.mx\/tienda\/wp-content\/uploads\/2021\/08\/Logo-Compuviper-10.png","width":1000,"height":500,"caption":"Compuviper"},"image":{"@id":"https:\/\/compuviper.mx\/tienda\/#\/schema\/logo\/image\/"},"sameAs":["https:\/\/www.facebook.com\/compuviper","https:\/\/www.youtube.com\/channel\/UCf73dERp9Y3cfOq7q8BhLjA?view_as=subscriber"]}]},"product_brand":"HIKVISION","product_price_amount":"1709","product_price_currency":"MXN","og_availability":"backorder","product_availability":"available for order","product_retailer_item_id":"DS-7108NI-K1\/W\/M(C)","product_condition":"new"},"_links":{"self":[{"href":"https:\/\/compuviper.mx\/tienda\/wp-json\/wp\/v2\/product\/248110"}],"collection":[{"href":"https:\/\/compuviper.mx\/tienda\/wp-json\/wp\/v2\/product"}],"about":[{"href":"https:\/\/compuviper.mx\/tienda\/wp-json\/wp\/v2\/types\/product"}],"replies":[{"embeddable":true,"href":"https:\/\/compuviper.mx\/tienda\/wp-json\/wp\/v2\/comments?post=248110"}],"wp:featuredmedia":[{"embeddable":true,"href":"https:\/\/compuviper.mx\/tienda\/wp-json\/wp\/v2\/media\/260416"}],"wp:attachment":[{"href":"https:\/\/compuviper.mx\/tienda\/wp-json\/wp\/v2\/media?parent=248110"}],"wp:term":[{"taxonomy":"product_cat","embeddable":true,"href":"https:\/\/compuviper.mx\/tienda\/wp-json\/wp\/v2\/product_cat?post=248110"},{"taxonomy":"product_tag","embeddable":true,"href":"https:\/\/compuviper.mx\/tienda\/wp-json\/wp\/v2\/product_tag?post=248110"}],"curies":[{"name":"wp","href":"https:\/\/api.w.org\/{rel}","templated":true}]}}