{"id":247987,"date":"2026-04-10T23:45:23","date_gmt":"2026-04-11T05:45:23","guid":{"rendered":"https:\/\/compuviper.mx\/tienda\/producto\/startech-com-hdpmm50-cable-hdmi-de-alta-velocidad-de-15m-hd-4k-x-2k-certificado-para-plnum-hdmi-a-hdmi-startech\/"},"modified":"2026-04-10T23:45:23","modified_gmt":"2026-04-11T05:45:23","slug":"startech-com-hdpmm50-cable-hdmi-de-alta-velocidad-de-15m-hd-4k-x-2k-certificado-para-plnum-hdmi-a-hdmi-startech","status":"publish","type":"product","link":"https:\/\/compuviper.mx\/tienda\/producto\/startech-com-hdpmm50-cable-hdmi-de-alta-velocidad-de-15m-hd-4k-x-2k-certificado-para-plnum-hdmi-a-hdmi-startech\/","title":{"rendered":"Startech.com Hdpmm50 Cable Hdmi De Alta Velocidad De 15m Hd 4k X 2k, Certificado Para Pl?num &#8211; Hdmi A Hdmi Startech"},"content":{"rendered":"<table class=\"descripcion\">\n<tr>\n<td>El cable hdmi con calificacion para plenum, de 15.2 metros, modelo hdpmm50, se puede instalar a traves de plenums de aire, conductos de aire, paredes, techos o cualquier otro espacio en que se requiera clasificacion cmp\/ft6 contra incendios.<\/td>\n<\/tr>\n<tr>\n<td>El cable incluye 2 conectores hdmi (macho) chapados en oro, de fabricacion duradera, que permite conexiones hdmi a hdmi confiables entre dispositivos de audio y video, a una distancia de hasta 15.2 metros, sin necesidad de un amplificador de senal.<\/td>\n<\/tr>\n<tr>\n<td>Este cable hdmi de alta calidad soporta totalmente las resoluciones de 1080 p+ hasta 120 hz de frecuencia de barrido, con colores reales. para ajustarse a las exigencias de los dispositivos de alta definicion del futuro, como resoluciones y tasas de tramas mas altas, nuestro cable ultra hd puede soportar resoluciones de imagen de hasta 4 k x 2 k.<\/td>\n<\/tr>\n<\/table>\n","protected":false},"excerpt":{"rendered":"<p>Permite la creacion instalaciones de cables hdmi en paredes, techos y plenums de aire, para aplicaciones que requieren cables con certificacion cmp<\/p>\n","protected":false},"featured_media":259021,"comment_status":"open","ping_status":"open","template":"","meta":[],"product_cat":[1550,1549],"product_tag":[1590],"acf":[],"yoast_head":"<!-- This site is optimized with the Yoast SEO plugin v21.7 - https:\/\/yoast.com\/wordpress\/plugins\/seo\/ -->\n<title>[ Startech.com ] &#129351; Hdpmm50 Cable Hdmi De Alta Velocidad De 15m Hd 4k X 2k, Certificado Para Pl\u00e9num - Hdmi A Hdmi Startech<\/title>\n<meta name=\"description\" content=\"Compra Hdpmm50 Cable Hdmi De Alta Velocidad De 15m Hd 4k X 2k, Certificado Para Pl\u00e9num - Hdmi A Hdmi Startech + Env\u00edo a domicilio + Pago seguro + Garant\u00eda\" \/>\n<meta name=\"robots\" content=\"index, follow, max-snippet:-1, max-image-preview:large, max-video-preview:-1\" \/>\n<link rel=\"canonical\" href=\"https:\/\/compuviper.mx\/tienda\/producto\/startech-com-hdpmm50-cable-hdmi-de-alta-velocidad-de-15m-hd-4k-x-2k-certificado-para-plnum-hdmi-a-hdmi-startech\/\" \/>\n<meta property=\"og:locale\" content=\"es_MX\" \/>\n<meta property=\"og:type\" content=\"article\" \/>\n<meta property=\"og:title\" content=\"[ Startech.com ] &#129351; Hdpmm50 Cable Hdmi De Alta Velocidad De 15m Hd 4k X 2k, Certificado Para Pl\u00e9num - Hdmi A Hdmi Startech\" \/>\n<meta property=\"og:description\" content=\"Compra Hdpmm50 Cable Hdmi De Alta Velocidad De 15m Hd 4k X 2k, Certificado Para Pl\u00e9num - Hdmi A Hdmi Startech + Env\u00edo a domicilio + Pago seguro + Garant\u00eda\" \/>\n<meta property=\"og:url\" content=\"https:\/\/compuviper.mx\/tienda\/producto\/startech-com-hdpmm50-cable-hdmi-de-alta-velocidad-de-15m-hd-4k-x-2k-certificado-para-plnum-hdmi-a-hdmi-startech\/\" \/>\n<meta property=\"og:site_name\" content=\"Compuviper\" \/>\n<meta property=\"article:publisher\" content=\"https:\/\/www.facebook.com\/compuviper\" \/>\n<meta property=\"og:image\" content=\"https:\/\/compuviper.mx\/tienda\/wp-content\/uploads\/2025\/10\/Cable-hdmi-de-alta-velocidad-de-15m-hd-4k-x-2k-certificado-para-plenum-hdmi-a-hdmi-startech.jpg\" \/>\n\t<meta property=\"og:image:width\" content=\"200\" \/>\n\t<meta property=\"og:image:height\" content=\"200\" \/>\n\t<meta property=\"og:image:type\" content=\"image\/jpeg\" \/>\n<meta name=\"twitter:card\" content=\"summary_large_image\" \/>\n<meta name=\"twitter:label1\" content=\"Precio\" \/>\n\t<meta name=\"twitter:data1\" content=\"&#36;5,262 con IVA\" \/>\n\t<meta name=\"twitter:label2\" content=\"Availability\" \/>\n\t<meta name=\"twitter:data2\" content=\"In stock\" \/>\n<script type=\"application\/ld+json\" class=\"yoast-schema-graph\">{\"@context\":\"https:\/\/schema.org\",\"@graph\":[{\"@type\":\"WebPage\",\"@id\":\"https:\/\/compuviper.mx\/tienda\/producto\/startech-com-hdpmm50-cable-hdmi-de-alta-velocidad-de-15m-hd-4k-x-2k-certificado-para-plnum-hdmi-a-hdmi-startech\/\",\"url\":\"https:\/\/compuviper.mx\/tienda\/producto\/startech-com-hdpmm50-cable-hdmi-de-alta-velocidad-de-15m-hd-4k-x-2k-certificado-para-plnum-hdmi-a-hdmi-startech\/\",\"name\":\"[ Startech.com ] &#129351; Hdpmm50 Cable Hdmi De Alta Velocidad De 15m Hd 4k X 2k, Certificado Para Pl\u00e9num - Hdmi A Hdmi Startech\",\"isPartOf\":{\"@id\":\"https:\/\/compuviper.mx\/tienda\/#website\"},\"datePublished\":\"2026-04-11T05:45:23+00:00\",\"dateModified\":\"2026-04-11T05:45:23+00:00\",\"description\":\"Compra Hdpmm50 Cable Hdmi De Alta Velocidad De 15m Hd 4k X 2k, Certificado Para Pl\u00e9num - Hdmi A Hdmi Startech + Env\u00edo a domicilio + Pago seguro + Garant\u00eda\",\"breadcrumb\":{\"@id\":\"https:\/\/compuviper.mx\/tienda\/producto\/startech-com-hdpmm50-cable-hdmi-de-alta-velocidad-de-15m-hd-4k-x-2k-certificado-para-plnum-hdmi-a-hdmi-startech\/#breadcrumb\"},\"inLanguage\":\"es-MX\",\"potentialAction\":[{\"@type\":\"ReadAction\",\"target\":[\"https:\/\/compuviper.mx\/tienda\/producto\/startech-com-hdpmm50-cable-hdmi-de-alta-velocidad-de-15m-hd-4k-x-2k-certificado-para-plnum-hdmi-a-hdmi-startech\/\"]}]},{\"@type\":\"BreadcrumbList\",\"@id\":\"https:\/\/compuviper.mx\/tienda\/producto\/startech-com-hdpmm50-cable-hdmi-de-alta-velocidad-de-15m-hd-4k-x-2k-certificado-para-plnum-hdmi-a-hdmi-startech\/#breadcrumb\",\"itemListElement\":[{\"@type\":\"ListItem\",\"position\":1,\"name\":\"Inicio\",\"item\":\"https:\/\/compuviper.mx\/tienda\/\"},{\"@type\":\"ListItem\",\"position\":2,\"name\":\"Productos\",\"item\":\"https:\/\/compuviper.mx\/tienda\/productos\/\"},{\"@type\":\"ListItem\",\"position\":3,\"name\":\"Cables\",\"item\":\"https:\/\/compuviper.mx\/tienda\/categoria-producto\/cables\/\"},{\"@type\":\"ListItem\",\"position\":4,\"name\":\"Cable De Video\",\"item\":\"https:\/\/compuviper.mx\/tienda\/categoria-producto\/cables\/cable-de-video\/\"},{\"@type\":\"ListItem\",\"position\":5,\"name\":\"Startech.com Hdpmm50 Cable Hdmi De Alta Velocidad De 15m Hd 4k X 2k, Certificado Para Pl?num &#8211; Hdmi A Hdmi Startech\"}]},{\"@type\":\"WebSite\",\"@id\":\"https:\/\/compuviper.mx\/tienda\/#website\",\"url\":\"https:\/\/compuviper.mx\/tienda\/\",\"name\":\"Compuviper\",\"description\":\"Proveedor de Computadoras, Laptops, Servidores, Monitores, Puntos de Venta, Teclados,   Impresoras, T\u00f3ner, C\u00e1maras de Seguridad y m\u00e1s en tu tienda en l\u00ednea\",\"publisher\":{\"@id\":\"https:\/\/compuviper.mx\/tienda\/#organization\"},\"potentialAction\":[{\"@type\":\"SearchAction\",\"target\":{\"@type\":\"EntryPoint\",\"urlTemplate\":\"https:\/\/compuviper.mx\/tienda\/?s={search_term_string}\"},\"query-input\":\"required name=search_term_string\"}],\"inLanguage\":\"es-MX\"},{\"@type\":\"Organization\",\"@id\":\"https:\/\/compuviper.mx\/tienda\/#organization\",\"name\":\"Compuviper\",\"url\":\"https:\/\/compuviper.mx\/tienda\/\",\"logo\":{\"@type\":\"ImageObject\",\"inLanguage\":\"es-MX\",\"@id\":\"https:\/\/compuviper.mx\/tienda\/#\/schema\/logo\/image\/\",\"url\":\"https:\/\/compuviper.mx\/tienda\/wp-content\/uploads\/2021\/08\/Logo-Compuviper-10.png\",\"contentUrl\":\"https:\/\/compuviper.mx\/tienda\/wp-content\/uploads\/2021\/08\/Logo-Compuviper-10.png\",\"width\":1000,\"height\":500,\"caption\":\"Compuviper\"},\"image\":{\"@id\":\"https:\/\/compuviper.mx\/tienda\/#\/schema\/logo\/image\/\"},\"sameAs\":[\"https:\/\/www.facebook.com\/compuviper\",\"https:\/\/www.youtube.com\/channel\/UCf73dERp9Y3cfOq7q8BhLjA?view_as=subscriber\"]}]}<\/script>\n<meta property=\"product:brand\" content=\"STARTECH.COM\" \/>\n<meta property=\"product:price:amount\" content=\"5262\" \/>\n<meta property=\"product:price:currency\" content=\"MXN\" \/>\n<meta property=\"og:availability\" content=\"instock\" \/>\n<meta property=\"product:availability\" content=\"instock\" \/>\n<meta property=\"product:retailer_item_id\" content=\"HDPMM50\" \/>\n<meta property=\"product:condition\" content=\"new\" \/>\n<!-- \/ Yoast SEO plugin. -->","yoast_head_json":{"title":"[ Startech.com ] &#129351; Hdpmm50 Cable Hdmi De Alta Velocidad De 15m Hd 4k X 2k, Certificado Para Pl\u00e9num - Hdmi A Hdmi Startech","description":"Compra Hdpmm50 Cable Hdmi De Alta Velocidad De 15m Hd 4k X 2k, Certificado Para Pl\u00e9num - Hdmi A Hdmi Startech + Env\u00edo a domicilio + Pago seguro + Garant\u00eda","robots":{"index":"index","follow":"follow","max-snippet":"max-snippet:-1","max-image-preview":"max-image-preview:large","max-video-preview":"max-video-preview:-1"},"canonical":"https:\/\/compuviper.mx\/tienda\/producto\/startech-com-hdpmm50-cable-hdmi-de-alta-velocidad-de-15m-hd-4k-x-2k-certificado-para-plnum-hdmi-a-hdmi-startech\/","og_locale":"es_MX","og_type":"article","og_title":"[ Startech.com ] &#129351; Hdpmm50 Cable Hdmi De Alta Velocidad De 15m Hd 4k X 2k, Certificado Para Pl\u00e9num - Hdmi A Hdmi Startech","og_description":"Compra Hdpmm50 Cable Hdmi De Alta Velocidad De 15m Hd 4k X 2k, Certificado Para Pl\u00e9num - Hdmi A Hdmi Startech + Env\u00edo a domicilio + Pago seguro + Garant\u00eda","og_url":"https:\/\/compuviper.mx\/tienda\/producto\/startech-com-hdpmm50-cable-hdmi-de-alta-velocidad-de-15m-hd-4k-x-2k-certificado-para-plnum-hdmi-a-hdmi-startech\/","og_site_name":"Compuviper","article_publisher":"https:\/\/www.facebook.com\/compuviper","og_image":[{"width":200,"height":200,"url":"https:\/\/compuviper.mx\/tienda\/wp-content\/uploads\/2025\/10\/Cable-hdmi-de-alta-velocidad-de-15m-hd-4k-x-2k-certificado-para-plenum-hdmi-a-hdmi-startech.jpg","type":"image\/jpeg"}],"twitter_card":"summary_large_image","twitter_misc":{"Precio":"&#36;5,262 con IVA","Availability":"In stock"},"schema":{"@context":"https:\/\/schema.org","@graph":[{"@type":"WebPage","@id":"https:\/\/compuviper.mx\/tienda\/producto\/startech-com-hdpmm50-cable-hdmi-de-alta-velocidad-de-15m-hd-4k-x-2k-certificado-para-plnum-hdmi-a-hdmi-startech\/","url":"https:\/\/compuviper.mx\/tienda\/producto\/startech-com-hdpmm50-cable-hdmi-de-alta-velocidad-de-15m-hd-4k-x-2k-certificado-para-plnum-hdmi-a-hdmi-startech\/","name":"[ Startech.com ] &#129351; Hdpmm50 Cable Hdmi De Alta Velocidad De 15m Hd 4k X 2k, Certificado Para Pl\u00e9num - Hdmi A Hdmi Startech","isPartOf":{"@id":"https:\/\/compuviper.mx\/tienda\/#website"},"datePublished":"2026-04-11T05:45:23+00:00","dateModified":"2026-04-11T05:45:23+00:00","description":"Compra Hdpmm50 Cable Hdmi De Alta Velocidad De 15m Hd 4k X 2k, Certificado Para Pl\u00e9num - Hdmi A Hdmi Startech + Env\u00edo a domicilio + Pago seguro + Garant\u00eda","breadcrumb":{"@id":"https:\/\/compuviper.mx\/tienda\/producto\/startech-com-hdpmm50-cable-hdmi-de-alta-velocidad-de-15m-hd-4k-x-2k-certificado-para-plnum-hdmi-a-hdmi-startech\/#breadcrumb"},"inLanguage":"es-MX","potentialAction":[{"@type":"ReadAction","target":["https:\/\/compuviper.mx\/tienda\/producto\/startech-com-hdpmm50-cable-hdmi-de-alta-velocidad-de-15m-hd-4k-x-2k-certificado-para-plnum-hdmi-a-hdmi-startech\/"]}]},{"@type":"BreadcrumbList","@id":"https:\/\/compuviper.mx\/tienda\/producto\/startech-com-hdpmm50-cable-hdmi-de-alta-velocidad-de-15m-hd-4k-x-2k-certificado-para-plnum-hdmi-a-hdmi-startech\/#breadcrumb","itemListElement":[{"@type":"ListItem","position":1,"name":"Inicio","item":"https:\/\/compuviper.mx\/tienda\/"},{"@type":"ListItem","position":2,"name":"Productos","item":"https:\/\/compuviper.mx\/tienda\/productos\/"},{"@type":"ListItem","position":3,"name":"Cables","item":"https:\/\/compuviper.mx\/tienda\/categoria-producto\/cables\/"},{"@type":"ListItem","position":4,"name":"Cable De Video","item":"https:\/\/compuviper.mx\/tienda\/categoria-producto\/cables\/cable-de-video\/"},{"@type":"ListItem","position":5,"name":"Startech.com Hdpmm50 Cable Hdmi De Alta Velocidad De 15m Hd 4k X 2k, Certificado Para Pl?num &#8211; Hdmi A Hdmi Startech"}]},{"@type":"WebSite","@id":"https:\/\/compuviper.mx\/tienda\/#website","url":"https:\/\/compuviper.mx\/tienda\/","name":"Compuviper","description":"Proveedor de Computadoras, Laptops, Servidores, Monitores, Puntos de Venta, Teclados,   Impresoras, T\u00f3ner, C\u00e1maras de Seguridad y m\u00e1s en tu tienda en l\u00ednea","publisher":{"@id":"https:\/\/compuviper.mx\/tienda\/#organization"},"potentialAction":[{"@type":"SearchAction","target":{"@type":"EntryPoint","urlTemplate":"https:\/\/compuviper.mx\/tienda\/?s={search_term_string}"},"query-input":"required name=search_term_string"}],"inLanguage":"es-MX"},{"@type":"Organization","@id":"https:\/\/compuviper.mx\/tienda\/#organization","name":"Compuviper","url":"https:\/\/compuviper.mx\/tienda\/","logo":{"@type":"ImageObject","inLanguage":"es-MX","@id":"https:\/\/compuviper.mx\/tienda\/#\/schema\/logo\/image\/","url":"https:\/\/compuviper.mx\/tienda\/wp-content\/uploads\/2021\/08\/Logo-Compuviper-10.png","contentUrl":"https:\/\/compuviper.mx\/tienda\/wp-content\/uploads\/2021\/08\/Logo-Compuviper-10.png","width":1000,"height":500,"caption":"Compuviper"},"image":{"@id":"https:\/\/compuviper.mx\/tienda\/#\/schema\/logo\/image\/"},"sameAs":["https:\/\/www.facebook.com\/compuviper","https:\/\/www.youtube.com\/channel\/UCf73dERp9Y3cfOq7q8BhLjA?view_as=subscriber"]}]},"product_brand":"STARTECH.COM","product_price_amount":"5262","product_price_currency":"MXN","og_availability":"instock","product_availability":"instock","product_retailer_item_id":"HDPMM50","product_condition":"new"},"_links":{"self":[{"href":"https:\/\/compuviper.mx\/tienda\/wp-json\/wp\/v2\/product\/247987"}],"collection":[{"href":"https:\/\/compuviper.mx\/tienda\/wp-json\/wp\/v2\/product"}],"about":[{"href":"https:\/\/compuviper.mx\/tienda\/wp-json\/wp\/v2\/types\/product"}],"replies":[{"embeddable":true,"href":"https:\/\/compuviper.mx\/tienda\/wp-json\/wp\/v2\/comments?post=247987"}],"wp:featuredmedia":[{"embeddable":true,"href":"https:\/\/compuviper.mx\/tienda\/wp-json\/wp\/v2\/media\/259021"}],"wp:attachment":[{"href":"https:\/\/compuviper.mx\/tienda\/wp-json\/wp\/v2\/media?parent=247987"}],"wp:term":[{"taxonomy":"product_cat","embeddable":true,"href":"https:\/\/compuviper.mx\/tienda\/wp-json\/wp\/v2\/product_cat?post=247987"},{"taxonomy":"product_tag","embeddable":true,"href":"https:\/\/compuviper.mx\/tienda\/wp-json\/wp\/v2\/product_tag?post=247987"}],"curies":[{"name":"wp","href":"https:\/\/api.w.org\/{rel}","templated":true}]}}