{"id":247982,"date":"2026-04-17T23:43:46","date_gmt":"2026-04-18T05:43:46","guid":{"rendered":"https:\/\/compuviper.mx\/tienda\/producto\/startech-com-usb3aaext3m-cable-extensor-alargador-usb-3-0-superspeed-activo-de-3m-usb-a-macho-a-hembra-negro-mod\/"},"modified":"2026-04-17T23:43:47","modified_gmt":"2026-04-18T05:43:47","slug":"startech-com-usb3aaext3m-cable-extensor-alargador-usb-3-0-superspeed-activo-de-3m-usb-a-macho-a-hembra-negro-mod","status":"publish","type":"product","link":"https:\/\/compuviper.mx\/tienda\/producto\/startech-com-usb3aaext3m-cable-extensor-alargador-usb-3-0-superspeed-activo-de-3m-usb-a-macho-a-hembra-negro-mod\/","title":{"rendered":"Startech.com Usb3aaext3m Cable Extensor Alargador Usb 3.0 Superspeed Activo De 3m &#8211; Usb A Macho A Hembra &#8211; Negro &#8211;  Mod."},"content":{"rendered":"<table class=\"descripcion\">\n<tr>\n<td>Caractersticas fsicas<\/td>\n<\/tr>\n<tr>\n<td>Color: negro<\/td>\n<\/tr>\n<tr>\n<td>Longitud del cable: 3 m<\/td>\n<\/tr>\n<tr>\n<td>Longitud: 3 m<\/td>\n<\/tr>\n<tr>\n<td>Peso: 230 g<\/td>\n<\/tr>\n<tr>\n<td>Conectores<\/td>\n<\/tr>\n<tr>\n<td>Conector a: usb type-a 9 pines usb 3.0<\/td>\n<\/tr>\n<tr>\n<td>Conector b: usb type-a 9 pines usb 3.0<\/td>\n<\/tr>\n<tr>\n<td>Hardware<\/td>\n<\/tr>\n<tr>\n<td>Cable tipo jacket: pvc &#8211; polyvinyl chloride<\/td>\n<\/tr>\n<tr>\n<td>Revestimiento del conector: nquel<\/td>\n<\/tr>\n<tr>\n<td>Observaciones \/ requisitos<\/td>\n<\/tr>\n<tr>\n<td>Nota : conecte hasta 4 dispositivos usb3aaext3m en cascada para una mayor extensin<\/td>\n<\/tr>\n<\/table>\n","protected":false},"excerpt":{"rendered":"<p>El cable de extensin activo usb 3.0 de 3m, usb3aaext3m dispone de un conector usb tipo a macho y un conector usb tipo a hembra que proporcionan una extensin activa de dispositivos usb 3.0 de hasta 12 metros. Un cable  todo en uno para superar las restricciones de distancia, as como las limitaciones de las fuentes de alimentacin; el cable de extensin usb 3.0 incorpora un circuito activo por bus que garantiza un rendimiento ms all de los lmites de longitud establecidos para los cables usb estndar. Es posible conectar en cadena hasta 4 de estos cables, lo que se traduce en una extensin de conexin de 12 metros. Si es necesario, el dispositivo usb puede ser alimentado desde un tomacorriente de pared mediante el adaptador universal de ac suministrado con el cable.<\/p>\n","protected":false},"featured_media":247983,"comment_status":"open","ping_status":"open","template":"","meta":[],"product_cat":[1549,1605],"product_tag":[1590],"acf":[],"yoast_head":"<!-- This site is optimized with the Yoast SEO plugin v21.7 - https:\/\/yoast.com\/wordpress\/plugins\/seo\/ -->\n<title>[ Startech.com ] &#129351; Usb3aaext3m Cable Extensor Alargador Usb 3.0 Superspeed Activo De 3m - Usb A Macho A Hembra - Negro - Mod.<\/title>\n<meta name=\"description\" content=\"Compra Usb3aaext3m Cable Extensor Alargador Usb 3.0 Superspeed Activo De 3m - Usb A Macho A Hembra - Negro - Mod. + Env\u00edo a domicilio + Pago seguro + Garant\u00eda\" \/>\n<meta name=\"robots\" content=\"index, follow, max-snippet:-1, max-image-preview:large, max-video-preview:-1\" \/>\n<link rel=\"canonical\" href=\"https:\/\/compuviper.mx\/tienda\/producto\/startech-com-usb3aaext3m-cable-extensor-alargador-usb-3-0-superspeed-activo-de-3m-usb-a-macho-a-hembra-negro-mod\/\" \/>\n<meta property=\"og:locale\" content=\"es_MX\" \/>\n<meta property=\"og:type\" content=\"article\" \/>\n<meta property=\"og:title\" content=\"[ Startech.com ] &#129351; Usb3aaext3m Cable Extensor Alargador Usb 3.0 Superspeed Activo De 3m - Usb A Macho A Hembra - Negro - Mod.\" \/>\n<meta property=\"og:description\" content=\"Compra Usb3aaext3m Cable Extensor Alargador Usb 3.0 Superspeed Activo De 3m - Usb A Macho A Hembra - Negro - Mod. + Env\u00edo a domicilio + Pago seguro + Garant\u00eda\" \/>\n<meta property=\"og:url\" content=\"https:\/\/compuviper.mx\/tienda\/producto\/startech-com-usb3aaext3m-cable-extensor-alargador-usb-3-0-superspeed-activo-de-3m-usb-a-macho-a-hembra-negro-mod\/\" \/>\n<meta property=\"og:site_name\" content=\"Compuviper\" \/>\n<meta property=\"article:publisher\" content=\"https:\/\/www.facebook.com\/compuviper\" \/>\n<meta property=\"article:modified_time\" content=\"2026-04-18T05:43:47+00:00\" \/>\n<meta property=\"og:image\" content=\"https:\/\/compuviper.mx\/tienda\/wp-content\/uploads\/2025\/01\/Cable-extensor-alargador-usb-3.0-superspeed-activo-de-3m-usb-a-macho-a-hembra-negro-startech.com-mod.-usb3aaext3m.jpg\" \/>\n\t<meta property=\"og:image:width\" content=\"200\" \/>\n\t<meta property=\"og:image:height\" content=\"200\" \/>\n\t<meta property=\"og:image:type\" content=\"image\/jpeg\" \/>\n<meta name=\"twitter:card\" content=\"summary_large_image\" \/>\n<meta name=\"twitter:label1\" content=\"Precio\" \/>\n\t<meta name=\"twitter:data1\" content=\"&#36;1,629 con IVA\" \/>\n\t<meta name=\"twitter:label2\" content=\"Availability\" \/>\n\t<meta name=\"twitter:data2\" content=\"On backorder\" \/>\n<script type=\"application\/ld+json\" class=\"yoast-schema-graph\">{\"@context\":\"https:\/\/schema.org\",\"@graph\":[{\"@type\":\"WebPage\",\"@id\":\"https:\/\/compuviper.mx\/tienda\/producto\/startech-com-usb3aaext3m-cable-extensor-alargador-usb-3-0-superspeed-activo-de-3m-usb-a-macho-a-hembra-negro-mod\/\",\"url\":\"https:\/\/compuviper.mx\/tienda\/producto\/startech-com-usb3aaext3m-cable-extensor-alargador-usb-3-0-superspeed-activo-de-3m-usb-a-macho-a-hembra-negro-mod\/\",\"name\":\"[ Startech.com ] &#129351; Usb3aaext3m Cable Extensor Alargador Usb 3.0 Superspeed Activo De 3m - Usb A Macho A Hembra - Negro - Mod.\",\"isPartOf\":{\"@id\":\"https:\/\/compuviper.mx\/tienda\/#website\"},\"datePublished\":\"2026-04-18T05:43:46+00:00\",\"dateModified\":\"2026-04-18T05:43:47+00:00\",\"description\":\"Compra Usb3aaext3m Cable Extensor Alargador Usb 3.0 Superspeed Activo De 3m - Usb A Macho A Hembra - Negro - Mod. + Env\u00edo a domicilio + Pago seguro + Garant\u00eda\",\"breadcrumb\":{\"@id\":\"https:\/\/compuviper.mx\/tienda\/producto\/startech-com-usb3aaext3m-cable-extensor-alargador-usb-3-0-superspeed-activo-de-3m-usb-a-macho-a-hembra-negro-mod\/#breadcrumb\"},\"inLanguage\":\"es-MX\",\"potentialAction\":[{\"@type\":\"ReadAction\",\"target\":[\"https:\/\/compuviper.mx\/tienda\/producto\/startech-com-usb3aaext3m-cable-extensor-alargador-usb-3-0-superspeed-activo-de-3m-usb-a-macho-a-hembra-negro-mod\/\"]}]},{\"@type\":\"BreadcrumbList\",\"@id\":\"https:\/\/compuviper.mx\/tienda\/producto\/startech-com-usb3aaext3m-cable-extensor-alargador-usb-3-0-superspeed-activo-de-3m-usb-a-macho-a-hembra-negro-mod\/#breadcrumb\",\"itemListElement\":[{\"@type\":\"ListItem\",\"position\":1,\"name\":\"Inicio\",\"item\":\"https:\/\/compuviper.mx\/tienda\/\"},{\"@type\":\"ListItem\",\"position\":2,\"name\":\"Productos\",\"item\":\"https:\/\/compuviper.mx\/tienda\/productos\/\"},{\"@type\":\"ListItem\",\"position\":3,\"name\":\"Cables\",\"item\":\"https:\/\/compuviper.mx\/tienda\/categoria-producto\/cables\/\"},{\"@type\":\"ListItem\",\"position\":4,\"name\":\"Cable Usb\",\"item\":\"https:\/\/compuviper.mx\/tienda\/categoria-producto\/cables\/cable-usb\/\"},{\"@type\":\"ListItem\",\"position\":5,\"name\":\"Startech.com Usb3aaext3m Cable Extensor Alargador Usb 3.0 Superspeed Activo De 3m &#8211; Usb A Macho A Hembra &#8211; Negro &#8211; Mod.\"}]},{\"@type\":\"WebSite\",\"@id\":\"https:\/\/compuviper.mx\/tienda\/#website\",\"url\":\"https:\/\/compuviper.mx\/tienda\/\",\"name\":\"Compuviper\",\"description\":\"Proveedor de Computadoras, Laptops, Servidores, Monitores, Puntos de Venta, Teclados,   Impresoras, T\u00f3ner, C\u00e1maras de Seguridad y m\u00e1s en tu tienda en l\u00ednea\",\"publisher\":{\"@id\":\"https:\/\/compuviper.mx\/tienda\/#organization\"},\"potentialAction\":[{\"@type\":\"SearchAction\",\"target\":{\"@type\":\"EntryPoint\",\"urlTemplate\":\"https:\/\/compuviper.mx\/tienda\/?s={search_term_string}\"},\"query-input\":\"required name=search_term_string\"}],\"inLanguage\":\"es-MX\"},{\"@type\":\"Organization\",\"@id\":\"https:\/\/compuviper.mx\/tienda\/#organization\",\"name\":\"Compuviper\",\"url\":\"https:\/\/compuviper.mx\/tienda\/\",\"logo\":{\"@type\":\"ImageObject\",\"inLanguage\":\"es-MX\",\"@id\":\"https:\/\/compuviper.mx\/tienda\/#\/schema\/logo\/image\/\",\"url\":\"https:\/\/compuviper.mx\/tienda\/wp-content\/uploads\/2021\/08\/Logo-Compuviper-10.png\",\"contentUrl\":\"https:\/\/compuviper.mx\/tienda\/wp-content\/uploads\/2021\/08\/Logo-Compuviper-10.png\",\"width\":1000,\"height\":500,\"caption\":\"Compuviper\"},\"image\":{\"@id\":\"https:\/\/compuviper.mx\/tienda\/#\/schema\/logo\/image\/\"},\"sameAs\":[\"https:\/\/www.facebook.com\/compuviper\",\"https:\/\/www.youtube.com\/channel\/UCf73dERp9Y3cfOq7q8BhLjA?view_as=subscriber\"]}]}<\/script>\n<meta property=\"product:brand\" content=\"STARTECH.COM\" \/>\n<meta property=\"product:price:amount\" content=\"1629\" \/>\n<meta property=\"product:price:currency\" content=\"MXN\" \/>\n<meta property=\"og:availability\" content=\"backorder\" \/>\n<meta property=\"product:availability\" content=\"available for order\" \/>\n<meta property=\"product:retailer_item_id\" content=\"USB3AAEXT3M\" \/>\n<meta property=\"product:condition\" content=\"new\" \/>\n<!-- \/ Yoast SEO plugin. -->","yoast_head_json":{"title":"[ Startech.com ] &#129351; Usb3aaext3m Cable Extensor Alargador Usb 3.0 Superspeed Activo De 3m - Usb A Macho A Hembra - Negro - Mod.","description":"Compra Usb3aaext3m Cable Extensor Alargador Usb 3.0 Superspeed Activo De 3m - Usb A Macho A Hembra - Negro - Mod. + Env\u00edo a domicilio + Pago seguro + Garant\u00eda","robots":{"index":"index","follow":"follow","max-snippet":"max-snippet:-1","max-image-preview":"max-image-preview:large","max-video-preview":"max-video-preview:-1"},"canonical":"https:\/\/compuviper.mx\/tienda\/producto\/startech-com-usb3aaext3m-cable-extensor-alargador-usb-3-0-superspeed-activo-de-3m-usb-a-macho-a-hembra-negro-mod\/","og_locale":"es_MX","og_type":"article","og_title":"[ Startech.com ] &#129351; Usb3aaext3m Cable Extensor Alargador Usb 3.0 Superspeed Activo De 3m - Usb A Macho A Hembra - Negro - Mod.","og_description":"Compra Usb3aaext3m Cable Extensor Alargador Usb 3.0 Superspeed Activo De 3m - Usb A Macho A Hembra - Negro - Mod. + Env\u00edo a domicilio + Pago seguro + Garant\u00eda","og_url":"https:\/\/compuviper.mx\/tienda\/producto\/startech-com-usb3aaext3m-cable-extensor-alargador-usb-3-0-superspeed-activo-de-3m-usb-a-macho-a-hembra-negro-mod\/","og_site_name":"Compuviper","article_publisher":"https:\/\/www.facebook.com\/compuviper","article_modified_time":"2026-04-18T05:43:47+00:00","og_image":[{"width":200,"height":200,"url":"https:\/\/compuviper.mx\/tienda\/wp-content\/uploads\/2025\/01\/Cable-extensor-alargador-usb-3.0-superspeed-activo-de-3m-usb-a-macho-a-hembra-negro-startech.com-mod.-usb3aaext3m.jpg","type":"image\/jpeg"}],"twitter_card":"summary_large_image","twitter_misc":{"Precio":"&#36;1,629 con IVA","Availability":"On backorder"},"schema":{"@context":"https:\/\/schema.org","@graph":[{"@type":"WebPage","@id":"https:\/\/compuviper.mx\/tienda\/producto\/startech-com-usb3aaext3m-cable-extensor-alargador-usb-3-0-superspeed-activo-de-3m-usb-a-macho-a-hembra-negro-mod\/","url":"https:\/\/compuviper.mx\/tienda\/producto\/startech-com-usb3aaext3m-cable-extensor-alargador-usb-3-0-superspeed-activo-de-3m-usb-a-macho-a-hembra-negro-mod\/","name":"[ Startech.com ] &#129351; Usb3aaext3m Cable Extensor Alargador Usb 3.0 Superspeed Activo De 3m - Usb A Macho A Hembra - Negro - Mod.","isPartOf":{"@id":"https:\/\/compuviper.mx\/tienda\/#website"},"datePublished":"2026-04-18T05:43:46+00:00","dateModified":"2026-04-18T05:43:47+00:00","description":"Compra Usb3aaext3m Cable Extensor Alargador Usb 3.0 Superspeed Activo De 3m - Usb A Macho A Hembra - Negro - Mod. + Env\u00edo a domicilio + Pago seguro + Garant\u00eda","breadcrumb":{"@id":"https:\/\/compuviper.mx\/tienda\/producto\/startech-com-usb3aaext3m-cable-extensor-alargador-usb-3-0-superspeed-activo-de-3m-usb-a-macho-a-hembra-negro-mod\/#breadcrumb"},"inLanguage":"es-MX","potentialAction":[{"@type":"ReadAction","target":["https:\/\/compuviper.mx\/tienda\/producto\/startech-com-usb3aaext3m-cable-extensor-alargador-usb-3-0-superspeed-activo-de-3m-usb-a-macho-a-hembra-negro-mod\/"]}]},{"@type":"BreadcrumbList","@id":"https:\/\/compuviper.mx\/tienda\/producto\/startech-com-usb3aaext3m-cable-extensor-alargador-usb-3-0-superspeed-activo-de-3m-usb-a-macho-a-hembra-negro-mod\/#breadcrumb","itemListElement":[{"@type":"ListItem","position":1,"name":"Inicio","item":"https:\/\/compuviper.mx\/tienda\/"},{"@type":"ListItem","position":2,"name":"Productos","item":"https:\/\/compuviper.mx\/tienda\/productos\/"},{"@type":"ListItem","position":3,"name":"Cables","item":"https:\/\/compuviper.mx\/tienda\/categoria-producto\/cables\/"},{"@type":"ListItem","position":4,"name":"Cable Usb","item":"https:\/\/compuviper.mx\/tienda\/categoria-producto\/cables\/cable-usb\/"},{"@type":"ListItem","position":5,"name":"Startech.com Usb3aaext3m Cable Extensor Alargador Usb 3.0 Superspeed Activo De 3m &#8211; Usb A Macho A Hembra &#8211; Negro &#8211; Mod."}]},{"@type":"WebSite","@id":"https:\/\/compuviper.mx\/tienda\/#website","url":"https:\/\/compuviper.mx\/tienda\/","name":"Compuviper","description":"Proveedor de Computadoras, Laptops, Servidores, Monitores, Puntos de Venta, Teclados,   Impresoras, T\u00f3ner, C\u00e1maras de Seguridad y m\u00e1s en tu tienda en l\u00ednea","publisher":{"@id":"https:\/\/compuviper.mx\/tienda\/#organization"},"potentialAction":[{"@type":"SearchAction","target":{"@type":"EntryPoint","urlTemplate":"https:\/\/compuviper.mx\/tienda\/?s={search_term_string}"},"query-input":"required name=search_term_string"}],"inLanguage":"es-MX"},{"@type":"Organization","@id":"https:\/\/compuviper.mx\/tienda\/#organization","name":"Compuviper","url":"https:\/\/compuviper.mx\/tienda\/","logo":{"@type":"ImageObject","inLanguage":"es-MX","@id":"https:\/\/compuviper.mx\/tienda\/#\/schema\/logo\/image\/","url":"https:\/\/compuviper.mx\/tienda\/wp-content\/uploads\/2021\/08\/Logo-Compuviper-10.png","contentUrl":"https:\/\/compuviper.mx\/tienda\/wp-content\/uploads\/2021\/08\/Logo-Compuviper-10.png","width":1000,"height":500,"caption":"Compuviper"},"image":{"@id":"https:\/\/compuviper.mx\/tienda\/#\/schema\/logo\/image\/"},"sameAs":["https:\/\/www.facebook.com\/compuviper","https:\/\/www.youtube.com\/channel\/UCf73dERp9Y3cfOq7q8BhLjA?view_as=subscriber"]}]},"product_brand":"STARTECH.COM","product_price_amount":"1629","product_price_currency":"MXN","og_availability":"backorder","product_availability":"available for order","product_retailer_item_id":"USB3AAEXT3M","product_condition":"new"},"_links":{"self":[{"href":"https:\/\/compuviper.mx\/tienda\/wp-json\/wp\/v2\/product\/247982"}],"collection":[{"href":"https:\/\/compuviper.mx\/tienda\/wp-json\/wp\/v2\/product"}],"about":[{"href":"https:\/\/compuviper.mx\/tienda\/wp-json\/wp\/v2\/types\/product"}],"replies":[{"embeddable":true,"href":"https:\/\/compuviper.mx\/tienda\/wp-json\/wp\/v2\/comments?post=247982"}],"wp:featuredmedia":[{"embeddable":true,"href":"https:\/\/compuviper.mx\/tienda\/wp-json\/wp\/v2\/media\/247983"}],"wp:attachment":[{"href":"https:\/\/compuviper.mx\/tienda\/wp-json\/wp\/v2\/media?parent=247982"}],"wp:term":[{"taxonomy":"product_cat","embeddable":true,"href":"https:\/\/compuviper.mx\/tienda\/wp-json\/wp\/v2\/product_cat?post=247982"},{"taxonomy":"product_tag","embeddable":true,"href":"https:\/\/compuviper.mx\/tienda\/wp-json\/wp\/v2\/product_tag?post=247982"}],"curies":[{"name":"wp","href":"https:\/\/api.w.org\/{rel}","templated":true}]}}