{"id":247747,"date":"2026-04-16T02:19:52","date_gmt":"2026-04-16T08:19:52","guid":{"rendered":"https:\/\/compuviper.mx\/tienda\/producto\/grandstream-wp825-telefono-ip-wifi-de-doble-banda-2-cuentas-sip-2-lneas-resistente-al-agua-8-horas-de-conversacin-y-200-horas-en-reposo-bluetooth-integrado\/"},"modified":"2026-04-16T02:19:52","modified_gmt":"2026-04-16T08:19:52","slug":"grandstream-wp825-telefono-ip-wifi-de-doble-banda-2-cuentas-sip-2-lneas-resistente-al-agua-8-horas-de-conversacin-y-200-horas-en-reposo-bluetooth-integrado","status":"publish","type":"product","link":"https:\/\/compuviper.mx\/tienda\/producto\/grandstream-wp825-telefono-ip-wifi-de-doble-banda-2-cuentas-sip-2-lneas-resistente-al-agua-8-horas-de-conversacin-y-200-horas-en-reposo-bluetooth-integrado\/","title":{"rendered":"Grandstream Wp825 Telefono Ip   \/ Wifi De Doble Banda, 2 Cuentas Sip, 2 L?neas, Resistente Al Agua, 8 Horas De Conversaci?n Y 200 Horas En Reposo, Bluetooth Integrado."},"content":{"rendered":"<table class=\"descripcion\">\n<tr>\n<td>Wi-fi:<\/td>\n<\/tr>\n<tr>\n<td>S\u00ed, wi-fi de doble banda integrado 802.11 a\/b\/g\/n\/ac (2,4 ghz y 5 ghz). 802.11r<\/td>\n<\/tr>\n<tr>\n<td>Pantalla:<\/td>\n<\/tr>\n<tr>\n<td>Lcd en color tft de 2,4 pulgadas (240 x 320)<\/td>\n<\/tr>\n<tr>\n<td>Bluetooth:<\/td>\n<\/tr>\n<tr>\n<td>Si<\/td>\n<\/tr>\n<tr>\n<td>Perif\u00e9ricos:<\/td>\n<\/tr>\n<tr>\n<td>3 teclas programables, marcar, colgar, altavoz, agenda telef\u00f3nica, teclado retroiluminado, proximidad, sensor, motor de vibraci\u00f3n, bot\u00f3n de volumen, teclas de navegaci\u00f3n y aceler\u00f3metro.<\/td>\n<\/tr>\n<tr>\n<td>Puertos auxiliares:<\/td>\n<\/tr>\n<tr>\n<td>Conector para auriculares de 3,5 mm, puerto micro usb para carga, mic doble, led mwi de dos colores.<\/td>\n<\/tr>\n<tr>\n<td>Telefon\u00eda:<\/td>\n<\/tr>\n<tr>\n<td>Retener, transferir, reenviar, conferencia de audio de 3 v\u00edas, llamada en espera, registro de llamadas (hasta 100 registros), directorio telef\u00f3nico descargable (xml, hasta 500 elementos), marcaci\u00f3n autom\u00e1tica con descolgado, respuesta, plan de marcaci\u00f3n flexible, tonos de llamada de m\u00fasica personalizados, redundancia de servidor y conmutaci\u00f3n por error, pulsar para hablar, ldap.<\/td>\n<\/tr>\n<tr>\n<td>Grado de impermeabilidad:<\/td>\n<\/tr>\n<tr>\n<td>Grado de protecci\u00f3n ip67 contra el agua y el polvo. resistente a qu\u00edmicos de limpieza. carcasa antimicrobiana y resistente a ca\u00eddas de 2.5 metros.<\/td>\n<\/tr>\n<tr>\n<td>Alimentaci\u00f3n y eficiencia de energ\u00eda limpia:<\/td>\n<\/tr>\n<tr>\n<td>Adaptador de corriente universal incluido, entrada: 100-240 vca; salida: +5 v cc, 1 a (5 w),  bater\u00eda de iones de litio de 2000 ma, tiempo de espera de 200 h y tiempo de conversaci\u00f3n de 8 h<\/td>\n<\/tr>\n<tr>\n<td>Caracter\u00edsticas f\u00edsicas:<\/td>\n<\/tr>\n<tr>\n<td>Dimensiones del auricular: 166.0 x 57.80 x 26.30 mm dimensiones de la base del cargador: 82.00 x 80.00 x 30.60 mm peso del auricular: 220.0 g peso del paquete (qig no incluido): 433.60 g<\/td>\n<\/tr>\n<tr>\n<td>Contenido del paquete:<\/td>\n<\/tr>\n<tr>\n<td>Unidad de auricular, fuente de alimentaci\u00f3n universal, base de cargador, clip para cintur\u00f3n, 1 bater\u00eda li-ion, gu\u00eda de inicio r\u00e1pido*<\/td>\n<\/tr>\n<\/table>\n","protected":false},"excerpt":{"rendered":"<p>El wp825 es un tel\u00e9fono ip wi-fi port\u00e1til resistente dise\u00f1ado para adaptarse a una variedad de empresas y aplicaciones de mercados verticales, incluyendo comercio, log\u00edstica, salud y seguridad. Este tel\u00e9fono wi-fi inal\u00e1mbrico viene equipado con wi-fi 802.11a\/b\/g\/n\/ac de doble banda integrado, un dise\u00f1o avanzado de antena y soporte de roaming. Al agregar un tiempo de conversaci\u00f3n de 8 horas y voz hd con micr\u00f3fonos duales, el wp825 ofrece una opci\u00f3n econ\u00f3mica equipada con una combinaci\u00f3n de caracter\u00edsticas, movilidad y durabilidad para satisfacer todas las necesidades de telefon\u00eda port\u00e1til.<\/p>\n","protected":false},"featured_media":258489,"comment_status":"open","ping_status":"open","template":"","meta":[],"product_cat":[1610,1757],"product_tag":[1576],"acf":[],"yoast_head":"<!-- This site is optimized with the Yoast SEO plugin v21.7 - https:\/\/yoast.com\/wordpress\/plugins\/seo\/ -->\n<title>[ Grandstream ] &#129351; Wp825 Telefono Ip \/ Wifi De Doble Banda, 2 Cuentas Sip, 2 L\u00edneas, Resistente Al Agua, 8 Horas De Conversaci\u00f3n Y 200 Horas En Reposo, Bluetooth Integrado.<\/title>\n<meta name=\"description\" content=\"Compra Wp825 Telefono Ip \/ Wifi De Doble Banda, 2 Cuentas Sip, 2 L\u00edneas, Resistente Al Agua, 8 Horas De Conversaci\u00f3n Y 200 Horas En Reposo, Bluetooth Integrado. + Env\u00edo a domicilio + Pago seguro + Garant\u00eda\" \/>\n<meta name=\"robots\" content=\"index, follow, max-snippet:-1, max-image-preview:large, max-video-preview:-1\" \/>\n<link rel=\"canonical\" href=\"https:\/\/compuviper.mx\/tienda\/producto\/grandstream-wp825-telefono-ip-wifi-de-doble-banda-2-cuentas-sip-2-lneas-resistente-al-agua-8-horas-de-conversacin-y-200-horas-en-reposo-bluetooth-integrado\/\" \/>\n<meta property=\"og:locale\" content=\"es_MX\" \/>\n<meta property=\"og:type\" content=\"article\" \/>\n<meta property=\"og:title\" content=\"[ Grandstream ] &#129351; Wp825 Telefono Ip \/ Wifi De Doble Banda, 2 Cuentas Sip, 2 L\u00edneas, Resistente Al Agua, 8 Horas De Conversaci\u00f3n Y 200 Horas En Reposo, Bluetooth Integrado.\" \/>\n<meta property=\"og:description\" content=\"Compra Wp825 Telefono Ip \/ Wifi De Doble Banda, 2 Cuentas Sip, 2 L\u00edneas, Resistente Al Agua, 8 Horas De Conversaci\u00f3n Y 200 Horas En Reposo, Bluetooth Integrado. + Env\u00edo a domicilio + Pago seguro + Garant\u00eda\" \/>\n<meta property=\"og:url\" content=\"https:\/\/compuviper.mx\/tienda\/producto\/grandstream-wp825-telefono-ip-wifi-de-doble-banda-2-cuentas-sip-2-lneas-resistente-al-agua-8-horas-de-conversacin-y-200-horas-en-reposo-bluetooth-integrado\/\" \/>\n<meta property=\"og:site_name\" content=\"Compuviper\" \/>\n<meta property=\"article:publisher\" content=\"https:\/\/www.facebook.com\/compuviper\" \/>\n<meta property=\"og:image\" content=\"https:\/\/compuviper.mx\/tienda\/wp-content\/uploads\/2025\/10\/Telefono-ip-grandstream-wp825-wifi-de-doble-banda-2-cuentas-sip-2-lineas-resistente-al-agua-8-horas-de-conversacion-y-200-horas-en-reposo-bluetooth-integrado.jpg\" \/>\n\t<meta property=\"og:image:width\" content=\"200\" \/>\n\t<meta property=\"og:image:height\" content=\"200\" \/>\n\t<meta property=\"og:image:type\" content=\"image\/jpeg\" \/>\n<meta name=\"twitter:card\" content=\"summary_large_image\" \/>\n<meta name=\"twitter:label1\" content=\"Precio\" \/>\n\t<meta name=\"twitter:data1\" content=\"&#36;3,021 con IVA\" \/>\n\t<meta name=\"twitter:label2\" content=\"Availability\" \/>\n\t<meta name=\"twitter:data2\" content=\"On backorder\" \/>\n<script type=\"application\/ld+json\" class=\"yoast-schema-graph\">{\"@context\":\"https:\/\/schema.org\",\"@graph\":[{\"@type\":\"WebPage\",\"@id\":\"https:\/\/compuviper.mx\/tienda\/producto\/grandstream-wp825-telefono-ip-wifi-de-doble-banda-2-cuentas-sip-2-lneas-resistente-al-agua-8-horas-de-conversacin-y-200-horas-en-reposo-bluetooth-integrado\/\",\"url\":\"https:\/\/compuviper.mx\/tienda\/producto\/grandstream-wp825-telefono-ip-wifi-de-doble-banda-2-cuentas-sip-2-lneas-resistente-al-agua-8-horas-de-conversacin-y-200-horas-en-reposo-bluetooth-integrado\/\",\"name\":\"[ Grandstream ] &#129351; Wp825 Telefono Ip \/ Wifi De Doble Banda, 2 Cuentas Sip, 2 L\u00edneas, Resistente Al Agua, 8 Horas De Conversaci\u00f3n Y 200 Horas En Reposo, Bluetooth Integrado.\",\"isPartOf\":{\"@id\":\"https:\/\/compuviper.mx\/tienda\/#website\"},\"datePublished\":\"2026-04-16T08:19:52+00:00\",\"dateModified\":\"2026-04-16T08:19:52+00:00\",\"description\":\"Compra Wp825 Telefono Ip \/ Wifi De Doble Banda, 2 Cuentas Sip, 2 L\u00edneas, Resistente Al Agua, 8 Horas De Conversaci\u00f3n Y 200 Horas En Reposo, Bluetooth Integrado. + Env\u00edo a domicilio + Pago seguro + Garant\u00eda\",\"breadcrumb\":{\"@id\":\"https:\/\/compuviper.mx\/tienda\/producto\/grandstream-wp825-telefono-ip-wifi-de-doble-banda-2-cuentas-sip-2-lneas-resistente-al-agua-8-horas-de-conversacin-y-200-horas-en-reposo-bluetooth-integrado\/#breadcrumb\"},\"inLanguage\":\"es-MX\",\"potentialAction\":[{\"@type\":\"ReadAction\",\"target\":[\"https:\/\/compuviper.mx\/tienda\/producto\/grandstream-wp825-telefono-ip-wifi-de-doble-banda-2-cuentas-sip-2-lneas-resistente-al-agua-8-horas-de-conversacin-y-200-horas-en-reposo-bluetooth-integrado\/\"]}]},{\"@type\":\"BreadcrumbList\",\"@id\":\"https:\/\/compuviper.mx\/tienda\/producto\/grandstream-wp825-telefono-ip-wifi-de-doble-banda-2-cuentas-sip-2-lneas-resistente-al-agua-8-horas-de-conversacin-y-200-horas-en-reposo-bluetooth-integrado\/#breadcrumb\",\"itemListElement\":[{\"@type\":\"ListItem\",\"position\":1,\"name\":\"Inicio\",\"item\":\"https:\/\/compuviper.mx\/tienda\/\"},{\"@type\":\"ListItem\",\"position\":2,\"name\":\"Productos\",\"item\":\"https:\/\/compuviper.mx\/tienda\/productos\/\"},{\"@type\":\"ListItem\",\"position\":3,\"name\":\"Telefonia\",\"item\":\"https:\/\/compuviper.mx\/tienda\/categoria-producto\/telefonia-2\/\"},{\"@type\":\"ListItem\",\"position\":4,\"name\":\"Telefono Ip\",\"item\":\"https:\/\/compuviper.mx\/tienda\/categoria-producto\/telefonia-2\/telefono-ip\/\"},{\"@type\":\"ListItem\",\"position\":5,\"name\":\"Grandstream Wp825 Telefono Ip \/ Wifi De Doble Banda, 2 Cuentas Sip, 2 L?neas, Resistente Al Agua, 8 Horas De Conversaci?n Y 200 Horas En Reposo, Bluetooth Integrado.\"}]},{\"@type\":\"WebSite\",\"@id\":\"https:\/\/compuviper.mx\/tienda\/#website\",\"url\":\"https:\/\/compuviper.mx\/tienda\/\",\"name\":\"Compuviper\",\"description\":\"Proveedor de Computadoras, Laptops, Servidores, Monitores, Puntos de Venta, Teclados,   Impresoras, T\u00f3ner, C\u00e1maras de Seguridad y m\u00e1s en tu tienda en l\u00ednea\",\"publisher\":{\"@id\":\"https:\/\/compuviper.mx\/tienda\/#organization\"},\"potentialAction\":[{\"@type\":\"SearchAction\",\"target\":{\"@type\":\"EntryPoint\",\"urlTemplate\":\"https:\/\/compuviper.mx\/tienda\/?s={search_term_string}\"},\"query-input\":\"required name=search_term_string\"}],\"inLanguage\":\"es-MX\"},{\"@type\":\"Organization\",\"@id\":\"https:\/\/compuviper.mx\/tienda\/#organization\",\"name\":\"Compuviper\",\"url\":\"https:\/\/compuviper.mx\/tienda\/\",\"logo\":{\"@type\":\"ImageObject\",\"inLanguage\":\"es-MX\",\"@id\":\"https:\/\/compuviper.mx\/tienda\/#\/schema\/logo\/image\/\",\"url\":\"https:\/\/compuviper.mx\/tienda\/wp-content\/uploads\/2021\/08\/Logo-Compuviper-10.png\",\"contentUrl\":\"https:\/\/compuviper.mx\/tienda\/wp-content\/uploads\/2021\/08\/Logo-Compuviper-10.png\",\"width\":1000,\"height\":500,\"caption\":\"Compuviper\"},\"image\":{\"@id\":\"https:\/\/compuviper.mx\/tienda\/#\/schema\/logo\/image\/\"},\"sameAs\":[\"https:\/\/www.facebook.com\/compuviper\",\"https:\/\/www.youtube.com\/channel\/UCf73dERp9Y3cfOq7q8BhLjA?view_as=subscriber\"]}]}<\/script>\n<meta property=\"product:brand\" content=\"GRANDSTREAM\" \/>\n<meta property=\"product:price:amount\" content=\"3021\" \/>\n<meta property=\"product:price:currency\" content=\"MXN\" \/>\n<meta property=\"og:availability\" content=\"backorder\" \/>\n<meta property=\"product:availability\" content=\"available for order\" \/>\n<meta property=\"product:retailer_item_id\" content=\"WP825\" \/>\n<meta property=\"product:condition\" content=\"new\" \/>\n<!-- \/ Yoast SEO plugin. -->","yoast_head_json":{"title":"[ Grandstream ] &#129351; Wp825 Telefono Ip \/ Wifi De Doble Banda, 2 Cuentas Sip, 2 L\u00edneas, Resistente Al Agua, 8 Horas De Conversaci\u00f3n Y 200 Horas En Reposo, Bluetooth Integrado.","description":"Compra Wp825 Telefono Ip \/ Wifi De Doble Banda, 2 Cuentas Sip, 2 L\u00edneas, Resistente Al Agua, 8 Horas De Conversaci\u00f3n Y 200 Horas En Reposo, Bluetooth Integrado. + Env\u00edo a domicilio + Pago seguro + Garant\u00eda","robots":{"index":"index","follow":"follow","max-snippet":"max-snippet:-1","max-image-preview":"max-image-preview:large","max-video-preview":"max-video-preview:-1"},"canonical":"https:\/\/compuviper.mx\/tienda\/producto\/grandstream-wp825-telefono-ip-wifi-de-doble-banda-2-cuentas-sip-2-lneas-resistente-al-agua-8-horas-de-conversacin-y-200-horas-en-reposo-bluetooth-integrado\/","og_locale":"es_MX","og_type":"article","og_title":"[ Grandstream ] &#129351; Wp825 Telefono Ip \/ Wifi De Doble Banda, 2 Cuentas Sip, 2 L\u00edneas, Resistente Al Agua, 8 Horas De Conversaci\u00f3n Y 200 Horas En Reposo, Bluetooth Integrado.","og_description":"Compra Wp825 Telefono Ip \/ Wifi De Doble Banda, 2 Cuentas Sip, 2 L\u00edneas, Resistente Al Agua, 8 Horas De Conversaci\u00f3n Y 200 Horas En Reposo, Bluetooth Integrado. + Env\u00edo a domicilio + Pago seguro + Garant\u00eda","og_url":"https:\/\/compuviper.mx\/tienda\/producto\/grandstream-wp825-telefono-ip-wifi-de-doble-banda-2-cuentas-sip-2-lneas-resistente-al-agua-8-horas-de-conversacin-y-200-horas-en-reposo-bluetooth-integrado\/","og_site_name":"Compuviper","article_publisher":"https:\/\/www.facebook.com\/compuviper","og_image":[{"width":200,"height":200,"url":"https:\/\/compuviper.mx\/tienda\/wp-content\/uploads\/2025\/10\/Telefono-ip-grandstream-wp825-wifi-de-doble-banda-2-cuentas-sip-2-lineas-resistente-al-agua-8-horas-de-conversacion-y-200-horas-en-reposo-bluetooth-integrado.jpg","type":"image\/jpeg"}],"twitter_card":"summary_large_image","twitter_misc":{"Precio":"&#36;3,021 con IVA","Availability":"On backorder"},"schema":{"@context":"https:\/\/schema.org","@graph":[{"@type":"WebPage","@id":"https:\/\/compuviper.mx\/tienda\/producto\/grandstream-wp825-telefono-ip-wifi-de-doble-banda-2-cuentas-sip-2-lneas-resistente-al-agua-8-horas-de-conversacin-y-200-horas-en-reposo-bluetooth-integrado\/","url":"https:\/\/compuviper.mx\/tienda\/producto\/grandstream-wp825-telefono-ip-wifi-de-doble-banda-2-cuentas-sip-2-lneas-resistente-al-agua-8-horas-de-conversacin-y-200-horas-en-reposo-bluetooth-integrado\/","name":"[ Grandstream ] &#129351; Wp825 Telefono Ip \/ Wifi De Doble Banda, 2 Cuentas Sip, 2 L\u00edneas, Resistente Al Agua, 8 Horas De Conversaci\u00f3n Y 200 Horas En Reposo, Bluetooth Integrado.","isPartOf":{"@id":"https:\/\/compuviper.mx\/tienda\/#website"},"datePublished":"2026-04-16T08:19:52+00:00","dateModified":"2026-04-16T08:19:52+00:00","description":"Compra Wp825 Telefono Ip \/ Wifi De Doble Banda, 2 Cuentas Sip, 2 L\u00edneas, Resistente Al Agua, 8 Horas De Conversaci\u00f3n Y 200 Horas En Reposo, Bluetooth Integrado. + Env\u00edo a domicilio + Pago seguro + Garant\u00eda","breadcrumb":{"@id":"https:\/\/compuviper.mx\/tienda\/producto\/grandstream-wp825-telefono-ip-wifi-de-doble-banda-2-cuentas-sip-2-lneas-resistente-al-agua-8-horas-de-conversacin-y-200-horas-en-reposo-bluetooth-integrado\/#breadcrumb"},"inLanguage":"es-MX","potentialAction":[{"@type":"ReadAction","target":["https:\/\/compuviper.mx\/tienda\/producto\/grandstream-wp825-telefono-ip-wifi-de-doble-banda-2-cuentas-sip-2-lneas-resistente-al-agua-8-horas-de-conversacin-y-200-horas-en-reposo-bluetooth-integrado\/"]}]},{"@type":"BreadcrumbList","@id":"https:\/\/compuviper.mx\/tienda\/producto\/grandstream-wp825-telefono-ip-wifi-de-doble-banda-2-cuentas-sip-2-lneas-resistente-al-agua-8-horas-de-conversacin-y-200-horas-en-reposo-bluetooth-integrado\/#breadcrumb","itemListElement":[{"@type":"ListItem","position":1,"name":"Inicio","item":"https:\/\/compuviper.mx\/tienda\/"},{"@type":"ListItem","position":2,"name":"Productos","item":"https:\/\/compuviper.mx\/tienda\/productos\/"},{"@type":"ListItem","position":3,"name":"Telefonia","item":"https:\/\/compuviper.mx\/tienda\/categoria-producto\/telefonia-2\/"},{"@type":"ListItem","position":4,"name":"Telefono Ip","item":"https:\/\/compuviper.mx\/tienda\/categoria-producto\/telefonia-2\/telefono-ip\/"},{"@type":"ListItem","position":5,"name":"Grandstream Wp825 Telefono Ip \/ Wifi De Doble Banda, 2 Cuentas Sip, 2 L?neas, Resistente Al Agua, 8 Horas De Conversaci?n Y 200 Horas En Reposo, Bluetooth Integrado."}]},{"@type":"WebSite","@id":"https:\/\/compuviper.mx\/tienda\/#website","url":"https:\/\/compuviper.mx\/tienda\/","name":"Compuviper","description":"Proveedor de Computadoras, Laptops, Servidores, Monitores, Puntos de Venta, Teclados,   Impresoras, T\u00f3ner, C\u00e1maras de Seguridad y m\u00e1s en tu tienda en l\u00ednea","publisher":{"@id":"https:\/\/compuviper.mx\/tienda\/#organization"},"potentialAction":[{"@type":"SearchAction","target":{"@type":"EntryPoint","urlTemplate":"https:\/\/compuviper.mx\/tienda\/?s={search_term_string}"},"query-input":"required name=search_term_string"}],"inLanguage":"es-MX"},{"@type":"Organization","@id":"https:\/\/compuviper.mx\/tienda\/#organization","name":"Compuviper","url":"https:\/\/compuviper.mx\/tienda\/","logo":{"@type":"ImageObject","inLanguage":"es-MX","@id":"https:\/\/compuviper.mx\/tienda\/#\/schema\/logo\/image\/","url":"https:\/\/compuviper.mx\/tienda\/wp-content\/uploads\/2021\/08\/Logo-Compuviper-10.png","contentUrl":"https:\/\/compuviper.mx\/tienda\/wp-content\/uploads\/2021\/08\/Logo-Compuviper-10.png","width":1000,"height":500,"caption":"Compuviper"},"image":{"@id":"https:\/\/compuviper.mx\/tienda\/#\/schema\/logo\/image\/"},"sameAs":["https:\/\/www.facebook.com\/compuviper","https:\/\/www.youtube.com\/channel\/UCf73dERp9Y3cfOq7q8BhLjA?view_as=subscriber"]}]},"product_brand":"GRANDSTREAM","product_price_amount":"3021","product_price_currency":"MXN","og_availability":"backorder","product_availability":"available for order","product_retailer_item_id":"WP825","product_condition":"new"},"_links":{"self":[{"href":"https:\/\/compuviper.mx\/tienda\/wp-json\/wp\/v2\/product\/247747"}],"collection":[{"href":"https:\/\/compuviper.mx\/tienda\/wp-json\/wp\/v2\/product"}],"about":[{"href":"https:\/\/compuviper.mx\/tienda\/wp-json\/wp\/v2\/types\/product"}],"replies":[{"embeddable":true,"href":"https:\/\/compuviper.mx\/tienda\/wp-json\/wp\/v2\/comments?post=247747"}],"wp:featuredmedia":[{"embeddable":true,"href":"https:\/\/compuviper.mx\/tienda\/wp-json\/wp\/v2\/media\/258489"}],"wp:attachment":[{"href":"https:\/\/compuviper.mx\/tienda\/wp-json\/wp\/v2\/media?parent=247747"}],"wp:term":[{"taxonomy":"product_cat","embeddable":true,"href":"https:\/\/compuviper.mx\/tienda\/wp-json\/wp\/v2\/product_cat?post=247747"},{"taxonomy":"product_tag","embeddable":true,"href":"https:\/\/compuviper.mx\/tienda\/wp-json\/wp\/v2\/product_tag?post=247747"}],"curies":[{"name":"wp","href":"https:\/\/api.w.org\/{rel}","templated":true}]}}