{"id":247699,"date":"2026-04-11T00:52:06","date_gmt":"2026-04-11T06:52:06","guid":{"rendered":"https:\/\/compuviper.mx\/tienda\/producto\/lg-32gs60qc-monitor-ultragear-gamer-curvo-qhd-31-5panel-va-2560x1440-180hz-tr-1ms-curvatura-1000r-hdr10-amd-freesync-aspecto-1609-contraste-30001-displayport-hdmi-montaje-100x100\/"},"modified":"2026-04-11T00:52:07","modified_gmt":"2026-04-11T06:52:07","slug":"lg-32gs60qc-monitor-ultragear-gamer-curvo-qhd-31-5panel-va-2560x1440-180hz-tr-1ms-curvatura-1000r-hdr10-amd-freesync-aspecto-1609-contraste-30001-displayport-hdmi-montaje-100x100","status":"publish","type":"product","link":"https:\/\/compuviper.mx\/tienda\/producto\/lg-32gs60qc-monitor-ultragear-gamer-curvo-qhd-31-5panel-va-2560x1440-180hz-tr-1ms-curvatura-1000r-hdr10-amd-freesync-aspecto-1609-contraste-30001-displayport-hdmi-montaje-100x100\/","title":{"rendered":"Lg 32gs60qc Monitor  Ultragear  Gamer Curvo Qhd 31.5,panel Va, 2560&#215;1440, 180hz, Tr 1ms, Curvatura 1000r, Hdr10, Amd Freesync, Aspecto 16:09, Contraste 3000:1, Displayport, Hdmi, Montaje 100&#215;100"},"content":{"rendered":"<table class=\"descripcion\">\n<tr>\n<td>Todas las especificaciones:<\/td>\n<\/tr>\n<tr>\n<td>Informaci\u00f3n<\/td>\n<\/tr>\n<tr>\n<td>Nombre del producto<\/td>\n<\/tr>\n<tr>\n<td>Ultragear<\/td>\n<\/tr>\n<tr>\n<td>A\u00f1o<\/td>\n<\/tr>\n<tr>\n<td>2025<\/td>\n<\/tr>\n<tr>\n<td>Pantalla<\/td>\n<\/tr>\n<tr>\n<td>Tama\u00f1o [pulgadas]<\/td>\n<\/tr>\n<tr>\n<td>31.5<\/td>\n<\/tr>\n<tr>\n<td>Relaci\u00f3n de aspecto<\/td>\n<\/tr>\n<tr>\n<td>16:09<\/td>\n<\/tr>\n<tr>\n<td>Tipo de panel<\/td>\n<\/tr>\n<tr>\n<td>Va<\/td>\n<\/tr>\n<tr>\n<td>Tiempo de respuesta<\/td>\n<\/tr>\n<tr>\n<td>1ms (gtg at faster)<\/td>\n<\/tr>\n<tr>\n<td>Resoluci\u00f3n<\/td>\n<\/tr>\n<tr>\n<td>2560 x 1440<\/td>\n<\/tr>\n<tr>\n<td>Paso de p\u00edxeles [mm]<\/td>\n<\/tr>\n<tr>\n<td>0.272 x 0.272 mm<\/td>\n<\/tr>\n<tr>\n<td>Profundidad de color (n\u00famero de colores)<\/td>\n<\/tr>\n<tr>\n<td>16.7m<\/td>\n<\/tr>\n<tr>\n<td>\u00e1ngulo de visi\u00f3n (cr and #8805;10)<\/td>\n<\/tr>\n<tr>\n<td>178\u00ba(r\/l), 178\u00ba(u\/d)<\/td>\n<\/tr>\n<tr>\n<td>Brillo (t\u00edp.) [cd\/m\u00b2]<\/td>\n<\/tr>\n<tr>\n<td>300cd\/m\u00b2<\/td>\n<\/tr>\n<tr>\n<td>Relaci\u00f3n de contraste (t\u00edp.)<\/td>\n<\/tr>\n<tr>\n<td>\u00b43000:1<\/td>\n<\/tr>\n<tr>\n<td>Gama de colores (t\u00edp.)<\/td>\n<\/tr>\n<tr>\n<td>Srgb 99% (cie1931)<\/td>\n<\/tr>\n<tr>\n<td>Curvatura<\/td>\n<\/tr>\n<tr>\n<td>1000r<\/td>\n<\/tr>\n<tr>\n<td>Gama de colores (m\u00edn.)<\/td>\n<\/tr>\n<tr>\n<td>Srgb 95% (cie1931)<\/td>\n<\/tr>\n<tr>\n<td>Frecuencia de actualizaci\u00f3n (m\u00e1x.) [hz]<\/td>\n<\/tr>\n<tr>\n<td>180<\/td>\n<\/tr>\n<tr>\n<td>Brillo (m\u00edn.) [cd\/m\u00b2]<\/td>\n<\/tr>\n<tr>\n<td>250cd\/m\u00b2<\/td>\n<\/tr>\n<tr>\n<td>Relaci\u00f3n de contraste (m\u00edn.)<\/td>\n<\/tr>\n<tr>\n<td>\u00b42400:1<\/td>\n<\/tr>\n<tr>\n<td>Tama\u00f1o [cm]<\/td>\n<\/tr>\n<tr>\n<td>80<\/td>\n<\/tr>\n<tr>\n<td>Tratamiento de superficies<\/td>\n<\/tr>\n<tr>\n<td>Antideslumbrante<\/td>\n<\/tr>\n<tr>\n<td>Conectividad<\/td>\n<\/tr>\n<tr>\n<td>Hdmi<\/td>\n<\/tr>\n<tr>\n<td>S\u00ed(2ea)<\/td>\n<\/tr>\n<tr>\n<td>Displayport<\/td>\n<\/tr>\n<tr>\n<td>S\u00ed(1ea)<\/td>\n<\/tr>\n<tr>\n<td>Versi\u00f3n dp<\/td>\n<\/tr>\n<tr>\n<td>1.4<\/td>\n<\/tr>\n<tr>\n<td>Salida de auriculares<\/td>\n<\/tr>\n<tr>\n<td>3-pole (sound only)<\/td>\n<\/tr>\n<tr>\n<td>Caracter\u00edsticas<\/td>\n<\/tr>\n<tr>\n<td>Hdr 10<\/td>\n<\/tr>\n<tr>\n<td>S\u00ed<\/td>\n<\/tr>\n<tr>\n<td>Amd freesync<\/td>\n<\/tr>\n<tr>\n<td>S\u00ed<\/td>\n<\/tr>\n<tr>\n<td>Debilidad del color<\/td>\n<\/tr>\n<tr>\n<td>S\u00ed<\/td>\n<\/tr>\n<tr>\n<td>Ahorro de energ\u00eda inteligente<\/td>\n<\/tr>\n<tr>\n<td>S\u00ed<\/td>\n<\/tr>\n<tr>\n<td>Color calibrado en f\u00e1brica<\/td>\n<\/tr>\n<tr>\n<td>S\u00ed<\/td>\n<\/tr>\n<tr>\n<td>A prueba de parpadeos<\/td>\n<\/tr>\n<tr>\n<td>S\u00ed<\/td>\n<\/tr>\n<tr>\n<td>Sincronizaci\u00f3n de acci\u00f3n din\u00e1mica<\/td>\n<\/tr>\n<tr>\n<td>S\u00ed<\/td>\n<\/tr>\n<tr>\n<td>Estabilizador negro<\/td>\n<\/tr>\n<tr>\n<td>S\u00ed<\/td>\n<\/tr>\n<tr>\n<td>Cruz<\/td>\n<\/tr>\n<tr>\n<td>S\u00ed<\/td>\n<\/tr>\n<tr>\n<td>Modo lector<\/td>\n<\/tr>\n<tr>\n<td>S\u00ed<\/td>\n<\/tr>\n<tr>\n<td>Contador fps<\/td>\n<\/tr>\n<tr>\n<td>S\u00ed<\/td>\n<\/tr>\n<tr>\n<td>Tecla definida por el usuario<\/td>\n<\/tr>\n<tr>\n<td>S\u00ed<\/td>\n<\/tr>\n<tr>\n<td>Auto input switch<\/td>\n<\/tr>\n<tr>\n<td>S\u00ed<\/td>\n<\/tr>\n<tr>\n<td>Efecto hdr<\/td>\n<\/tr>\n<tr>\n<td>S\u00ed<\/td>\n<\/tr>\n<tr>\n<td>Mec\u00e1nico<\/td>\n<\/tr>\n<tr>\n<td>Ajustes de posici\u00f3n de la pantalla<\/td>\n<\/tr>\n<tr>\n<td>Inclinaci\u00f3n<\/td>\n<\/tr>\n<tr>\n<td>Montaje en pared [mm]<\/td>\n<\/tr>\n<tr>\n<td>100 x 100<\/td>\n<\/tr>\n<tr>\n<td>Dise\u00f1o sin bordes<\/td>\n<\/tr>\n<tr>\n<td>Dise\u00f1o de 3 caras pr\u00e1cticamente sin bordes<\/td>\n<\/tr>\n<tr>\n<td>Dimensiones\/pesos<\/td>\n<\/tr>\n<tr>\n<td>Dimensiones en el env\u00edo (an x al x p) [mm]<\/td>\n<\/tr>\n<tr>\n<td>780.0 x 500.0 x 180.0<\/td>\n<\/tr>\n<tr>\n<td>Dimensiones con soporte (an x al x p) [mm]<\/td>\n<\/tr>\n<tr>\n<td>699.9 x 508.1 x 226.5<\/td>\n<\/tr>\n<tr>\n<td>Dimensiones sin soporte (an x al x p) [mm]<\/td>\n<\/tr>\n<tr>\n<td>699.9 x 421.2 x 111.9<\/td>\n<\/tr>\n<tr>\n<td>Peso en el env\u00edo [kg]<\/td>\n<\/tr>\n<tr>\n<td>7.7 kg<\/td>\n<\/tr>\n<tr>\n<td>Peso con soporte [kg]<\/td>\n<\/tr>\n<tr>\n<td>5.9 kg<\/td>\n<\/tr>\n<tr>\n<td>Peso sin soporte [kg]<\/td>\n<\/tr>\n<tr>\n<td>4.6 kg<\/td>\n<\/tr>\n<tr>\n<td>Alimentaci\u00f3n<\/td>\n<\/tr>\n<tr>\n<td>Consumo de energ\u00eda (m\u00e1x.)<\/td>\n<\/tr>\n<tr>\n<td>25w<\/td>\n<\/tr>\n<tr>\n<td>Consumo de energ\u00eda (energy star)<\/td>\n<\/tr>\n<tr>\n<td>22w<\/td>\n<\/tr>\n<tr>\n<td>Consumo de energ\u00eda (modo de reposo)<\/td>\n<\/tr>\n<tr>\n<td>Menos de 0.3w<\/td>\n<\/tr>\n<tr>\n<td>Consumo de energ\u00eda (t\u00edp.)<\/td>\n<\/tr>\n<tr>\n<td>24w<\/td>\n<\/tr>\n<tr>\n<td>Consumo (dc off)<\/td>\n<\/tr>\n<tr>\n<td>Menos de 0.3w<\/td>\n<\/tr>\n<tr>\n<td>Entrada ca<\/td>\n<\/tr>\n<tr>\n<td>100~240v (50\/60hz)<\/td>\n<\/tr>\n<tr>\n<td>Tipo<\/td>\n<\/tr>\n<tr>\n<td>Alimentaci\u00f3n externa (adaptador)<\/td>\n<\/tr>\n<tr>\n<td>Accesorio<\/td>\n<\/tr>\n<tr>\n<td>Puerto de pantalla<\/td>\n<\/tr>\n<tr>\n<td>S\u00ed<\/td>\n<\/tr>\n<tr>\n<td>Adaptador<\/td>\n<\/tr>\n<tr>\n<td>S\u00ed<\/td>\n<\/tr>\n<tr>\n<td>Cable de alimentaci\u00f3n<\/td>\n<\/tr>\n<tr>\n<td>S\u00ed<\/td>\n<\/tr>\n<tr>\n<td>Aplicaci\u00f3n sw<\/td>\n<\/tr>\n<tr>\n<td>Controlador dual<\/td>\n<\/tr>\n<tr>\n<td>S\u00ed<\/td>\n<\/tr>\n<tr>\n<td>Onscreen control (lg screen manager)<\/td>\n<\/tr>\n<tr>\n<td>S\u00ed<\/td>\n<\/tr>\n<\/table>\n","protected":false},"excerpt":{"rendered":"<p>Especificaci\u00f3n clave. Tama\u00f1o [pulgadas. 31.5. Resoluci\u00f3n. 2560 x 1440. Tipo de panel. Va. Relaci\u00f3n de aspecto. 16:09. Gama de colores (t\u00edp.. Srgb 99% (cie1931. Brillo (t\u00edp.) [cd\/m\u00b2. 300cd\/m?. Frecuencia de actualizaci\u00f3n (m\u00e1x.) [hz. 180. Tiempo de respuesta. 1ms (gtg at faster. Ajustes de posici\u00f3n de la pantalla. Inclinaci\u00f3n. 32\u0094 ultragear\u0099 1000r monitor gamer curvo | qhd, 1ms (gtg), 180hz. Toma la delantera con la \u00faltima. Immersi\u00f3n de 1000r. La curva natural de 1000r es solo el comienzo. Es una revoluci\u00f3n en los juegos con una velocidad satisfactoria de 180hz, calidad de imagen y usabilidad que nunca antes has experimentado. Curva fluida, juego ininterrumpido. Experimente la curvatura 1000r, que se adapta al campo de visi\u00f3n m\u00e1s humano y reproduzca escenas v\u00edvidas con una extraordinaria frecuencia de actualizaci\u00f3n de 180 hz para una experiencia que se siente m\u00e1s realista e inmersiva. Velocidad mejorada. Nuevos est\u00e1ndares. Hemos elevado el est\u00e1ndar de velocidad de ultragear a 180 hz. Puede disfrutar de im\u00e1genes ultra claras y fluidas con una frecuencia de actualizaci\u00f3n de 180 hz, que carga im\u00e1genes 180 veces en un segundo. Velocidad inmersiva. Sumergirse en los juegos. El tiempo de respuesta ultrarr\u00e1pido de 1 ms (gtg), que reduce el efecto fantasma inverso y proporciona un tiempo de respuesta r\u00e1pido, le permite disfrutar de un rendimiento de juego completamente nuevo. Siente colores reales. Este monitor admite una amplia gama de colores, srgb 99% (t\u00edpico) y hdr10, reproduciendo colores de alta fidelidad para que los jugadores vean los colores dram\u00e1ticos que los desarrolladores del juego pretendieron independientemente del campo de batalla. Dise\u00f1o centrado en el jugador. Mejore su experiencia de juego con un dise\u00f1o de 3 lados pr\u00e1cticamente sin bordes para una vista inmersiva y una base ajustable en inclinaci\u00f3n para ayudarlo a jugar m\u00e1s c\u00f3modamente. Su soporte en l ordenado ocupa un espacio m\u00ednimo en el escritorio, lo que le permite minimizar el espacio muerto.<\/p>\n","protected":false},"featured_media":259885,"comment_status":"open","ping_status":"open","template":"","meta":[],"product_cat":[1741,1740],"product_tag":[1687],"acf":[],"yoast_head":"<!-- This site is optimized with the Yoast SEO plugin v21.7 - https:\/\/yoast.com\/wordpress\/plugins\/seo\/ -->\n<title>[ Lg ] &#129351; 32gs60qc Monitor Ultragear Gamer Curvo Qhd 31.5,panel Va, 2560x1440, 180hz, Tr 1ms, Curvatura 1000r, Hdr10, Amd Freesync, Aspecto 16:09, Contraste 3000:1, Displayport, Hdmi, Montaje 100x100<\/title>\n<meta name=\"description\" content=\"Compra 32gs60qc Monitor Ultragear Gamer Curvo Qhd 31.5,panel Va, 2560x1440, 180hz, Tr 1ms, Curvatura 1000r, Hdr10, Amd Freesync, Aspecto 16:09, Contraste 3000:1, Displayport, Hdmi, Montaje 100x100 + Env\u00edo a domicilio + Pago seguro + Garant\u00eda\" \/>\n<meta name=\"robots\" content=\"index, follow, max-snippet:-1, max-image-preview:large, max-video-preview:-1\" \/>\n<link rel=\"canonical\" href=\"https:\/\/compuviper.mx\/tienda\/producto\/lg-32gs60qc-monitor-ultragear-gamer-curvo-qhd-31-5panel-va-2560x1440-180hz-tr-1ms-curvatura-1000r-hdr10-amd-freesync-aspecto-1609-contraste-30001-displayport-hdmi-montaje-100x100\/\" \/>\n<meta property=\"og:locale\" content=\"es_MX\" \/>\n<meta property=\"og:type\" content=\"article\" \/>\n<meta property=\"og:title\" content=\"[ Lg ] &#129351; 32gs60qc Monitor Ultragear Gamer Curvo Qhd 31.5,panel Va, 2560x1440, 180hz, Tr 1ms, Curvatura 1000r, Hdr10, Amd Freesync, Aspecto 16:09, Contraste 3000:1, Displayport, Hdmi, Montaje 100x100\" \/>\n<meta property=\"og:description\" content=\"Compra 32gs60qc Monitor Ultragear Gamer Curvo Qhd 31.5,panel Va, 2560x1440, 180hz, Tr 1ms, Curvatura 1000r, Hdr10, Amd Freesync, Aspecto 16:09, Contraste 3000:1, Displayport, Hdmi, Montaje 100x100 + Env\u00edo a domicilio + Pago seguro + Garant\u00eda\" \/>\n<meta property=\"og:url\" content=\"https:\/\/compuviper.mx\/tienda\/producto\/lg-32gs60qc-monitor-ultragear-gamer-curvo-qhd-31-5panel-va-2560x1440-180hz-tr-1ms-curvatura-1000r-hdr10-amd-freesync-aspecto-1609-contraste-30001-displayport-hdmi-montaje-100x100\/\" \/>\n<meta property=\"og:site_name\" content=\"Compuviper\" \/>\n<meta property=\"article:publisher\" content=\"https:\/\/www.facebook.com\/compuviper\" \/>\n<meta property=\"article:modified_time\" content=\"2026-04-11T06:52:07+00:00\" \/>\n<meta property=\"og:image\" content=\"https:\/\/compuviper.mx\/tienda\/wp-content\/uploads\/2025\/10\/Monitor-lg-ultragear-32gs60qc-gamer-curvo-qhd-31.5panel-va-2560x1440-180hz-tr-1ms-curvatura-1000r-hdr10-amd-freesync-aspecto-1609-contraste-30001-displayport-hdmi-montaje-100x100-1.jpg\" \/>\n\t<meta property=\"og:image:width\" content=\"200\" \/>\n\t<meta property=\"og:image:height\" content=\"200\" \/>\n\t<meta property=\"og:image:type\" content=\"image\/jpeg\" \/>\n<meta name=\"twitter:card\" content=\"summary_large_image\" \/>\n<meta name=\"twitter:label1\" content=\"Precio\" \/>\n\t<meta name=\"twitter:data1\" content=\"&#36;5,291 &#36;4,351 con IVA\" \/>\n\t<meta name=\"twitter:label2\" content=\"Availability\" \/>\n\t<meta name=\"twitter:data2\" content=\"In stock\" \/>\n<script type=\"application\/ld+json\" class=\"yoast-schema-graph\">{\"@context\":\"https:\/\/schema.org\",\"@graph\":[{\"@type\":\"WebPage\",\"@id\":\"https:\/\/compuviper.mx\/tienda\/producto\/lg-32gs60qc-monitor-ultragear-gamer-curvo-qhd-31-5panel-va-2560x1440-180hz-tr-1ms-curvatura-1000r-hdr10-amd-freesync-aspecto-1609-contraste-30001-displayport-hdmi-montaje-100x100\/\",\"url\":\"https:\/\/compuviper.mx\/tienda\/producto\/lg-32gs60qc-monitor-ultragear-gamer-curvo-qhd-31-5panel-va-2560x1440-180hz-tr-1ms-curvatura-1000r-hdr10-amd-freesync-aspecto-1609-contraste-30001-displayport-hdmi-montaje-100x100\/\",\"name\":\"[ Lg ] &#129351; 32gs60qc Monitor Ultragear Gamer Curvo Qhd 31.5,panel Va, 2560x1440, 180hz, Tr 1ms, Curvatura 1000r, Hdr10, Amd Freesync, Aspecto 16:09, Contraste 3000:1, Displayport, Hdmi, Montaje 100x100\",\"isPartOf\":{\"@id\":\"https:\/\/compuviper.mx\/tienda\/#website\"},\"datePublished\":\"2026-04-11T06:52:06+00:00\",\"dateModified\":\"2026-04-11T06:52:07+00:00\",\"description\":\"Compra 32gs60qc Monitor Ultragear Gamer Curvo Qhd 31.5,panel Va, 2560x1440, 180hz, Tr 1ms, Curvatura 1000r, Hdr10, Amd Freesync, Aspecto 16:09, Contraste 3000:1, Displayport, Hdmi, Montaje 100x100 + Env\u00edo a domicilio + Pago seguro + Garant\u00eda\",\"breadcrumb\":{\"@id\":\"https:\/\/compuviper.mx\/tienda\/producto\/lg-32gs60qc-monitor-ultragear-gamer-curvo-qhd-31-5panel-va-2560x1440-180hz-tr-1ms-curvatura-1000r-hdr10-amd-freesync-aspecto-1609-contraste-30001-displayport-hdmi-montaje-100x100\/#breadcrumb\"},\"inLanguage\":\"es-MX\",\"potentialAction\":[{\"@type\":\"ReadAction\",\"target\":[\"https:\/\/compuviper.mx\/tienda\/producto\/lg-32gs60qc-monitor-ultragear-gamer-curvo-qhd-31-5panel-va-2560x1440-180hz-tr-1ms-curvatura-1000r-hdr10-amd-freesync-aspecto-1609-contraste-30001-displayport-hdmi-montaje-100x100\/\"]}]},{\"@type\":\"BreadcrumbList\",\"@id\":\"https:\/\/compuviper.mx\/tienda\/producto\/lg-32gs60qc-monitor-ultragear-gamer-curvo-qhd-31-5panel-va-2560x1440-180hz-tr-1ms-curvatura-1000r-hdr10-amd-freesync-aspecto-1609-contraste-30001-displayport-hdmi-montaje-100x100\/#breadcrumb\",\"itemListElement\":[{\"@type\":\"ListItem\",\"position\":1,\"name\":\"Inicio\",\"item\":\"https:\/\/compuviper.mx\/tienda\/\"},{\"@type\":\"ListItem\",\"position\":2,\"name\":\"Productos\",\"item\":\"https:\/\/compuviper.mx\/tienda\/productos\/\"},{\"@type\":\"ListItem\",\"position\":3,\"name\":\"Monitores\",\"item\":\"https:\/\/compuviper.mx\/tienda\/categoria-producto\/monitores\/\"},{\"@type\":\"ListItem\",\"position\":4,\"name\":\"Led\",\"item\":\"https:\/\/compuviper.mx\/tienda\/categoria-producto\/monitores\/led\/\"},{\"@type\":\"ListItem\",\"position\":5,\"name\":\"Lg 32gs60qc Monitor Ultragear Gamer Curvo Qhd 31.5,panel Va, 2560&#215;1440, 180hz, Tr 1ms, Curvatura 1000r, Hdr10, Amd Freesync, Aspecto 16:09, Contraste 3000:1, Displayport, Hdmi, Montaje 100&#215;100\"}]},{\"@type\":\"WebSite\",\"@id\":\"https:\/\/compuviper.mx\/tienda\/#website\",\"url\":\"https:\/\/compuviper.mx\/tienda\/\",\"name\":\"Compuviper\",\"description\":\"Proveedor de Computadoras, Laptops, Servidores, Monitores, Puntos de Venta, Teclados,   Impresoras, T\u00f3ner, C\u00e1maras de Seguridad y m\u00e1s en tu tienda en l\u00ednea\",\"publisher\":{\"@id\":\"https:\/\/compuviper.mx\/tienda\/#organization\"},\"potentialAction\":[{\"@type\":\"SearchAction\",\"target\":{\"@type\":\"EntryPoint\",\"urlTemplate\":\"https:\/\/compuviper.mx\/tienda\/?s={search_term_string}\"},\"query-input\":\"required name=search_term_string\"}],\"inLanguage\":\"es-MX\"},{\"@type\":\"Organization\",\"@id\":\"https:\/\/compuviper.mx\/tienda\/#organization\",\"name\":\"Compuviper\",\"url\":\"https:\/\/compuviper.mx\/tienda\/\",\"logo\":{\"@type\":\"ImageObject\",\"inLanguage\":\"es-MX\",\"@id\":\"https:\/\/compuviper.mx\/tienda\/#\/schema\/logo\/image\/\",\"url\":\"https:\/\/compuviper.mx\/tienda\/wp-content\/uploads\/2021\/08\/Logo-Compuviper-10.png\",\"contentUrl\":\"https:\/\/compuviper.mx\/tienda\/wp-content\/uploads\/2021\/08\/Logo-Compuviper-10.png\",\"width\":1000,\"height\":500,\"caption\":\"Compuviper\"},\"image\":{\"@id\":\"https:\/\/compuviper.mx\/tienda\/#\/schema\/logo\/image\/\"},\"sameAs\":[\"https:\/\/www.facebook.com\/compuviper\",\"https:\/\/www.youtube.com\/channel\/UCf73dERp9Y3cfOq7q8BhLjA?view_as=subscriber\"]}]}<\/script>\n<meta property=\"product:brand\" content=\"LG\" \/>\n<meta property=\"product:price:amount\" content=\"4351\" \/>\n<meta property=\"product:price:currency\" content=\"MXN\" \/>\n<meta property=\"og:availability\" content=\"instock\" \/>\n<meta property=\"product:availability\" content=\"instock\" \/>\n<meta property=\"product:retailer_item_id\" content=\"32GS60QC\" \/>\n<meta property=\"product:condition\" content=\"new\" \/>\n<!-- \/ Yoast SEO plugin. -->","yoast_head_json":{"title":"[ Lg ] &#129351; 32gs60qc Monitor Ultragear Gamer Curvo Qhd 31.5,panel Va, 2560x1440, 180hz, Tr 1ms, Curvatura 1000r, Hdr10, Amd Freesync, Aspecto 16:09, Contraste 3000:1, Displayport, Hdmi, Montaje 100x100","description":"Compra 32gs60qc Monitor Ultragear Gamer Curvo Qhd 31.5,panel Va, 2560x1440, 180hz, Tr 1ms, Curvatura 1000r, Hdr10, Amd Freesync, Aspecto 16:09, Contraste 3000:1, Displayport, Hdmi, Montaje 100x100 + Env\u00edo a domicilio + Pago seguro + Garant\u00eda","robots":{"index":"index","follow":"follow","max-snippet":"max-snippet:-1","max-image-preview":"max-image-preview:large","max-video-preview":"max-video-preview:-1"},"canonical":"https:\/\/compuviper.mx\/tienda\/producto\/lg-32gs60qc-monitor-ultragear-gamer-curvo-qhd-31-5panel-va-2560x1440-180hz-tr-1ms-curvatura-1000r-hdr10-amd-freesync-aspecto-1609-contraste-30001-displayport-hdmi-montaje-100x100\/","og_locale":"es_MX","og_type":"article","og_title":"[ Lg ] &#129351; 32gs60qc Monitor Ultragear Gamer Curvo Qhd 31.5,panel Va, 2560x1440, 180hz, Tr 1ms, Curvatura 1000r, Hdr10, Amd Freesync, Aspecto 16:09, Contraste 3000:1, Displayport, Hdmi, Montaje 100x100","og_description":"Compra 32gs60qc Monitor Ultragear Gamer Curvo Qhd 31.5,panel Va, 2560x1440, 180hz, Tr 1ms, Curvatura 1000r, Hdr10, Amd Freesync, Aspecto 16:09, Contraste 3000:1, Displayport, Hdmi, Montaje 100x100 + Env\u00edo a domicilio + Pago seguro + Garant\u00eda","og_url":"https:\/\/compuviper.mx\/tienda\/producto\/lg-32gs60qc-monitor-ultragear-gamer-curvo-qhd-31-5panel-va-2560x1440-180hz-tr-1ms-curvatura-1000r-hdr10-amd-freesync-aspecto-1609-contraste-30001-displayport-hdmi-montaje-100x100\/","og_site_name":"Compuviper","article_publisher":"https:\/\/www.facebook.com\/compuviper","article_modified_time":"2026-04-11T06:52:07+00:00","og_image":[{"width":200,"height":200,"url":"https:\/\/compuviper.mx\/tienda\/wp-content\/uploads\/2025\/10\/Monitor-lg-ultragear-32gs60qc-gamer-curvo-qhd-31.5panel-va-2560x1440-180hz-tr-1ms-curvatura-1000r-hdr10-amd-freesync-aspecto-1609-contraste-30001-displayport-hdmi-montaje-100x100-1.jpg","type":"image\/jpeg"}],"twitter_card":"summary_large_image","twitter_misc":{"Precio":"&#36;5,291 &#36;4,351 con IVA","Availability":"In stock"},"schema":{"@context":"https:\/\/schema.org","@graph":[{"@type":"WebPage","@id":"https:\/\/compuviper.mx\/tienda\/producto\/lg-32gs60qc-monitor-ultragear-gamer-curvo-qhd-31-5panel-va-2560x1440-180hz-tr-1ms-curvatura-1000r-hdr10-amd-freesync-aspecto-1609-contraste-30001-displayport-hdmi-montaje-100x100\/","url":"https:\/\/compuviper.mx\/tienda\/producto\/lg-32gs60qc-monitor-ultragear-gamer-curvo-qhd-31-5panel-va-2560x1440-180hz-tr-1ms-curvatura-1000r-hdr10-amd-freesync-aspecto-1609-contraste-30001-displayport-hdmi-montaje-100x100\/","name":"[ Lg ] &#129351; 32gs60qc Monitor Ultragear Gamer Curvo Qhd 31.5,panel Va, 2560x1440, 180hz, Tr 1ms, Curvatura 1000r, Hdr10, Amd Freesync, Aspecto 16:09, Contraste 3000:1, Displayport, Hdmi, Montaje 100x100","isPartOf":{"@id":"https:\/\/compuviper.mx\/tienda\/#website"},"datePublished":"2026-04-11T06:52:06+00:00","dateModified":"2026-04-11T06:52:07+00:00","description":"Compra 32gs60qc Monitor Ultragear Gamer Curvo Qhd 31.5,panel Va, 2560x1440, 180hz, Tr 1ms, Curvatura 1000r, Hdr10, Amd Freesync, Aspecto 16:09, Contraste 3000:1, Displayport, Hdmi, Montaje 100x100 + Env\u00edo a domicilio + Pago seguro + Garant\u00eda","breadcrumb":{"@id":"https:\/\/compuviper.mx\/tienda\/producto\/lg-32gs60qc-monitor-ultragear-gamer-curvo-qhd-31-5panel-va-2560x1440-180hz-tr-1ms-curvatura-1000r-hdr10-amd-freesync-aspecto-1609-contraste-30001-displayport-hdmi-montaje-100x100\/#breadcrumb"},"inLanguage":"es-MX","potentialAction":[{"@type":"ReadAction","target":["https:\/\/compuviper.mx\/tienda\/producto\/lg-32gs60qc-monitor-ultragear-gamer-curvo-qhd-31-5panel-va-2560x1440-180hz-tr-1ms-curvatura-1000r-hdr10-amd-freesync-aspecto-1609-contraste-30001-displayport-hdmi-montaje-100x100\/"]}]},{"@type":"BreadcrumbList","@id":"https:\/\/compuviper.mx\/tienda\/producto\/lg-32gs60qc-monitor-ultragear-gamer-curvo-qhd-31-5panel-va-2560x1440-180hz-tr-1ms-curvatura-1000r-hdr10-amd-freesync-aspecto-1609-contraste-30001-displayport-hdmi-montaje-100x100\/#breadcrumb","itemListElement":[{"@type":"ListItem","position":1,"name":"Inicio","item":"https:\/\/compuviper.mx\/tienda\/"},{"@type":"ListItem","position":2,"name":"Productos","item":"https:\/\/compuviper.mx\/tienda\/productos\/"},{"@type":"ListItem","position":3,"name":"Monitores","item":"https:\/\/compuviper.mx\/tienda\/categoria-producto\/monitores\/"},{"@type":"ListItem","position":4,"name":"Led","item":"https:\/\/compuviper.mx\/tienda\/categoria-producto\/monitores\/led\/"},{"@type":"ListItem","position":5,"name":"Lg 32gs60qc Monitor Ultragear Gamer Curvo Qhd 31.5,panel Va, 2560&#215;1440, 180hz, Tr 1ms, Curvatura 1000r, Hdr10, Amd Freesync, Aspecto 16:09, Contraste 3000:1, Displayport, Hdmi, Montaje 100&#215;100"}]},{"@type":"WebSite","@id":"https:\/\/compuviper.mx\/tienda\/#website","url":"https:\/\/compuviper.mx\/tienda\/","name":"Compuviper","description":"Proveedor de Computadoras, Laptops, Servidores, Monitores, Puntos de Venta, Teclados,   Impresoras, T\u00f3ner, C\u00e1maras de Seguridad y m\u00e1s en tu tienda en l\u00ednea","publisher":{"@id":"https:\/\/compuviper.mx\/tienda\/#organization"},"potentialAction":[{"@type":"SearchAction","target":{"@type":"EntryPoint","urlTemplate":"https:\/\/compuviper.mx\/tienda\/?s={search_term_string}"},"query-input":"required name=search_term_string"}],"inLanguage":"es-MX"},{"@type":"Organization","@id":"https:\/\/compuviper.mx\/tienda\/#organization","name":"Compuviper","url":"https:\/\/compuviper.mx\/tienda\/","logo":{"@type":"ImageObject","inLanguage":"es-MX","@id":"https:\/\/compuviper.mx\/tienda\/#\/schema\/logo\/image\/","url":"https:\/\/compuviper.mx\/tienda\/wp-content\/uploads\/2021\/08\/Logo-Compuviper-10.png","contentUrl":"https:\/\/compuviper.mx\/tienda\/wp-content\/uploads\/2021\/08\/Logo-Compuviper-10.png","width":1000,"height":500,"caption":"Compuviper"},"image":{"@id":"https:\/\/compuviper.mx\/tienda\/#\/schema\/logo\/image\/"},"sameAs":["https:\/\/www.facebook.com\/compuviper","https:\/\/www.youtube.com\/channel\/UCf73dERp9Y3cfOq7q8BhLjA?view_as=subscriber"]}]},"product_brand":"LG","product_price_amount":"4351","product_price_currency":"MXN","og_availability":"instock","product_availability":"instock","product_retailer_item_id":"32GS60QC","product_condition":"new"},"_links":{"self":[{"href":"https:\/\/compuviper.mx\/tienda\/wp-json\/wp\/v2\/product\/247699"}],"collection":[{"href":"https:\/\/compuviper.mx\/tienda\/wp-json\/wp\/v2\/product"}],"about":[{"href":"https:\/\/compuviper.mx\/tienda\/wp-json\/wp\/v2\/types\/product"}],"replies":[{"embeddable":true,"href":"https:\/\/compuviper.mx\/tienda\/wp-json\/wp\/v2\/comments?post=247699"}],"wp:featuredmedia":[{"embeddable":true,"href":"https:\/\/compuviper.mx\/tienda\/wp-json\/wp\/v2\/media\/259885"}],"wp:attachment":[{"href":"https:\/\/compuviper.mx\/tienda\/wp-json\/wp\/v2\/media?parent=247699"}],"wp:term":[{"taxonomy":"product_cat","embeddable":true,"href":"https:\/\/compuviper.mx\/tienda\/wp-json\/wp\/v2\/product_cat?post=247699"},{"taxonomy":"product_tag","embeddable":true,"href":"https:\/\/compuviper.mx\/tienda\/wp-json\/wp\/v2\/product_tag?post=247699"}],"curies":[{"name":"wp","href":"https:\/\/api.w.org\/{rel}","templated":true}]}}