{"id":247475,"date":"2026-04-18T01:14:18","date_gmt":"2026-04-18T07:14:18","guid":{"rendered":"https:\/\/compuviper.mx\/tienda\/producto\/hewlett-packard-enterprise-r9b34a-access-point-hpe-aruba-r9b28a-ap25-instant-on-4x4-wifi-6-bundle\/"},"modified":"2026-04-18T01:14:18","modified_gmt":"2026-04-18T07:14:18","slug":"hewlett-packard-enterprise-r9b34a-access-point-hpe-aruba-r9b28a-ap25-instant-on-4x4-wifi-6-bundle","status":"publish","type":"product","link":"https:\/\/compuviper.mx\/tienda\/producto\/hewlett-packard-enterprise-r9b34a-access-point-hpe-aruba-r9b28a-ap25-instant-on-4x4-wifi-6-bundle\/","title":{"rendered":"Hewlett Packard Enterprise R9b34a Access Point Hpe Aruba R9b28a Ap25 Instant On 4&#215;4 Wifi 6 Bundle"},"content":{"rendered":"<table class=\"descripcion\">\n<tr>\n<td>Certificaciones y conformidades<\/td>\n<\/tr>\n<tr>\n<td>En 60601-1-1 y en 60601-1-2 (para implementaci\u00f3n en entornos m\u00e9dicos) certificaci\u00f3n wi-fi alliance (wfa) 802.11ax con (wi-fi 6), wpa2, wpa3<\/td>\n<\/tr>\n<tr>\n<td>Voltaje de entrada<\/td>\n<\/tr>\n<tr>\n<td>Power over ethernet (poe): 802.3at (clase 4) consumo m\u00e1ximo de energ\u00eda (en el peor de los casos): 20,1 w (poe), 15,9 w (cc) alimentaci\u00f3n cc (12 v) nota: las fuentes de alimentaci\u00f3n se venden por separado a menos que compre el sku del paquete<\/td>\n<\/tr>\n<tr>\n<td>Antena de wi-fi<\/td>\n<\/tr>\n<tr>\n<td>Antenas omnidireccionales inclinadas hacia abajo para mimo 2&#215;2 con un pico de ganancia de antena de 3,77 dbi en 2,4 ghz y mimo 4&#215;4 con un pico de ganancia de antena de 4,55 dbi en 5 ghz (del patr\u00f3n efectivo y combinado para ambas antenas en cada banda)<\/td>\n<\/tr>\n<tr>\n<td>Conectividad, est\u00e1ndar<\/td>\n<\/tr>\n<tr>\n<td>802.11ax ultrarr\u00e1pido, 4&#215;4:4<\/td>\n<\/tr>\n<tr>\n<td>Puertos<\/td>\n<\/tr>\n<tr>\n<td>Puerto de enlace ascendente ethernet de 2,5 gigabit, compatible con entrada poe (802.3at) conector de alimentaci\u00f3n cc (12 v) radio bluetooth low energy (ble) indicadores led de estado bot\u00f3n de reinicio\/control led ranura de seguridad kensington<\/td>\n<\/tr>\n<tr>\n<td>Instalaci\u00f3n<\/td>\n<\/tr>\n<tr>\n<td>El punto de acceso se env\u00eda con un clip de montaje blanco que puede fijarse tanto al techo como a la pared. los montajes que coinciden con el dise\u00f1o de los puntos de acceso se pueden comprar por separado<\/td>\n<\/tr>\n<tr>\n<td>Consumo de energ\u00eda<\/td>\n<\/tr>\n<tr>\n<td>Consumo m\u00e1ximo de energ\u00eda (en el peor de los casos): 20,1 w (poe), 15,9 w (cc)<\/td>\n<\/tr>\n<tr>\n<td>Cobertura de radio<\/td>\n<\/tr>\n<tr>\n<td>Radio dual para operaci\u00f3n simult\u00e1nea de doble banda 5 ghz 802.11ax 4&#215;4 mimo para una velocidad de datos inal\u00e1mbrica de hasta 4,8 gbps, con compatibilidad multiusuario mimo (wi-fi 6) 2,4 ghz 802.11ax 2&#215;2 mimo para una velocidad de datos inal\u00e1mbrica de hasta 574 mbps (wi-fi 6)<\/td>\n<\/tr>\n<tr>\n<td>Garant\u00eda<\/td>\n<\/tr>\n<tr>\n<td>Aruba instant on posee una garant\u00eda de 2 a\u00f1os* con soporte telef\u00f3nico 24&#215;7 en los primeros 90 d\u00edas y soporte mediante chat durante todo el per\u00edodo de la garant\u00eda. el soporte de la comunidad est\u00e1 disponible durante la vida \u00fatil del producto. foundation care brinda soporte extendido para los puntos de acceso. los sku son hk1y0e (3 a\u00f1os) y h30gze (5 a\u00f1os).descripci\u00f3n detallada del producto incluye adaptador de corriente de 12 v con enchufe de alimentaci\u00f3n localizado<\/td>\n<\/tr>\n<tr>\n<td>Dimensiones m\u00ednimas (alto x ancho x fondo)<\/td>\n<\/tr>\n<tr>\n<td>5,1 \u00d7 20,3 cm<\/td>\n<\/tr>\n<tr>\n<td>2 x 8 x 8 in<\/td>\n<\/tr>\n<tr>\n<td>Peso<\/td>\n<\/tr>\n<tr>\n<td>1,18 kg<\/td>\n<\/tr>\n<tr>\n<td>2.6 lb<\/td>\n<\/tr>\n<\/table>\n","protected":false},"excerpt":{"rendered":"<p>Los puntos de acceso aruba instant on ap25 con certificaci\u00f3n wi-fi 6tm ofrecen mejores velocidades wifi, mayor capacidad y menor latencia entre los puntos de acceso y los dispositivos para una experiencia inal\u00e1mbrica superior. Con aruba instant on ap25, puedes actualizar la red wifi para potenciar el rendimiento en todos los dispositivos, a la vez que la preparas para m\u00e1s dispositivos m\u00f3viles y de iot en el futuro. Entre sus caracter\u00edsticas est\u00e1n el acceso m\u00faltiple por divisi\u00f3n de frecuencias ortogonales (ofdma), mu-mimo y target wake time (twt). Con hasta 4 flujos espaciales (4ss) y un ancho de banda de canal de 160 mhz (he160), aruba instant on ap25 ofrece unas capacidades inal\u00e1mbricas extraordinarias para las empresas que buscan preparar sus redes para el futuro.Descripci\u00f3n detallada del producto incluye adaptador de corriente de 12 v con enchufe de alimentaci\u00f3n localizado<\/p>\n","protected":false},"featured_media":260124,"comment_status":"open","ping_status":"open","template":"","meta":[],"product_cat":[1754,1563],"product_tag":[1568],"acf":[],"yoast_head":"<!-- This site is optimized with the Yoast SEO plugin v21.7 - https:\/\/yoast.com\/wordpress\/plugins\/seo\/ -->\n<title>[ Hewlett Packard Enterprise ] &#129351; R9b34a Access Point Hpe Aruba R9b28a Ap25 Instant On 4x4 Wifi 6 Bundle<\/title>\n<meta name=\"description\" content=\"Compra R9b34a Access Point Hpe Aruba R9b28a Ap25 Instant On 4x4 Wifi 6 Bundle + Env\u00edo a domicilio + Pago seguro + Garant\u00eda\" \/>\n<meta name=\"robots\" content=\"index, follow, max-snippet:-1, max-image-preview:large, max-video-preview:-1\" \/>\n<link rel=\"canonical\" href=\"https:\/\/compuviper.mx\/tienda\/producto\/hewlett-packard-enterprise-r9b34a-access-point-hpe-aruba-r9b28a-ap25-instant-on-4x4-wifi-6-bundle\/\" \/>\n<meta property=\"og:locale\" content=\"es_MX\" \/>\n<meta property=\"og:type\" content=\"article\" \/>\n<meta property=\"og:title\" content=\"[ Hewlett Packard Enterprise ] &#129351; R9b34a Access Point Hpe Aruba R9b28a Ap25 Instant On 4x4 Wifi 6 Bundle\" \/>\n<meta property=\"og:description\" content=\"Compra R9b34a Access Point Hpe Aruba R9b28a Ap25 Instant On 4x4 Wifi 6 Bundle + Env\u00edo a domicilio + Pago seguro + Garant\u00eda\" \/>\n<meta property=\"og:url\" content=\"https:\/\/compuviper.mx\/tienda\/producto\/hewlett-packard-enterprise-r9b34a-access-point-hpe-aruba-r9b28a-ap25-instant-on-4x4-wifi-6-bundle\/\" \/>\n<meta property=\"og:site_name\" content=\"Compuviper\" \/>\n<meta property=\"article:publisher\" content=\"https:\/\/www.facebook.com\/compuviper\" \/>\n<meta property=\"og:image\" content=\"https:\/\/compuviper.mx\/tienda\/wp-content\/uploads\/2025\/10\/Access-point-hpe-aruba-r9b28a-ap25-instant-on-4x4-wifi-6-bundle.jpg\" \/>\n\t<meta property=\"og:image:width\" content=\"200\" \/>\n\t<meta property=\"og:image:height\" content=\"200\" \/>\n\t<meta property=\"og:image:type\" content=\"image\/jpeg\" \/>\n<meta name=\"twitter:card\" content=\"summary_large_image\" \/>\n<meta name=\"twitter:label1\" content=\"Precio\" \/>\n\t<meta name=\"twitter:data1\" content=\"&#36;4,570 con IVA\" \/>\n\t<meta name=\"twitter:label2\" content=\"Availability\" \/>\n\t<meta name=\"twitter:data2\" content=\"On backorder\" \/>\n<script type=\"application\/ld+json\" class=\"yoast-schema-graph\">{\"@context\":\"https:\/\/schema.org\",\"@graph\":[{\"@type\":\"WebPage\",\"@id\":\"https:\/\/compuviper.mx\/tienda\/producto\/hewlett-packard-enterprise-r9b34a-access-point-hpe-aruba-r9b28a-ap25-instant-on-4x4-wifi-6-bundle\/\",\"url\":\"https:\/\/compuviper.mx\/tienda\/producto\/hewlett-packard-enterprise-r9b34a-access-point-hpe-aruba-r9b28a-ap25-instant-on-4x4-wifi-6-bundle\/\",\"name\":\"[ Hewlett Packard Enterprise ] &#129351; R9b34a Access Point Hpe Aruba R9b28a Ap25 Instant On 4x4 Wifi 6 Bundle\",\"isPartOf\":{\"@id\":\"https:\/\/compuviper.mx\/tienda\/#website\"},\"datePublished\":\"2026-04-18T07:14:18+00:00\",\"dateModified\":\"2026-04-18T07:14:18+00:00\",\"description\":\"Compra R9b34a Access Point Hpe Aruba R9b28a Ap25 Instant On 4x4 Wifi 6 Bundle + Env\u00edo a domicilio + Pago seguro + Garant\u00eda\",\"breadcrumb\":{\"@id\":\"https:\/\/compuviper.mx\/tienda\/producto\/hewlett-packard-enterprise-r9b34a-access-point-hpe-aruba-r9b28a-ap25-instant-on-4x4-wifi-6-bundle\/#breadcrumb\"},\"inLanguage\":\"es-MX\",\"potentialAction\":[{\"@type\":\"ReadAction\",\"target\":[\"https:\/\/compuviper.mx\/tienda\/producto\/hewlett-packard-enterprise-r9b34a-access-point-hpe-aruba-r9b28a-ap25-instant-on-4x4-wifi-6-bundle\/\"]}]},{\"@type\":\"BreadcrumbList\",\"@id\":\"https:\/\/compuviper.mx\/tienda\/producto\/hewlett-packard-enterprise-r9b34a-access-point-hpe-aruba-r9b28a-ap25-instant-on-4x4-wifi-6-bundle\/#breadcrumb\",\"itemListElement\":[{\"@type\":\"ListItem\",\"position\":1,\"name\":\"Inicio\",\"item\":\"https:\/\/compuviper.mx\/tienda\/\"},{\"@type\":\"ListItem\",\"position\":2,\"name\":\"Productos\",\"item\":\"https:\/\/compuviper.mx\/tienda\/productos\/\"},{\"@type\":\"ListItem\",\"position\":3,\"name\":\"Redes\",\"item\":\"https:\/\/compuviper.mx\/tienda\/categoria-producto\/redes\/\"},{\"@type\":\"ListItem\",\"position\":4,\"name\":\"Access Point\",\"item\":\"https:\/\/compuviper.mx\/tienda\/categoria-producto\/redes\/access-point\/\"},{\"@type\":\"ListItem\",\"position\":5,\"name\":\"Hewlett Packard Enterprise R9b34a Access Point Hpe Aruba R9b28a Ap25 Instant On 4&#215;4 Wifi 6 Bundle\"}]},{\"@type\":\"WebSite\",\"@id\":\"https:\/\/compuviper.mx\/tienda\/#website\",\"url\":\"https:\/\/compuviper.mx\/tienda\/\",\"name\":\"Compuviper\",\"description\":\"Proveedor de Computadoras, Laptops, Servidores, Monitores, Puntos de Venta, Teclados,   Impresoras, T\u00f3ner, C\u00e1maras de Seguridad y m\u00e1s en tu tienda en l\u00ednea\",\"publisher\":{\"@id\":\"https:\/\/compuviper.mx\/tienda\/#organization\"},\"potentialAction\":[{\"@type\":\"SearchAction\",\"target\":{\"@type\":\"EntryPoint\",\"urlTemplate\":\"https:\/\/compuviper.mx\/tienda\/?s={search_term_string}\"},\"query-input\":\"required name=search_term_string\"}],\"inLanguage\":\"es-MX\"},{\"@type\":\"Organization\",\"@id\":\"https:\/\/compuviper.mx\/tienda\/#organization\",\"name\":\"Compuviper\",\"url\":\"https:\/\/compuviper.mx\/tienda\/\",\"logo\":{\"@type\":\"ImageObject\",\"inLanguage\":\"es-MX\",\"@id\":\"https:\/\/compuviper.mx\/tienda\/#\/schema\/logo\/image\/\",\"url\":\"https:\/\/compuviper.mx\/tienda\/wp-content\/uploads\/2021\/08\/Logo-Compuviper-10.png\",\"contentUrl\":\"https:\/\/compuviper.mx\/tienda\/wp-content\/uploads\/2021\/08\/Logo-Compuviper-10.png\",\"width\":1000,\"height\":500,\"caption\":\"Compuviper\"},\"image\":{\"@id\":\"https:\/\/compuviper.mx\/tienda\/#\/schema\/logo\/image\/\"},\"sameAs\":[\"https:\/\/www.facebook.com\/compuviper\",\"https:\/\/www.youtube.com\/channel\/UCf73dERp9Y3cfOq7q8BhLjA?view_as=subscriber\"]}]}<\/script>\n<meta property=\"product:brand\" content=\"HEWLETT PACKARD ENTERPRISE\" \/>\n<meta property=\"product:price:amount\" content=\"4570\" \/>\n<meta property=\"product:price:currency\" content=\"MXN\" \/>\n<meta property=\"og:availability\" content=\"backorder\" \/>\n<meta property=\"product:availability\" content=\"available for order\" \/>\n<meta property=\"product:retailer_item_id\" content=\"R9B34A\" \/>\n<meta property=\"product:condition\" content=\"new\" \/>\n<!-- \/ Yoast SEO plugin. -->","yoast_head_json":{"title":"[ Hewlett Packard Enterprise ] &#129351; R9b34a Access Point Hpe Aruba R9b28a Ap25 Instant On 4x4 Wifi 6 Bundle","description":"Compra R9b34a Access Point Hpe Aruba R9b28a Ap25 Instant On 4x4 Wifi 6 Bundle + Env\u00edo a domicilio + Pago seguro + Garant\u00eda","robots":{"index":"index","follow":"follow","max-snippet":"max-snippet:-1","max-image-preview":"max-image-preview:large","max-video-preview":"max-video-preview:-1"},"canonical":"https:\/\/compuviper.mx\/tienda\/producto\/hewlett-packard-enterprise-r9b34a-access-point-hpe-aruba-r9b28a-ap25-instant-on-4x4-wifi-6-bundle\/","og_locale":"es_MX","og_type":"article","og_title":"[ Hewlett Packard Enterprise ] &#129351; R9b34a Access Point Hpe Aruba R9b28a Ap25 Instant On 4x4 Wifi 6 Bundle","og_description":"Compra R9b34a Access Point Hpe Aruba R9b28a Ap25 Instant On 4x4 Wifi 6 Bundle + Env\u00edo a domicilio + Pago seguro + Garant\u00eda","og_url":"https:\/\/compuviper.mx\/tienda\/producto\/hewlett-packard-enterprise-r9b34a-access-point-hpe-aruba-r9b28a-ap25-instant-on-4x4-wifi-6-bundle\/","og_site_name":"Compuviper","article_publisher":"https:\/\/www.facebook.com\/compuviper","og_image":[{"width":200,"height":200,"url":"https:\/\/compuviper.mx\/tienda\/wp-content\/uploads\/2025\/10\/Access-point-hpe-aruba-r9b28a-ap25-instant-on-4x4-wifi-6-bundle.jpg","type":"image\/jpeg"}],"twitter_card":"summary_large_image","twitter_misc":{"Precio":"&#36;4,570 con IVA","Availability":"On backorder"},"schema":{"@context":"https:\/\/schema.org","@graph":[{"@type":"WebPage","@id":"https:\/\/compuviper.mx\/tienda\/producto\/hewlett-packard-enterprise-r9b34a-access-point-hpe-aruba-r9b28a-ap25-instant-on-4x4-wifi-6-bundle\/","url":"https:\/\/compuviper.mx\/tienda\/producto\/hewlett-packard-enterprise-r9b34a-access-point-hpe-aruba-r9b28a-ap25-instant-on-4x4-wifi-6-bundle\/","name":"[ Hewlett Packard Enterprise ] &#129351; R9b34a Access Point Hpe Aruba R9b28a Ap25 Instant On 4x4 Wifi 6 Bundle","isPartOf":{"@id":"https:\/\/compuviper.mx\/tienda\/#website"},"datePublished":"2026-04-18T07:14:18+00:00","dateModified":"2026-04-18T07:14:18+00:00","description":"Compra R9b34a Access Point Hpe Aruba R9b28a Ap25 Instant On 4x4 Wifi 6 Bundle + Env\u00edo a domicilio + Pago seguro + Garant\u00eda","breadcrumb":{"@id":"https:\/\/compuviper.mx\/tienda\/producto\/hewlett-packard-enterprise-r9b34a-access-point-hpe-aruba-r9b28a-ap25-instant-on-4x4-wifi-6-bundle\/#breadcrumb"},"inLanguage":"es-MX","potentialAction":[{"@type":"ReadAction","target":["https:\/\/compuviper.mx\/tienda\/producto\/hewlett-packard-enterprise-r9b34a-access-point-hpe-aruba-r9b28a-ap25-instant-on-4x4-wifi-6-bundle\/"]}]},{"@type":"BreadcrumbList","@id":"https:\/\/compuviper.mx\/tienda\/producto\/hewlett-packard-enterprise-r9b34a-access-point-hpe-aruba-r9b28a-ap25-instant-on-4x4-wifi-6-bundle\/#breadcrumb","itemListElement":[{"@type":"ListItem","position":1,"name":"Inicio","item":"https:\/\/compuviper.mx\/tienda\/"},{"@type":"ListItem","position":2,"name":"Productos","item":"https:\/\/compuviper.mx\/tienda\/productos\/"},{"@type":"ListItem","position":3,"name":"Redes","item":"https:\/\/compuviper.mx\/tienda\/categoria-producto\/redes\/"},{"@type":"ListItem","position":4,"name":"Access Point","item":"https:\/\/compuviper.mx\/tienda\/categoria-producto\/redes\/access-point\/"},{"@type":"ListItem","position":5,"name":"Hewlett Packard Enterprise R9b34a Access Point Hpe Aruba R9b28a Ap25 Instant On 4&#215;4 Wifi 6 Bundle"}]},{"@type":"WebSite","@id":"https:\/\/compuviper.mx\/tienda\/#website","url":"https:\/\/compuviper.mx\/tienda\/","name":"Compuviper","description":"Proveedor de Computadoras, Laptops, Servidores, Monitores, Puntos de Venta, Teclados,   Impresoras, T\u00f3ner, C\u00e1maras de Seguridad y m\u00e1s en tu tienda en l\u00ednea","publisher":{"@id":"https:\/\/compuviper.mx\/tienda\/#organization"},"potentialAction":[{"@type":"SearchAction","target":{"@type":"EntryPoint","urlTemplate":"https:\/\/compuviper.mx\/tienda\/?s={search_term_string}"},"query-input":"required name=search_term_string"}],"inLanguage":"es-MX"},{"@type":"Organization","@id":"https:\/\/compuviper.mx\/tienda\/#organization","name":"Compuviper","url":"https:\/\/compuviper.mx\/tienda\/","logo":{"@type":"ImageObject","inLanguage":"es-MX","@id":"https:\/\/compuviper.mx\/tienda\/#\/schema\/logo\/image\/","url":"https:\/\/compuviper.mx\/tienda\/wp-content\/uploads\/2021\/08\/Logo-Compuviper-10.png","contentUrl":"https:\/\/compuviper.mx\/tienda\/wp-content\/uploads\/2021\/08\/Logo-Compuviper-10.png","width":1000,"height":500,"caption":"Compuviper"},"image":{"@id":"https:\/\/compuviper.mx\/tienda\/#\/schema\/logo\/image\/"},"sameAs":["https:\/\/www.facebook.com\/compuviper","https:\/\/www.youtube.com\/channel\/UCf73dERp9Y3cfOq7q8BhLjA?view_as=subscriber"]}]},"product_brand":"HEWLETT PACKARD ENTERPRISE","product_price_amount":"4570","product_price_currency":"MXN","og_availability":"backorder","product_availability":"available for order","product_retailer_item_id":"R9B34A","product_condition":"new"},"_links":{"self":[{"href":"https:\/\/compuviper.mx\/tienda\/wp-json\/wp\/v2\/product\/247475"}],"collection":[{"href":"https:\/\/compuviper.mx\/tienda\/wp-json\/wp\/v2\/product"}],"about":[{"href":"https:\/\/compuviper.mx\/tienda\/wp-json\/wp\/v2\/types\/product"}],"replies":[{"embeddable":true,"href":"https:\/\/compuviper.mx\/tienda\/wp-json\/wp\/v2\/comments?post=247475"}],"wp:featuredmedia":[{"embeddable":true,"href":"https:\/\/compuviper.mx\/tienda\/wp-json\/wp\/v2\/media\/260124"}],"wp:attachment":[{"href":"https:\/\/compuviper.mx\/tienda\/wp-json\/wp\/v2\/media?parent=247475"}],"wp:term":[{"taxonomy":"product_cat","embeddable":true,"href":"https:\/\/compuviper.mx\/tienda\/wp-json\/wp\/v2\/product_cat?post=247475"},{"taxonomy":"product_tag","embeddable":true,"href":"https:\/\/compuviper.mx\/tienda\/wp-json\/wp\/v2\/product_tag?post=247475"}],"curies":[{"name":"wp","href":"https:\/\/api.w.org\/{rel}","templated":true}]}}