{"id":247282,"date":"2026-04-06T23:14:06","date_gmt":"2026-04-07T05:14:06","guid":{"rendered":"https:\/\/compuviper.mx\/tienda\/producto\/dahua-dhi-vto2101e-p-s2-frente-de-calle-vto2101e-p-s2-para-videoportero-ip-antivandalico-ik10-funcion-independiente-metalico-ip65-camara-de-2-megapixeles-soporta-mensajes-de-video-y-audio-p\/"},"modified":"2026-04-06T23:14:07","modified_gmt":"2026-04-07T05:14:07","slug":"dahua-dhi-vto2101e-p-s2-frente-de-calle-vto2101e-p-s2-para-videoportero-ip-antivandalico-ik10-funcion-independiente-metalico-ip65-camara-de-2-megapixeles-soporta-mensajes-de-video-y-audio-p","status":"publish","type":"product","link":"https:\/\/compuviper.mx\/tienda\/producto\/dahua-dhi-vto2101e-p-s2-frente-de-calle-vto2101e-p-s2-para-videoportero-ip-antivandalico-ik10-funcion-independiente-metalico-ip65-camara-de-2-megapixeles-soporta-mensajes-de-video-y-audio-p\/","title":{"rendered":"Dahua Dhi-vto2101e-p-s2 Frente De Calle\/ \/ Vto2101e-p-s2\/ Para Videoportero Ip\/ Antivandalico Ik10\/ Funcion Independiente\/ Metalico\/ Ip65\/ Camara De 2 Megapixeles\/ Soporta Mensajes De Video Y Audio\/ Poe 802.3 Af\/ Apert"},"content":{"rendered":"<table class=\"descripcion\">\n<tr>\n<td>Especificaciones<\/td>\n<\/tr>\n<tr>\n<td>\u0095 procesador principal micro procesador embebido<\/td>\n<\/tr>\n<tr>\n<td>\u0095 1 \/ 2.7\u0094 2mp cmos<\/td>\n<\/tr>\n<tr>\n<td>\u0095 longitud focal 2.8mm<\/td>\n<\/tr>\n<tr>\n<td>\u0095 angulo de vision de ajuste horizontal: -45 \u00b0 ~ + 45 \u00b0<\/td>\n<\/tr>\n<tr>\n<td>\u0095 compresion de video h.264<\/td>\n<\/tr>\n<tr>\n<td>\u0095 modo blc wdr<\/td>\n<\/tr>\n<tr>\n<td>\u0095 mic omnidireccional<\/td>\n<\/tr>\n<tr>\n<td>\u0095 altavoz incorporado<\/td>\n<\/tr>\n<tr>\n<td>\u0095 1 boton mecanico<\/td>\n<\/tr>\n<tr>\n<td>\u0095 proteccion de ingreso ip65, ik10<\/td>\n<\/tr>\n<tr>\n<td>\u0095 poder dc 12v, poe (802.3af)<\/td>\n<\/tr>\n<tr>\n<td>Principales caracteristicas<\/td>\n<\/tr>\n<tr>\n<td>\u0095 camara cmos hd<\/td>\n<\/tr>\n<tr>\n<td>\u0095 panel de aleacion de zinc, ip65, ik10<\/td>\n<\/tr>\n<tr>\n<td>\u0095 icr vision nocturna y la indicacion de voz<\/td>\n<\/tr>\n<tr>\n<td>\u0095 de video y audio de mensajeria<\/td>\n<\/tr>\n<tr>\n<td>\u0095 tcp \/ ip, sip<\/td>\n<\/tr>\n<tr>\n<td>\u0095 montadas en superficie<\/td>\n<\/tr>\n<\/table>\n","protected":false},"excerpt":{"rendered":"<p>Informacion general. El modelo vto2101e-p-s2 es un video portero el cual permite una perfecta vision hacia el exterior, ya que cuenta con una camara de 2megapixeles que nos proporciona un angulo horizontal de vision de 45\u00b0 y asi tener una imagen de video en hd de la persona que se comunica desde el exterior. Aleacion de zinc con aluminio, lo cual tiene un indice de proteccion de ip65 y un ik10. Antivandalico. Panel de aleacion de zinc, ip65, ik10. Con la proteccion ik10 hace que sea anti-vandalico, soportando golpes directos. Ip65, proteccion contra polvo, agua, resistente. Llamada en grupo. Con el vto2101e-p-s2 podemos agregar 1 maestro y hasta 5 monitores\/extensiones ip (vth) los cuales pueden realizar llamadas entre si al mismo tiempo, con esto es posible conversar entre los monitores que se encuentran conectados a un mismo frente de calle, ejemplo: el monitor de la sala puede tener comunicacion con el monitor de una recamara o cocina, etc.<\/p>\n","protected":false},"featured_media":258715,"comment_status":"open","ping_status":"open","template":"","meta":[],"product_cat":[1540,1556],"product_tag":[1555],"acf":[],"yoast_head":"<!-- This site is optimized with the Yoast SEO plugin v21.7 - https:\/\/yoast.com\/wordpress\/plugins\/seo\/ -->\n<title>[ Dahua ] &#129351; Dhi-vto2101e-p-s2 Frente De Calle\/ \/ Vto2101e-p-s2\/ Para Videoportero Ip\/ Antivandalico Ik10\/ Funcion Independiente\/ Metalico\/ Ip65\/ Camara De 2 Megapixeles\/ Soporta Mensajes De Video Y Audio\/ Poe 802.3 Af\/ Apert<\/title>\n<meta name=\"description\" content=\"Compra Dhi-vto2101e-p-s2 Frente De Calle\/ \/ Vto2101e-p-s2\/ Para Videoportero Ip\/ Antivandalico Ik10\/ Funcion Independiente\/ Metalico\/ Ip65\/ Camara De 2 Megapixeles\/ Soporta Mensajes De Video Y Audio\/ Poe 802.3 Af\/ Apert + Env\u00edo a domicilio + Pago seguro + Garant\u00eda\" \/>\n<meta name=\"robots\" content=\"index, follow, max-snippet:-1, max-image-preview:large, max-video-preview:-1\" \/>\n<link rel=\"canonical\" href=\"https:\/\/compuviper.mx\/tienda\/producto\/dahua-dhi-vto2101e-p-s2-frente-de-calle-vto2101e-p-s2-para-videoportero-ip-antivandalico-ik10-funcion-independiente-metalico-ip65-camara-de-2-megapixeles-soporta-mensajes-de-video-y-audio-p\/\" \/>\n<meta property=\"og:locale\" content=\"es_MX\" \/>\n<meta property=\"og:type\" content=\"article\" \/>\n<meta property=\"og:title\" content=\"[ Dahua ] &#129351; Dhi-vto2101e-p-s2 Frente De Calle\/ \/ Vto2101e-p-s2\/ Para Videoportero Ip\/ Antivandalico Ik10\/ Funcion Independiente\/ Metalico\/ Ip65\/ Camara De 2 Megapixeles\/ Soporta Mensajes De Video Y Audio\/ Poe 802.3 Af\/ Apert\" \/>\n<meta property=\"og:description\" content=\"Compra Dhi-vto2101e-p-s2 Frente De Calle\/ \/ Vto2101e-p-s2\/ Para Videoportero Ip\/ Antivandalico Ik10\/ Funcion Independiente\/ Metalico\/ Ip65\/ Camara De 2 Megapixeles\/ Soporta Mensajes De Video Y Audio\/ Poe 802.3 Af\/ Apert + Env\u00edo a domicilio + Pago seguro + Garant\u00eda\" \/>\n<meta property=\"og:url\" content=\"https:\/\/compuviper.mx\/tienda\/producto\/dahua-dhi-vto2101e-p-s2-frente-de-calle-vto2101e-p-s2-para-videoportero-ip-antivandalico-ik10-funcion-independiente-metalico-ip65-camara-de-2-megapixeles-soporta-mensajes-de-video-y-audio-p\/\" \/>\n<meta property=\"og:site_name\" content=\"Compuviper\" \/>\n<meta property=\"article:publisher\" content=\"https:\/\/www.facebook.com\/compuviper\" \/>\n<meta property=\"article:modified_time\" content=\"2026-04-07T05:14:07+00:00\" \/>\n<meta property=\"og:image\" content=\"https:\/\/compuviper.mx\/tienda\/wp-content\/uploads\/2025\/10\/Frente-de-calle-dahua-vto2101e-p-s2-para-videoportero-ip-antivandalico-ik10-funcion-independiente-metalico-ip65-camara-de-2-megapixeles-soporta-mensajes-de-video-y-audio-poe-802.3-af-apert.jpg\" \/>\n\t<meta property=\"og:image:width\" content=\"200\" \/>\n\t<meta property=\"og:image:height\" content=\"200\" \/>\n\t<meta property=\"og:image:type\" content=\"image\/jpeg\" \/>\n<meta name=\"twitter:card\" content=\"summary_large_image\" \/>\n<meta name=\"twitter:label1\" content=\"Precio\" \/>\n\t<meta name=\"twitter:data1\" content=\"&#36;1,980 &#36;1,920 con IVA\" \/>\n\t<meta name=\"twitter:label2\" content=\"Availability\" \/>\n\t<meta name=\"twitter:data2\" content=\"In stock\" \/>\n<script type=\"application\/ld+json\" class=\"yoast-schema-graph\">{\"@context\":\"https:\/\/schema.org\",\"@graph\":[{\"@type\":\"WebPage\",\"@id\":\"https:\/\/compuviper.mx\/tienda\/producto\/dahua-dhi-vto2101e-p-s2-frente-de-calle-vto2101e-p-s2-para-videoportero-ip-antivandalico-ik10-funcion-independiente-metalico-ip65-camara-de-2-megapixeles-soporta-mensajes-de-video-y-audio-p\/\",\"url\":\"https:\/\/compuviper.mx\/tienda\/producto\/dahua-dhi-vto2101e-p-s2-frente-de-calle-vto2101e-p-s2-para-videoportero-ip-antivandalico-ik10-funcion-independiente-metalico-ip65-camara-de-2-megapixeles-soporta-mensajes-de-video-y-audio-p\/\",\"name\":\"[ Dahua ] &#129351; Dhi-vto2101e-p-s2 Frente De Calle\/ \/ Vto2101e-p-s2\/ Para Videoportero Ip\/ Antivandalico Ik10\/ Funcion Independiente\/ Metalico\/ Ip65\/ Camara De 2 Megapixeles\/ Soporta Mensajes De Video Y Audio\/ Poe 802.3 Af\/ Apert\",\"isPartOf\":{\"@id\":\"https:\/\/compuviper.mx\/tienda\/#website\"},\"datePublished\":\"2026-04-07T05:14:06+00:00\",\"dateModified\":\"2026-04-07T05:14:07+00:00\",\"description\":\"Compra Dhi-vto2101e-p-s2 Frente De Calle\/ \/ Vto2101e-p-s2\/ Para Videoportero Ip\/ Antivandalico Ik10\/ Funcion Independiente\/ Metalico\/ Ip65\/ Camara De 2 Megapixeles\/ Soporta Mensajes De Video Y Audio\/ Poe 802.3 Af\/ Apert + Env\u00edo a domicilio + Pago seguro + Garant\u00eda\",\"breadcrumb\":{\"@id\":\"https:\/\/compuviper.mx\/tienda\/producto\/dahua-dhi-vto2101e-p-s2-frente-de-calle-vto2101e-p-s2-para-videoportero-ip-antivandalico-ik10-funcion-independiente-metalico-ip65-camara-de-2-megapixeles-soporta-mensajes-de-video-y-audio-p\/#breadcrumb\"},\"inLanguage\":\"es-MX\",\"potentialAction\":[{\"@type\":\"ReadAction\",\"target\":[\"https:\/\/compuviper.mx\/tienda\/producto\/dahua-dhi-vto2101e-p-s2-frente-de-calle-vto2101e-p-s2-para-videoportero-ip-antivandalico-ik10-funcion-independiente-metalico-ip65-camara-de-2-megapixeles-soporta-mensajes-de-video-y-audio-p\/\"]}]},{\"@type\":\"BreadcrumbList\",\"@id\":\"https:\/\/compuviper.mx\/tienda\/producto\/dahua-dhi-vto2101e-p-s2-frente-de-calle-vto2101e-p-s2-para-videoportero-ip-antivandalico-ik10-funcion-independiente-metalico-ip65-camara-de-2-megapixeles-soporta-mensajes-de-video-y-audio-p\/#breadcrumb\",\"itemListElement\":[{\"@type\":\"ListItem\",\"position\":1,\"name\":\"Inicio\",\"item\":\"https:\/\/compuviper.mx\/tienda\/\"},{\"@type\":\"ListItem\",\"position\":2,\"name\":\"Productos\",\"item\":\"https:\/\/compuviper.mx\/tienda\/productos\/\"},{\"@type\":\"ListItem\",\"position\":3,\"name\":\"Control De Acceso Y Asistencia\",\"item\":\"https:\/\/compuviper.mx\/tienda\/categoria-producto\/control-de-acceso-y-asistencia\/\"},{\"@type\":\"ListItem\",\"position\":4,\"name\":\"Videoporteros\",\"item\":\"https:\/\/compuviper.mx\/tienda\/categoria-producto\/control-de-acceso-y-asistencia\/videoporteros\/\"},{\"@type\":\"ListItem\",\"position\":5,\"name\":\"Dahua Dhi-vto2101e-p-s2 Frente De Calle\/ \/ Vto2101e-p-s2\/ Para Videoportero Ip\/ Antivandalico Ik10\/ Funcion Independiente\/ Metalico\/ Ip65\/ Camara De 2 Megapixeles\/ Soporta Mensajes De Video Y Audio\/ Poe 802.3 Af\/ Apert\"}]},{\"@type\":\"WebSite\",\"@id\":\"https:\/\/compuviper.mx\/tienda\/#website\",\"url\":\"https:\/\/compuviper.mx\/tienda\/\",\"name\":\"Compuviper\",\"description\":\"Proveedor de Computadoras, Laptops, Servidores, Monitores, Puntos de Venta, Teclados,   Impresoras, T\u00f3ner, C\u00e1maras de Seguridad y m\u00e1s en tu tienda en l\u00ednea\",\"publisher\":{\"@id\":\"https:\/\/compuviper.mx\/tienda\/#organization\"},\"potentialAction\":[{\"@type\":\"SearchAction\",\"target\":{\"@type\":\"EntryPoint\",\"urlTemplate\":\"https:\/\/compuviper.mx\/tienda\/?s={search_term_string}\"},\"query-input\":\"required name=search_term_string\"}],\"inLanguage\":\"es-MX\"},{\"@type\":\"Organization\",\"@id\":\"https:\/\/compuviper.mx\/tienda\/#organization\",\"name\":\"Compuviper\",\"url\":\"https:\/\/compuviper.mx\/tienda\/\",\"logo\":{\"@type\":\"ImageObject\",\"inLanguage\":\"es-MX\",\"@id\":\"https:\/\/compuviper.mx\/tienda\/#\/schema\/logo\/image\/\",\"url\":\"https:\/\/compuviper.mx\/tienda\/wp-content\/uploads\/2021\/08\/Logo-Compuviper-10.png\",\"contentUrl\":\"https:\/\/compuviper.mx\/tienda\/wp-content\/uploads\/2021\/08\/Logo-Compuviper-10.png\",\"width\":1000,\"height\":500,\"caption\":\"Compuviper\"},\"image\":{\"@id\":\"https:\/\/compuviper.mx\/tienda\/#\/schema\/logo\/image\/\"},\"sameAs\":[\"https:\/\/www.facebook.com\/compuviper\",\"https:\/\/www.youtube.com\/channel\/UCf73dERp9Y3cfOq7q8BhLjA?view_as=subscriber\"]}]}<\/script>\n<meta property=\"product:brand\" content=\"DAHUA\" \/>\n<meta property=\"product:price:amount\" content=\"1920\" \/>\n<meta property=\"product:price:currency\" content=\"MXN\" \/>\n<meta property=\"og:availability\" content=\"instock\" \/>\n<meta property=\"product:availability\" content=\"instock\" \/>\n<meta property=\"product:retailer_item_id\" content=\"DHI-VTO2101E-P-S2\" \/>\n<meta property=\"product:condition\" content=\"new\" \/>\n<!-- \/ Yoast SEO plugin. -->","yoast_head_json":{"title":"[ Dahua ] &#129351; Dhi-vto2101e-p-s2 Frente De Calle\/ \/ Vto2101e-p-s2\/ Para Videoportero Ip\/ Antivandalico Ik10\/ Funcion Independiente\/ Metalico\/ Ip65\/ Camara De 2 Megapixeles\/ Soporta Mensajes De Video Y Audio\/ Poe 802.3 Af\/ Apert","description":"Compra Dhi-vto2101e-p-s2 Frente De Calle\/ \/ Vto2101e-p-s2\/ Para Videoportero Ip\/ Antivandalico Ik10\/ Funcion Independiente\/ Metalico\/ Ip65\/ Camara De 2 Megapixeles\/ Soporta Mensajes De Video Y Audio\/ Poe 802.3 Af\/ Apert + Env\u00edo a domicilio + Pago seguro + Garant\u00eda","robots":{"index":"index","follow":"follow","max-snippet":"max-snippet:-1","max-image-preview":"max-image-preview:large","max-video-preview":"max-video-preview:-1"},"canonical":"https:\/\/compuviper.mx\/tienda\/producto\/dahua-dhi-vto2101e-p-s2-frente-de-calle-vto2101e-p-s2-para-videoportero-ip-antivandalico-ik10-funcion-independiente-metalico-ip65-camara-de-2-megapixeles-soporta-mensajes-de-video-y-audio-p\/","og_locale":"es_MX","og_type":"article","og_title":"[ Dahua ] &#129351; Dhi-vto2101e-p-s2 Frente De Calle\/ \/ Vto2101e-p-s2\/ Para Videoportero Ip\/ Antivandalico Ik10\/ Funcion Independiente\/ Metalico\/ Ip65\/ Camara De 2 Megapixeles\/ Soporta Mensajes De Video Y Audio\/ Poe 802.3 Af\/ Apert","og_description":"Compra Dhi-vto2101e-p-s2 Frente De Calle\/ \/ Vto2101e-p-s2\/ Para Videoportero Ip\/ Antivandalico Ik10\/ Funcion Independiente\/ Metalico\/ Ip65\/ Camara De 2 Megapixeles\/ Soporta Mensajes De Video Y Audio\/ Poe 802.3 Af\/ Apert + Env\u00edo a domicilio + Pago seguro + Garant\u00eda","og_url":"https:\/\/compuviper.mx\/tienda\/producto\/dahua-dhi-vto2101e-p-s2-frente-de-calle-vto2101e-p-s2-para-videoportero-ip-antivandalico-ik10-funcion-independiente-metalico-ip65-camara-de-2-megapixeles-soporta-mensajes-de-video-y-audio-p\/","og_site_name":"Compuviper","article_publisher":"https:\/\/www.facebook.com\/compuviper","article_modified_time":"2026-04-07T05:14:07+00:00","og_image":[{"width":200,"height":200,"url":"https:\/\/compuviper.mx\/tienda\/wp-content\/uploads\/2025\/10\/Frente-de-calle-dahua-vto2101e-p-s2-para-videoportero-ip-antivandalico-ik10-funcion-independiente-metalico-ip65-camara-de-2-megapixeles-soporta-mensajes-de-video-y-audio-poe-802.3-af-apert.jpg","type":"image\/jpeg"}],"twitter_card":"summary_large_image","twitter_misc":{"Precio":"&#36;1,980 &#36;1,920 con IVA","Availability":"In stock"},"schema":{"@context":"https:\/\/schema.org","@graph":[{"@type":"WebPage","@id":"https:\/\/compuviper.mx\/tienda\/producto\/dahua-dhi-vto2101e-p-s2-frente-de-calle-vto2101e-p-s2-para-videoportero-ip-antivandalico-ik10-funcion-independiente-metalico-ip65-camara-de-2-megapixeles-soporta-mensajes-de-video-y-audio-p\/","url":"https:\/\/compuviper.mx\/tienda\/producto\/dahua-dhi-vto2101e-p-s2-frente-de-calle-vto2101e-p-s2-para-videoportero-ip-antivandalico-ik10-funcion-independiente-metalico-ip65-camara-de-2-megapixeles-soporta-mensajes-de-video-y-audio-p\/","name":"[ Dahua ] &#129351; Dhi-vto2101e-p-s2 Frente De Calle\/ \/ Vto2101e-p-s2\/ Para Videoportero Ip\/ Antivandalico Ik10\/ Funcion Independiente\/ Metalico\/ Ip65\/ Camara De 2 Megapixeles\/ Soporta Mensajes De Video Y Audio\/ Poe 802.3 Af\/ Apert","isPartOf":{"@id":"https:\/\/compuviper.mx\/tienda\/#website"},"datePublished":"2026-04-07T05:14:06+00:00","dateModified":"2026-04-07T05:14:07+00:00","description":"Compra Dhi-vto2101e-p-s2 Frente De Calle\/ \/ Vto2101e-p-s2\/ Para Videoportero Ip\/ Antivandalico Ik10\/ Funcion Independiente\/ Metalico\/ Ip65\/ Camara De 2 Megapixeles\/ Soporta Mensajes De Video Y Audio\/ Poe 802.3 Af\/ Apert + Env\u00edo a domicilio + Pago seguro + Garant\u00eda","breadcrumb":{"@id":"https:\/\/compuviper.mx\/tienda\/producto\/dahua-dhi-vto2101e-p-s2-frente-de-calle-vto2101e-p-s2-para-videoportero-ip-antivandalico-ik10-funcion-independiente-metalico-ip65-camara-de-2-megapixeles-soporta-mensajes-de-video-y-audio-p\/#breadcrumb"},"inLanguage":"es-MX","potentialAction":[{"@type":"ReadAction","target":["https:\/\/compuviper.mx\/tienda\/producto\/dahua-dhi-vto2101e-p-s2-frente-de-calle-vto2101e-p-s2-para-videoportero-ip-antivandalico-ik10-funcion-independiente-metalico-ip65-camara-de-2-megapixeles-soporta-mensajes-de-video-y-audio-p\/"]}]},{"@type":"BreadcrumbList","@id":"https:\/\/compuviper.mx\/tienda\/producto\/dahua-dhi-vto2101e-p-s2-frente-de-calle-vto2101e-p-s2-para-videoportero-ip-antivandalico-ik10-funcion-independiente-metalico-ip65-camara-de-2-megapixeles-soporta-mensajes-de-video-y-audio-p\/#breadcrumb","itemListElement":[{"@type":"ListItem","position":1,"name":"Inicio","item":"https:\/\/compuviper.mx\/tienda\/"},{"@type":"ListItem","position":2,"name":"Productos","item":"https:\/\/compuviper.mx\/tienda\/productos\/"},{"@type":"ListItem","position":3,"name":"Control De Acceso Y Asistencia","item":"https:\/\/compuviper.mx\/tienda\/categoria-producto\/control-de-acceso-y-asistencia\/"},{"@type":"ListItem","position":4,"name":"Videoporteros","item":"https:\/\/compuviper.mx\/tienda\/categoria-producto\/control-de-acceso-y-asistencia\/videoporteros\/"},{"@type":"ListItem","position":5,"name":"Dahua Dhi-vto2101e-p-s2 Frente De Calle\/ \/ Vto2101e-p-s2\/ Para Videoportero Ip\/ Antivandalico Ik10\/ Funcion Independiente\/ Metalico\/ Ip65\/ Camara De 2 Megapixeles\/ Soporta Mensajes De Video Y Audio\/ Poe 802.3 Af\/ Apert"}]},{"@type":"WebSite","@id":"https:\/\/compuviper.mx\/tienda\/#website","url":"https:\/\/compuviper.mx\/tienda\/","name":"Compuviper","description":"Proveedor de Computadoras, Laptops, Servidores, Monitores, Puntos de Venta, Teclados,   Impresoras, T\u00f3ner, C\u00e1maras de Seguridad y m\u00e1s en tu tienda en l\u00ednea","publisher":{"@id":"https:\/\/compuviper.mx\/tienda\/#organization"},"potentialAction":[{"@type":"SearchAction","target":{"@type":"EntryPoint","urlTemplate":"https:\/\/compuviper.mx\/tienda\/?s={search_term_string}"},"query-input":"required name=search_term_string"}],"inLanguage":"es-MX"},{"@type":"Organization","@id":"https:\/\/compuviper.mx\/tienda\/#organization","name":"Compuviper","url":"https:\/\/compuviper.mx\/tienda\/","logo":{"@type":"ImageObject","inLanguage":"es-MX","@id":"https:\/\/compuviper.mx\/tienda\/#\/schema\/logo\/image\/","url":"https:\/\/compuviper.mx\/tienda\/wp-content\/uploads\/2021\/08\/Logo-Compuviper-10.png","contentUrl":"https:\/\/compuviper.mx\/tienda\/wp-content\/uploads\/2021\/08\/Logo-Compuviper-10.png","width":1000,"height":500,"caption":"Compuviper"},"image":{"@id":"https:\/\/compuviper.mx\/tienda\/#\/schema\/logo\/image\/"},"sameAs":["https:\/\/www.facebook.com\/compuviper","https:\/\/www.youtube.com\/channel\/UCf73dERp9Y3cfOq7q8BhLjA?view_as=subscriber"]}]},"product_brand":"DAHUA","product_price_amount":"1920","product_price_currency":"MXN","og_availability":"instock","product_availability":"instock","product_retailer_item_id":"DHI-VTO2101E-P-S2","product_condition":"new"},"_links":{"self":[{"href":"https:\/\/compuviper.mx\/tienda\/wp-json\/wp\/v2\/product\/247282"}],"collection":[{"href":"https:\/\/compuviper.mx\/tienda\/wp-json\/wp\/v2\/product"}],"about":[{"href":"https:\/\/compuviper.mx\/tienda\/wp-json\/wp\/v2\/types\/product"}],"replies":[{"embeddable":true,"href":"https:\/\/compuviper.mx\/tienda\/wp-json\/wp\/v2\/comments?post=247282"}],"wp:featuredmedia":[{"embeddable":true,"href":"https:\/\/compuviper.mx\/tienda\/wp-json\/wp\/v2\/media\/258715"}],"wp:attachment":[{"href":"https:\/\/compuviper.mx\/tienda\/wp-json\/wp\/v2\/media?parent=247282"}],"wp:term":[{"taxonomy":"product_cat","embeddable":true,"href":"https:\/\/compuviper.mx\/tienda\/wp-json\/wp\/v2\/product_cat?post=247282"},{"taxonomy":"product_tag","embeddable":true,"href":"https:\/\/compuviper.mx\/tienda\/wp-json\/wp\/v2\/product_tag?post=247282"}],"curies":[{"name":"wp","href":"https:\/\/api.w.org\/{rel}","templated":true}]}}