{"id":247036,"date":"2026-04-10T23:14:22","date_gmt":"2026-04-11T05:14:22","guid":{"rendered":"https:\/\/compuviper.mx\/tienda\/producto\/dahua-dhi-asi6214s-d-control-de-acceso-con-reconocimiento-facial-pantalla-de-4-3-pulgadas-camara-2-mp-6-000-usuarios-6-000-rostros-6-000-contraseas-6-000-huellas-dactilares-fact\/"},"modified":"2026-04-10T23:14:22","modified_gmt":"2026-04-11T05:14:22","slug":"dahua-dhi-asi6214s-d-control-de-acceso-con-reconocimiento-facial-pantalla-de-4-3-pulgadas-camara-2-mp-6-000-usuarios-6-000-rostros-6-000-contraseas-6-000-huellas-dactilares-fact","status":"publish","type":"product","link":"https:\/\/compuviper.mx\/tienda\/producto\/dahua-dhi-asi6214s-d-control-de-acceso-con-reconocimiento-facial-pantalla-de-4-3-pulgadas-camara-2-mp-6-000-usuarios-6-000-rostros-6-000-contraseas-6-000-huellas-dactilares-fact\/","title":{"rendered":"Dahua Dhi-asi6214s-d Control De Acceso\/ \/ \/ Con Reconocimiento Facial\/ Pantalla De 4.3 Pulgadas\/ Camara 2 Mp\/ 6.000 Usuarios\/ 6.000 Rostros\/ 6.000 Contrase?as\/ 6.000 Huellas Dactilares\/fact"},"content":{"rendered":"<table class=\"descripcion\">\n<tr>\n<td>Especificaciones tecnicas<\/td>\n<\/tr>\n<tr>\n<td>\u0095 procesador principal: procesador integrado<\/td>\n<\/tr>\n<tr>\n<td>\u0095 tipo de boton: boton tactil<\/td>\n<\/tr>\n<tr>\n<td>\u0095 protocolo de red: udp; tcp; ipv4; rtsp; sorbo; p2p; rtp<\/td>\n<\/tr>\n<tr>\n<td>\u0095 protocolo osdp: si<\/td>\n<\/tr>\n<tr>\n<td>\u0095 interoperabilidad: cgi; onvif<\/td>\n<\/tr>\n<tr>\n<td>\u0095 sdk y api: si<\/td>\n<\/tr>\n<tr>\n<td>Caracteristicas principales<\/td>\n<\/tr>\n<tr>\n<td>\u0095 admite seguridad mejorada y, para proteger contra la apertura forzada del dispositivo, se admite la expansion del modulo de seguridad.<\/td>\n<\/tr>\n<tr>\n<td>\u0095 cuenta con deteccion de mascarilla y deteccion de casco de seguridad.<\/td>\n<\/tr>\n<tr>\n<td>\u0095 admite codigo qr de visitante y funcion de timbre.<\/td>\n<\/tr>\n<tr>\n<td>\u0095 admite realizar videollamadas y usar la aplicacion para recibir notificaciones de alarma, desbloquear puertas de forma remota y realizar otras tareas.<\/td>\n<\/tr>\n<tr>\n<td>\u0095 conexion tcp\/ip.<\/td>\n<\/tr>\n<tr>\n<td>\u0095 clasificacion ip65.<\/td>\n<\/tr>\n<tr>\n<td>\u0095 lectura de qr la realiza la terminal de control de acceso, el codigo qr se genera desde software dss pro con licencia dss8prdb (licencia base 16 controles de acceso por medio tarjeta, qr , password, huella). si se requiere acceso facial se debe cotizar tambien licencia dht0650015 (licencia de video 16 ch).<\/td>\n<\/tr>\n<tr>\n<td>\u0095 con smart pss lite se puede gestionar hasta 1,000 usuarios gratis, carga y descarga de usuarios, reportes de asistencia, horarios y mas. para funciones de video portero, mandar a llamar direccion ip de la camara a un nvr o dvr no requiere licencia.<\/td>\n<\/tr>\n<tr>\n<td>\u0095 smart pss lite no opcion de generar codigo qr.<\/td>\n<\/tr>\n<tr>\n<td>\u0095 app dmss gratis para notificaciones y monitoreo en tiempo real.<\/td>\n<\/tr>\n<\/table>\n","protected":false},"excerpt":{"rendered":"<p>Informacion general. \u0095 pantalla tactil de cristal de 4,3 pulgadas con una resolucion de 272\u00d7480. \u0095 camara de doble lente gran angular de 2 mp con iluminacion ir y dwdr. \u0095 multiples metodos de desbloqueo que incluyen huella digital, rostro, tarjeta de identificacion y contrase\u00f1a. \u0095 admite 6.000 usuarios, 6.000 rostros, 6.000 contrase\u00f1as, 6.000 huellas dactilares, 10.000 tarjetas, 50 administradores y 300.000 registros. \u0095 reconoce caras a una distancia de 0,3 ma 1,5 m (de 0,98 a 4,92 pies); tasa de precision del reconocimiento facial del 99,9 % y el tiempo de comparacion 1:n es de 0,2 s por persona. La serie fact de dahua. La serie fact de dahua esta dotada de la maxima tecnologia en reconocimiento facial de alta velocidad, precision, uso practico, dise\u00f1o compacto ofreciendo una gestion intuitiva. Metodos de gestion soportados por la serie fact. Administracion y gestion por medio de software smart pss lite para asistencia y control de acceso. *gestion por navegador web. *plataforma de sw dss. *menu de interfaz loca. *aplicacion movil dmss. Topologia de la solucion  and  aplicaciones del producto. Modos de control de acceso: modo standalone y modo de gestion centralizado por medio de software smart pss lite. \u0095 gestiona hasta 64 dispositivos de control de acceso y asistencia locales o p2p de manera gratuita. \u0095 genera reportes de asistencia, retardos, faltas y mas en diferentes formatos. \u0095 hasta 1,000 usuarios, en caso de requerir una solucion de mas usuarios optar por dss express o dss pro dependiendo de necesidades. \u0095 monitoreo por app en tiempo real (solo monitoreo, notificacion de alertas. \u0095 link descarga smart pss lite https:\/\/support.Dahuasecurity.Com\/en\/toolsdownloaddetails?isdpvalue=azcw9dn0irfyun9i%2fvq6qa%3d%3d<\/p>\n","protected":false},"featured_media":258711,"comment_status":"open","ping_status":"open","template":"","meta":[],"product_cat":[1540,1541],"product_tag":[1555],"acf":[],"yoast_head":"<!-- This site is optimized with the Yoast SEO plugin v21.7 - https:\/\/yoast.com\/wordpress\/plugins\/seo\/ -->\n<title>[ Dahua ] &#129351; Dhi-asi6214s-d Control De Acceso\/ \/ \/ Con Reconocimiento Facial\/ Pantalla De 4.3 Pulgadas\/ Camara 2 Mp\/ 6.000 Usuarios\/ 6.000 Rostros\/ 6.000 Contrase\u00f1as\/ 6.000 Huellas Dactilares\/fact<\/title>\n<meta name=\"description\" content=\"Compra Dhi-asi6214s-d Control De Acceso\/ \/ \/ Con Reconocimiento Facial\/ Pantalla De 4.3 Pulgadas\/ Camara 2 Mp\/ 6.000 Usuarios\/ 6.000 Rostros\/ 6.000 Contrase\u00f1as\/ 6.000 Huellas Dactilares\/fact + Env\u00edo a domicilio + Pago seguro + Garant\u00eda\" \/>\n<meta name=\"robots\" content=\"index, follow, max-snippet:-1, max-image-preview:large, max-video-preview:-1\" \/>\n<link rel=\"canonical\" href=\"https:\/\/compuviper.mx\/tienda\/producto\/dahua-dhi-asi6214s-d-control-de-acceso-con-reconocimiento-facial-pantalla-de-4-3-pulgadas-camara-2-mp-6-000-usuarios-6-000-rostros-6-000-contraseas-6-000-huellas-dactilares-fact\/\" \/>\n<meta property=\"og:locale\" content=\"es_MX\" \/>\n<meta property=\"og:type\" content=\"article\" \/>\n<meta property=\"og:title\" content=\"[ Dahua ] &#129351; Dhi-asi6214s-d Control De Acceso\/ \/ \/ Con Reconocimiento Facial\/ Pantalla De 4.3 Pulgadas\/ Camara 2 Mp\/ 6.000 Usuarios\/ 6.000 Rostros\/ 6.000 Contrase\u00f1as\/ 6.000 Huellas Dactilares\/fact\" \/>\n<meta property=\"og:description\" content=\"Compra Dhi-asi6214s-d Control De Acceso\/ \/ \/ Con Reconocimiento Facial\/ Pantalla De 4.3 Pulgadas\/ Camara 2 Mp\/ 6.000 Usuarios\/ 6.000 Rostros\/ 6.000 Contrase\u00f1as\/ 6.000 Huellas Dactilares\/fact + Env\u00edo a domicilio + Pago seguro + Garant\u00eda\" \/>\n<meta property=\"og:url\" content=\"https:\/\/compuviper.mx\/tienda\/producto\/dahua-dhi-asi6214s-d-control-de-acceso-con-reconocimiento-facial-pantalla-de-4-3-pulgadas-camara-2-mp-6-000-usuarios-6-000-rostros-6-000-contraseas-6-000-huellas-dactilares-fact\/\" \/>\n<meta property=\"og:site_name\" content=\"Compuviper\" \/>\n<meta property=\"article:publisher\" content=\"https:\/\/www.facebook.com\/compuviper\" \/>\n<meta property=\"og:image\" content=\"https:\/\/compuviper.mx\/tienda\/wp-content\/uploads\/2025\/10\/Control-de-acceso-dahua-dhi-asi6214s-d-con-reconocimiento-facial-pantalla-de-4.3-pulgadas-camara-2-mp-6.000-usuarios-6.000-rostros-6.000-contrasenas-6.000-huellas-dactilaresfact.jpg\" \/>\n\t<meta property=\"og:image:width\" content=\"200\" \/>\n\t<meta property=\"og:image:height\" content=\"200\" \/>\n\t<meta property=\"og:image:type\" content=\"image\/jpeg\" \/>\n<meta name=\"twitter:card\" content=\"summary_large_image\" \/>\n<meta name=\"twitter:label1\" content=\"Precio\" \/>\n\t<meta name=\"twitter:data1\" content=\"&#36;3,888 con IVA\" \/>\n\t<meta name=\"twitter:label2\" content=\"Availability\" \/>\n\t<meta name=\"twitter:data2\" content=\"On backorder\" \/>\n<script type=\"application\/ld+json\" class=\"yoast-schema-graph\">{\"@context\":\"https:\/\/schema.org\",\"@graph\":[{\"@type\":\"WebPage\",\"@id\":\"https:\/\/compuviper.mx\/tienda\/producto\/dahua-dhi-asi6214s-d-control-de-acceso-con-reconocimiento-facial-pantalla-de-4-3-pulgadas-camara-2-mp-6-000-usuarios-6-000-rostros-6-000-contraseas-6-000-huellas-dactilares-fact\/\",\"url\":\"https:\/\/compuviper.mx\/tienda\/producto\/dahua-dhi-asi6214s-d-control-de-acceso-con-reconocimiento-facial-pantalla-de-4-3-pulgadas-camara-2-mp-6-000-usuarios-6-000-rostros-6-000-contraseas-6-000-huellas-dactilares-fact\/\",\"name\":\"[ Dahua ] &#129351; Dhi-asi6214s-d Control De Acceso\/ \/ \/ Con Reconocimiento Facial\/ Pantalla De 4.3 Pulgadas\/ Camara 2 Mp\/ 6.000 Usuarios\/ 6.000 Rostros\/ 6.000 Contrase\u00f1as\/ 6.000 Huellas Dactilares\/fact\",\"isPartOf\":{\"@id\":\"https:\/\/compuviper.mx\/tienda\/#website\"},\"datePublished\":\"2026-04-11T05:14:22+00:00\",\"dateModified\":\"2026-04-11T05:14:22+00:00\",\"description\":\"Compra Dhi-asi6214s-d Control De Acceso\/ \/ \/ Con Reconocimiento Facial\/ Pantalla De 4.3 Pulgadas\/ Camara 2 Mp\/ 6.000 Usuarios\/ 6.000 Rostros\/ 6.000 Contrase\u00f1as\/ 6.000 Huellas Dactilares\/fact + Env\u00edo a domicilio + Pago seguro + Garant\u00eda\",\"breadcrumb\":{\"@id\":\"https:\/\/compuviper.mx\/tienda\/producto\/dahua-dhi-asi6214s-d-control-de-acceso-con-reconocimiento-facial-pantalla-de-4-3-pulgadas-camara-2-mp-6-000-usuarios-6-000-rostros-6-000-contraseas-6-000-huellas-dactilares-fact\/#breadcrumb\"},\"inLanguage\":\"es-MX\",\"potentialAction\":[{\"@type\":\"ReadAction\",\"target\":[\"https:\/\/compuviper.mx\/tienda\/producto\/dahua-dhi-asi6214s-d-control-de-acceso-con-reconocimiento-facial-pantalla-de-4-3-pulgadas-camara-2-mp-6-000-usuarios-6-000-rostros-6-000-contraseas-6-000-huellas-dactilares-fact\/\"]}]},{\"@type\":\"BreadcrumbList\",\"@id\":\"https:\/\/compuviper.mx\/tienda\/producto\/dahua-dhi-asi6214s-d-control-de-acceso-con-reconocimiento-facial-pantalla-de-4-3-pulgadas-camara-2-mp-6-000-usuarios-6-000-rostros-6-000-contraseas-6-000-huellas-dactilares-fact\/#breadcrumb\",\"itemListElement\":[{\"@type\":\"ListItem\",\"position\":1,\"name\":\"Inicio\",\"item\":\"https:\/\/compuviper.mx\/tienda\/\"},{\"@type\":\"ListItem\",\"position\":2,\"name\":\"Productos\",\"item\":\"https:\/\/compuviper.mx\/tienda\/productos\/\"},{\"@type\":\"ListItem\",\"position\":3,\"name\":\"Control De Acceso Y Asistencia\",\"item\":\"https:\/\/compuviper.mx\/tienda\/categoria-producto\/control-de-acceso-y-asistencia\/\"},{\"@type\":\"ListItem\",\"position\":4,\"name\":\"Lectores De Control De Acceso Y Asistencia\",\"item\":\"https:\/\/compuviper.mx\/tienda\/categoria-producto\/control-de-acceso-y-asistencia\/lectores-de-control-de-acceso-y-asistencia\/\"},{\"@type\":\"ListItem\",\"position\":5,\"name\":\"Dahua Dhi-asi6214s-d Control De Acceso\/ \/ \/ Con Reconocimiento Facial\/ Pantalla De 4.3 Pulgadas\/ Camara 2 Mp\/ 6.000 Usuarios\/ 6.000 Rostros\/ 6.000 Contrase?as\/ 6.000 Huellas Dactilares\/fact\"}]},{\"@type\":\"WebSite\",\"@id\":\"https:\/\/compuviper.mx\/tienda\/#website\",\"url\":\"https:\/\/compuviper.mx\/tienda\/\",\"name\":\"Compuviper\",\"description\":\"Proveedor de Computadoras, Laptops, Servidores, Monitores, Puntos de Venta, Teclados,   Impresoras, T\u00f3ner, C\u00e1maras de Seguridad y m\u00e1s en tu tienda en l\u00ednea\",\"publisher\":{\"@id\":\"https:\/\/compuviper.mx\/tienda\/#organization\"},\"potentialAction\":[{\"@type\":\"SearchAction\",\"target\":{\"@type\":\"EntryPoint\",\"urlTemplate\":\"https:\/\/compuviper.mx\/tienda\/?s={search_term_string}\"},\"query-input\":\"required name=search_term_string\"}],\"inLanguage\":\"es-MX\"},{\"@type\":\"Organization\",\"@id\":\"https:\/\/compuviper.mx\/tienda\/#organization\",\"name\":\"Compuviper\",\"url\":\"https:\/\/compuviper.mx\/tienda\/\",\"logo\":{\"@type\":\"ImageObject\",\"inLanguage\":\"es-MX\",\"@id\":\"https:\/\/compuviper.mx\/tienda\/#\/schema\/logo\/image\/\",\"url\":\"https:\/\/compuviper.mx\/tienda\/wp-content\/uploads\/2021\/08\/Logo-Compuviper-10.png\",\"contentUrl\":\"https:\/\/compuviper.mx\/tienda\/wp-content\/uploads\/2021\/08\/Logo-Compuviper-10.png\",\"width\":1000,\"height\":500,\"caption\":\"Compuviper\"},\"image\":{\"@id\":\"https:\/\/compuviper.mx\/tienda\/#\/schema\/logo\/image\/\"},\"sameAs\":[\"https:\/\/www.facebook.com\/compuviper\",\"https:\/\/www.youtube.com\/channel\/UCf73dERp9Y3cfOq7q8BhLjA?view_as=subscriber\"]}]}<\/script>\n<meta property=\"product:brand\" content=\"DAHUA\" \/>\n<meta property=\"product:price:amount\" content=\"3888\" \/>\n<meta property=\"product:price:currency\" content=\"MXN\" \/>\n<meta property=\"og:availability\" content=\"backorder\" \/>\n<meta property=\"product:availability\" content=\"available for order\" \/>\n<meta property=\"product:retailer_item_id\" content=\"DHI-ASI6214S-D\" \/>\n<meta property=\"product:condition\" content=\"new\" \/>\n<!-- \/ Yoast SEO plugin. -->","yoast_head_json":{"title":"[ Dahua ] &#129351; Dhi-asi6214s-d Control De Acceso\/ \/ \/ Con Reconocimiento Facial\/ Pantalla De 4.3 Pulgadas\/ Camara 2 Mp\/ 6.000 Usuarios\/ 6.000 Rostros\/ 6.000 Contrase\u00f1as\/ 6.000 Huellas Dactilares\/fact","description":"Compra Dhi-asi6214s-d Control De Acceso\/ \/ \/ Con Reconocimiento Facial\/ Pantalla De 4.3 Pulgadas\/ Camara 2 Mp\/ 6.000 Usuarios\/ 6.000 Rostros\/ 6.000 Contrase\u00f1as\/ 6.000 Huellas Dactilares\/fact + Env\u00edo a domicilio + Pago seguro + Garant\u00eda","robots":{"index":"index","follow":"follow","max-snippet":"max-snippet:-1","max-image-preview":"max-image-preview:large","max-video-preview":"max-video-preview:-1"},"canonical":"https:\/\/compuviper.mx\/tienda\/producto\/dahua-dhi-asi6214s-d-control-de-acceso-con-reconocimiento-facial-pantalla-de-4-3-pulgadas-camara-2-mp-6-000-usuarios-6-000-rostros-6-000-contraseas-6-000-huellas-dactilares-fact\/","og_locale":"es_MX","og_type":"article","og_title":"[ Dahua ] &#129351; Dhi-asi6214s-d Control De Acceso\/ \/ \/ Con Reconocimiento Facial\/ Pantalla De 4.3 Pulgadas\/ Camara 2 Mp\/ 6.000 Usuarios\/ 6.000 Rostros\/ 6.000 Contrase\u00f1as\/ 6.000 Huellas Dactilares\/fact","og_description":"Compra Dhi-asi6214s-d Control De Acceso\/ \/ \/ Con Reconocimiento Facial\/ Pantalla De 4.3 Pulgadas\/ Camara 2 Mp\/ 6.000 Usuarios\/ 6.000 Rostros\/ 6.000 Contrase\u00f1as\/ 6.000 Huellas Dactilares\/fact + Env\u00edo a domicilio + Pago seguro + Garant\u00eda","og_url":"https:\/\/compuviper.mx\/tienda\/producto\/dahua-dhi-asi6214s-d-control-de-acceso-con-reconocimiento-facial-pantalla-de-4-3-pulgadas-camara-2-mp-6-000-usuarios-6-000-rostros-6-000-contraseas-6-000-huellas-dactilares-fact\/","og_site_name":"Compuviper","article_publisher":"https:\/\/www.facebook.com\/compuviper","og_image":[{"width":200,"height":200,"url":"https:\/\/compuviper.mx\/tienda\/wp-content\/uploads\/2025\/10\/Control-de-acceso-dahua-dhi-asi6214s-d-con-reconocimiento-facial-pantalla-de-4.3-pulgadas-camara-2-mp-6.000-usuarios-6.000-rostros-6.000-contrasenas-6.000-huellas-dactilaresfact.jpg","type":"image\/jpeg"}],"twitter_card":"summary_large_image","twitter_misc":{"Precio":"&#36;3,888 con IVA","Availability":"On backorder"},"schema":{"@context":"https:\/\/schema.org","@graph":[{"@type":"WebPage","@id":"https:\/\/compuviper.mx\/tienda\/producto\/dahua-dhi-asi6214s-d-control-de-acceso-con-reconocimiento-facial-pantalla-de-4-3-pulgadas-camara-2-mp-6-000-usuarios-6-000-rostros-6-000-contraseas-6-000-huellas-dactilares-fact\/","url":"https:\/\/compuviper.mx\/tienda\/producto\/dahua-dhi-asi6214s-d-control-de-acceso-con-reconocimiento-facial-pantalla-de-4-3-pulgadas-camara-2-mp-6-000-usuarios-6-000-rostros-6-000-contraseas-6-000-huellas-dactilares-fact\/","name":"[ Dahua ] &#129351; Dhi-asi6214s-d Control De Acceso\/ \/ \/ Con Reconocimiento Facial\/ Pantalla De 4.3 Pulgadas\/ Camara 2 Mp\/ 6.000 Usuarios\/ 6.000 Rostros\/ 6.000 Contrase\u00f1as\/ 6.000 Huellas Dactilares\/fact","isPartOf":{"@id":"https:\/\/compuviper.mx\/tienda\/#website"},"datePublished":"2026-04-11T05:14:22+00:00","dateModified":"2026-04-11T05:14:22+00:00","description":"Compra Dhi-asi6214s-d Control De Acceso\/ \/ \/ Con Reconocimiento Facial\/ Pantalla De 4.3 Pulgadas\/ Camara 2 Mp\/ 6.000 Usuarios\/ 6.000 Rostros\/ 6.000 Contrase\u00f1as\/ 6.000 Huellas Dactilares\/fact + Env\u00edo a domicilio + Pago seguro + Garant\u00eda","breadcrumb":{"@id":"https:\/\/compuviper.mx\/tienda\/producto\/dahua-dhi-asi6214s-d-control-de-acceso-con-reconocimiento-facial-pantalla-de-4-3-pulgadas-camara-2-mp-6-000-usuarios-6-000-rostros-6-000-contraseas-6-000-huellas-dactilares-fact\/#breadcrumb"},"inLanguage":"es-MX","potentialAction":[{"@type":"ReadAction","target":["https:\/\/compuviper.mx\/tienda\/producto\/dahua-dhi-asi6214s-d-control-de-acceso-con-reconocimiento-facial-pantalla-de-4-3-pulgadas-camara-2-mp-6-000-usuarios-6-000-rostros-6-000-contraseas-6-000-huellas-dactilares-fact\/"]}]},{"@type":"BreadcrumbList","@id":"https:\/\/compuviper.mx\/tienda\/producto\/dahua-dhi-asi6214s-d-control-de-acceso-con-reconocimiento-facial-pantalla-de-4-3-pulgadas-camara-2-mp-6-000-usuarios-6-000-rostros-6-000-contraseas-6-000-huellas-dactilares-fact\/#breadcrumb","itemListElement":[{"@type":"ListItem","position":1,"name":"Inicio","item":"https:\/\/compuviper.mx\/tienda\/"},{"@type":"ListItem","position":2,"name":"Productos","item":"https:\/\/compuviper.mx\/tienda\/productos\/"},{"@type":"ListItem","position":3,"name":"Control De Acceso Y Asistencia","item":"https:\/\/compuviper.mx\/tienda\/categoria-producto\/control-de-acceso-y-asistencia\/"},{"@type":"ListItem","position":4,"name":"Lectores De Control De Acceso Y Asistencia","item":"https:\/\/compuviper.mx\/tienda\/categoria-producto\/control-de-acceso-y-asistencia\/lectores-de-control-de-acceso-y-asistencia\/"},{"@type":"ListItem","position":5,"name":"Dahua Dhi-asi6214s-d Control De Acceso\/ \/ \/ Con Reconocimiento Facial\/ Pantalla De 4.3 Pulgadas\/ Camara 2 Mp\/ 6.000 Usuarios\/ 6.000 Rostros\/ 6.000 Contrase?as\/ 6.000 Huellas Dactilares\/fact"}]},{"@type":"WebSite","@id":"https:\/\/compuviper.mx\/tienda\/#website","url":"https:\/\/compuviper.mx\/tienda\/","name":"Compuviper","description":"Proveedor de Computadoras, Laptops, Servidores, Monitores, Puntos de Venta, Teclados,   Impresoras, T\u00f3ner, C\u00e1maras de Seguridad y m\u00e1s en tu tienda en l\u00ednea","publisher":{"@id":"https:\/\/compuviper.mx\/tienda\/#organization"},"potentialAction":[{"@type":"SearchAction","target":{"@type":"EntryPoint","urlTemplate":"https:\/\/compuviper.mx\/tienda\/?s={search_term_string}"},"query-input":"required name=search_term_string"}],"inLanguage":"es-MX"},{"@type":"Organization","@id":"https:\/\/compuviper.mx\/tienda\/#organization","name":"Compuviper","url":"https:\/\/compuviper.mx\/tienda\/","logo":{"@type":"ImageObject","inLanguage":"es-MX","@id":"https:\/\/compuviper.mx\/tienda\/#\/schema\/logo\/image\/","url":"https:\/\/compuviper.mx\/tienda\/wp-content\/uploads\/2021\/08\/Logo-Compuviper-10.png","contentUrl":"https:\/\/compuviper.mx\/tienda\/wp-content\/uploads\/2021\/08\/Logo-Compuviper-10.png","width":1000,"height":500,"caption":"Compuviper"},"image":{"@id":"https:\/\/compuviper.mx\/tienda\/#\/schema\/logo\/image\/"},"sameAs":["https:\/\/www.facebook.com\/compuviper","https:\/\/www.youtube.com\/channel\/UCf73dERp9Y3cfOq7q8BhLjA?view_as=subscriber"]}]},"product_brand":"DAHUA","product_price_amount":"3888","product_price_currency":"MXN","og_availability":"backorder","product_availability":"available for order","product_retailer_item_id":"DHI-ASI6214S-D","product_condition":"new"},"_links":{"self":[{"href":"https:\/\/compuviper.mx\/tienda\/wp-json\/wp\/v2\/product\/247036"}],"collection":[{"href":"https:\/\/compuviper.mx\/tienda\/wp-json\/wp\/v2\/product"}],"about":[{"href":"https:\/\/compuviper.mx\/tienda\/wp-json\/wp\/v2\/types\/product"}],"replies":[{"embeddable":true,"href":"https:\/\/compuviper.mx\/tienda\/wp-json\/wp\/v2\/comments?post=247036"}],"wp:featuredmedia":[{"embeddable":true,"href":"https:\/\/compuviper.mx\/tienda\/wp-json\/wp\/v2\/media\/258711"}],"wp:attachment":[{"href":"https:\/\/compuviper.mx\/tienda\/wp-json\/wp\/v2\/media?parent=247036"}],"wp:term":[{"taxonomy":"product_cat","embeddable":true,"href":"https:\/\/compuviper.mx\/tienda\/wp-json\/wp\/v2\/product_cat?post=247036"},{"taxonomy":"product_tag","embeddable":true,"href":"https:\/\/compuviper.mx\/tienda\/wp-json\/wp\/v2\/product_tag?post=247036"}],"curies":[{"name":"wp","href":"https:\/\/api.w.org\/{rel}","templated":true}]}}