{"id":246818,"date":"2026-04-10T23:45:16","date_gmt":"2026-04-11T05:45:16","guid":{"rendered":"https:\/\/compuviper.mx\/tienda\/producto\/dahua-dh-pfm942i-50-5-cable-50-mts-armado-para-video-y-energia-con-conectores-bnc-y-energia-camaras-hasta-4k-soportaahd-cvi-tvi-cvbs-uso-exterior-e-interior-cobre-de-alta-pureza\/"},"modified":"2026-04-10T23:45:16","modified_gmt":"2026-04-11T05:45:16","slug":"dahua-dh-pfm942i-50-5-cable-50-mts-armado-para-video-y-energia-con-conectores-bnc-y-energia-camaras-hasta-4k-soportaahd-cvi-tvi-cvbs-uso-exterior-e-interior-cobre-de-alta-pureza","status":"publish","type":"product","link":"https:\/\/compuviper.mx\/tienda\/producto\/dahua-dh-pfm942i-50-5-cable-50-mts-armado-para-video-y-energia-con-conectores-bnc-y-energia-camaras-hasta-4k-soportaahd-cvi-tvi-cvbs-uso-exterior-e-interior-cobre-de-alta-pureza\/","title":{"rendered":"Dahua Dh-pfm942i-50-5 Cable\/ \/ \/ 50 Mts Armado Para Video Y Energia\/con Conectores Bnc Y Energia\/ Camaras Hasta 4k\/soporta:ahd\/cvi\/tvi\/cvbs\/uso Exterior E Interior\/cobre De Alta Pureza"},"content":{"rendered":"<table class=\"descripcion\">\n<tr>\n<td>Principales caracteristicas<\/td>\n<\/tr>\n<tr>\n<td>Conductor:<\/td>\n<\/tr>\n<tr>\n<td>Material cable coaxial \/ cable de alimentacion: cobre sin oxigeno<\/td>\n<\/tr>\n<tr>\n<td>Diametro cable coaxial \/ cable de alimentacion: 7 \/ 0,127 mm \u00b1 0,01 mm (7 \/ 0,005 \u00b1 0,0004)<\/td>\n<\/tr>\n<tr>\n<td>Calibre del cable cable coaxial \/ cable de alimentacion: 28awg<\/td>\n<\/tr>\n<tr>\n<td>Aislamiento:<\/td>\n<\/tr>\n<tr>\n<td>Material cable coaxial: espuma de pe; cable de alimentacion: pvc<\/td>\n<\/tr>\n<tr>\n<td>Espesor cable coaxial:  and #8805; 0,6 mm (0,024 ); cable de alimentacion:  and #8805; 0,2 mm (0,008)<\/td>\n<\/tr>\n<tr>\n<td>Diametro cable coaxial: 1,9 mm \u00b1 0,2 mm (0,075 \u00b1 0,008); cable de alimentacion: 1,1 mm \u00b1 0,2 mm (0,043 \u00b1 0,008)<\/td>\n<\/tr>\n<tr>\n<td>Color cable coaxial: 1 nucleo (blanco); cable de alimentacion: 2 nucleos (rojo y negro)<\/td>\n<\/tr>\n<tr>\n<td>Escudo interior:<\/td>\n<\/tr>\n<tr>\n<td>Material cable coaxial: compuesto de papel de aluminio de una cara; cable de alimentacion: na<\/td>\n<\/tr>\n<tr>\n<td>Especificacion cable coaxial: t  and #8805; 0.026 mm (0.001 ), w: 7 mm \u00b1 1 mm (0.276 \u00b1 0.039 ); cable de alimentacion: na<\/td>\n<\/tr>\n<tr>\n<td>Tasa de superposicion cable coaxial:  and #8805; 25%; cable de alimentacion: na<\/td>\n<\/tr>\n<tr>\n<td>Escudo exterior<\/td>\n<\/tr>\n<tr>\n<td>Material cable coaxial: aluminio revestido de cobre (28) + cobre sin oxigeno (4); cable de alimentacion: na<\/td>\n<\/tr>\n<tr>\n<td>Especificacion cable coaxial: 16 \u00d7 2 \u00d7 0,10 mm \u00b1 0,01 mm (0,004 \u00b1 0,0004 ); cable de alimentacion: na<\/td>\n<\/tr>\n<tr>\n<td>Lay longitud cable coaxial: 18 mm \u00b1 6 mm (0,71 \u00b1 0,24); cable de alimentacion: na<\/td>\n<\/tr>\n<tr>\n<td>Cobertura de escudo cable coaxial:  and #8805; 45%; cable de alimentacion: na<\/td>\n<\/tr>\n<\/table>\n","protected":false},"excerpt":{"rendered":"<p>Informacion general. El cable modelo dh-pfm942i-50-5 es un cable de alimentacion y video cctv consta de un cable coaxial y un cable de alimentacion de dos nucleos. Hay un conector bnc y un conector dc5.5 en cada extremo del cable para la transmision de video de la camara y la fuente de alimentacion. Es conveniente instalar el cable en un sistema de cableado generico. Cable de alta resistencia. El dh-pfm942i-50-5 consta de un conductor de cobre sin oxigeno de alta pureza, lo que lo convierte en un excelente medio de transmision; ademas cuenta con un revestimiento exterior de pvc ignifugo para uso en interiores y exteriores resistente a la intemperie. Compatibilidad. El dh-pfm942i-50-5 es compatible con todos los sistemas de dvr analogicos y de alta definicion, este cable puede transmitir video y energia simultaneamente, ahorrando cableado y sin demoras. Puede soportar la siguientes resoluciones en sistemas de camaras de seguridad 720p \/ 1080p \/ 4mp \/ 5mp \/ 4k, ahd \/ cvi \/ tvi \/ cvbs.<\/p>\n","protected":false},"featured_media":259004,"comment_status":"open","ping_status":"open","template":"","meta":[],"product_cat":[1549,1550],"product_tag":[1555],"acf":[],"yoast_head":"<!-- This site is optimized with the Yoast SEO plugin v21.7 - https:\/\/yoast.com\/wordpress\/plugins\/seo\/ -->\n<title>[ Dahua ] &#129351; Dh-pfm942i-50-5 Cable\/ \/ \/ 50 Mts Armado Para Video Y Energia\/con Conectores Bnc Y Energia\/ Camaras Hasta 4k\/soporta:ahd\/cvi\/tvi\/cvbs\/uso Exterior E Interior\/cobre De Alta Pureza<\/title>\n<meta name=\"description\" content=\"Compra Dh-pfm942i-50-5 Cable\/ \/ \/ 50 Mts Armado Para Video Y Energia\/con Conectores Bnc Y Energia\/ Camaras Hasta 4k\/soporta:ahd\/cvi\/tvi\/cvbs\/uso Exterior E Interior\/cobre De Alta Pureza + Env\u00edo a domicilio + Pago seguro + Garant\u00eda\" \/>\n<meta name=\"robots\" content=\"index, follow, max-snippet:-1, max-image-preview:large, max-video-preview:-1\" \/>\n<link rel=\"canonical\" href=\"https:\/\/compuviper.mx\/tienda\/producto\/dahua-dh-pfm942i-50-5-cable-50-mts-armado-para-video-y-energia-con-conectores-bnc-y-energia-camaras-hasta-4k-soportaahd-cvi-tvi-cvbs-uso-exterior-e-interior-cobre-de-alta-pureza\/\" \/>\n<meta property=\"og:locale\" content=\"es_MX\" \/>\n<meta property=\"og:type\" content=\"article\" \/>\n<meta property=\"og:title\" content=\"[ Dahua ] &#129351; Dh-pfm942i-50-5 Cable\/ \/ \/ 50 Mts Armado Para Video Y Energia\/con Conectores Bnc Y Energia\/ Camaras Hasta 4k\/soporta:ahd\/cvi\/tvi\/cvbs\/uso Exterior E Interior\/cobre De Alta Pureza\" \/>\n<meta property=\"og:description\" content=\"Compra Dh-pfm942i-50-5 Cable\/ \/ \/ 50 Mts Armado Para Video Y Energia\/con Conectores Bnc Y Energia\/ Camaras Hasta 4k\/soporta:ahd\/cvi\/tvi\/cvbs\/uso Exterior E Interior\/cobre De Alta Pureza + Env\u00edo a domicilio + Pago seguro + Garant\u00eda\" \/>\n<meta property=\"og:url\" content=\"https:\/\/compuviper.mx\/tienda\/producto\/dahua-dh-pfm942i-50-5-cable-50-mts-armado-para-video-y-energia-con-conectores-bnc-y-energia-camaras-hasta-4k-soportaahd-cvi-tvi-cvbs-uso-exterior-e-interior-cobre-de-alta-pureza\/\" \/>\n<meta property=\"og:site_name\" content=\"Compuviper\" \/>\n<meta property=\"article:publisher\" content=\"https:\/\/www.facebook.com\/compuviper\" \/>\n<meta property=\"og:image\" content=\"https:\/\/compuviper.mx\/tienda\/wp-content\/uploads\/2025\/10\/Cable-dahua-dh-pfm942i-50-5-50-mts-armado-para-video-y-energiacon-conectores-bnc-y-energia-camaras-hasta-4ksoportaahdcvitvicvbsuso-exterior-e-interiorcobre-de-alta-pureza.jpg\" \/>\n\t<meta property=\"og:image:width\" content=\"200\" \/>\n\t<meta property=\"og:image:height\" content=\"200\" \/>\n\t<meta property=\"og:image:type\" content=\"image\/jpeg\" \/>\n<meta name=\"twitter:card\" content=\"summary_large_image\" \/>\n<meta name=\"twitter:label1\" content=\"Precio\" \/>\n\t<meta name=\"twitter:data1\" content=\"&#36;306 &#36;290 con IVA\" \/>\n\t<meta name=\"twitter:label2\" content=\"Availability\" \/>\n\t<meta name=\"twitter:data2\" content=\"In stock\" \/>\n<script type=\"application\/ld+json\" class=\"yoast-schema-graph\">{\"@context\":\"https:\/\/schema.org\",\"@graph\":[{\"@type\":\"WebPage\",\"@id\":\"https:\/\/compuviper.mx\/tienda\/producto\/dahua-dh-pfm942i-50-5-cable-50-mts-armado-para-video-y-energia-con-conectores-bnc-y-energia-camaras-hasta-4k-soportaahd-cvi-tvi-cvbs-uso-exterior-e-interior-cobre-de-alta-pureza\/\",\"url\":\"https:\/\/compuviper.mx\/tienda\/producto\/dahua-dh-pfm942i-50-5-cable-50-mts-armado-para-video-y-energia-con-conectores-bnc-y-energia-camaras-hasta-4k-soportaahd-cvi-tvi-cvbs-uso-exterior-e-interior-cobre-de-alta-pureza\/\",\"name\":\"[ Dahua ] &#129351; Dh-pfm942i-50-5 Cable\/ \/ \/ 50 Mts Armado Para Video Y Energia\/con Conectores Bnc Y Energia\/ Camaras Hasta 4k\/soporta:ahd\/cvi\/tvi\/cvbs\/uso Exterior E Interior\/cobre De Alta Pureza\",\"isPartOf\":{\"@id\":\"https:\/\/compuviper.mx\/tienda\/#website\"},\"datePublished\":\"2026-04-11T05:45:16+00:00\",\"dateModified\":\"2026-04-11T05:45:16+00:00\",\"description\":\"Compra Dh-pfm942i-50-5 Cable\/ \/ \/ 50 Mts Armado Para Video Y Energia\/con Conectores Bnc Y Energia\/ Camaras Hasta 4k\/soporta:ahd\/cvi\/tvi\/cvbs\/uso Exterior E Interior\/cobre De Alta Pureza + Env\u00edo a domicilio + Pago seguro + Garant\u00eda\",\"breadcrumb\":{\"@id\":\"https:\/\/compuviper.mx\/tienda\/producto\/dahua-dh-pfm942i-50-5-cable-50-mts-armado-para-video-y-energia-con-conectores-bnc-y-energia-camaras-hasta-4k-soportaahd-cvi-tvi-cvbs-uso-exterior-e-interior-cobre-de-alta-pureza\/#breadcrumb\"},\"inLanguage\":\"es-MX\",\"potentialAction\":[{\"@type\":\"ReadAction\",\"target\":[\"https:\/\/compuviper.mx\/tienda\/producto\/dahua-dh-pfm942i-50-5-cable-50-mts-armado-para-video-y-energia-con-conectores-bnc-y-energia-camaras-hasta-4k-soportaahd-cvi-tvi-cvbs-uso-exterior-e-interior-cobre-de-alta-pureza\/\"]}]},{\"@type\":\"BreadcrumbList\",\"@id\":\"https:\/\/compuviper.mx\/tienda\/producto\/dahua-dh-pfm942i-50-5-cable-50-mts-armado-para-video-y-energia-con-conectores-bnc-y-energia-camaras-hasta-4k-soportaahd-cvi-tvi-cvbs-uso-exterior-e-interior-cobre-de-alta-pureza\/#breadcrumb\",\"itemListElement\":[{\"@type\":\"ListItem\",\"position\":1,\"name\":\"Inicio\",\"item\":\"https:\/\/compuviper.mx\/tienda\/\"},{\"@type\":\"ListItem\",\"position\":2,\"name\":\"Productos\",\"item\":\"https:\/\/compuviper.mx\/tienda\/productos\/\"},{\"@type\":\"ListItem\",\"position\":3,\"name\":\"Cables\",\"item\":\"https:\/\/compuviper.mx\/tienda\/categoria-producto\/cables\/\"},{\"@type\":\"ListItem\",\"position\":4,\"name\":\"Cable De Video\",\"item\":\"https:\/\/compuviper.mx\/tienda\/categoria-producto\/cables\/cable-de-video\/\"},{\"@type\":\"ListItem\",\"position\":5,\"name\":\"Dahua Dh-pfm942i-50-5 Cable\/ \/ \/ 50 Mts Armado Para Video Y Energia\/con Conectores Bnc Y Energia\/ Camaras Hasta 4k\/soporta:ahd\/cvi\/tvi\/cvbs\/uso Exterior E Interior\/cobre De Alta Pureza\"}]},{\"@type\":\"WebSite\",\"@id\":\"https:\/\/compuviper.mx\/tienda\/#website\",\"url\":\"https:\/\/compuviper.mx\/tienda\/\",\"name\":\"Compuviper\",\"description\":\"Proveedor de Computadoras, Laptops, Servidores, Monitores, Puntos de Venta, Teclados,   Impresoras, T\u00f3ner, C\u00e1maras de Seguridad y m\u00e1s en tu tienda en l\u00ednea\",\"publisher\":{\"@id\":\"https:\/\/compuviper.mx\/tienda\/#organization\"},\"potentialAction\":[{\"@type\":\"SearchAction\",\"target\":{\"@type\":\"EntryPoint\",\"urlTemplate\":\"https:\/\/compuviper.mx\/tienda\/?s={search_term_string}\"},\"query-input\":\"required name=search_term_string\"}],\"inLanguage\":\"es-MX\"},{\"@type\":\"Organization\",\"@id\":\"https:\/\/compuviper.mx\/tienda\/#organization\",\"name\":\"Compuviper\",\"url\":\"https:\/\/compuviper.mx\/tienda\/\",\"logo\":{\"@type\":\"ImageObject\",\"inLanguage\":\"es-MX\",\"@id\":\"https:\/\/compuviper.mx\/tienda\/#\/schema\/logo\/image\/\",\"url\":\"https:\/\/compuviper.mx\/tienda\/wp-content\/uploads\/2021\/08\/Logo-Compuviper-10.png\",\"contentUrl\":\"https:\/\/compuviper.mx\/tienda\/wp-content\/uploads\/2021\/08\/Logo-Compuviper-10.png\",\"width\":1000,\"height\":500,\"caption\":\"Compuviper\"},\"image\":{\"@id\":\"https:\/\/compuviper.mx\/tienda\/#\/schema\/logo\/image\/\"},\"sameAs\":[\"https:\/\/www.facebook.com\/compuviper\",\"https:\/\/www.youtube.com\/channel\/UCf73dERp9Y3cfOq7q8BhLjA?view_as=subscriber\"]}]}<\/script>\n<meta property=\"product:brand\" content=\"DAHUA\" \/>\n<meta property=\"product:price:amount\" content=\"290\" \/>\n<meta property=\"product:price:currency\" content=\"MXN\" \/>\n<meta property=\"og:availability\" content=\"instock\" \/>\n<meta property=\"product:availability\" content=\"instock\" \/>\n<meta property=\"product:retailer_item_id\" content=\"DH-PFM942I-50-5\" \/>\n<meta property=\"product:condition\" content=\"new\" \/>\n<!-- \/ Yoast SEO plugin. -->","yoast_head_json":{"title":"[ Dahua ] &#129351; Dh-pfm942i-50-5 Cable\/ \/ \/ 50 Mts Armado Para Video Y Energia\/con Conectores Bnc Y Energia\/ Camaras Hasta 4k\/soporta:ahd\/cvi\/tvi\/cvbs\/uso Exterior E Interior\/cobre De Alta Pureza","description":"Compra Dh-pfm942i-50-5 Cable\/ \/ \/ 50 Mts Armado Para Video Y Energia\/con Conectores Bnc Y Energia\/ Camaras Hasta 4k\/soporta:ahd\/cvi\/tvi\/cvbs\/uso Exterior E Interior\/cobre De Alta Pureza + Env\u00edo a domicilio + Pago seguro + Garant\u00eda","robots":{"index":"index","follow":"follow","max-snippet":"max-snippet:-1","max-image-preview":"max-image-preview:large","max-video-preview":"max-video-preview:-1"},"canonical":"https:\/\/compuviper.mx\/tienda\/producto\/dahua-dh-pfm942i-50-5-cable-50-mts-armado-para-video-y-energia-con-conectores-bnc-y-energia-camaras-hasta-4k-soportaahd-cvi-tvi-cvbs-uso-exterior-e-interior-cobre-de-alta-pureza\/","og_locale":"es_MX","og_type":"article","og_title":"[ Dahua ] &#129351; Dh-pfm942i-50-5 Cable\/ \/ \/ 50 Mts Armado Para Video Y Energia\/con Conectores Bnc Y Energia\/ Camaras Hasta 4k\/soporta:ahd\/cvi\/tvi\/cvbs\/uso Exterior E Interior\/cobre De Alta Pureza","og_description":"Compra Dh-pfm942i-50-5 Cable\/ \/ \/ 50 Mts Armado Para Video Y Energia\/con Conectores Bnc Y Energia\/ Camaras Hasta 4k\/soporta:ahd\/cvi\/tvi\/cvbs\/uso Exterior E Interior\/cobre De Alta Pureza + Env\u00edo a domicilio + Pago seguro + Garant\u00eda","og_url":"https:\/\/compuviper.mx\/tienda\/producto\/dahua-dh-pfm942i-50-5-cable-50-mts-armado-para-video-y-energia-con-conectores-bnc-y-energia-camaras-hasta-4k-soportaahd-cvi-tvi-cvbs-uso-exterior-e-interior-cobre-de-alta-pureza\/","og_site_name":"Compuviper","article_publisher":"https:\/\/www.facebook.com\/compuviper","og_image":[{"width":200,"height":200,"url":"https:\/\/compuviper.mx\/tienda\/wp-content\/uploads\/2025\/10\/Cable-dahua-dh-pfm942i-50-5-50-mts-armado-para-video-y-energiacon-conectores-bnc-y-energia-camaras-hasta-4ksoportaahdcvitvicvbsuso-exterior-e-interiorcobre-de-alta-pureza.jpg","type":"image\/jpeg"}],"twitter_card":"summary_large_image","twitter_misc":{"Precio":"&#36;306 &#36;290 con IVA","Availability":"In stock"},"schema":{"@context":"https:\/\/schema.org","@graph":[{"@type":"WebPage","@id":"https:\/\/compuviper.mx\/tienda\/producto\/dahua-dh-pfm942i-50-5-cable-50-mts-armado-para-video-y-energia-con-conectores-bnc-y-energia-camaras-hasta-4k-soportaahd-cvi-tvi-cvbs-uso-exterior-e-interior-cobre-de-alta-pureza\/","url":"https:\/\/compuviper.mx\/tienda\/producto\/dahua-dh-pfm942i-50-5-cable-50-mts-armado-para-video-y-energia-con-conectores-bnc-y-energia-camaras-hasta-4k-soportaahd-cvi-tvi-cvbs-uso-exterior-e-interior-cobre-de-alta-pureza\/","name":"[ Dahua ] &#129351; Dh-pfm942i-50-5 Cable\/ \/ \/ 50 Mts Armado Para Video Y Energia\/con Conectores Bnc Y Energia\/ Camaras Hasta 4k\/soporta:ahd\/cvi\/tvi\/cvbs\/uso Exterior E Interior\/cobre De Alta Pureza","isPartOf":{"@id":"https:\/\/compuviper.mx\/tienda\/#website"},"datePublished":"2026-04-11T05:45:16+00:00","dateModified":"2026-04-11T05:45:16+00:00","description":"Compra Dh-pfm942i-50-5 Cable\/ \/ \/ 50 Mts Armado Para Video Y Energia\/con Conectores Bnc Y Energia\/ Camaras Hasta 4k\/soporta:ahd\/cvi\/tvi\/cvbs\/uso Exterior E Interior\/cobre De Alta Pureza + Env\u00edo a domicilio + Pago seguro + Garant\u00eda","breadcrumb":{"@id":"https:\/\/compuviper.mx\/tienda\/producto\/dahua-dh-pfm942i-50-5-cable-50-mts-armado-para-video-y-energia-con-conectores-bnc-y-energia-camaras-hasta-4k-soportaahd-cvi-tvi-cvbs-uso-exterior-e-interior-cobre-de-alta-pureza\/#breadcrumb"},"inLanguage":"es-MX","potentialAction":[{"@type":"ReadAction","target":["https:\/\/compuviper.mx\/tienda\/producto\/dahua-dh-pfm942i-50-5-cable-50-mts-armado-para-video-y-energia-con-conectores-bnc-y-energia-camaras-hasta-4k-soportaahd-cvi-tvi-cvbs-uso-exterior-e-interior-cobre-de-alta-pureza\/"]}]},{"@type":"BreadcrumbList","@id":"https:\/\/compuviper.mx\/tienda\/producto\/dahua-dh-pfm942i-50-5-cable-50-mts-armado-para-video-y-energia-con-conectores-bnc-y-energia-camaras-hasta-4k-soportaahd-cvi-tvi-cvbs-uso-exterior-e-interior-cobre-de-alta-pureza\/#breadcrumb","itemListElement":[{"@type":"ListItem","position":1,"name":"Inicio","item":"https:\/\/compuviper.mx\/tienda\/"},{"@type":"ListItem","position":2,"name":"Productos","item":"https:\/\/compuviper.mx\/tienda\/productos\/"},{"@type":"ListItem","position":3,"name":"Cables","item":"https:\/\/compuviper.mx\/tienda\/categoria-producto\/cables\/"},{"@type":"ListItem","position":4,"name":"Cable De Video","item":"https:\/\/compuviper.mx\/tienda\/categoria-producto\/cables\/cable-de-video\/"},{"@type":"ListItem","position":5,"name":"Dahua Dh-pfm942i-50-5 Cable\/ \/ \/ 50 Mts Armado Para Video Y Energia\/con Conectores Bnc Y Energia\/ Camaras Hasta 4k\/soporta:ahd\/cvi\/tvi\/cvbs\/uso Exterior E Interior\/cobre De Alta Pureza"}]},{"@type":"WebSite","@id":"https:\/\/compuviper.mx\/tienda\/#website","url":"https:\/\/compuviper.mx\/tienda\/","name":"Compuviper","description":"Proveedor de Computadoras, Laptops, Servidores, Monitores, Puntos de Venta, Teclados,   Impresoras, T\u00f3ner, C\u00e1maras de Seguridad y m\u00e1s en tu tienda en l\u00ednea","publisher":{"@id":"https:\/\/compuviper.mx\/tienda\/#organization"},"potentialAction":[{"@type":"SearchAction","target":{"@type":"EntryPoint","urlTemplate":"https:\/\/compuviper.mx\/tienda\/?s={search_term_string}"},"query-input":"required name=search_term_string"}],"inLanguage":"es-MX"},{"@type":"Organization","@id":"https:\/\/compuviper.mx\/tienda\/#organization","name":"Compuviper","url":"https:\/\/compuviper.mx\/tienda\/","logo":{"@type":"ImageObject","inLanguage":"es-MX","@id":"https:\/\/compuviper.mx\/tienda\/#\/schema\/logo\/image\/","url":"https:\/\/compuviper.mx\/tienda\/wp-content\/uploads\/2021\/08\/Logo-Compuviper-10.png","contentUrl":"https:\/\/compuviper.mx\/tienda\/wp-content\/uploads\/2021\/08\/Logo-Compuviper-10.png","width":1000,"height":500,"caption":"Compuviper"},"image":{"@id":"https:\/\/compuviper.mx\/tienda\/#\/schema\/logo\/image\/"},"sameAs":["https:\/\/www.facebook.com\/compuviper","https:\/\/www.youtube.com\/channel\/UCf73dERp9Y3cfOq7q8BhLjA?view_as=subscriber"]}]},"product_brand":"DAHUA","product_price_amount":"290","product_price_currency":"MXN","og_availability":"instock","product_availability":"instock","product_retailer_item_id":"DH-PFM942I-50-5","product_condition":"new"},"_links":{"self":[{"href":"https:\/\/compuviper.mx\/tienda\/wp-json\/wp\/v2\/product\/246818"}],"collection":[{"href":"https:\/\/compuviper.mx\/tienda\/wp-json\/wp\/v2\/product"}],"about":[{"href":"https:\/\/compuviper.mx\/tienda\/wp-json\/wp\/v2\/types\/product"}],"replies":[{"embeddable":true,"href":"https:\/\/compuviper.mx\/tienda\/wp-json\/wp\/v2\/comments?post=246818"}],"wp:featuredmedia":[{"embeddable":true,"href":"https:\/\/compuviper.mx\/tienda\/wp-json\/wp\/v2\/media\/259004"}],"wp:attachment":[{"href":"https:\/\/compuviper.mx\/tienda\/wp-json\/wp\/v2\/media?parent=246818"}],"wp:term":[{"taxonomy":"product_cat","embeddable":true,"href":"https:\/\/compuviper.mx\/tienda\/wp-json\/wp\/v2\/product_cat?post=246818"},{"taxonomy":"product_tag","embeddable":true,"href":"https:\/\/compuviper.mx\/tienda\/wp-json\/wp\/v2\/product_tag?post=246818"}],"curies":[{"name":"wp","href":"https:\/\/api.w.org\/{rel}","templated":true}]}}