{"id":246674,"date":"2026-04-02T00:43:22","date_gmt":"2026-04-02T06:43:22","guid":{"rendered":"https:\/\/compuviper.mx\/tienda\/producto\/logitech-920-008084-teclado-gaming-g213-prodigy-retroiluminado-rgb-alambrico-usb\/"},"modified":"2026-04-02T00:43:22","modified_gmt":"2026-04-02T06:43:22","slug":"logitech-920-008084-teclado-gaming-g213-prodigy-retroiluminado-rgb-alambrico-usb","status":"publish","type":"product","link":"https:\/\/compuviper.mx\/tienda\/producto\/logitech-920-008084-teclado-gaming-g213-prodigy-retroiluminado-rgb-alambrico-usb\/","title":{"rendered":"Logitech 920-008084 Teclado Gaming  G213 Prodigy Retroiluminado Rgb Alambrico Usb"},"content":{"rendered":"<table class=\"descripcion\">\n<tr>\n<td>Funciones<\/td>\n<\/tr>\n<tr>\n<td>Uso simult\u00e1neo de teclas para mayor rendimiento<\/td>\n<\/tr>\n<tr>\n<td>Cuatro veces ms rpido que los teclados estndar<\/td>\n<\/tr>\n<tr>\n<td>Cada tecla de g213 est optimizada para mejorar la experiencia tctil y ofrecer una respuesta superrpida, hasta 4 veces superior a la de los teclados estndar. la matriz de prevencin de efecto fantasma para juegos est programada para dominar el control al pulsar simultneamente varias teclas de juego.<\/td>\n<\/tr>\n<tr>\n<td>Zonas de iluminacin rgb brillantes y ntidas<\/td>\n<\/tr>\n<tr>\n<td>Elige entre 16,8 millones de colores<\/td>\n<\/tr>\n<tr>\n<td>Aade un toque personal con cinco zonas de iluminacin individuales con un espectro de hasta 16,8 millones de colores. cambia colores segn una configuracin o un juego especfico o simplemente para usar tus favoritos. el bajo ndice de fuga luminosa alrededor de las teclas significa que pasa ms luz por las letras, con lo que cada tecla es ms brillante y ms fcil de encontrar.<\/td>\n<\/tr>\n<tr>\n<td>Resistente a salpicaduras y duradero<\/td>\n<\/tr>\n<tr>\n<td>Diseado para la vida de verdad<\/td>\n<\/tr>\n<tr>\n<td>Los accidentes ocurren, por eso g213 prodigy se ha creado para la vida de verdad. no importa si ests jugando o trabajando, g213 prodigy lo aguanta todo, con una construccin duradera que resiste salpicaduras, migas y suciedad para que los accidentes del mundo real no se interpongan en el camino.<\/td>\n<\/tr>\n<tr>\n<td>Sometido a pruebas con derrames de 60 ml de lquido.<\/td>\n<\/tr>\n<tr>\n<td>Reposamanos integrado y patas ajustables<\/td>\n<\/tr>\n<tr>\n<td>Juega ms tiempo<\/td>\n<\/tr>\n<tr>\n<td>El ajuste de ngulo en dos niveles te permite colocar el teclado en la posicin ideal, mientras el reposamanos integrado alivia la incomodidad o la fatiga, para que puedas seguir jugando cmodamente ronda tras ronda.<\/td>\n<\/tr>\n<tr>\n<td>Controles multimedia especficos<\/td>\n<\/tr>\n<tr>\n<td>Reproducir, pausa, omitir, ajustar<\/td>\n<\/tr>\n<tr>\n<td>Controla tu pista de fondo sin detener la accin. g213 posee controles multimedia especficos que se pueden usar para reproducir, poner en pausa y silenciar msica y videos al instante. ajusta el volumen o salta a la siguiente cancin con slo pulsar un botn.<\/td>\n<\/tr>\n<tr>\n<td>Personaliza con logitech gaming software<\/td>\n<\/tr>\n<tr>\n<td>Simplifica tu juego<\/td>\n<\/tr>\n<tr>\n<td>Logitech gaming software permite personalizar g213, para un uso ms prctico y exclusivo. puedes configurar la iluminacin rgb, ahorrar tiempo asignando varias funciones a ciertas teclas y mucho ms.<\/td>\n<\/tr>\n<tr>\n<td>Especificaciones<\/td>\n<\/tr>\n<tr>\n<td>Nmero de referencia<\/td>\n<\/tr>\n<tr>\n<td>920-008084<\/td>\n<\/tr>\n<tr>\n<td>Informacin de garanta<\/td>\n<\/tr>\n<tr>\n<td>Dos aos de garanta de hardware limitada<\/td>\n<\/tr>\n<tr>\n<td>Requisitos del sistema<\/td>\n<\/tr>\n<tr>\n<td>Windows\u00ae 10, windows 8.1, windows 8, windows 7<\/td>\n<\/tr>\n<tr>\n<td>Puerto usb<\/td>\n<\/tr>\n<tr>\n<td>Conexin a internet para descargas de software adicionales<\/td>\n<\/tr>\n<tr>\n<td>Contenido de la caja<\/td>\n<\/tr>\n<tr>\n<td>Teclado para juegos<\/td>\n<\/tr>\n<tr>\n<td>Documentacin del usuario<\/td>\n<\/tr>\n<tr>\n<td>Especificaciones tcnicas<\/td>\n<\/tr>\n<tr>\n<td>Resistente a salpicaduras:<\/td>\n<\/tr>\n<tr>\n<td>Sometido a pruebas con derrames de 60 ml de lquido<\/td>\n<\/tr>\n<tr>\n<td>Tipo de conexin: usb 2.0<\/td>\n<\/tr>\n<tr>\n<td>Protocolo usb: usb 2.0<\/td>\n<\/tr>\n<tr>\n<td>Velocidad usb: mxima<\/td>\n<\/tr>\n<tr>\n<td>Indicadores luminosos led: s<\/td>\n<\/tr>\n<tr>\n<td>Pantalla lcd: no<\/td>\n<\/tr>\n<tr>\n<td>Retroiluminacin: rgb<\/td>\n<\/tr>\n<tr>\n<td>Longitud de cable alimentacin\/carga: 1,8 m<\/td>\n<\/tr>\n<tr>\n<td>Especificaciones fsicas<\/td>\n<\/tr>\n<tr>\n<td>Altura: 218 mm<\/td>\n<\/tr>\n<tr>\n<td>Anchura: 452 mm<\/td>\n<\/tr>\n<tr>\n<td>Profundidad: 33 mm<\/td>\n<\/tr>\n<tr>\n<td>Peso: 1000 g.<\/td>\n<\/tr>\n<\/table>\n","protected":false},"excerpt":{"rendered":"<p>Teclado para juegos con reposamanos integrado y patas ajustables, teclas multimedia, zonas de iluminacin rgb brillantes elige entre 16.8 millones de colores, 4 veces mas rapido que un teclado estndar.<\/p>\n","protected":false},"featured_media":246675,"comment_status":"open","ping_status":"open","template":"","meta":[],"product_cat":[1713,1718],"product_tag":[1500],"acf":[],"yoast_head":"<!-- This site is optimized with the Yoast SEO plugin v21.7 - https:\/\/yoast.com\/wordpress\/plugins\/seo\/ -->\n<title>[ Logitech ] &#129351; 920-008084 Teclado Gaming G213 Prodigy Retroiluminado Rgb Alambrico Usb<\/title>\n<meta name=\"description\" content=\"Compra 920-008084 Teclado Gaming G213 Prodigy Retroiluminado Rgb Alambrico Usb + Env\u00edo a domicilio + Pago seguro + Garant\u00eda\" \/>\n<meta name=\"robots\" content=\"index, follow, max-snippet:-1, max-image-preview:large, max-video-preview:-1\" \/>\n<link rel=\"canonical\" href=\"https:\/\/compuviper.mx\/tienda\/producto\/logitech-920-008084-teclado-gaming-g213-prodigy-retroiluminado-rgb-alambrico-usb\/\" \/>\n<meta property=\"og:locale\" content=\"es_MX\" \/>\n<meta property=\"og:type\" content=\"article\" \/>\n<meta property=\"og:title\" content=\"[ Logitech ] &#129351; 920-008084 Teclado Gaming G213 Prodigy Retroiluminado Rgb Alambrico Usb\" \/>\n<meta property=\"og:description\" content=\"Compra 920-008084 Teclado Gaming G213 Prodigy Retroiluminado Rgb Alambrico Usb + Env\u00edo a domicilio + Pago seguro + Garant\u00eda\" \/>\n<meta property=\"og:url\" content=\"https:\/\/compuviper.mx\/tienda\/producto\/logitech-920-008084-teclado-gaming-g213-prodigy-retroiluminado-rgb-alambrico-usb\/\" \/>\n<meta property=\"og:site_name\" content=\"Compuviper\" \/>\n<meta property=\"article:publisher\" content=\"https:\/\/www.facebook.com\/compuviper\" \/>\n<meta property=\"og:image\" content=\"https:\/\/compuviper.mx\/tienda\/wp-content\/uploads\/2024\/12\/Teclado-gaming-logitech-g213-prodigy-retroiluminado-rgb-alambrico-usb.jpg\" \/>\n\t<meta property=\"og:image:width\" content=\"200\" \/>\n\t<meta property=\"og:image:height\" content=\"200\" \/>\n\t<meta property=\"og:image:type\" content=\"image\/jpeg\" \/>\n<meta name=\"twitter:card\" content=\"summary_large_image\" \/>\n<meta name=\"twitter:label1\" content=\"Precio\" \/>\n\t<meta name=\"twitter:data1\" content=\"&#36;1,215 con IVA\" \/>\n\t<meta name=\"twitter:label2\" content=\"Availability\" \/>\n\t<meta name=\"twitter:data2\" content=\"Out of stock\" \/>\n<script type=\"application\/ld+json\" class=\"yoast-schema-graph\">{\"@context\":\"https:\/\/schema.org\",\"@graph\":[{\"@type\":\"WebPage\",\"@id\":\"https:\/\/compuviper.mx\/tienda\/producto\/logitech-920-008084-teclado-gaming-g213-prodigy-retroiluminado-rgb-alambrico-usb\/\",\"url\":\"https:\/\/compuviper.mx\/tienda\/producto\/logitech-920-008084-teclado-gaming-g213-prodigy-retroiluminado-rgb-alambrico-usb\/\",\"name\":\"[ Logitech ] &#129351; 920-008084 Teclado Gaming G213 Prodigy Retroiluminado Rgb Alambrico Usb\",\"isPartOf\":{\"@id\":\"https:\/\/compuviper.mx\/tienda\/#website\"},\"datePublished\":\"2026-04-02T06:43:22+00:00\",\"dateModified\":\"2026-04-02T06:43:22+00:00\",\"description\":\"Compra 920-008084 Teclado Gaming G213 Prodigy Retroiluminado Rgb Alambrico Usb + Env\u00edo a domicilio + Pago seguro + Garant\u00eda\",\"breadcrumb\":{\"@id\":\"https:\/\/compuviper.mx\/tienda\/producto\/logitech-920-008084-teclado-gaming-g213-prodigy-retroiluminado-rgb-alambrico-usb\/#breadcrumb\"},\"inLanguage\":\"es-MX\",\"potentialAction\":[{\"@type\":\"ReadAction\",\"target\":[\"https:\/\/compuviper.mx\/tienda\/producto\/logitech-920-008084-teclado-gaming-g213-prodigy-retroiluminado-rgb-alambrico-usb\/\"]}]},{\"@type\":\"BreadcrumbList\",\"@id\":\"https:\/\/compuviper.mx\/tienda\/producto\/logitech-920-008084-teclado-gaming-g213-prodigy-retroiluminado-rgb-alambrico-usb\/#breadcrumb\",\"itemListElement\":[{\"@type\":\"ListItem\",\"position\":1,\"name\":\"Inicio\",\"item\":\"https:\/\/compuviper.mx\/tienda\/\"},{\"@type\":\"ListItem\",\"position\":2,\"name\":\"Productos\",\"item\":\"https:\/\/compuviper.mx\/tienda\/productos\/\"},{\"@type\":\"ListItem\",\"position\":3,\"name\":\"Teclados\",\"item\":\"https:\/\/compuviper.mx\/tienda\/categoria-producto\/teclados\/\"},{\"@type\":\"ListItem\",\"position\":4,\"name\":\"Gamers\",\"item\":\"https:\/\/compuviper.mx\/tienda\/categoria-producto\/teclados\/gamers\/\"},{\"@type\":\"ListItem\",\"position\":5,\"name\":\"Logitech 920-008084 Teclado Gaming G213 Prodigy Retroiluminado Rgb Alambrico Usb\"}]},{\"@type\":\"WebSite\",\"@id\":\"https:\/\/compuviper.mx\/tienda\/#website\",\"url\":\"https:\/\/compuviper.mx\/tienda\/\",\"name\":\"Compuviper\",\"description\":\"Proveedor de Computadoras, Laptops, Servidores, Monitores, Puntos de Venta, Teclados,   Impresoras, T\u00f3ner, C\u00e1maras de Seguridad y m\u00e1s en tu tienda en l\u00ednea\",\"publisher\":{\"@id\":\"https:\/\/compuviper.mx\/tienda\/#organization\"},\"potentialAction\":[{\"@type\":\"SearchAction\",\"target\":{\"@type\":\"EntryPoint\",\"urlTemplate\":\"https:\/\/compuviper.mx\/tienda\/?s={search_term_string}\"},\"query-input\":\"required name=search_term_string\"}],\"inLanguage\":\"es-MX\"},{\"@type\":\"Organization\",\"@id\":\"https:\/\/compuviper.mx\/tienda\/#organization\",\"name\":\"Compuviper\",\"url\":\"https:\/\/compuviper.mx\/tienda\/\",\"logo\":{\"@type\":\"ImageObject\",\"inLanguage\":\"es-MX\",\"@id\":\"https:\/\/compuviper.mx\/tienda\/#\/schema\/logo\/image\/\",\"url\":\"https:\/\/compuviper.mx\/tienda\/wp-content\/uploads\/2021\/08\/Logo-Compuviper-10.png\",\"contentUrl\":\"https:\/\/compuviper.mx\/tienda\/wp-content\/uploads\/2021\/08\/Logo-Compuviper-10.png\",\"width\":1000,\"height\":500,\"caption\":\"Compuviper\"},\"image\":{\"@id\":\"https:\/\/compuviper.mx\/tienda\/#\/schema\/logo\/image\/\"},\"sameAs\":[\"https:\/\/www.facebook.com\/compuviper\",\"https:\/\/www.youtube.com\/channel\/UCf73dERp9Y3cfOq7q8BhLjA?view_as=subscriber\"]}]}<\/script>\n<meta property=\"product:brand\" content=\"LOGITECH\" \/>\n<meta property=\"product:price:amount\" content=\"1215\" \/>\n<meta property=\"product:price:currency\" content=\"MXN\" \/>\n<meta property=\"og:availability\" content=\"out of stock\" \/>\n<meta property=\"product:availability\" content=\"out of stock\" \/>\n<meta property=\"product:retailer_item_id\" content=\"920-008084\" \/>\n<meta property=\"product:condition\" content=\"new\" \/>\n<!-- \/ Yoast SEO plugin. -->","yoast_head_json":{"title":"[ Logitech ] &#129351; 920-008084 Teclado Gaming G213 Prodigy Retroiluminado Rgb Alambrico Usb","description":"Compra 920-008084 Teclado Gaming G213 Prodigy Retroiluminado Rgb Alambrico Usb + Env\u00edo a domicilio + Pago seguro + Garant\u00eda","robots":{"index":"index","follow":"follow","max-snippet":"max-snippet:-1","max-image-preview":"max-image-preview:large","max-video-preview":"max-video-preview:-1"},"canonical":"https:\/\/compuviper.mx\/tienda\/producto\/logitech-920-008084-teclado-gaming-g213-prodigy-retroiluminado-rgb-alambrico-usb\/","og_locale":"es_MX","og_type":"article","og_title":"[ Logitech ] &#129351; 920-008084 Teclado Gaming G213 Prodigy Retroiluminado Rgb Alambrico Usb","og_description":"Compra 920-008084 Teclado Gaming G213 Prodigy Retroiluminado Rgb Alambrico Usb + Env\u00edo a domicilio + Pago seguro + Garant\u00eda","og_url":"https:\/\/compuviper.mx\/tienda\/producto\/logitech-920-008084-teclado-gaming-g213-prodigy-retroiluminado-rgb-alambrico-usb\/","og_site_name":"Compuviper","article_publisher":"https:\/\/www.facebook.com\/compuviper","og_image":[{"width":200,"height":200,"url":"https:\/\/compuviper.mx\/tienda\/wp-content\/uploads\/2024\/12\/Teclado-gaming-logitech-g213-prodigy-retroiluminado-rgb-alambrico-usb.jpg","type":"image\/jpeg"}],"twitter_card":"summary_large_image","twitter_misc":{"Precio":"&#36;1,215 con IVA","Availability":"Out of stock"},"schema":{"@context":"https:\/\/schema.org","@graph":[{"@type":"WebPage","@id":"https:\/\/compuviper.mx\/tienda\/producto\/logitech-920-008084-teclado-gaming-g213-prodigy-retroiluminado-rgb-alambrico-usb\/","url":"https:\/\/compuviper.mx\/tienda\/producto\/logitech-920-008084-teclado-gaming-g213-prodigy-retroiluminado-rgb-alambrico-usb\/","name":"[ Logitech ] &#129351; 920-008084 Teclado Gaming G213 Prodigy Retroiluminado Rgb Alambrico Usb","isPartOf":{"@id":"https:\/\/compuviper.mx\/tienda\/#website"},"datePublished":"2026-04-02T06:43:22+00:00","dateModified":"2026-04-02T06:43:22+00:00","description":"Compra 920-008084 Teclado Gaming G213 Prodigy Retroiluminado Rgb Alambrico Usb + Env\u00edo a domicilio + Pago seguro + Garant\u00eda","breadcrumb":{"@id":"https:\/\/compuviper.mx\/tienda\/producto\/logitech-920-008084-teclado-gaming-g213-prodigy-retroiluminado-rgb-alambrico-usb\/#breadcrumb"},"inLanguage":"es-MX","potentialAction":[{"@type":"ReadAction","target":["https:\/\/compuviper.mx\/tienda\/producto\/logitech-920-008084-teclado-gaming-g213-prodigy-retroiluminado-rgb-alambrico-usb\/"]}]},{"@type":"BreadcrumbList","@id":"https:\/\/compuviper.mx\/tienda\/producto\/logitech-920-008084-teclado-gaming-g213-prodigy-retroiluminado-rgb-alambrico-usb\/#breadcrumb","itemListElement":[{"@type":"ListItem","position":1,"name":"Inicio","item":"https:\/\/compuviper.mx\/tienda\/"},{"@type":"ListItem","position":2,"name":"Productos","item":"https:\/\/compuviper.mx\/tienda\/productos\/"},{"@type":"ListItem","position":3,"name":"Teclados","item":"https:\/\/compuviper.mx\/tienda\/categoria-producto\/teclados\/"},{"@type":"ListItem","position":4,"name":"Gamers","item":"https:\/\/compuviper.mx\/tienda\/categoria-producto\/teclados\/gamers\/"},{"@type":"ListItem","position":5,"name":"Logitech 920-008084 Teclado Gaming G213 Prodigy Retroiluminado Rgb Alambrico Usb"}]},{"@type":"WebSite","@id":"https:\/\/compuviper.mx\/tienda\/#website","url":"https:\/\/compuviper.mx\/tienda\/","name":"Compuviper","description":"Proveedor de Computadoras, Laptops, Servidores, Monitores, Puntos de Venta, Teclados,   Impresoras, T\u00f3ner, C\u00e1maras de Seguridad y m\u00e1s en tu tienda en l\u00ednea","publisher":{"@id":"https:\/\/compuviper.mx\/tienda\/#organization"},"potentialAction":[{"@type":"SearchAction","target":{"@type":"EntryPoint","urlTemplate":"https:\/\/compuviper.mx\/tienda\/?s={search_term_string}"},"query-input":"required name=search_term_string"}],"inLanguage":"es-MX"},{"@type":"Organization","@id":"https:\/\/compuviper.mx\/tienda\/#organization","name":"Compuviper","url":"https:\/\/compuviper.mx\/tienda\/","logo":{"@type":"ImageObject","inLanguage":"es-MX","@id":"https:\/\/compuviper.mx\/tienda\/#\/schema\/logo\/image\/","url":"https:\/\/compuviper.mx\/tienda\/wp-content\/uploads\/2021\/08\/Logo-Compuviper-10.png","contentUrl":"https:\/\/compuviper.mx\/tienda\/wp-content\/uploads\/2021\/08\/Logo-Compuviper-10.png","width":1000,"height":500,"caption":"Compuviper"},"image":{"@id":"https:\/\/compuviper.mx\/tienda\/#\/schema\/logo\/image\/"},"sameAs":["https:\/\/www.facebook.com\/compuviper","https:\/\/www.youtube.com\/channel\/UCf73dERp9Y3cfOq7q8BhLjA?view_as=subscriber"]}]},"product_brand":"LOGITECH","product_price_amount":"1215","product_price_currency":"MXN","og_availability":"out of stock","product_availability":"out of stock","product_retailer_item_id":"920-008084","product_condition":"new"},"_links":{"self":[{"href":"https:\/\/compuviper.mx\/tienda\/wp-json\/wp\/v2\/product\/246674"}],"collection":[{"href":"https:\/\/compuviper.mx\/tienda\/wp-json\/wp\/v2\/product"}],"about":[{"href":"https:\/\/compuviper.mx\/tienda\/wp-json\/wp\/v2\/types\/product"}],"replies":[{"embeddable":true,"href":"https:\/\/compuviper.mx\/tienda\/wp-json\/wp\/v2\/comments?post=246674"}],"wp:featuredmedia":[{"embeddable":true,"href":"https:\/\/compuviper.mx\/tienda\/wp-json\/wp\/v2\/media\/246675"}],"wp:attachment":[{"href":"https:\/\/compuviper.mx\/tienda\/wp-json\/wp\/v2\/media?parent=246674"}],"wp:term":[{"taxonomy":"product_cat","embeddable":true,"href":"https:\/\/compuviper.mx\/tienda\/wp-json\/wp\/v2\/product_cat?post=246674"},{"taxonomy":"product_tag","embeddable":true,"href":"https:\/\/compuviper.mx\/tienda\/wp-json\/wp\/v2\/product_tag?post=246674"}],"curies":[{"name":"wp","href":"https:\/\/api.w.org\/{rel}","templated":true}]}}