{"id":246466,"date":"2026-04-18T01:14:13","date_gmt":"2026-04-18T07:14:13","guid":{"rendered":"https:\/\/compuviper.mx\/tienda\/producto\/synology-e10g30-f2-tarjeta-de-red-pcie-3-0-x8-de-doble-puerto-10gbe-sfp\/"},"modified":"2026-04-18T01:14:13","modified_gmt":"2026-04-18T07:14:13","slug":"synology-e10g30-f2-tarjeta-de-red-pcie-3-0-x8-de-doble-puerto-10gbe-sfp","status":"publish","type":"product","link":"https:\/\/compuviper.mx\/tienda\/producto\/synology-e10g30-f2-tarjeta-de-red-pcie-3-0-x8-de-doble-puerto-10gbe-sfp\/","title":{"rendered":"Synology E10g30-f2 Tarjeta De Red  Pcie 3.0 X8 De Doble Puerto 10gbe Sfp"},"content":{"rendered":"<table class=\"descripcion\">\n<tr>\n<td>Descripcion tecnica<\/td>\n<\/tr>\n<tr>\n<td>Especificaciones t\u00e9cnicas<\/td>\n<\/tr>\n<tr>\n<td>Hardware<\/td>\n<\/tr>\n<tr>\n<td>Interfaz de bus del host:     pcie 3.0 x8<\/td>\n<\/tr>\n<tr>\n<td>Altura del soporte perfil bajo y altura completa<\/td>\n<\/tr>\n<tr>\n<td>Tama\u00f1o (al. x an. x pr.)<\/td>\n<\/tr>\n<tr>\n<td>69 x 168 x 17,3 mm<\/td>\n<\/tr>\n<tr>\n<td>Entorno operativo<\/td>\n<\/tr>\n<tr>\n<td>Temperatura:<\/td>\n<\/tr>\n<tr>\n<td>De 32 \u00b0f a 104 \u00b0f (de 0 \u00b0c a 40 \u00b0c)<\/td>\n<\/tr>\n<tr>\n<td>Humedad relativa: del 8 % al 80 % de hr<\/td>\n<\/tr>\n<tr>\n<td>Entorno de almacenamiento<\/td>\n<\/tr>\n<tr>\n<td>Temperatura: de -5 \u00b0f a 140 \u00b0f (de -20 \u00b0c a 60 \u00b0c)<\/td>\n<\/tr>\n<tr>\n<td>Humedad relativa: del 5 % al 95 % de hr<\/td>\n<\/tr>\n<tr>\n<td>Red<\/td>\n<\/tr>\n<tr>\n<td>Cumplimiento de las especificaciones ieee<\/td>\n<\/tr>\n<tr>\n<td>Ethernet ieee 802.3ae de 10 gbps<\/td>\n<\/tr>\n<tr>\n<td>Ieee 802.3ad link aggregation<\/td>\n<\/tr>\n<tr>\n<td>Conector sfp+<\/td>\n<\/tr>\n<tr>\n<td>Velocidades de transferencia de datos 10 gbps<\/td>\n<\/tr>\n<tr>\n<td>Modo de funcionamiento de red d\u00faplex completo<\/td>\n<\/tr>\n<tr>\n<td>Funciones compatibles<\/td>\n<\/tr>\n<tr>\n<td>Compatibilidad con jumbo frame de 1,5 a 9 kb<\/td>\n<\/tr>\n<tr>\n<td>Descarga de suma de comprobaci\u00f3n tcp\/udp<\/td>\n<\/tr>\n<tr>\n<td>Descarga de recepci\u00f3n grande (lro)<\/td>\n<\/tr>\n<tr>\n<td>Descarga de segmentaci\u00f3n gen\u00e9rica (gso)<\/td>\n<\/tr>\n<tr>\n<td>Descarga de segmentaci\u00f3n tcp (tso)<\/td>\n<\/tr>\n<tr>\n<td>Escala lateral de recepci\u00f3n (rss)<\/td>\n<\/tr>\n<tr>\n<td>Escala lateral de transmisi\u00f3n (tss)<\/td>\n<\/tr>\n<\/table>\n","protected":false},"excerpt":{"rendered":"<p>Descripcion comercial. El adaptador e10g30-f2 ofrece una conectividad vers\u00e1til, y es compatible con tanto con transceptores sr y lr como con opciones dac. La compatibilidad con link aggregation mejora la salidad y aumenta la resistencia contra las interrupciones de la red. Las tecnolog\u00edas de liberaci\u00f3n de carga de la cpu reducen la sobrecarga de transferencia de red en el procesador del sistema del host para aumentar el rendimiento del sistema.<\/p>\n","protected":false},"featured_media":260113,"comment_status":"open","ping_status":"open","template":"","meta":[],"product_cat":[1563,1572],"product_tag":[1561],"acf":[],"yoast_head":"<!-- This site is optimized with the Yoast SEO plugin v21.7 - https:\/\/yoast.com\/wordpress\/plugins\/seo\/ -->\n<title>[ Synology ] &#129351; E10g30-f2 Tarjeta De Red Pcie 3.0 X8 De Doble Puerto 10gbe Sfp<\/title>\n<meta name=\"description\" content=\"Compra E10g30-f2 Tarjeta De Red Pcie 3.0 X8 De Doble Puerto 10gbe Sfp + Env\u00edo a domicilio + Pago seguro + Garant\u00eda\" \/>\n<meta name=\"robots\" content=\"index, follow, max-snippet:-1, max-image-preview:large, max-video-preview:-1\" \/>\n<link rel=\"canonical\" href=\"https:\/\/compuviper.mx\/tienda\/producto\/synology-e10g30-f2-tarjeta-de-red-pcie-3-0-x8-de-doble-puerto-10gbe-sfp\/\" \/>\n<meta property=\"og:locale\" content=\"es_MX\" \/>\n<meta property=\"og:type\" content=\"article\" \/>\n<meta property=\"og:title\" content=\"[ Synology ] &#129351; E10g30-f2 Tarjeta De Red Pcie 3.0 X8 De Doble Puerto 10gbe Sfp\" \/>\n<meta property=\"og:description\" content=\"Compra E10g30-f2 Tarjeta De Red Pcie 3.0 X8 De Doble Puerto 10gbe Sfp + Env\u00edo a domicilio + Pago seguro + Garant\u00eda\" \/>\n<meta property=\"og:url\" content=\"https:\/\/compuviper.mx\/tienda\/producto\/synology-e10g30-f2-tarjeta-de-red-pcie-3-0-x8-de-doble-puerto-10gbe-sfp\/\" \/>\n<meta property=\"og:site_name\" content=\"Compuviper\" \/>\n<meta property=\"article:publisher\" content=\"https:\/\/www.facebook.com\/compuviper\" \/>\n<meta property=\"og:image\" content=\"https:\/\/compuviper.mx\/tienda\/wp-content\/uploads\/2025\/10\/Tarjeta-de-red-synology-pcie-3.0-x8-de-doble-puerto-10gbe-sfp.jpg\" \/>\n\t<meta property=\"og:image:width\" content=\"200\" \/>\n\t<meta property=\"og:image:height\" content=\"200\" \/>\n\t<meta property=\"og:image:type\" content=\"image\/jpeg\" \/>\n<meta name=\"twitter:card\" content=\"summary_large_image\" \/>\n<meta name=\"twitter:label1\" content=\"Precio\" \/>\n\t<meta name=\"twitter:data1\" content=\"&#36;5,199 con IVA\" \/>\n\t<meta name=\"twitter:label2\" content=\"Availability\" \/>\n\t<meta name=\"twitter:data2\" content=\"Out of stock\" \/>\n<script type=\"application\/ld+json\" class=\"yoast-schema-graph\">{\"@context\":\"https:\/\/schema.org\",\"@graph\":[{\"@type\":\"WebPage\",\"@id\":\"https:\/\/compuviper.mx\/tienda\/producto\/synology-e10g30-f2-tarjeta-de-red-pcie-3-0-x8-de-doble-puerto-10gbe-sfp\/\",\"url\":\"https:\/\/compuviper.mx\/tienda\/producto\/synology-e10g30-f2-tarjeta-de-red-pcie-3-0-x8-de-doble-puerto-10gbe-sfp\/\",\"name\":\"[ Synology ] &#129351; E10g30-f2 Tarjeta De Red Pcie 3.0 X8 De Doble Puerto 10gbe Sfp\",\"isPartOf\":{\"@id\":\"https:\/\/compuviper.mx\/tienda\/#website\"},\"datePublished\":\"2026-04-18T07:14:13+00:00\",\"dateModified\":\"2026-04-18T07:14:13+00:00\",\"description\":\"Compra E10g30-f2 Tarjeta De Red Pcie 3.0 X8 De Doble Puerto 10gbe Sfp + Env\u00edo a domicilio + Pago seguro + Garant\u00eda\",\"breadcrumb\":{\"@id\":\"https:\/\/compuviper.mx\/tienda\/producto\/synology-e10g30-f2-tarjeta-de-red-pcie-3-0-x8-de-doble-puerto-10gbe-sfp\/#breadcrumb\"},\"inLanguage\":\"es-MX\",\"potentialAction\":[{\"@type\":\"ReadAction\",\"target\":[\"https:\/\/compuviper.mx\/tienda\/producto\/synology-e10g30-f2-tarjeta-de-red-pcie-3-0-x8-de-doble-puerto-10gbe-sfp\/\"]}]},{\"@type\":\"BreadcrumbList\",\"@id\":\"https:\/\/compuviper.mx\/tienda\/producto\/synology-e10g30-f2-tarjeta-de-red-pcie-3-0-x8-de-doble-puerto-10gbe-sfp\/#breadcrumb\",\"itemListElement\":[{\"@type\":\"ListItem\",\"position\":1,\"name\":\"Inicio\",\"item\":\"https:\/\/compuviper.mx\/tienda\/\"},{\"@type\":\"ListItem\",\"position\":2,\"name\":\"Productos\",\"item\":\"https:\/\/compuviper.mx\/tienda\/productos\/\"},{\"@type\":\"ListItem\",\"position\":3,\"name\":\"Redes\",\"item\":\"https:\/\/compuviper.mx\/tienda\/categoria-producto\/redes\/\"},{\"@type\":\"ListItem\",\"position\":4,\"name\":\"Tarjetas De Red\",\"item\":\"https:\/\/compuviper.mx\/tienda\/categoria-producto\/redes\/tarjetas-de-red\/\"},{\"@type\":\"ListItem\",\"position\":5,\"name\":\"Synology E10g30-f2 Tarjeta De Red Pcie 3.0 X8 De Doble Puerto 10gbe Sfp\"}]},{\"@type\":\"WebSite\",\"@id\":\"https:\/\/compuviper.mx\/tienda\/#website\",\"url\":\"https:\/\/compuviper.mx\/tienda\/\",\"name\":\"Compuviper\",\"description\":\"Proveedor de Computadoras, Laptops, Servidores, Monitores, Puntos de Venta, Teclados,   Impresoras, T\u00f3ner, C\u00e1maras de Seguridad y m\u00e1s en tu tienda en l\u00ednea\",\"publisher\":{\"@id\":\"https:\/\/compuviper.mx\/tienda\/#organization\"},\"potentialAction\":[{\"@type\":\"SearchAction\",\"target\":{\"@type\":\"EntryPoint\",\"urlTemplate\":\"https:\/\/compuviper.mx\/tienda\/?s={search_term_string}\"},\"query-input\":\"required name=search_term_string\"}],\"inLanguage\":\"es-MX\"},{\"@type\":\"Organization\",\"@id\":\"https:\/\/compuviper.mx\/tienda\/#organization\",\"name\":\"Compuviper\",\"url\":\"https:\/\/compuviper.mx\/tienda\/\",\"logo\":{\"@type\":\"ImageObject\",\"inLanguage\":\"es-MX\",\"@id\":\"https:\/\/compuviper.mx\/tienda\/#\/schema\/logo\/image\/\",\"url\":\"https:\/\/compuviper.mx\/tienda\/wp-content\/uploads\/2021\/08\/Logo-Compuviper-10.png\",\"contentUrl\":\"https:\/\/compuviper.mx\/tienda\/wp-content\/uploads\/2021\/08\/Logo-Compuviper-10.png\",\"width\":1000,\"height\":500,\"caption\":\"Compuviper\"},\"image\":{\"@id\":\"https:\/\/compuviper.mx\/tienda\/#\/schema\/logo\/image\/\"},\"sameAs\":[\"https:\/\/www.facebook.com\/compuviper\",\"https:\/\/www.youtube.com\/channel\/UCf73dERp9Y3cfOq7q8BhLjA?view_as=subscriber\"]}]}<\/script>\n<meta property=\"product:brand\" content=\"SYNOLOGY\" \/>\n<meta property=\"product:price:amount\" content=\"5199\" \/>\n<meta property=\"product:price:currency\" content=\"MXN\" \/>\n<meta property=\"og:availability\" content=\"out of stock\" \/>\n<meta property=\"product:availability\" content=\"out of stock\" \/>\n<meta property=\"product:retailer_item_id\" content=\"E10G30-F2\" \/>\n<meta property=\"product:condition\" content=\"new\" \/>\n<!-- \/ Yoast SEO plugin. -->","yoast_head_json":{"title":"[ Synology ] &#129351; E10g30-f2 Tarjeta De Red Pcie 3.0 X8 De Doble Puerto 10gbe Sfp","description":"Compra E10g30-f2 Tarjeta De Red Pcie 3.0 X8 De Doble Puerto 10gbe Sfp + Env\u00edo a domicilio + Pago seguro + Garant\u00eda","robots":{"index":"index","follow":"follow","max-snippet":"max-snippet:-1","max-image-preview":"max-image-preview:large","max-video-preview":"max-video-preview:-1"},"canonical":"https:\/\/compuviper.mx\/tienda\/producto\/synology-e10g30-f2-tarjeta-de-red-pcie-3-0-x8-de-doble-puerto-10gbe-sfp\/","og_locale":"es_MX","og_type":"article","og_title":"[ Synology ] &#129351; E10g30-f2 Tarjeta De Red Pcie 3.0 X8 De Doble Puerto 10gbe Sfp","og_description":"Compra E10g30-f2 Tarjeta De Red Pcie 3.0 X8 De Doble Puerto 10gbe Sfp + Env\u00edo a domicilio + Pago seguro + Garant\u00eda","og_url":"https:\/\/compuviper.mx\/tienda\/producto\/synology-e10g30-f2-tarjeta-de-red-pcie-3-0-x8-de-doble-puerto-10gbe-sfp\/","og_site_name":"Compuviper","article_publisher":"https:\/\/www.facebook.com\/compuviper","og_image":[{"width":200,"height":200,"url":"https:\/\/compuviper.mx\/tienda\/wp-content\/uploads\/2025\/10\/Tarjeta-de-red-synology-pcie-3.0-x8-de-doble-puerto-10gbe-sfp.jpg","type":"image\/jpeg"}],"twitter_card":"summary_large_image","twitter_misc":{"Precio":"&#36;5,199 con IVA","Availability":"Out of stock"},"schema":{"@context":"https:\/\/schema.org","@graph":[{"@type":"WebPage","@id":"https:\/\/compuviper.mx\/tienda\/producto\/synology-e10g30-f2-tarjeta-de-red-pcie-3-0-x8-de-doble-puerto-10gbe-sfp\/","url":"https:\/\/compuviper.mx\/tienda\/producto\/synology-e10g30-f2-tarjeta-de-red-pcie-3-0-x8-de-doble-puerto-10gbe-sfp\/","name":"[ Synology ] &#129351; E10g30-f2 Tarjeta De Red Pcie 3.0 X8 De Doble Puerto 10gbe Sfp","isPartOf":{"@id":"https:\/\/compuviper.mx\/tienda\/#website"},"datePublished":"2026-04-18T07:14:13+00:00","dateModified":"2026-04-18T07:14:13+00:00","description":"Compra E10g30-f2 Tarjeta De Red Pcie 3.0 X8 De Doble Puerto 10gbe Sfp + Env\u00edo a domicilio + Pago seguro + Garant\u00eda","breadcrumb":{"@id":"https:\/\/compuviper.mx\/tienda\/producto\/synology-e10g30-f2-tarjeta-de-red-pcie-3-0-x8-de-doble-puerto-10gbe-sfp\/#breadcrumb"},"inLanguage":"es-MX","potentialAction":[{"@type":"ReadAction","target":["https:\/\/compuviper.mx\/tienda\/producto\/synology-e10g30-f2-tarjeta-de-red-pcie-3-0-x8-de-doble-puerto-10gbe-sfp\/"]}]},{"@type":"BreadcrumbList","@id":"https:\/\/compuviper.mx\/tienda\/producto\/synology-e10g30-f2-tarjeta-de-red-pcie-3-0-x8-de-doble-puerto-10gbe-sfp\/#breadcrumb","itemListElement":[{"@type":"ListItem","position":1,"name":"Inicio","item":"https:\/\/compuviper.mx\/tienda\/"},{"@type":"ListItem","position":2,"name":"Productos","item":"https:\/\/compuviper.mx\/tienda\/productos\/"},{"@type":"ListItem","position":3,"name":"Redes","item":"https:\/\/compuviper.mx\/tienda\/categoria-producto\/redes\/"},{"@type":"ListItem","position":4,"name":"Tarjetas De Red","item":"https:\/\/compuviper.mx\/tienda\/categoria-producto\/redes\/tarjetas-de-red\/"},{"@type":"ListItem","position":5,"name":"Synology E10g30-f2 Tarjeta De Red Pcie 3.0 X8 De Doble Puerto 10gbe Sfp"}]},{"@type":"WebSite","@id":"https:\/\/compuviper.mx\/tienda\/#website","url":"https:\/\/compuviper.mx\/tienda\/","name":"Compuviper","description":"Proveedor de Computadoras, Laptops, Servidores, Monitores, Puntos de Venta, Teclados,   Impresoras, T\u00f3ner, C\u00e1maras de Seguridad y m\u00e1s en tu tienda en l\u00ednea","publisher":{"@id":"https:\/\/compuviper.mx\/tienda\/#organization"},"potentialAction":[{"@type":"SearchAction","target":{"@type":"EntryPoint","urlTemplate":"https:\/\/compuviper.mx\/tienda\/?s={search_term_string}"},"query-input":"required name=search_term_string"}],"inLanguage":"es-MX"},{"@type":"Organization","@id":"https:\/\/compuviper.mx\/tienda\/#organization","name":"Compuviper","url":"https:\/\/compuviper.mx\/tienda\/","logo":{"@type":"ImageObject","inLanguage":"es-MX","@id":"https:\/\/compuviper.mx\/tienda\/#\/schema\/logo\/image\/","url":"https:\/\/compuviper.mx\/tienda\/wp-content\/uploads\/2021\/08\/Logo-Compuviper-10.png","contentUrl":"https:\/\/compuviper.mx\/tienda\/wp-content\/uploads\/2021\/08\/Logo-Compuviper-10.png","width":1000,"height":500,"caption":"Compuviper"},"image":{"@id":"https:\/\/compuviper.mx\/tienda\/#\/schema\/logo\/image\/"},"sameAs":["https:\/\/www.facebook.com\/compuviper","https:\/\/www.youtube.com\/channel\/UCf73dERp9Y3cfOq7q8BhLjA?view_as=subscriber"]}]},"product_brand":"SYNOLOGY","product_price_amount":"5199","product_price_currency":"MXN","og_availability":"out of stock","product_availability":"out of stock","product_retailer_item_id":"E10G30-F2","product_condition":"new"},"_links":{"self":[{"href":"https:\/\/compuviper.mx\/tienda\/wp-json\/wp\/v2\/product\/246466"}],"collection":[{"href":"https:\/\/compuviper.mx\/tienda\/wp-json\/wp\/v2\/product"}],"about":[{"href":"https:\/\/compuviper.mx\/tienda\/wp-json\/wp\/v2\/types\/product"}],"replies":[{"embeddable":true,"href":"https:\/\/compuviper.mx\/tienda\/wp-json\/wp\/v2\/comments?post=246466"}],"wp:featuredmedia":[{"embeddable":true,"href":"https:\/\/compuviper.mx\/tienda\/wp-json\/wp\/v2\/media\/260113"}],"wp:attachment":[{"href":"https:\/\/compuviper.mx\/tienda\/wp-json\/wp\/v2\/media?parent=246466"}],"wp:term":[{"taxonomy":"product_cat","embeddable":true,"href":"https:\/\/compuviper.mx\/tienda\/wp-json\/wp\/v2\/product_cat?post=246466"},{"taxonomy":"product_tag","embeddable":true,"href":"https:\/\/compuviper.mx\/tienda\/wp-json\/wp\/v2\/product_tag?post=246466"}],"curies":[{"name":"wp","href":"https:\/\/api.w.org\/{rel}","templated":true}]}}