{"id":246404,"date":"2026-04-10T23:49:25","date_gmt":"2026-04-11T05:49:25","guid":{"rendered":"https:\/\/compuviper.mx\/tienda\/producto\/ocelot-gaming-oel360-disipador-de-enfriamiento-liquido-ocelot-modelo-360mm-aio-rgb-intel-socket-lga-2011-1366-115x-775-1700-cpu-amd-am3-am3-am2-am2-am4-cpu-apus-696946\/"},"modified":"2026-04-10T23:49:26","modified_gmt":"2026-04-11T05:49:26","slug":"ocelot-gaming-oel360-enfriamiento-liquido-360mm-argb-70-cfm-1800-rpm-32-db-intel-y-amd-color-negro","status":"publish","type":"product","link":"https:\/\/compuviper.mx\/tienda\/producto\/ocelot-gaming-oel360-enfriamiento-liquido-360mm-argb-70-cfm-1800-rpm-32-db-intel-y-amd-color-negro\/","title":{"rendered":"Ocelot Gaming Oel360 Enfriamiento Liquido   \/ 360mm \/ Argb \/ 70 Cfm \/ 1800 Rpm \/ 32 Db \/ Intel Y Amd \/ Color Negro"},"content":{"rendered":"<table class=\"descripcion\">\n<tr>\n<td>Medida del radiador 360*120*27 mm<\/td>\n<\/tr>\n<tr>\n<td>Material de construcci\u00f3n aluminio negro,<\/td>\n<\/tr>\n<tr>\n<td>Tama\u00f1o de ventilador: 120*120*25<\/td>\n<\/tr>\n<tr>\n<td>Velocidad: 600-1800rpm +\/-10%<\/td>\n<\/tr>\n<tr>\n<td>Flujo de aire: 30-75cfm<\/td>\n<\/tr>\n<tr>\n<td>Amortiguacion de conjin hidraulico<\/td>\n<\/tr>\n<tr>\n<td>Tipo de conector de para el ventilador: 4pin (pwm for fan power) +4pin rgb header 25-32dba<\/td>\n<\/tr>\n<tr>\n<td>Sockets para bomba compatibles con;<\/td>\n<\/tr>\n<tr>\n<td>Intel socket lga\/ 2011\/1366\/1200\/115x\/775\/ 1700 cpu<\/td>\n<\/tr>\n<tr>\n<td>Amd socket: fm1\/fm2\/fm2+\/ am3+\/am3\/am2+\/am2\/am4 69*69*46<\/td>\n<\/tr>\n<\/table>\n","protected":false},"excerpt":{"rendered":"<p>Medida del radiador 360*120*27 mm Material de construcci\u00f3n aluminio negro, Tama\u00f1o de ventilador: 120*120*25 Velocidad: 600-1800rpm +\/-10% Flujo de aire: 30-75cfm Amortiguacion de conjin hidraulico Tipo de conector de para el ventilador: 4pin (pwm for fan power) +4pin rgb header 25-32dba Sockets para bomba compatibles con; Intel socket lga\/ 2011\/1366\/1200\/115x\/775\/ 1700 cpu Amd socket: fm1\/fm2\/fm2+\/ [&hellip;]<\/p>\n","protected":false},"featured_media":259078,"comment_status":"open","ping_status":"open","template":"","meta":[],"product_cat":[1612,1859],"product_tag":[2019],"acf":[],"yoast_head":"<!-- This site is optimized with the Yoast SEO plugin v21.7 - https:\/\/yoast.com\/wordpress\/plugins\/seo\/ -->\n<title>[ Ocelot Gaming ] &#129351; Oel360 Enfriamiento Liquido \/ 360mm \/ Argb \/ 70 Cfm \/ 1800 Rpm \/ 32 Db \/ Intel Y Amd \/ Color Negro<\/title>\n<meta name=\"description\" content=\"Compra Oel360 Enfriamiento Liquido \/ 360mm \/ Argb \/ 70 Cfm \/ 1800 Rpm \/ 32 Db \/ Intel Y Amd \/ Color Negro + Env\u00edo a domicilio + Pago seguro + Garant\u00eda\" \/>\n<meta name=\"robots\" content=\"index, follow, max-snippet:-1, max-image-preview:large, max-video-preview:-1\" \/>\n<link rel=\"canonical\" href=\"https:\/\/compuviper.mx\/tienda\/producto\/ocelot-gaming-oel360-enfriamiento-liquido-360mm-argb-70-cfm-1800-rpm-32-db-intel-y-amd-color-negro\/\" \/>\n<meta property=\"og:locale\" content=\"es_MX\" \/>\n<meta property=\"og:type\" content=\"article\" \/>\n<meta property=\"og:title\" content=\"[ Ocelot Gaming ] &#129351; Oel360 Enfriamiento Liquido \/ 360mm \/ Argb \/ 70 Cfm \/ 1800 Rpm \/ 32 Db \/ Intel Y Amd \/ Color Negro\" \/>\n<meta property=\"og:description\" content=\"Compra Oel360 Enfriamiento Liquido \/ 360mm \/ Argb \/ 70 Cfm \/ 1800 Rpm \/ 32 Db \/ Intel Y Amd \/ Color Negro + Env\u00edo a domicilio + Pago seguro + Garant\u00eda\" \/>\n<meta property=\"og:url\" content=\"https:\/\/compuviper.mx\/tienda\/producto\/ocelot-gaming-oel360-enfriamiento-liquido-360mm-argb-70-cfm-1800-rpm-32-db-intel-y-amd-color-negro\/\" \/>\n<meta property=\"og:site_name\" content=\"Compuviper\" \/>\n<meta property=\"article:publisher\" content=\"https:\/\/www.facebook.com\/compuviper\" \/>\n<meta property=\"article:modified_time\" content=\"2026-04-11T05:49:26+00:00\" \/>\n<meta property=\"og:image\" content=\"https:\/\/compuviper.mx\/tienda\/wp-content\/uploads\/2025\/10\/Enfriamiento-liquido-ocelot-gaming-oel360-360mm-argb-70-cfm-1800-rpm-32-db-intel-y-amd-color-negro.jpg\" \/>\n\t<meta property=\"og:image:width\" content=\"200\" \/>\n\t<meta property=\"og:image:height\" content=\"200\" \/>\n\t<meta property=\"og:image:type\" content=\"image\/jpeg\" \/>\n<meta name=\"twitter:card\" content=\"summary_large_image\" \/>\n<meta name=\"twitter:label1\" content=\"Precio\" \/>\n\t<meta name=\"twitter:data1\" content=\"&#36;1,342 con IVA\" \/>\n\t<meta name=\"twitter:label2\" content=\"Availability\" \/>\n\t<meta name=\"twitter:data2\" content=\"In stock\" \/>\n<script type=\"application\/ld+json\" class=\"yoast-schema-graph\">{\"@context\":\"https:\/\/schema.org\",\"@graph\":[{\"@type\":\"WebPage\",\"@id\":\"https:\/\/compuviper.mx\/tienda\/producto\/ocelot-gaming-oel360-enfriamiento-liquido-360mm-argb-70-cfm-1800-rpm-32-db-intel-y-amd-color-negro\/\",\"url\":\"https:\/\/compuviper.mx\/tienda\/producto\/ocelot-gaming-oel360-enfriamiento-liquido-360mm-argb-70-cfm-1800-rpm-32-db-intel-y-amd-color-negro\/\",\"name\":\"[ Ocelot Gaming ] &#129351; Oel360 Enfriamiento Liquido \/ 360mm \/ Argb \/ 70 Cfm \/ 1800 Rpm \/ 32 Db \/ Intel Y Amd \/ Color Negro\",\"isPartOf\":{\"@id\":\"https:\/\/compuviper.mx\/tienda\/#website\"},\"datePublished\":\"2026-04-11T05:49:25+00:00\",\"dateModified\":\"2026-04-11T05:49:26+00:00\",\"description\":\"Compra Oel360 Enfriamiento Liquido \/ 360mm \/ Argb \/ 70 Cfm \/ 1800 Rpm \/ 32 Db \/ Intel Y Amd \/ Color Negro + Env\u00edo a domicilio + Pago seguro + Garant\u00eda\",\"breadcrumb\":{\"@id\":\"https:\/\/compuviper.mx\/tienda\/producto\/ocelot-gaming-oel360-enfriamiento-liquido-360mm-argb-70-cfm-1800-rpm-32-db-intel-y-amd-color-negro\/#breadcrumb\"},\"inLanguage\":\"es-MX\",\"potentialAction\":[{\"@type\":\"ReadAction\",\"target\":[\"https:\/\/compuviper.mx\/tienda\/producto\/ocelot-gaming-oel360-enfriamiento-liquido-360mm-argb-70-cfm-1800-rpm-32-db-intel-y-amd-color-negro\/\"]}]},{\"@type\":\"BreadcrumbList\",\"@id\":\"https:\/\/compuviper.mx\/tienda\/producto\/ocelot-gaming-oel360-enfriamiento-liquido-360mm-argb-70-cfm-1800-rpm-32-db-intel-y-amd-color-negro\/#breadcrumb\",\"itemListElement\":[{\"@type\":\"ListItem\",\"position\":1,\"name\":\"Inicio\",\"item\":\"https:\/\/compuviper.mx\/tienda\/\"},{\"@type\":\"ListItem\",\"position\":2,\"name\":\"Productos\",\"item\":\"https:\/\/compuviper.mx\/tienda\/productos\/\"},{\"@type\":\"ListItem\",\"position\":3,\"name\":\"Ventiladores\",\"item\":\"https:\/\/compuviper.mx\/tienda\/categoria-producto\/ventiladores\/\"},{\"@type\":\"ListItem\",\"position\":4,\"name\":\"Disipador\",\"item\":\"https:\/\/compuviper.mx\/tienda\/categoria-producto\/ventiladores\/disipador\/\"},{\"@type\":\"ListItem\",\"position\":5,\"name\":\"Ocelot Gaming Oel360 Enfriamiento Liquido \/ 360mm \/ Argb \/ 70 Cfm \/ 1800 Rpm \/ 32 Db \/ Intel Y Amd \/ Color Negro\"}]},{\"@type\":\"WebSite\",\"@id\":\"https:\/\/compuviper.mx\/tienda\/#website\",\"url\":\"https:\/\/compuviper.mx\/tienda\/\",\"name\":\"Compuviper\",\"description\":\"Proveedor de Computadoras, Laptops, Servidores, Monitores, Puntos de Venta, Teclados,   Impresoras, T\u00f3ner, C\u00e1maras de Seguridad y m\u00e1s en tu tienda en l\u00ednea\",\"publisher\":{\"@id\":\"https:\/\/compuviper.mx\/tienda\/#organization\"},\"potentialAction\":[{\"@type\":\"SearchAction\",\"target\":{\"@type\":\"EntryPoint\",\"urlTemplate\":\"https:\/\/compuviper.mx\/tienda\/?s={search_term_string}\"},\"query-input\":\"required name=search_term_string\"}],\"inLanguage\":\"es-MX\"},{\"@type\":\"Organization\",\"@id\":\"https:\/\/compuviper.mx\/tienda\/#organization\",\"name\":\"Compuviper\",\"url\":\"https:\/\/compuviper.mx\/tienda\/\",\"logo\":{\"@type\":\"ImageObject\",\"inLanguage\":\"es-MX\",\"@id\":\"https:\/\/compuviper.mx\/tienda\/#\/schema\/logo\/image\/\",\"url\":\"https:\/\/compuviper.mx\/tienda\/wp-content\/uploads\/2021\/08\/Logo-Compuviper-10.png\",\"contentUrl\":\"https:\/\/compuviper.mx\/tienda\/wp-content\/uploads\/2021\/08\/Logo-Compuviper-10.png\",\"width\":1000,\"height\":500,\"caption\":\"Compuviper\"},\"image\":{\"@id\":\"https:\/\/compuviper.mx\/tienda\/#\/schema\/logo\/image\/\"},\"sameAs\":[\"https:\/\/www.facebook.com\/compuviper\",\"https:\/\/www.youtube.com\/channel\/UCf73dERp9Y3cfOq7q8BhLjA?view_as=subscriber\"]}]}<\/script>\n<meta property=\"product:brand\" content=\"OCELOT GAMING\" \/>\n<meta property=\"product:price:amount\" content=\"1342\" \/>\n<meta property=\"product:price:currency\" content=\"MXN\" \/>\n<meta property=\"og:availability\" content=\"instock\" \/>\n<meta property=\"product:availability\" content=\"instock\" \/>\n<meta property=\"product:retailer_item_id\" content=\"OEL360\" \/>\n<meta property=\"product:condition\" content=\"new\" \/>\n<!-- \/ Yoast SEO plugin. -->","yoast_head_json":{"title":"[ Ocelot Gaming ] &#129351; Oel360 Enfriamiento Liquido \/ 360mm \/ Argb \/ 70 Cfm \/ 1800 Rpm \/ 32 Db \/ Intel Y Amd \/ Color Negro","description":"Compra Oel360 Enfriamiento Liquido \/ 360mm \/ Argb \/ 70 Cfm \/ 1800 Rpm \/ 32 Db \/ Intel Y Amd \/ Color Negro + Env\u00edo a domicilio + Pago seguro + Garant\u00eda","robots":{"index":"index","follow":"follow","max-snippet":"max-snippet:-1","max-image-preview":"max-image-preview:large","max-video-preview":"max-video-preview:-1"},"canonical":"https:\/\/compuviper.mx\/tienda\/producto\/ocelot-gaming-oel360-enfriamiento-liquido-360mm-argb-70-cfm-1800-rpm-32-db-intel-y-amd-color-negro\/","og_locale":"es_MX","og_type":"article","og_title":"[ Ocelot Gaming ] &#129351; Oel360 Enfriamiento Liquido \/ 360mm \/ Argb \/ 70 Cfm \/ 1800 Rpm \/ 32 Db \/ Intel Y Amd \/ Color Negro","og_description":"Compra Oel360 Enfriamiento Liquido \/ 360mm \/ Argb \/ 70 Cfm \/ 1800 Rpm \/ 32 Db \/ Intel Y Amd \/ Color Negro + Env\u00edo a domicilio + Pago seguro + Garant\u00eda","og_url":"https:\/\/compuviper.mx\/tienda\/producto\/ocelot-gaming-oel360-enfriamiento-liquido-360mm-argb-70-cfm-1800-rpm-32-db-intel-y-amd-color-negro\/","og_site_name":"Compuviper","article_publisher":"https:\/\/www.facebook.com\/compuviper","article_modified_time":"2026-04-11T05:49:26+00:00","og_image":[{"width":200,"height":200,"url":"https:\/\/compuviper.mx\/tienda\/wp-content\/uploads\/2025\/10\/Enfriamiento-liquido-ocelot-gaming-oel360-360mm-argb-70-cfm-1800-rpm-32-db-intel-y-amd-color-negro.jpg","type":"image\/jpeg"}],"twitter_card":"summary_large_image","twitter_misc":{"Precio":"&#36;1,342 con IVA","Availability":"In stock"},"schema":{"@context":"https:\/\/schema.org","@graph":[{"@type":"WebPage","@id":"https:\/\/compuviper.mx\/tienda\/producto\/ocelot-gaming-oel360-enfriamiento-liquido-360mm-argb-70-cfm-1800-rpm-32-db-intel-y-amd-color-negro\/","url":"https:\/\/compuviper.mx\/tienda\/producto\/ocelot-gaming-oel360-enfriamiento-liquido-360mm-argb-70-cfm-1800-rpm-32-db-intel-y-amd-color-negro\/","name":"[ Ocelot Gaming ] &#129351; Oel360 Enfriamiento Liquido \/ 360mm \/ Argb \/ 70 Cfm \/ 1800 Rpm \/ 32 Db \/ Intel Y Amd \/ Color Negro","isPartOf":{"@id":"https:\/\/compuviper.mx\/tienda\/#website"},"datePublished":"2026-04-11T05:49:25+00:00","dateModified":"2026-04-11T05:49:26+00:00","description":"Compra Oel360 Enfriamiento Liquido \/ 360mm \/ Argb \/ 70 Cfm \/ 1800 Rpm \/ 32 Db \/ Intel Y Amd \/ Color Negro + Env\u00edo a domicilio + Pago seguro + Garant\u00eda","breadcrumb":{"@id":"https:\/\/compuviper.mx\/tienda\/producto\/ocelot-gaming-oel360-enfriamiento-liquido-360mm-argb-70-cfm-1800-rpm-32-db-intel-y-amd-color-negro\/#breadcrumb"},"inLanguage":"es-MX","potentialAction":[{"@type":"ReadAction","target":["https:\/\/compuviper.mx\/tienda\/producto\/ocelot-gaming-oel360-enfriamiento-liquido-360mm-argb-70-cfm-1800-rpm-32-db-intel-y-amd-color-negro\/"]}]},{"@type":"BreadcrumbList","@id":"https:\/\/compuviper.mx\/tienda\/producto\/ocelot-gaming-oel360-enfriamiento-liquido-360mm-argb-70-cfm-1800-rpm-32-db-intel-y-amd-color-negro\/#breadcrumb","itemListElement":[{"@type":"ListItem","position":1,"name":"Inicio","item":"https:\/\/compuviper.mx\/tienda\/"},{"@type":"ListItem","position":2,"name":"Productos","item":"https:\/\/compuviper.mx\/tienda\/productos\/"},{"@type":"ListItem","position":3,"name":"Ventiladores","item":"https:\/\/compuviper.mx\/tienda\/categoria-producto\/ventiladores\/"},{"@type":"ListItem","position":4,"name":"Disipador","item":"https:\/\/compuviper.mx\/tienda\/categoria-producto\/ventiladores\/disipador\/"},{"@type":"ListItem","position":5,"name":"Ocelot Gaming Oel360 Enfriamiento Liquido \/ 360mm \/ Argb \/ 70 Cfm \/ 1800 Rpm \/ 32 Db \/ Intel Y Amd \/ Color Negro"}]},{"@type":"WebSite","@id":"https:\/\/compuviper.mx\/tienda\/#website","url":"https:\/\/compuviper.mx\/tienda\/","name":"Compuviper","description":"Proveedor de Computadoras, Laptops, Servidores, Monitores, Puntos de Venta, Teclados,   Impresoras, T\u00f3ner, C\u00e1maras de Seguridad y m\u00e1s en tu tienda en l\u00ednea","publisher":{"@id":"https:\/\/compuviper.mx\/tienda\/#organization"},"potentialAction":[{"@type":"SearchAction","target":{"@type":"EntryPoint","urlTemplate":"https:\/\/compuviper.mx\/tienda\/?s={search_term_string}"},"query-input":"required name=search_term_string"}],"inLanguage":"es-MX"},{"@type":"Organization","@id":"https:\/\/compuviper.mx\/tienda\/#organization","name":"Compuviper","url":"https:\/\/compuviper.mx\/tienda\/","logo":{"@type":"ImageObject","inLanguage":"es-MX","@id":"https:\/\/compuviper.mx\/tienda\/#\/schema\/logo\/image\/","url":"https:\/\/compuviper.mx\/tienda\/wp-content\/uploads\/2021\/08\/Logo-Compuviper-10.png","contentUrl":"https:\/\/compuviper.mx\/tienda\/wp-content\/uploads\/2021\/08\/Logo-Compuviper-10.png","width":1000,"height":500,"caption":"Compuviper"},"image":{"@id":"https:\/\/compuviper.mx\/tienda\/#\/schema\/logo\/image\/"},"sameAs":["https:\/\/www.facebook.com\/compuviper","https:\/\/www.youtube.com\/channel\/UCf73dERp9Y3cfOq7q8BhLjA?view_as=subscriber"]}]},"product_brand":"OCELOT GAMING","product_price_amount":"1342","product_price_currency":"MXN","og_availability":"instock","product_availability":"instock","product_retailer_item_id":"OEL360","product_condition":"new"},"_links":{"self":[{"href":"https:\/\/compuviper.mx\/tienda\/wp-json\/wp\/v2\/product\/246404"}],"collection":[{"href":"https:\/\/compuviper.mx\/tienda\/wp-json\/wp\/v2\/product"}],"about":[{"href":"https:\/\/compuviper.mx\/tienda\/wp-json\/wp\/v2\/types\/product"}],"replies":[{"embeddable":true,"href":"https:\/\/compuviper.mx\/tienda\/wp-json\/wp\/v2\/comments?post=246404"}],"wp:featuredmedia":[{"embeddable":true,"href":"https:\/\/compuviper.mx\/tienda\/wp-json\/wp\/v2\/media\/259078"}],"wp:attachment":[{"href":"https:\/\/compuviper.mx\/tienda\/wp-json\/wp\/v2\/media?parent=246404"}],"wp:term":[{"taxonomy":"product_cat","embeddable":true,"href":"https:\/\/compuviper.mx\/tienda\/wp-json\/wp\/v2\/product_cat?post=246404"},{"taxonomy":"product_tag","embeddable":true,"href":"https:\/\/compuviper.mx\/tienda\/wp-json\/wp\/v2\/product_tag?post=246404"}],"curies":[{"name":"wp","href":"https:\/\/api.w.org\/{rel}","templated":true}]}}