{"id":246322,"date":"2026-04-18T01:48:14","date_gmt":"2026-04-18T07:48:14","guid":{"rendered":"https:\/\/compuviper.mx\/tienda\/producto\/epson-c11ch72301-multifuncional-l15150-ppm-32-negro-20-color-tinta-continua-ecotank-usb-red-wifi-adf-duplex-doble-carta-tabloide\/"},"modified":"2026-04-18T01:48:14","modified_gmt":"2026-04-18T07:48:14","slug":"epson-c11ch72301010343950535-multifuncional-l15150-ppm-32-negro-20-color-tinta-continua-ecotank-usb-red-wifi-adf-duplex-doble-carta-tabloide","status":"publish","type":"product","link":"https:\/\/compuviper.mx\/tienda\/producto\/epson-c11ch72301010343950535-multifuncional-l15150-ppm-32-negro-20-color-tinta-continua-ecotank-usb-red-wifi-adf-duplex-doble-carta-tabloide\/","title":{"rendered":"Epson C11ch72301,010343950535 Multifuncional  L15150, Ppm 32 Negro \/ 20 Color, Tinta Continua, Ecotank, Usb, Red, Wifi, Adf, Duplex, Doble Carta, Tabloide"},"content":{"rendered":"<table class=\"descripcion\">\n<tr>\n<td>Impresion:<\/td>\n<\/tr>\n<tr>\n<td>* tecnologia de impresion: precisioncore 4 colores (cmyk) con cabezal fijo en linea<\/td>\n<\/tr>\n<tr>\n<td>* resolucion maxima de impresion: 4800 dpi x 2400 dpi<\/td>\n<\/tr>\n<tr>\n<td>* numero de inyectores: 800 boquillas negro y 256 boquillas color<\/td>\n<\/tr>\n<tr>\n<td>* tama\u00f1o minimo de gota de tinta: 3.8 picolitros<\/td>\n<\/tr>\n<tr>\n<td>* velocidad de impresion: 25\/12 iso ppm (negro\/color) simplex 15\/9 ppm (negro\/color) duplex<\/td>\n<\/tr>\n<tr>\n<td>* ciclo de trabajo mensual recomendado\/maximo: 1,300 paginas hasta 20,000 paginas al mes<\/td>\n<\/tr>\n<tr>\n<td>Impresion y escaneo inalambrico:<\/td>\n<\/tr>\n<tr>\n<td>* soluciones epson conect: epson email print, epson remote print, epson iprint<\/td>\n<\/tr>\n<tr>\n<td>   app ios y android<\/td>\n<\/tr>\n<tr>\n<td>* otros: apple, airprint, fire, os printing<\/td>\n<\/tr>\n<tr>\n<td>Copiado:<\/td>\n<\/tr>\n<tr>\n<td>* velocidad de copiado: 16\/9 ipm (negro\/color)<\/td>\n<\/tr>\n<tr>\n<td>* cantidad de copias: 1-999<\/td>\n<\/tr>\n<tr>\n<td>* tama\u00f1o maximo de copia: a3 (29.7 cm x 42 cm)<\/td>\n<\/tr>\n<tr>\n<td>* resolucion de copiado (entrada y salida): hasta 600 dpi x 600 dpi y hasta 600 dpi x 1200 dpi* * * funciones de copiado: automatico de 1 a 2 caras, vista previa, reduccion automatica y         ampliacion (25% &#8211; 400%), intercalar, densidad de copia ajustable, 1 cara a 2 caras, 2 caras a 1 cara y 2 caras a 2 caras. ajustes: densididad, contraste, color, nitidez, mejora de texto y originales de varios tama\u00f1os mezclados<\/td>\n<\/tr>\n<tr>\n<td>Escaneo:<\/td>\n<\/tr>\n<tr>\n<td>* tipo de escaner: cama plana a color\/adf automatico de 2 caras<\/td>\n<\/tr>\n<tr>\n<td>* resolucion optica\/hardware: 1,200 dpi x 2,400 dpi<\/td>\n<\/tr>\n<tr>\n<td>* resolucion maxima: 9,600 interpolada<\/td>\n<\/tr>\n<tr>\n<td>* velocidad del escaner (adf): escaneo duplex de un solo paso, simplex 23\/8 ipm negro\/color<\/td>\n<\/tr>\n<tr>\n<td>* escaneo maximo tama\u00f1o de la cama: 29.7 cm x 43.2 cm<\/td>\n<\/tr>\n<tr>\n<td>* funciones de escaneo: escanear a pc via document capture pro, escanear a la nube (incluyendo email), escanear a tarjeta de memoria\/unidad flash, escanear a pdf protegidos por clave, soporte ldap<\/td>\n<\/tr>\n<tr>\n<td>* tipo de escaner: sensor de imagen de contacto (cis)<\/td>\n<\/tr>\n<tr>\n<td>* profundidad de bits del escaner: entrada de colores: 48 bits, salida de colores: 24 bits<\/td>\n<\/tr>\n<tr>\n<td>Fax:<\/td>\n<\/tr>\n<tr>\n<td>* tipo de fax: blanco y negro o en color<\/td>\n<\/tr>\n<tr>\n<td>* modem: hasta 33.6 kbps<\/td>\n<\/tr>\n<tr>\n<td>* memoria de recepcion: hasta 550 paginas<\/td>\n<\/tr>\n<tr>\n<td>* tama\u00f1o del panel de la transmision: cama plana a5-a3, adf a5-a3<\/td>\n<\/tr>\n<tr>\n<td>* recepcion de tama\u00f1o de papel: a5-a3<\/td>\n<\/tr>\n<tr>\n<td>* numeros de marcacion rapida: hasta 200<\/td>\n<\/tr>\n<tr>\n<td>* funciones de fax: enviar, recibir, fax a pc, autorediscado, libreta de direcciones, envio retardado, envio masivo<\/td>\n<\/tr>\n<tr>\n<td>Alimentador automatico de codumentos:<\/td>\n<\/tr>\n<tr>\n<td>* gramaje papel: 64 g\/m \u0096 95 g\/m<\/td>\n<\/tr>\n<tr>\n<td>* capacidad maxima: 50 hojas (80 g\/m)<\/td>\n<\/tr>\n<tr>\n<td>* escaneo, copiado y faxeado automatico a dos caras: si<\/td>\n<\/tr>\n<tr>\n<td>Seguridad:<\/td>\n<\/tr>\n<tr>\n<td>Certificacion de numero pin para la liberacion de trabajo, acceso de contro de usuario, configuracion de impresora y red a traves de configuracion web utilizando la direccion ip de la impresora, seguridad ssl \/ tls , ipsec, tpm<\/td>\n<\/tr>\n<tr>\n<td>Conectividad:<\/td>\n<\/tr>\n<tr>\n<td>* conectividad estandar: superspeed usb 3.0, inalambrica lan ieee, wifi direct, ethernet \u0096 1,000 base \u0096 t\/100 base- tx\/10 base-t<\/td>\n<\/tr>\n<tr>\n<td>* sistemas operativos: windows 10 (32-bit, 64-bit), windows 8\/8.1 (32-bit, 64-bit), windows 7 (32-bit, 64-bit) windows server 2019, windows server 2016, windows server 2012, mac os x 10.6.8, mac os 10.15, linux, citrix, android, ios<\/td>\n<\/tr>\n<tr>\n<td>Manejo de papel:<\/td>\n<\/tr>\n<tr>\n<td>* tipos de papel: papel normal, papel de presentacion ultra premium mate, papel de presentacion premium mate, presentacion papel mate, sobres 10 y cartulinas de hasta 255 gm<\/td>\n<\/tr>\n<tr>\n<td>* numeros de bandeja de papel: 2 bandejas estandar<\/td>\n<\/tr>\n<tr>\n<td>* capacidad entrada de papel: 250 hojas estandar en cada bandeja, alimentacion trasera 50 hojas (total 550 hojas)<\/td>\n<\/tr>\n<tr>\n<td>* gramaje de papel: bandeja multiusos: hasta 90 g\/m<\/td>\n<\/tr>\n<tr>\n<td>General:<\/td>\n<\/tr>\n<tr>\n<td>* pantalla: tactil a color de 4.3\u0094<\/td>\n<\/tr>\n<tr>\n<td>* temperatura: funcionamiento: 10 c \u0096 35 c (50 f \u0096 95 f), almacenamiento: 20 c \u0096 40 c (4 f \u0096 104 f<\/td>\n<\/tr>\n<tr>\n<td>* humedad relativa: funcionamiento: 20% &#8211; 80%, almacenamiento: 5% &#8211; 85%<\/td>\n<\/tr>\n<tr>\n<td>* nivel de ruido: menos de 52 db<\/td>\n<\/tr>\n<tr>\n<td>* tension nominal: ac 100v \u0096 240v<\/td>\n<\/tr>\n<tr>\n<td>* frecuencia nominal: 50 hz \u0096 60 hz<\/td>\n<\/tr>\n<tr>\n<td>* corriente nominal: 2,2 a &#8211; 1,0 a<\/td>\n<\/tr>\n<tr>\n<td>* consumo de energia: 54w<\/td>\n<\/tr>\n<tr>\n<td>* pais de origen: indonesia<\/td>\n<\/tr>\n<tr>\n<td>* peso y dimensiones (ancho x profundidad x alto): 51.5 cm x 50 cm x 35 cm \/ 21.2 kg<\/td>\n<\/tr>\n<tr>\n<td>* \u00bfque hay en la caja?: impresora multifuncional a color en red ecotank l15150, manual de instrucciones, cable de alimentacion, cable usb<\/td>\n<\/tr>\n<tr>\n<td>* software disponible: controlador de impresora epson, epson iprint, email print, apple airprint, google cloud print, scan to cloud<\/td>\n<\/tr>\n<tr>\n<td>* garantia: limitada de un a\u00f1o para hardware<\/td>\n<\/tr>\n<tr>\n<td>Tinta:<\/td>\n<\/tr>\n<tr>\n<td>* tinta de pigmento: durabrite pro<\/td>\n<\/tr>\n<tr>\n<td>* botellas de tinta de repuesto: t524120-al botella de tinta negra (rendimiento iso 7,500 paginas) t524220-al (cian), t524320-al (magenta), t524420-al (amarilla) botella de tinta color (rendimiento iso 6,000 paginas) epson recomienda el uso de tinta genuina para garantizar una calidad y rendimiento de impresion optimos<\/td>\n<\/tr>\n<tr>\n<td>Caracteristicas ecologicas:<\/td>\n<\/tr>\n<tr>\n<td>Ahorre hasta el 50% de su suministro de papel con funciones automaticas, impresion a 2 caras, calificado rohs<\/td>\n<\/tr>\n<\/table>\n","protected":false},"excerpt":{"rendered":"<p>Multifuncional epson l15150 a3 a color con dise\u00f1o compacto para impresiones a bajo costo. Impresion. * tecnologia de impresion: precisioncore 4 colores (cmyk) con cabezal fijo en linea. * resolucion maxima de impresion: 4800 dpi x 2400 dpi. * numero de inyectores: 800 boquillas negro y 256 boquillas color. * tama\u00f1o minimo de gota de tinta: 3.8 picolitros. * velocidad de impresion: 25\/12 iso ppm (negro\/color) simplex 15\/9 ppm (negro\/color) duplex. * ciclo de trabajo mensual recomendado\/maximo: 1,300 paginas hasta 20,000 paginas al mes. Impresion y escaneo inalambrico. * soluciones epson conect: epson email print, epson remote print, epson iprint.    App ios y android. * otros: apple, airprint, fire, os printing. Copiado. * velocidad de copiado: 16\/9 ipm (negro\/color. * cantidad de copias: 1-999. * tama\u00f1o maximo de copia: a3 (29.7 cm x 42 cm. * resolucion de copiado (entrada y salida): hasta 600 dpi x 600 dpi y hasta 600 dpi x 1200 dpi* * * funciones de copiado: automatico de 1 a 2 caras, vista previa, reduccion automatica y         ampliacion (25% &#8211; 400%), intercalar, densidad de copia ajustable, 1 cara a 2 caras, 2 caras a 1 cara y 2 caras a 2 caras. Ajustes: densididad, contraste, color, nitidez, mejora de texto y originales de varios tama\u00f1os mezclados. Escaneo. * tipo de escaner: cama plana a color\/adf automatico de 2 caras. * resolucion optica\/hardware: 1,200 dpi x 2,400 dpi. * resolucion maxima: 9,600 interpolada. * velocidad del escaner (adf): escaneo duplex de un solo paso, simplex 23\/8 ipm negro\/color. * escaneo maximo tama\u00f1o de la cama: 29.7 cm x 43.2 cm. * funciones de escaneo: escanear a pc via document capture pro, escanear a la nube (incluyendo email), escanear a tarjeta de memoria\/unidad flash, escanear a pdf protegidos por clave, soporte ldap. * tipo de escaner: sensor de imagen de contacto (cis. * profundidad de bits del escaner: entrada de colores: 48 bits, salida de colores: 24 bits. Fax. * tipo de fax: blanco y negro o en color. * modem: hasta 33.6 kbps. * memoria de recepcion: hasta 550 paginas. * tama\u00f1o del panel de la transmision: cama plana a5-a3, adf a5-a3. * recepcion de tama\u00f1o de papel: a5-a3. * numeros de marcacion rapida: hasta 200. * funciones de fax: enviar, recibir, fax a pc, autorediscado, libreta de direcciones, envio retardado, envio masivo. Alimentador automatico de codumentos. * gramaje papel: 64 g\/m \u0096 95 g\/m. * capacidad maxima: 50 hojas (80 g\/m. * escaneo, copiado y faxeado automatico a dos caras: si. Seguridad. Certificacion de numero pin para la liberacion de trabajo, acceso de contro de usuario, configuracion de impresora y red a traves de configuracion web utilizando la direccion ip de la impresora, seguridad ssl \/ tls , ipsec, tpm. Conectividad. * conectividad estandar: superspeed usb 3.0, inalambrica lan ieee, wifi direct, ethernet \u0096 1,000 base \u0096 t\/100 base- tx\/10 base-t. * sistemas operativos: windows 10 (32-bit, 64-bit), windows 8\/8.1 (32-bit, 64-bit), windows 7 (32-bit, 64-bit) windows server 2019, windows server 2016, windows server 2012, mac os x 10.6.8, mac os 10.15, linux, citrix, android, ios. Manejo de papel. * tipos de papel: papel normal, papel de presentacion ultra premium mate, papel de presentacion premium mate, presentacion papel mate, sobres 10 y cartulinas de hasta 255 gm. * numeros de bandeja de papel: 2 bandejas estandar. * capacidad entrada de papel: 250 hojas estandar en cada bandeja, alimentacion trasera 50 hojas (total 550 hojas. * gramaje de papel: bandeja multiusos: hasta 90 g\/m. General. * pantalla: tactil a color de 4.3?. * temperatura: funcionamiento: 10 c \u0096 35 c (50 f \u0096 95 f), almacenamiento: 20 c \u0096 40 c (4 f \u0096 104 f. * humedad relativa: funcionamiento: 20% &#8211; 80%, almacenamiento: 5% &#8211; 85. * nivel de ruido: menos de 52 db. * tension nominal: ac 100v \u0096 240v. * frecuencia nominal: 50 hz \u0096 60 hz. * corriente nominal: 2,2 a &#8211; 1,0 a. * consumo de energia: 54w. * pais de origen: indonesia. * peso y dimensiones (ancho x profundidad x alto): 51.5 cm x 50 cm x 35 cm \/ 21.2 kg. * \u00bfque hay en la caja?: impresora multifuncional a color en red ecotank l15150, manual de instrucciones, cable de alimentacion, cable usb. * software disponible: controlador de impresora epson, epson iprint, email print, apple airprint, google cloud print, scan to cloud. * garantia: limitada de un a\u00f1o para hardware. Tinta. * tinta de pigmento: durabrite pro. * botellas de tinta de repuesto: t524120-al botella de tinta negra (rendimiento iso 7,500 paginas) t524220-al (cian), t524320-al (magenta), t524420-al (amarilla) botella de tinta color (rendimiento iso 6,000 paginas) epson recomienda el uso de tinta genuina para garantizar una calidad y rendimiento de impresion optimos. Caracteristicas ecologicas. Ahorre hasta el 50% de su suministro de papel con funciones automaticas, impresion a 2 caras, calificado rohs<\/p>\n","protected":false},"featured_media":246323,"comment_status":"open","ping_status":"open","template":"","meta":[],"product_cat":[1780,1781],"product_tag":[1624],"acf":[],"yoast_head":"<!-- This site is optimized with the Yoast SEO plugin v21.7 - https:\/\/yoast.com\/wordpress\/plugins\/seo\/ -->\n<title>[ Epson ] &#129351; C11ch72301,010343950535 Multifuncional L15150, Ppm 32 Negro \/ 20 Color, Tinta Continua, Ecotank, Usb, Red, Wifi, Adf, Duplex, Doble Carta, Tabloide<\/title>\n<meta name=\"description\" content=\"Compra C11ch72301,010343950535 Multifuncional L15150, Ppm 32 Negro \/ 20 Color, Tinta Continua, Ecotank, Usb, Red, Wifi, Adf, Duplex, Doble Carta, Tabloide + Env\u00edo a domicilio + Pago seguro + Garant\u00eda\" \/>\n<meta name=\"robots\" content=\"index, follow, max-snippet:-1, max-image-preview:large, max-video-preview:-1\" \/>\n<link rel=\"canonical\" href=\"https:\/\/compuviper.mx\/tienda\/producto\/epson-c11ch72301010343950535-multifuncional-l15150-ppm-32-negro-20-color-tinta-continua-ecotank-usb-red-wifi-adf-duplex-doble-carta-tabloide\/\" \/>\n<meta property=\"og:locale\" content=\"es_MX\" \/>\n<meta property=\"og:type\" content=\"article\" \/>\n<meta property=\"og:title\" content=\"[ Epson ] &#129351; C11ch72301,010343950535 Multifuncional L15150, Ppm 32 Negro \/ 20 Color, Tinta Continua, Ecotank, Usb, Red, Wifi, Adf, Duplex, Doble Carta, Tabloide\" \/>\n<meta property=\"og:description\" content=\"Compra C11ch72301,010343950535 Multifuncional L15150, Ppm 32 Negro \/ 20 Color, Tinta Continua, Ecotank, Usb, Red, Wifi, Adf, Duplex, Doble Carta, Tabloide + Env\u00edo a domicilio + Pago seguro + Garant\u00eda\" \/>\n<meta property=\"og:url\" content=\"https:\/\/compuviper.mx\/tienda\/producto\/epson-c11ch72301010343950535-multifuncional-l15150-ppm-32-negro-20-color-tinta-continua-ecotank-usb-red-wifi-adf-duplex-doble-carta-tabloide\/\" \/>\n<meta property=\"og:site_name\" content=\"Compuviper\" \/>\n<meta property=\"article:publisher\" content=\"https:\/\/www.facebook.com\/compuviper\" \/>\n<meta property=\"og:image\" content=\"https:\/\/compuviper.mx\/tienda\/wp-content\/uploads\/2024\/11\/Multifuncional-epson-l15150-ppm-32-negro-20-color-tinta-continua-ecotank-usb-red-wifi-adf-duplex-doble-carta-tabloide.jpg\" \/>\n\t<meta property=\"og:image:width\" content=\"200\" \/>\n\t<meta property=\"og:image:height\" content=\"200\" \/>\n\t<meta property=\"og:image:type\" content=\"image\/jpeg\" \/>\n<meta name=\"twitter:card\" content=\"summary_large_image\" \/>\n<meta name=\"twitter:label1\" content=\"Precio\" \/>\n\t<meta name=\"twitter:data1\" content=\"&#36;22,757 con IVA\" \/>\n\t<meta name=\"twitter:label2\" content=\"Availability\" \/>\n\t<meta name=\"twitter:data2\" content=\"Out of stock\" \/>\n<script type=\"application\/ld+json\" class=\"yoast-schema-graph\">{\"@context\":\"https:\/\/schema.org\",\"@graph\":[{\"@type\":\"WebPage\",\"@id\":\"https:\/\/compuviper.mx\/tienda\/producto\/epson-c11ch72301010343950535-multifuncional-l15150-ppm-32-negro-20-color-tinta-continua-ecotank-usb-red-wifi-adf-duplex-doble-carta-tabloide\/\",\"url\":\"https:\/\/compuviper.mx\/tienda\/producto\/epson-c11ch72301010343950535-multifuncional-l15150-ppm-32-negro-20-color-tinta-continua-ecotank-usb-red-wifi-adf-duplex-doble-carta-tabloide\/\",\"name\":\"[ Epson ] &#129351; C11ch72301,010343950535 Multifuncional L15150, Ppm 32 Negro \/ 20 Color, Tinta Continua, Ecotank, Usb, Red, Wifi, Adf, Duplex, Doble Carta, Tabloide\",\"isPartOf\":{\"@id\":\"https:\/\/compuviper.mx\/tienda\/#website\"},\"datePublished\":\"2026-04-18T07:48:14+00:00\",\"dateModified\":\"2026-04-18T07:48:14+00:00\",\"description\":\"Compra C11ch72301,010343950535 Multifuncional L15150, Ppm 32 Negro \/ 20 Color, Tinta Continua, Ecotank, Usb, Red, Wifi, Adf, Duplex, Doble Carta, Tabloide + Env\u00edo a domicilio + Pago seguro + Garant\u00eda\",\"breadcrumb\":{\"@id\":\"https:\/\/compuviper.mx\/tienda\/producto\/epson-c11ch72301010343950535-multifuncional-l15150-ppm-32-negro-20-color-tinta-continua-ecotank-usb-red-wifi-adf-duplex-doble-carta-tabloide\/#breadcrumb\"},\"inLanguage\":\"es-MX\",\"potentialAction\":[{\"@type\":\"ReadAction\",\"target\":[\"https:\/\/compuviper.mx\/tienda\/producto\/epson-c11ch72301010343950535-multifuncional-l15150-ppm-32-negro-20-color-tinta-continua-ecotank-usb-red-wifi-adf-duplex-doble-carta-tabloide\/\"]}]},{\"@type\":\"BreadcrumbList\",\"@id\":\"https:\/\/compuviper.mx\/tienda\/producto\/epson-c11ch72301010343950535-multifuncional-l15150-ppm-32-negro-20-color-tinta-continua-ecotank-usb-red-wifi-adf-duplex-doble-carta-tabloide\/#breadcrumb\",\"itemListElement\":[{\"@type\":\"ListItem\",\"position\":1,\"name\":\"Inicio\",\"item\":\"https:\/\/compuviper.mx\/tienda\/\"},{\"@type\":\"ListItem\",\"position\":2,\"name\":\"Productos\",\"item\":\"https:\/\/compuviper.mx\/tienda\/productos\/\"},{\"@type\":\"ListItem\",\"position\":3,\"name\":\"Multifuncionales\",\"item\":\"https:\/\/compuviper.mx\/tienda\/categoria-producto\/multifuncionales\/\"},{\"@type\":\"ListItem\",\"position\":4,\"name\":\"Inyeccion De Tinta\",\"item\":\"https:\/\/compuviper.mx\/tienda\/categoria-producto\/multifuncionales\/inyeccion-de-tinta\/\"},{\"@type\":\"ListItem\",\"position\":5,\"name\":\"Epson C11ch72301,010343950535 Multifuncional L15150, Ppm 32 Negro \/ 20 Color, Tinta Continua, Ecotank, Usb, Red, Wifi, Adf, Duplex, Doble Carta, Tabloide\"}]},{\"@type\":\"WebSite\",\"@id\":\"https:\/\/compuviper.mx\/tienda\/#website\",\"url\":\"https:\/\/compuviper.mx\/tienda\/\",\"name\":\"Compuviper\",\"description\":\"Proveedor de Computadoras, Laptops, Servidores, Monitores, Puntos de Venta, Teclados,   Impresoras, T\u00f3ner, C\u00e1maras de Seguridad y m\u00e1s en tu tienda en l\u00ednea\",\"publisher\":{\"@id\":\"https:\/\/compuviper.mx\/tienda\/#organization\"},\"potentialAction\":[{\"@type\":\"SearchAction\",\"target\":{\"@type\":\"EntryPoint\",\"urlTemplate\":\"https:\/\/compuviper.mx\/tienda\/?s={search_term_string}\"},\"query-input\":\"required name=search_term_string\"}],\"inLanguage\":\"es-MX\"},{\"@type\":\"Organization\",\"@id\":\"https:\/\/compuviper.mx\/tienda\/#organization\",\"name\":\"Compuviper\",\"url\":\"https:\/\/compuviper.mx\/tienda\/\",\"logo\":{\"@type\":\"ImageObject\",\"inLanguage\":\"es-MX\",\"@id\":\"https:\/\/compuviper.mx\/tienda\/#\/schema\/logo\/image\/\",\"url\":\"https:\/\/compuviper.mx\/tienda\/wp-content\/uploads\/2021\/08\/Logo-Compuviper-10.png\",\"contentUrl\":\"https:\/\/compuviper.mx\/tienda\/wp-content\/uploads\/2021\/08\/Logo-Compuviper-10.png\",\"width\":1000,\"height\":500,\"caption\":\"Compuviper\"},\"image\":{\"@id\":\"https:\/\/compuviper.mx\/tienda\/#\/schema\/logo\/image\/\"},\"sameAs\":[\"https:\/\/www.facebook.com\/compuviper\",\"https:\/\/www.youtube.com\/channel\/UCf73dERp9Y3cfOq7q8BhLjA?view_as=subscriber\"]}]}<\/script>\n<meta property=\"product:brand\" content=\"EPSON\" \/>\n<meta property=\"product:price:amount\" content=\"22757\" \/>\n<meta property=\"product:price:currency\" content=\"MXN\" \/>\n<meta property=\"og:availability\" content=\"out of stock\" \/>\n<meta property=\"product:availability\" content=\"out of stock\" \/>\n<meta property=\"product:retailer_item_id\" content=\"C11CH72301,010343950535\" \/>\n<meta property=\"product:condition\" content=\"new\" \/>\n<!-- \/ Yoast SEO plugin. -->","yoast_head_json":{"title":"[ Epson ] &#129351; C11ch72301,010343950535 Multifuncional L15150, Ppm 32 Negro \/ 20 Color, Tinta Continua, Ecotank, Usb, Red, Wifi, Adf, Duplex, Doble Carta, Tabloide","description":"Compra C11ch72301,010343950535 Multifuncional L15150, Ppm 32 Negro \/ 20 Color, Tinta Continua, Ecotank, Usb, Red, Wifi, Adf, Duplex, Doble Carta, Tabloide + Env\u00edo a domicilio + Pago seguro + Garant\u00eda","robots":{"index":"index","follow":"follow","max-snippet":"max-snippet:-1","max-image-preview":"max-image-preview:large","max-video-preview":"max-video-preview:-1"},"canonical":"https:\/\/compuviper.mx\/tienda\/producto\/epson-c11ch72301010343950535-multifuncional-l15150-ppm-32-negro-20-color-tinta-continua-ecotank-usb-red-wifi-adf-duplex-doble-carta-tabloide\/","og_locale":"es_MX","og_type":"article","og_title":"[ Epson ] &#129351; C11ch72301,010343950535 Multifuncional L15150, Ppm 32 Negro \/ 20 Color, Tinta Continua, Ecotank, Usb, Red, Wifi, Adf, Duplex, Doble Carta, Tabloide","og_description":"Compra C11ch72301,010343950535 Multifuncional L15150, Ppm 32 Negro \/ 20 Color, Tinta Continua, Ecotank, Usb, Red, Wifi, Adf, Duplex, Doble Carta, Tabloide + Env\u00edo a domicilio + Pago seguro + Garant\u00eda","og_url":"https:\/\/compuviper.mx\/tienda\/producto\/epson-c11ch72301010343950535-multifuncional-l15150-ppm-32-negro-20-color-tinta-continua-ecotank-usb-red-wifi-adf-duplex-doble-carta-tabloide\/","og_site_name":"Compuviper","article_publisher":"https:\/\/www.facebook.com\/compuviper","og_image":[{"width":200,"height":200,"url":"https:\/\/compuviper.mx\/tienda\/wp-content\/uploads\/2024\/11\/Multifuncional-epson-l15150-ppm-32-negro-20-color-tinta-continua-ecotank-usb-red-wifi-adf-duplex-doble-carta-tabloide.jpg","type":"image\/jpeg"}],"twitter_card":"summary_large_image","twitter_misc":{"Precio":"&#36;22,757 con IVA","Availability":"Out of stock"},"schema":{"@context":"https:\/\/schema.org","@graph":[{"@type":"WebPage","@id":"https:\/\/compuviper.mx\/tienda\/producto\/epson-c11ch72301010343950535-multifuncional-l15150-ppm-32-negro-20-color-tinta-continua-ecotank-usb-red-wifi-adf-duplex-doble-carta-tabloide\/","url":"https:\/\/compuviper.mx\/tienda\/producto\/epson-c11ch72301010343950535-multifuncional-l15150-ppm-32-negro-20-color-tinta-continua-ecotank-usb-red-wifi-adf-duplex-doble-carta-tabloide\/","name":"[ Epson ] &#129351; C11ch72301,010343950535 Multifuncional L15150, Ppm 32 Negro \/ 20 Color, Tinta Continua, Ecotank, Usb, Red, Wifi, Adf, Duplex, Doble Carta, Tabloide","isPartOf":{"@id":"https:\/\/compuviper.mx\/tienda\/#website"},"datePublished":"2026-04-18T07:48:14+00:00","dateModified":"2026-04-18T07:48:14+00:00","description":"Compra C11ch72301,010343950535 Multifuncional L15150, Ppm 32 Negro \/ 20 Color, Tinta Continua, Ecotank, Usb, Red, Wifi, Adf, Duplex, Doble Carta, Tabloide + Env\u00edo a domicilio + Pago seguro + Garant\u00eda","breadcrumb":{"@id":"https:\/\/compuviper.mx\/tienda\/producto\/epson-c11ch72301010343950535-multifuncional-l15150-ppm-32-negro-20-color-tinta-continua-ecotank-usb-red-wifi-adf-duplex-doble-carta-tabloide\/#breadcrumb"},"inLanguage":"es-MX","potentialAction":[{"@type":"ReadAction","target":["https:\/\/compuviper.mx\/tienda\/producto\/epson-c11ch72301010343950535-multifuncional-l15150-ppm-32-negro-20-color-tinta-continua-ecotank-usb-red-wifi-adf-duplex-doble-carta-tabloide\/"]}]},{"@type":"BreadcrumbList","@id":"https:\/\/compuviper.mx\/tienda\/producto\/epson-c11ch72301010343950535-multifuncional-l15150-ppm-32-negro-20-color-tinta-continua-ecotank-usb-red-wifi-adf-duplex-doble-carta-tabloide\/#breadcrumb","itemListElement":[{"@type":"ListItem","position":1,"name":"Inicio","item":"https:\/\/compuviper.mx\/tienda\/"},{"@type":"ListItem","position":2,"name":"Productos","item":"https:\/\/compuviper.mx\/tienda\/productos\/"},{"@type":"ListItem","position":3,"name":"Multifuncionales","item":"https:\/\/compuviper.mx\/tienda\/categoria-producto\/multifuncionales\/"},{"@type":"ListItem","position":4,"name":"Inyeccion De Tinta","item":"https:\/\/compuviper.mx\/tienda\/categoria-producto\/multifuncionales\/inyeccion-de-tinta\/"},{"@type":"ListItem","position":5,"name":"Epson C11ch72301,010343950535 Multifuncional L15150, Ppm 32 Negro \/ 20 Color, Tinta Continua, Ecotank, Usb, Red, Wifi, Adf, Duplex, Doble Carta, Tabloide"}]},{"@type":"WebSite","@id":"https:\/\/compuviper.mx\/tienda\/#website","url":"https:\/\/compuviper.mx\/tienda\/","name":"Compuviper","description":"Proveedor de Computadoras, Laptops, Servidores, Monitores, Puntos de Venta, Teclados,   Impresoras, T\u00f3ner, C\u00e1maras de Seguridad y m\u00e1s en tu tienda en l\u00ednea","publisher":{"@id":"https:\/\/compuviper.mx\/tienda\/#organization"},"potentialAction":[{"@type":"SearchAction","target":{"@type":"EntryPoint","urlTemplate":"https:\/\/compuviper.mx\/tienda\/?s={search_term_string}"},"query-input":"required name=search_term_string"}],"inLanguage":"es-MX"},{"@type":"Organization","@id":"https:\/\/compuviper.mx\/tienda\/#organization","name":"Compuviper","url":"https:\/\/compuviper.mx\/tienda\/","logo":{"@type":"ImageObject","inLanguage":"es-MX","@id":"https:\/\/compuviper.mx\/tienda\/#\/schema\/logo\/image\/","url":"https:\/\/compuviper.mx\/tienda\/wp-content\/uploads\/2021\/08\/Logo-Compuviper-10.png","contentUrl":"https:\/\/compuviper.mx\/tienda\/wp-content\/uploads\/2021\/08\/Logo-Compuviper-10.png","width":1000,"height":500,"caption":"Compuviper"},"image":{"@id":"https:\/\/compuviper.mx\/tienda\/#\/schema\/logo\/image\/"},"sameAs":["https:\/\/www.facebook.com\/compuviper","https:\/\/www.youtube.com\/channel\/UCf73dERp9Y3cfOq7q8BhLjA?view_as=subscriber"]}]},"product_brand":"EPSON","product_price_amount":"22757","product_price_currency":"MXN","og_availability":"out of stock","product_availability":"out of stock","product_retailer_item_id":"C11CH72301,010343950535","product_condition":"new"},"_links":{"self":[{"href":"https:\/\/compuviper.mx\/tienda\/wp-json\/wp\/v2\/product\/246322"}],"collection":[{"href":"https:\/\/compuviper.mx\/tienda\/wp-json\/wp\/v2\/product"}],"about":[{"href":"https:\/\/compuviper.mx\/tienda\/wp-json\/wp\/v2\/types\/product"}],"replies":[{"embeddable":true,"href":"https:\/\/compuviper.mx\/tienda\/wp-json\/wp\/v2\/comments?post=246322"}],"wp:featuredmedia":[{"embeddable":true,"href":"https:\/\/compuviper.mx\/tienda\/wp-json\/wp\/v2\/media\/246323"}],"wp:attachment":[{"href":"https:\/\/compuviper.mx\/tienda\/wp-json\/wp\/v2\/media?parent=246322"}],"wp:term":[{"taxonomy":"product_cat","embeddable":true,"href":"https:\/\/compuviper.mx\/tienda\/wp-json\/wp\/v2\/product_cat?post=246322"},{"taxonomy":"product_tag","embeddable":true,"href":"https:\/\/compuviper.mx\/tienda\/wp-json\/wp\/v2\/product_tag?post=246322"}],"curies":[{"name":"wp","href":"https:\/\/api.w.org\/{rel}","templated":true}]}}