{"id":246128,"date":"2026-04-18T00:54:46","date_gmt":"2026-04-18T06:54:46","guid":{"rendered":"https:\/\/compuviper.mx\/tienda\/producto\/benq-9h-lnelj-lbl-monitor-consumo-gw2491-23-8-1920x1080-hdmi-1-4x1-display-port-1-2x1-audifonos-sin-bocina-negro-tecnologia-eye-care-tres-aos-de-garantia\/"},"modified":"2026-04-18T00:54:46","modified_gmt":"2026-04-18T06:54:46","slug":"benq-9h-lnelj-lbl-monitor-consumo-gw2491-23-8-1920x1080-hdmi-1-4x1-display-port-1-2x1-audifonos-sin-bocina-negro-tecnologia-eye-care-tres-aos-de-garantia","status":"publish","type":"product","link":"https:\/\/compuviper.mx\/tienda\/producto\/benq-9h-lnelj-lbl-monitor-consumo-gw2491-23-8-1920x1080-hdmi-1-4x1-display-port-1-2x1-audifonos-sin-bocina-negro-tecnologia-eye-care-tres-aos-de-garantia\/","title":{"rendered":"Benq 9h.lnelj.lbl Monitor  Consumo Gw2491 23.8 1920&#215;1080 Hdmi 1.4&#215;1 Display Port 1.2&#215;1 Audifonos Sin Bocina Negro Tecnologia Eye Care Tres A?os De Garantia"},"content":{"rendered":"<table class=\"descripcion\">\n<tr>\n<td>Benq monitores corporativo casa<\/td>\n<\/tr>\n<tr>\n<td>Ideal para un estilo minimalista con creatividad versatil para casa o trabajo<\/td>\n<\/tr>\n<tr>\n<td>Gw2491 ideal para corporativos o casa<\/td>\n<\/tr>\n<tr>\n<td>Especificaciones<\/td>\n<\/tr>\n<tr>\n<td>Color gris oscuro<\/td>\n<\/tr>\n<tr>\n<td>Tamano de pantalla 23.8<\/td>\n<\/tr>\n<tr>\n<td>Tipo de iluminacion retroiluminacion led<\/td>\n<\/tr>\n<tr>\n<td>Tipo de panel ips anti glare<\/td>\n<\/tr>\n<tr>\n<td>Relacion de aspecto 16 9 nativo<\/td>\n<\/tr>\n<tr>\n<td>Resolucion full hd 1920 x 1080 pixeles<\/td>\n<\/tr>\n<tr>\n<td>Dot pitch 0.274<\/td>\n<\/tr>\n<tr>\n<td>Brillo 250 nits<\/td>\n<\/tr>\n<tr>\n<td>Contraste 1300 a 1 dinamico 20 millones a 1<\/td>\n<\/tr>\n<tr>\n<td>Angulo de vision 178 178<\/td>\n<\/tr>\n<tr>\n<td>Tiempo de respuesta 5 ms gtg<\/td>\n<\/tr>\n<tr>\n<td>Cantidad de colores 16.7 millones<\/td>\n<\/tr>\n<tr>\n<td>Gama de color 99 srgb<\/td>\n<\/tr>\n<tr>\n<td>Modo de color estandar juego epaper cine codigo<\/td>\n<\/tr>\n<tr>\n<td>Temperatura de color rojizo azulado normal usuario<\/td>\n<\/tr>\n<tr>\n<td>Frecuencia de actualizacion 100hz<\/td>\n<\/tr>\n<tr>\n<td>Frecuencia horizontal 30 115 khz<\/td>\n<\/tr>\n<tr>\n<td>Frecuencia vertical 48 100 hz<\/td>\n<\/tr>\n<tr>\n<td>Entradas salidas hdmi v1.4 x1 display port in v1.2 x1 audifonos in<\/td>\n<\/tr>\n<tr>\n<td>Fuente de poder integrada 100 a 240v ac<\/td>\n<\/tr>\n<tr>\n<td>Consumo de energia en espera 17w normal 22w max 0.5 standby<\/td>\n<\/tr>\n<tr>\n<td>Peso 3.93 kg 8.66 lb<\/td>\n<\/tr>\n<tr>\n<td>Dimensiones 416 x 542 x 182 mm al x an x pr<\/td>\n<\/tr>\n<tr>\n<td>Idiomas 18 idiomas<\/td>\n<\/tr>\n<tr>\n<td>Caracteristicas especiales<\/td>\n<\/tr>\n<tr>\n<td>Tecnologia eye care para el cuidado de los ojos epaper low blue light plus flicker free<\/td>\n<\/tr>\n<tr>\n<td>Tecnologia ama<\/td>\n<\/tr>\n<tr>\n<td>Certificacion tuv rheinland eye safe flicker free low blue light<\/td>\n<\/tr>\n<tr>\n<td>Certificacion energy star tco epeat<\/td>\n<\/tr>\n<tr>\n<td>Software eye care u<\/td>\n<\/tr>\n<tr>\n<td>Inclinacion 5 20<\/td>\n<\/tr>\n<tr>\n<td>Vesa 100 x 100 k locker<\/td>\n<\/tr>\n<tr>\n<td>Compatible con windows y mac<\/td>\n<\/tr>\n<tr>\n<td>Accesorios incluidos cables de poder 1.5 mt y hdmi 1.4 guia de inicio rapido tarjeta de garantia<\/td>\n<\/tr>\n<\/table>\n","protected":false},"excerpt":{"rendered":"<p>Imagenes suaves e impresionantes para la comodidad de tus ojos. Gw2491 23.8 1080p monitor benq para el cuidado de los ojos. Colores vivos imagenes impactantes. La tecnologia ips in plan switching proporciona una reproduccion del color y la imagen desde cualquier angulo y el espacio del color srgb del 99 ofrece imagenes vividas para peliculas juegos y paginas web. Una mayor claridad y mas detalles hacen que vea mas comodamente<\/p>\n","protected":false},"featured_media":259875,"comment_status":"open","ping_status":"open","template":"","meta":[],"product_cat":[1741,1740],"product_tag":[1744],"acf":[],"yoast_head":"<!-- This site is optimized with the Yoast SEO plugin v21.7 - https:\/\/yoast.com\/wordpress\/plugins\/seo\/ -->\n<title>[ Benq ] &#129351; 9h.lnelj.lbl Monitor Consumo Gw2491 23.8 1920x1080 Hdmi 1.4x1 Display Port 1.2x1 Audifonos Sin Bocina Negro Tecnologia Eye Care Tres A\u00f1os De Garantia<\/title>\n<meta name=\"description\" content=\"Compra 9h.lnelj.lbl Monitor Consumo Gw2491 23.8 1920x1080 Hdmi 1.4x1 Display Port 1.2x1 Audifonos Sin Bocina Negro Tecnologia Eye Care Tres A\u00f1os De Garantia + Env\u00edo a domicilio + Pago seguro + Garant\u00eda\" \/>\n<meta name=\"robots\" content=\"index, follow, max-snippet:-1, max-image-preview:large, max-video-preview:-1\" \/>\n<link rel=\"canonical\" href=\"https:\/\/compuviper.mx\/tienda\/producto\/benq-9h-lnelj-lbl-monitor-consumo-gw2491-23-8-1920x1080-hdmi-1-4x1-display-port-1-2x1-audifonos-sin-bocina-negro-tecnologia-eye-care-tres-aos-de-garantia\/\" \/>\n<meta property=\"og:locale\" content=\"es_MX\" \/>\n<meta property=\"og:type\" content=\"article\" \/>\n<meta property=\"og:title\" content=\"[ Benq ] &#129351; 9h.lnelj.lbl Monitor Consumo Gw2491 23.8 1920x1080 Hdmi 1.4x1 Display Port 1.2x1 Audifonos Sin Bocina Negro Tecnologia Eye Care Tres A\u00f1os De Garantia\" \/>\n<meta property=\"og:description\" content=\"Compra 9h.lnelj.lbl Monitor Consumo Gw2491 23.8 1920x1080 Hdmi 1.4x1 Display Port 1.2x1 Audifonos Sin Bocina Negro Tecnologia Eye Care Tres A\u00f1os De Garantia + Env\u00edo a domicilio + Pago seguro + Garant\u00eda\" \/>\n<meta property=\"og:url\" content=\"https:\/\/compuviper.mx\/tienda\/producto\/benq-9h-lnelj-lbl-monitor-consumo-gw2491-23-8-1920x1080-hdmi-1-4x1-display-port-1-2x1-audifonos-sin-bocina-negro-tecnologia-eye-care-tres-aos-de-garantia\/\" \/>\n<meta property=\"og:site_name\" content=\"Compuviper\" \/>\n<meta property=\"article:publisher\" content=\"https:\/\/www.facebook.com\/compuviper\" \/>\n<meta property=\"og:image\" content=\"https:\/\/compuviper.mx\/tienda\/wp-content\/uploads\/2025\/10\/Monitor-benq-consumo-gw2491-23.8-1920x1080-hdmi-1.4x1-display-port-1.2x1-audifonos-sin-bocina-negro-tecnologia-eye-care-tres-anos-de-garantia.jpg\" \/>\n\t<meta property=\"og:image:width\" content=\"200\" \/>\n\t<meta property=\"og:image:height\" content=\"200\" \/>\n\t<meta property=\"og:image:type\" content=\"image\/jpeg\" \/>\n<meta name=\"twitter:card\" content=\"summary_large_image\" \/>\n<meta name=\"twitter:label1\" content=\"Precio\" \/>\n\t<meta name=\"twitter:data1\" content=\"&#36;1,919 &#36;1,828 con IVA\" \/>\n\t<meta name=\"twitter:label2\" content=\"Availability\" \/>\n\t<meta name=\"twitter:data2\" content=\"In stock\" \/>\n<script type=\"application\/ld+json\" class=\"yoast-schema-graph\">{\"@context\":\"https:\/\/schema.org\",\"@graph\":[{\"@type\":\"WebPage\",\"@id\":\"https:\/\/compuviper.mx\/tienda\/producto\/benq-9h-lnelj-lbl-monitor-consumo-gw2491-23-8-1920x1080-hdmi-1-4x1-display-port-1-2x1-audifonos-sin-bocina-negro-tecnologia-eye-care-tres-aos-de-garantia\/\",\"url\":\"https:\/\/compuviper.mx\/tienda\/producto\/benq-9h-lnelj-lbl-monitor-consumo-gw2491-23-8-1920x1080-hdmi-1-4x1-display-port-1-2x1-audifonos-sin-bocina-negro-tecnologia-eye-care-tres-aos-de-garantia\/\",\"name\":\"[ Benq ] &#129351; 9h.lnelj.lbl Monitor Consumo Gw2491 23.8 1920x1080 Hdmi 1.4x1 Display Port 1.2x1 Audifonos Sin Bocina Negro Tecnologia Eye Care Tres A\u00f1os De Garantia\",\"isPartOf\":{\"@id\":\"https:\/\/compuviper.mx\/tienda\/#website\"},\"datePublished\":\"2026-04-18T06:54:46+00:00\",\"dateModified\":\"2026-04-18T06:54:46+00:00\",\"description\":\"Compra 9h.lnelj.lbl Monitor Consumo Gw2491 23.8 1920x1080 Hdmi 1.4x1 Display Port 1.2x1 Audifonos Sin Bocina Negro Tecnologia Eye Care Tres A\u00f1os De Garantia + Env\u00edo a domicilio + Pago seguro + Garant\u00eda\",\"breadcrumb\":{\"@id\":\"https:\/\/compuviper.mx\/tienda\/producto\/benq-9h-lnelj-lbl-monitor-consumo-gw2491-23-8-1920x1080-hdmi-1-4x1-display-port-1-2x1-audifonos-sin-bocina-negro-tecnologia-eye-care-tres-aos-de-garantia\/#breadcrumb\"},\"inLanguage\":\"es-MX\",\"potentialAction\":[{\"@type\":\"ReadAction\",\"target\":[\"https:\/\/compuviper.mx\/tienda\/producto\/benq-9h-lnelj-lbl-monitor-consumo-gw2491-23-8-1920x1080-hdmi-1-4x1-display-port-1-2x1-audifonos-sin-bocina-negro-tecnologia-eye-care-tres-aos-de-garantia\/\"]}]},{\"@type\":\"BreadcrumbList\",\"@id\":\"https:\/\/compuviper.mx\/tienda\/producto\/benq-9h-lnelj-lbl-monitor-consumo-gw2491-23-8-1920x1080-hdmi-1-4x1-display-port-1-2x1-audifonos-sin-bocina-negro-tecnologia-eye-care-tres-aos-de-garantia\/#breadcrumb\",\"itemListElement\":[{\"@type\":\"ListItem\",\"position\":1,\"name\":\"Inicio\",\"item\":\"https:\/\/compuviper.mx\/tienda\/\"},{\"@type\":\"ListItem\",\"position\":2,\"name\":\"Productos\",\"item\":\"https:\/\/compuviper.mx\/tienda\/productos\/\"},{\"@type\":\"ListItem\",\"position\":3,\"name\":\"Monitores\",\"item\":\"https:\/\/compuviper.mx\/tienda\/categoria-producto\/monitores\/\"},{\"@type\":\"ListItem\",\"position\":4,\"name\":\"Led\",\"item\":\"https:\/\/compuviper.mx\/tienda\/categoria-producto\/monitores\/led\/\"},{\"@type\":\"ListItem\",\"position\":5,\"name\":\"Benq 9h.lnelj.lbl Monitor Consumo Gw2491 23.8 1920&#215;1080 Hdmi 1.4&#215;1 Display Port 1.2&#215;1 Audifonos Sin Bocina Negro Tecnologia Eye Care Tres A?os De Garantia\"}]},{\"@type\":\"WebSite\",\"@id\":\"https:\/\/compuviper.mx\/tienda\/#website\",\"url\":\"https:\/\/compuviper.mx\/tienda\/\",\"name\":\"Compuviper\",\"description\":\"Proveedor de Computadoras, Laptops, Servidores, Monitores, Puntos de Venta, Teclados,   Impresoras, T\u00f3ner, C\u00e1maras de Seguridad y m\u00e1s en tu tienda en l\u00ednea\",\"publisher\":{\"@id\":\"https:\/\/compuviper.mx\/tienda\/#organization\"},\"potentialAction\":[{\"@type\":\"SearchAction\",\"target\":{\"@type\":\"EntryPoint\",\"urlTemplate\":\"https:\/\/compuviper.mx\/tienda\/?s={search_term_string}\"},\"query-input\":\"required name=search_term_string\"}],\"inLanguage\":\"es-MX\"},{\"@type\":\"Organization\",\"@id\":\"https:\/\/compuviper.mx\/tienda\/#organization\",\"name\":\"Compuviper\",\"url\":\"https:\/\/compuviper.mx\/tienda\/\",\"logo\":{\"@type\":\"ImageObject\",\"inLanguage\":\"es-MX\",\"@id\":\"https:\/\/compuviper.mx\/tienda\/#\/schema\/logo\/image\/\",\"url\":\"https:\/\/compuviper.mx\/tienda\/wp-content\/uploads\/2021\/08\/Logo-Compuviper-10.png\",\"contentUrl\":\"https:\/\/compuviper.mx\/tienda\/wp-content\/uploads\/2021\/08\/Logo-Compuviper-10.png\",\"width\":1000,\"height\":500,\"caption\":\"Compuviper\"},\"image\":{\"@id\":\"https:\/\/compuviper.mx\/tienda\/#\/schema\/logo\/image\/\"},\"sameAs\":[\"https:\/\/www.facebook.com\/compuviper\",\"https:\/\/www.youtube.com\/channel\/UCf73dERp9Y3cfOq7q8BhLjA?view_as=subscriber\"]}]}<\/script>\n<meta property=\"product:brand\" content=\"BENQ\" \/>\n<meta property=\"product:price:amount\" content=\"1828\" \/>\n<meta property=\"product:price:currency\" content=\"MXN\" \/>\n<meta property=\"og:availability\" content=\"instock\" \/>\n<meta property=\"product:availability\" content=\"instock\" \/>\n<meta property=\"product:retailer_item_id\" content=\"9H.LNELJ.LBL\" \/>\n<meta property=\"product:condition\" content=\"new\" \/>\n<!-- \/ Yoast SEO plugin. -->","yoast_head_json":{"title":"[ Benq ] &#129351; 9h.lnelj.lbl Monitor Consumo Gw2491 23.8 1920x1080 Hdmi 1.4x1 Display Port 1.2x1 Audifonos Sin Bocina Negro Tecnologia Eye Care Tres A\u00f1os De Garantia","description":"Compra 9h.lnelj.lbl Monitor Consumo Gw2491 23.8 1920x1080 Hdmi 1.4x1 Display Port 1.2x1 Audifonos Sin Bocina Negro Tecnologia Eye Care Tres A\u00f1os De Garantia + Env\u00edo a domicilio + Pago seguro + Garant\u00eda","robots":{"index":"index","follow":"follow","max-snippet":"max-snippet:-1","max-image-preview":"max-image-preview:large","max-video-preview":"max-video-preview:-1"},"canonical":"https:\/\/compuviper.mx\/tienda\/producto\/benq-9h-lnelj-lbl-monitor-consumo-gw2491-23-8-1920x1080-hdmi-1-4x1-display-port-1-2x1-audifonos-sin-bocina-negro-tecnologia-eye-care-tres-aos-de-garantia\/","og_locale":"es_MX","og_type":"article","og_title":"[ Benq ] &#129351; 9h.lnelj.lbl Monitor Consumo Gw2491 23.8 1920x1080 Hdmi 1.4x1 Display Port 1.2x1 Audifonos Sin Bocina Negro Tecnologia Eye Care Tres A\u00f1os De Garantia","og_description":"Compra 9h.lnelj.lbl Monitor Consumo Gw2491 23.8 1920x1080 Hdmi 1.4x1 Display Port 1.2x1 Audifonos Sin Bocina Negro Tecnologia Eye Care Tres A\u00f1os De Garantia + Env\u00edo a domicilio + Pago seguro + Garant\u00eda","og_url":"https:\/\/compuviper.mx\/tienda\/producto\/benq-9h-lnelj-lbl-monitor-consumo-gw2491-23-8-1920x1080-hdmi-1-4x1-display-port-1-2x1-audifonos-sin-bocina-negro-tecnologia-eye-care-tres-aos-de-garantia\/","og_site_name":"Compuviper","article_publisher":"https:\/\/www.facebook.com\/compuviper","og_image":[{"width":200,"height":200,"url":"https:\/\/compuviper.mx\/tienda\/wp-content\/uploads\/2025\/10\/Monitor-benq-consumo-gw2491-23.8-1920x1080-hdmi-1.4x1-display-port-1.2x1-audifonos-sin-bocina-negro-tecnologia-eye-care-tres-anos-de-garantia.jpg","type":"image\/jpeg"}],"twitter_card":"summary_large_image","twitter_misc":{"Precio":"&#36;1,919 &#36;1,828 con IVA","Availability":"In stock"},"schema":{"@context":"https:\/\/schema.org","@graph":[{"@type":"WebPage","@id":"https:\/\/compuviper.mx\/tienda\/producto\/benq-9h-lnelj-lbl-monitor-consumo-gw2491-23-8-1920x1080-hdmi-1-4x1-display-port-1-2x1-audifonos-sin-bocina-negro-tecnologia-eye-care-tres-aos-de-garantia\/","url":"https:\/\/compuviper.mx\/tienda\/producto\/benq-9h-lnelj-lbl-monitor-consumo-gw2491-23-8-1920x1080-hdmi-1-4x1-display-port-1-2x1-audifonos-sin-bocina-negro-tecnologia-eye-care-tres-aos-de-garantia\/","name":"[ Benq ] &#129351; 9h.lnelj.lbl Monitor Consumo Gw2491 23.8 1920x1080 Hdmi 1.4x1 Display Port 1.2x1 Audifonos Sin Bocina Negro Tecnologia Eye Care Tres A\u00f1os De Garantia","isPartOf":{"@id":"https:\/\/compuviper.mx\/tienda\/#website"},"datePublished":"2026-04-18T06:54:46+00:00","dateModified":"2026-04-18T06:54:46+00:00","description":"Compra 9h.lnelj.lbl Monitor Consumo Gw2491 23.8 1920x1080 Hdmi 1.4x1 Display Port 1.2x1 Audifonos Sin Bocina Negro Tecnologia Eye Care Tres A\u00f1os De Garantia + Env\u00edo a domicilio + Pago seguro + Garant\u00eda","breadcrumb":{"@id":"https:\/\/compuviper.mx\/tienda\/producto\/benq-9h-lnelj-lbl-monitor-consumo-gw2491-23-8-1920x1080-hdmi-1-4x1-display-port-1-2x1-audifonos-sin-bocina-negro-tecnologia-eye-care-tres-aos-de-garantia\/#breadcrumb"},"inLanguage":"es-MX","potentialAction":[{"@type":"ReadAction","target":["https:\/\/compuviper.mx\/tienda\/producto\/benq-9h-lnelj-lbl-monitor-consumo-gw2491-23-8-1920x1080-hdmi-1-4x1-display-port-1-2x1-audifonos-sin-bocina-negro-tecnologia-eye-care-tres-aos-de-garantia\/"]}]},{"@type":"BreadcrumbList","@id":"https:\/\/compuviper.mx\/tienda\/producto\/benq-9h-lnelj-lbl-monitor-consumo-gw2491-23-8-1920x1080-hdmi-1-4x1-display-port-1-2x1-audifonos-sin-bocina-negro-tecnologia-eye-care-tres-aos-de-garantia\/#breadcrumb","itemListElement":[{"@type":"ListItem","position":1,"name":"Inicio","item":"https:\/\/compuviper.mx\/tienda\/"},{"@type":"ListItem","position":2,"name":"Productos","item":"https:\/\/compuviper.mx\/tienda\/productos\/"},{"@type":"ListItem","position":3,"name":"Monitores","item":"https:\/\/compuviper.mx\/tienda\/categoria-producto\/monitores\/"},{"@type":"ListItem","position":4,"name":"Led","item":"https:\/\/compuviper.mx\/tienda\/categoria-producto\/monitores\/led\/"},{"@type":"ListItem","position":5,"name":"Benq 9h.lnelj.lbl Monitor Consumo Gw2491 23.8 1920&#215;1080 Hdmi 1.4&#215;1 Display Port 1.2&#215;1 Audifonos Sin Bocina Negro Tecnologia Eye Care Tres A?os De Garantia"}]},{"@type":"WebSite","@id":"https:\/\/compuviper.mx\/tienda\/#website","url":"https:\/\/compuviper.mx\/tienda\/","name":"Compuviper","description":"Proveedor de Computadoras, Laptops, Servidores, Monitores, Puntos de Venta, Teclados,   Impresoras, T\u00f3ner, C\u00e1maras de Seguridad y m\u00e1s en tu tienda en l\u00ednea","publisher":{"@id":"https:\/\/compuviper.mx\/tienda\/#organization"},"potentialAction":[{"@type":"SearchAction","target":{"@type":"EntryPoint","urlTemplate":"https:\/\/compuviper.mx\/tienda\/?s={search_term_string}"},"query-input":"required name=search_term_string"}],"inLanguage":"es-MX"},{"@type":"Organization","@id":"https:\/\/compuviper.mx\/tienda\/#organization","name":"Compuviper","url":"https:\/\/compuviper.mx\/tienda\/","logo":{"@type":"ImageObject","inLanguage":"es-MX","@id":"https:\/\/compuviper.mx\/tienda\/#\/schema\/logo\/image\/","url":"https:\/\/compuviper.mx\/tienda\/wp-content\/uploads\/2021\/08\/Logo-Compuviper-10.png","contentUrl":"https:\/\/compuviper.mx\/tienda\/wp-content\/uploads\/2021\/08\/Logo-Compuviper-10.png","width":1000,"height":500,"caption":"Compuviper"},"image":{"@id":"https:\/\/compuviper.mx\/tienda\/#\/schema\/logo\/image\/"},"sameAs":["https:\/\/www.facebook.com\/compuviper","https:\/\/www.youtube.com\/channel\/UCf73dERp9Y3cfOq7q8BhLjA?view_as=subscriber"]}]},"product_brand":"BENQ","product_price_amount":"1828","product_price_currency":"MXN","og_availability":"instock","product_availability":"instock","product_retailer_item_id":"9H.LNELJ.LBL","product_condition":"new"},"_links":{"self":[{"href":"https:\/\/compuviper.mx\/tienda\/wp-json\/wp\/v2\/product\/246128"}],"collection":[{"href":"https:\/\/compuviper.mx\/tienda\/wp-json\/wp\/v2\/product"}],"about":[{"href":"https:\/\/compuviper.mx\/tienda\/wp-json\/wp\/v2\/types\/product"}],"replies":[{"embeddable":true,"href":"https:\/\/compuviper.mx\/tienda\/wp-json\/wp\/v2\/comments?post=246128"}],"wp:featuredmedia":[{"embeddable":true,"href":"https:\/\/compuviper.mx\/tienda\/wp-json\/wp\/v2\/media\/259875"}],"wp:attachment":[{"href":"https:\/\/compuviper.mx\/tienda\/wp-json\/wp\/v2\/media?parent=246128"}],"wp:term":[{"taxonomy":"product_cat","embeddable":true,"href":"https:\/\/compuviper.mx\/tienda\/wp-json\/wp\/v2\/product_cat?post=246128"},{"taxonomy":"product_tag","embeddable":true,"href":"https:\/\/compuviper.mx\/tienda\/wp-json\/wp\/v2\/product_tag?post=246128"}],"curies":[{"name":"wp","href":"https:\/\/api.w.org\/{rel}","templated":true}]}}