{"id":246106,"date":"2026-04-06T23:12:48","date_gmt":"2026-04-07T05:12:48","guid":{"rendered":"https:\/\/compuviper.mx\/tienda\/producto\/grandstream-gds3702-portero-ip-basico-con-solo-audio-y-un-solo-boton-de-llamado-metalico\/"},"modified":"2026-04-06T23:12:48","modified_gmt":"2026-04-07T05:12:48","slug":"grandstream-gds3702-portero-ip-basico-con-solo-audio-y-un-solo-boton-de-llamado-metalico","status":"publish","type":"product","link":"https:\/\/compuviper.mx\/tienda\/producto\/grandstream-gds3702-portero-ip-basico-con-solo-audio-y-un-solo-boton-de-llamado-metalico\/","title":{"rendered":"Grandstream Gds3702 Portero Ip   \/ Basico Con Solo Audio Y Un Solo Boton De Llamado Metalico"},"content":{"rendered":"<table class=\"descripcion\">\n<tr>\n<td>El gds3702 es un sistema de intercomunicaci\u00f3n ip de audio de alta definici\u00f3n que ofrece control de acceso remoto a instalaciones para edificios de todos los tama\u00f1os.<\/td>\n<\/tr>\n<tr>\n<td>-opciones de audio hd con hasta 1,5 m de entrada de audio y 3 m de salida de audio<\/td>\n<\/tr>\n<tr>\n<td>-admite llamadas sip a tel\u00e9fonos ip para facilitar la comunicaci\u00f3n.<\/td>\n<\/tr>\n<tr>\n<td>-construido con una carcasa de metal para hacerlo resistente a la intemperie y al<\/td>\n<\/tr>\n<tr>\n<td>Vandalismo.<\/td>\n<\/tr>\n<tr>\n<td>-2 rel\u00e9s para cerradura el\u00e9ctrica y salida de alarma, 2 entradas de alarma para bot\u00f3n de salida y sensor de puerta<\/td>\n<\/tr>\n<tr>\n<td>-poe integrado para alimentar el dispositivo y proporcionar una conexi\u00f3n de red<\/td>\n<\/tr>\n<tr>\n<td>-el micr\u00f3fono y el altavoz incorporados ofrecen opciones de voz y funcionalidad de intercomunicador.<\/td>\n<\/tr>\n<\/table>\n","protected":false},"excerpt":{"rendered":"<p>El gds3702 es un sistema de intercomunicador ip de audio hd que ofrece control remoto del acceso a edificios de todos los tama\u00f1os. Este dispositivo incluye un micr\u00f3fono y altavoz para permitir la funcionalidad de intercomunicaci\u00f3n y ofrece soporte de alarma de entrada y salida para su integraci\u00f3n con sistemas de seguridad existentes. El gds3702 es compatible con el software de gesti\u00f3n gratuito de grandstream, gds manager. Cuenta con tecnolog\u00eda sip\/voip con audio hd de dos direcciones, carcasa herm\u00e9tica con protecci\u00f3n ip66 y resistencia antivand\u00e1lica. La combinaci\u00f3n del gds3702, los tel\u00e9fonos ip de grandstream, la aplicaci\u00f3n m\u00f3vil wave y otros dispositivos ip de terceros proporcionan una soluci\u00f3n completa de extremo a extremo para las necesidades de acceso controlado e intercomunicaci\u00f3n.<\/p>\n","protected":false},"featured_media":258692,"comment_status":"open","ping_status":"open","template":"","meta":[],"product_cat":[1485,1521],"product_tag":[1576],"acf":[],"yoast_head":"<!-- This site is optimized with the Yoast SEO plugin v21.7 - https:\/\/yoast.com\/wordpress\/plugins\/seo\/ -->\n<title>[ Grandstream ] &#129351; Gds3702 Portero Ip \/ Basico Con Solo Audio Y Un Solo Boton De Llamado Metalico<\/title>\n<meta name=\"description\" content=\"Compra Gds3702 Portero Ip \/ Basico Con Solo Audio Y Un Solo Boton De Llamado Metalico + Env\u00edo a domicilio + Pago seguro + Garant\u00eda\" \/>\n<meta name=\"robots\" content=\"index, follow, max-snippet:-1, max-image-preview:large, max-video-preview:-1\" \/>\n<link rel=\"canonical\" href=\"https:\/\/compuviper.mx\/tienda\/producto\/grandstream-gds3702-portero-ip-basico-con-solo-audio-y-un-solo-boton-de-llamado-metalico\/\" \/>\n<meta property=\"og:locale\" content=\"es_MX\" \/>\n<meta property=\"og:type\" content=\"article\" \/>\n<meta property=\"og:title\" content=\"[ Grandstream ] &#129351; Gds3702 Portero Ip \/ Basico Con Solo Audio Y Un Solo Boton De Llamado Metalico\" \/>\n<meta property=\"og:description\" content=\"Compra Gds3702 Portero Ip \/ Basico Con Solo Audio Y Un Solo Boton De Llamado Metalico + Env\u00edo a domicilio + Pago seguro + Garant\u00eda\" \/>\n<meta property=\"og:url\" content=\"https:\/\/compuviper.mx\/tienda\/producto\/grandstream-gds3702-portero-ip-basico-con-solo-audio-y-un-solo-boton-de-llamado-metalico\/\" \/>\n<meta property=\"og:site_name\" content=\"Compuviper\" \/>\n<meta property=\"article:publisher\" content=\"https:\/\/www.facebook.com\/compuviper\" \/>\n<meta property=\"og:image\" content=\"https:\/\/compuviper.mx\/tienda\/wp-content\/uploads\/2025\/10\/Portero-ip-grandstream-gds3702-basico-con-solo-audio-y-un-solo-boton-de-llamado-metalico.jpg\" \/>\n\t<meta property=\"og:image:width\" content=\"200\" \/>\n\t<meta property=\"og:image:height\" content=\"200\" \/>\n\t<meta property=\"og:image:type\" content=\"image\/jpeg\" \/>\n<meta name=\"twitter:card\" content=\"summary_large_image\" \/>\n<meta name=\"twitter:label1\" content=\"Precio\" \/>\n\t<meta name=\"twitter:data1\" content=\"&#36;2,450 con IVA\" \/>\n\t<meta name=\"twitter:label2\" content=\"Availability\" \/>\n\t<meta name=\"twitter:data2\" content=\"On backorder\" \/>\n<script type=\"application\/ld+json\" class=\"yoast-schema-graph\">{\"@context\":\"https:\/\/schema.org\",\"@graph\":[{\"@type\":\"WebPage\",\"@id\":\"https:\/\/compuviper.mx\/tienda\/producto\/grandstream-gds3702-portero-ip-basico-con-solo-audio-y-un-solo-boton-de-llamado-metalico\/\",\"url\":\"https:\/\/compuviper.mx\/tienda\/producto\/grandstream-gds3702-portero-ip-basico-con-solo-audio-y-un-solo-boton-de-llamado-metalico\/\",\"name\":\"[ Grandstream ] &#129351; Gds3702 Portero Ip \/ Basico Con Solo Audio Y Un Solo Boton De Llamado Metalico\",\"isPartOf\":{\"@id\":\"https:\/\/compuviper.mx\/tienda\/#website\"},\"datePublished\":\"2026-04-07T05:12:48+00:00\",\"dateModified\":\"2026-04-07T05:12:48+00:00\",\"description\":\"Compra Gds3702 Portero Ip \/ Basico Con Solo Audio Y Un Solo Boton De Llamado Metalico + Env\u00edo a domicilio + Pago seguro + Garant\u00eda\",\"breadcrumb\":{\"@id\":\"https:\/\/compuviper.mx\/tienda\/producto\/grandstream-gds3702-portero-ip-basico-con-solo-audio-y-un-solo-boton-de-llamado-metalico\/#breadcrumb\"},\"inLanguage\":\"es-MX\",\"potentialAction\":[{\"@type\":\"ReadAction\",\"target\":[\"https:\/\/compuviper.mx\/tienda\/producto\/grandstream-gds3702-portero-ip-basico-con-solo-audio-y-un-solo-boton-de-llamado-metalico\/\"]}]},{\"@type\":\"BreadcrumbList\",\"@id\":\"https:\/\/compuviper.mx\/tienda\/producto\/grandstream-gds3702-portero-ip-basico-con-solo-audio-y-un-solo-boton-de-llamado-metalico\/#breadcrumb\",\"itemListElement\":[{\"@type\":\"ListItem\",\"position\":1,\"name\":\"Inicio\",\"item\":\"https:\/\/compuviper.mx\/tienda\/\"},{\"@type\":\"ListItem\",\"position\":2,\"name\":\"Productos\",\"item\":\"https:\/\/compuviper.mx\/tienda\/productos\/\"},{\"@type\":\"ListItem\",\"position\":3,\"name\":\"Accesorios\",\"item\":\"https:\/\/compuviper.mx\/tienda\/categoria-producto\/accesorios\/\"},{\"@type\":\"ListItem\",\"position\":4,\"name\":\"Conmutadores\",\"item\":\"https:\/\/compuviper.mx\/tienda\/categoria-producto\/accesorios\/conmutadores\/\"},{\"@type\":\"ListItem\",\"position\":5,\"name\":\"Grandstream Gds3702 Portero Ip \/ Basico Con Solo Audio Y Un Solo Boton De Llamado Metalico\"}]},{\"@type\":\"WebSite\",\"@id\":\"https:\/\/compuviper.mx\/tienda\/#website\",\"url\":\"https:\/\/compuviper.mx\/tienda\/\",\"name\":\"Compuviper\",\"description\":\"Proveedor de Computadoras, Laptops, Servidores, Monitores, Puntos de Venta, Teclados,   Impresoras, T\u00f3ner, C\u00e1maras de Seguridad y m\u00e1s en tu tienda en l\u00ednea\",\"publisher\":{\"@id\":\"https:\/\/compuviper.mx\/tienda\/#organization\"},\"potentialAction\":[{\"@type\":\"SearchAction\",\"target\":{\"@type\":\"EntryPoint\",\"urlTemplate\":\"https:\/\/compuviper.mx\/tienda\/?s={search_term_string}\"},\"query-input\":\"required name=search_term_string\"}],\"inLanguage\":\"es-MX\"},{\"@type\":\"Organization\",\"@id\":\"https:\/\/compuviper.mx\/tienda\/#organization\",\"name\":\"Compuviper\",\"url\":\"https:\/\/compuviper.mx\/tienda\/\",\"logo\":{\"@type\":\"ImageObject\",\"inLanguage\":\"es-MX\",\"@id\":\"https:\/\/compuviper.mx\/tienda\/#\/schema\/logo\/image\/\",\"url\":\"https:\/\/compuviper.mx\/tienda\/wp-content\/uploads\/2021\/08\/Logo-Compuviper-10.png\",\"contentUrl\":\"https:\/\/compuviper.mx\/tienda\/wp-content\/uploads\/2021\/08\/Logo-Compuviper-10.png\",\"width\":1000,\"height\":500,\"caption\":\"Compuviper\"},\"image\":{\"@id\":\"https:\/\/compuviper.mx\/tienda\/#\/schema\/logo\/image\/\"},\"sameAs\":[\"https:\/\/www.facebook.com\/compuviper\",\"https:\/\/www.youtube.com\/channel\/UCf73dERp9Y3cfOq7q8BhLjA?view_as=subscriber\"]}]}<\/script>\n<meta property=\"product:brand\" content=\"GRANDSTREAM\" \/>\n<meta property=\"product:price:amount\" content=\"2450\" \/>\n<meta property=\"product:price:currency\" content=\"MXN\" \/>\n<meta property=\"og:availability\" content=\"backorder\" \/>\n<meta property=\"product:availability\" content=\"available for order\" \/>\n<meta property=\"product:retailer_item_id\" content=\"GDS3702\" \/>\n<meta property=\"product:condition\" content=\"new\" \/>\n<!-- \/ Yoast SEO plugin. -->","yoast_head_json":{"title":"[ Grandstream ] &#129351; Gds3702 Portero Ip \/ Basico Con Solo Audio Y Un Solo Boton De Llamado Metalico","description":"Compra Gds3702 Portero Ip \/ Basico Con Solo Audio Y Un Solo Boton De Llamado Metalico + Env\u00edo a domicilio + Pago seguro + Garant\u00eda","robots":{"index":"index","follow":"follow","max-snippet":"max-snippet:-1","max-image-preview":"max-image-preview:large","max-video-preview":"max-video-preview:-1"},"canonical":"https:\/\/compuviper.mx\/tienda\/producto\/grandstream-gds3702-portero-ip-basico-con-solo-audio-y-un-solo-boton-de-llamado-metalico\/","og_locale":"es_MX","og_type":"article","og_title":"[ Grandstream ] &#129351; Gds3702 Portero Ip \/ Basico Con Solo Audio Y Un Solo Boton De Llamado Metalico","og_description":"Compra Gds3702 Portero Ip \/ Basico Con Solo Audio Y Un Solo Boton De Llamado Metalico + Env\u00edo a domicilio + Pago seguro + Garant\u00eda","og_url":"https:\/\/compuviper.mx\/tienda\/producto\/grandstream-gds3702-portero-ip-basico-con-solo-audio-y-un-solo-boton-de-llamado-metalico\/","og_site_name":"Compuviper","article_publisher":"https:\/\/www.facebook.com\/compuviper","og_image":[{"width":200,"height":200,"url":"https:\/\/compuviper.mx\/tienda\/wp-content\/uploads\/2025\/10\/Portero-ip-grandstream-gds3702-basico-con-solo-audio-y-un-solo-boton-de-llamado-metalico.jpg","type":"image\/jpeg"}],"twitter_card":"summary_large_image","twitter_misc":{"Precio":"&#36;2,450 con IVA","Availability":"On backorder"},"schema":{"@context":"https:\/\/schema.org","@graph":[{"@type":"WebPage","@id":"https:\/\/compuviper.mx\/tienda\/producto\/grandstream-gds3702-portero-ip-basico-con-solo-audio-y-un-solo-boton-de-llamado-metalico\/","url":"https:\/\/compuviper.mx\/tienda\/producto\/grandstream-gds3702-portero-ip-basico-con-solo-audio-y-un-solo-boton-de-llamado-metalico\/","name":"[ Grandstream ] &#129351; Gds3702 Portero Ip \/ Basico Con Solo Audio Y Un Solo Boton De Llamado Metalico","isPartOf":{"@id":"https:\/\/compuviper.mx\/tienda\/#website"},"datePublished":"2026-04-07T05:12:48+00:00","dateModified":"2026-04-07T05:12:48+00:00","description":"Compra Gds3702 Portero Ip \/ Basico Con Solo Audio Y Un Solo Boton De Llamado Metalico + Env\u00edo a domicilio + Pago seguro + Garant\u00eda","breadcrumb":{"@id":"https:\/\/compuviper.mx\/tienda\/producto\/grandstream-gds3702-portero-ip-basico-con-solo-audio-y-un-solo-boton-de-llamado-metalico\/#breadcrumb"},"inLanguage":"es-MX","potentialAction":[{"@type":"ReadAction","target":["https:\/\/compuviper.mx\/tienda\/producto\/grandstream-gds3702-portero-ip-basico-con-solo-audio-y-un-solo-boton-de-llamado-metalico\/"]}]},{"@type":"BreadcrumbList","@id":"https:\/\/compuviper.mx\/tienda\/producto\/grandstream-gds3702-portero-ip-basico-con-solo-audio-y-un-solo-boton-de-llamado-metalico\/#breadcrumb","itemListElement":[{"@type":"ListItem","position":1,"name":"Inicio","item":"https:\/\/compuviper.mx\/tienda\/"},{"@type":"ListItem","position":2,"name":"Productos","item":"https:\/\/compuviper.mx\/tienda\/productos\/"},{"@type":"ListItem","position":3,"name":"Accesorios","item":"https:\/\/compuviper.mx\/tienda\/categoria-producto\/accesorios\/"},{"@type":"ListItem","position":4,"name":"Conmutadores","item":"https:\/\/compuviper.mx\/tienda\/categoria-producto\/accesorios\/conmutadores\/"},{"@type":"ListItem","position":5,"name":"Grandstream Gds3702 Portero Ip \/ Basico Con Solo Audio Y Un Solo Boton De Llamado Metalico"}]},{"@type":"WebSite","@id":"https:\/\/compuviper.mx\/tienda\/#website","url":"https:\/\/compuviper.mx\/tienda\/","name":"Compuviper","description":"Proveedor de Computadoras, Laptops, Servidores, Monitores, Puntos de Venta, Teclados,   Impresoras, T\u00f3ner, C\u00e1maras de Seguridad y m\u00e1s en tu tienda en l\u00ednea","publisher":{"@id":"https:\/\/compuviper.mx\/tienda\/#organization"},"potentialAction":[{"@type":"SearchAction","target":{"@type":"EntryPoint","urlTemplate":"https:\/\/compuviper.mx\/tienda\/?s={search_term_string}"},"query-input":"required name=search_term_string"}],"inLanguage":"es-MX"},{"@type":"Organization","@id":"https:\/\/compuviper.mx\/tienda\/#organization","name":"Compuviper","url":"https:\/\/compuviper.mx\/tienda\/","logo":{"@type":"ImageObject","inLanguage":"es-MX","@id":"https:\/\/compuviper.mx\/tienda\/#\/schema\/logo\/image\/","url":"https:\/\/compuviper.mx\/tienda\/wp-content\/uploads\/2021\/08\/Logo-Compuviper-10.png","contentUrl":"https:\/\/compuviper.mx\/tienda\/wp-content\/uploads\/2021\/08\/Logo-Compuviper-10.png","width":1000,"height":500,"caption":"Compuviper"},"image":{"@id":"https:\/\/compuviper.mx\/tienda\/#\/schema\/logo\/image\/"},"sameAs":["https:\/\/www.facebook.com\/compuviper","https:\/\/www.youtube.com\/channel\/UCf73dERp9Y3cfOq7q8BhLjA?view_as=subscriber"]}]},"product_brand":"GRANDSTREAM","product_price_amount":"2450","product_price_currency":"MXN","og_availability":"backorder","product_availability":"available for order","product_retailer_item_id":"GDS3702","product_condition":"new"},"_links":{"self":[{"href":"https:\/\/compuviper.mx\/tienda\/wp-json\/wp\/v2\/product\/246106"}],"collection":[{"href":"https:\/\/compuviper.mx\/tienda\/wp-json\/wp\/v2\/product"}],"about":[{"href":"https:\/\/compuviper.mx\/tienda\/wp-json\/wp\/v2\/types\/product"}],"replies":[{"embeddable":true,"href":"https:\/\/compuviper.mx\/tienda\/wp-json\/wp\/v2\/comments?post=246106"}],"wp:featuredmedia":[{"embeddable":true,"href":"https:\/\/compuviper.mx\/tienda\/wp-json\/wp\/v2\/media\/258692"}],"wp:attachment":[{"href":"https:\/\/compuviper.mx\/tienda\/wp-json\/wp\/v2\/media?parent=246106"}],"wp:term":[{"taxonomy":"product_cat","embeddable":true,"href":"https:\/\/compuviper.mx\/tienda\/wp-json\/wp\/v2\/product_cat?post=246106"},{"taxonomy":"product_tag","embeddable":true,"href":"https:\/\/compuviper.mx\/tienda\/wp-json\/wp\/v2\/product_tag?post=246106"}],"curies":[{"name":"wp","href":"https:\/\/api.w.org\/{rel}","templated":true}]}}