{"id":246068,"date":"2026-04-21T01:00:40","date_gmt":"2026-04-21T07:00:40","guid":{"rendered":"https:\/\/compuviper.mx\/tienda\/producto\/lg-27gs60qc-monitor-pc-b-gaming-ultragear-27-curvo-qhd-amd-free-sync-180hz-panel-va-aspecto-169-2560x1440-tr-1ms-30001-curvatura-1000r-hdmi-displayport-hdr10-montaje-pared-100x100-mm\/"},"modified":"2026-04-21T01:00:41","modified_gmt":"2026-04-21T07:00:41","slug":"lg-27gs60qc-monitor-pc-b-gaming-ultragear-27-curvo-qhd-amd-free-sync-180hz-panel-va-aspecto-169-2560x1440-tr-1ms-30001-curvatura-1000r-hdmi-displayport-hdr10-montaje-pared-100x100-mm","status":"publish","type":"product","link":"https:\/\/compuviper.mx\/tienda\/producto\/lg-27gs60qc-monitor-pc-b-gaming-ultragear-27-curvo-qhd-amd-free-sync-180hz-panel-va-aspecto-169-2560x1440-tr-1ms-30001-curvatura-1000r-hdmi-displayport-hdr10-montaje-pared-100x100-mm\/","title":{"rendered":"Lg 27gs60qc Monitor Pc  -b Gaming Ultragear 27 Curvo Qhd, Amd Free Sync, 180hz, Panel Va, Aspecto 16:9, 2560&#215;1440, Tr 1ms, 3000:1, Curvatura 1000r, Hdmi, Displayport, Hdr10, Montaje Pared 100&#215;100 Mm."},"content":{"rendered":"<table class=\"descripcion\">\n<tr>\n<td>Todas las especificaciones<\/td>\n<\/tr>\n<tr>\n<td>Informaci\u00f3n<\/td>\n<\/tr>\n<tr>\n<td>Nombre del producto<\/td>\n<\/tr>\n<tr>\n<td>27gs60qc-b<\/td>\n<\/tr>\n<tr>\n<td>A\u00f1o<\/td>\n<\/tr>\n<tr>\n<td>2024<\/td>\n<\/tr>\n<tr>\n<td>Pantalla<\/td>\n<\/tr>\n<tr>\n<td>Tama\u00f1o [pulgadas]<\/td>\n<\/tr>\n<tr>\n<td>27<\/td>\n<\/tr>\n<tr>\n<td>Relaci\u00f3n de aspecto<\/td>\n<\/tr>\n<tr>\n<td>16:9<\/td>\n<\/tr>\n<tr>\n<td>Tipo de panel<\/td>\n<\/tr>\n<tr>\n<td>Va<\/td>\n<\/tr>\n<tr>\n<td>Tratamiento de la superficie<\/td>\n<\/tr>\n<tr>\n<td>Anti-reflejos<\/td>\n<\/tr>\n<tr>\n<td>Tiempo de respuesta<\/td>\n<\/tr>\n<tr>\n<td>1ms (gtg at faster)<\/td>\n<\/tr>\n<tr>\n<td>Resoluci\u00f3n<\/td>\n<\/tr>\n<tr>\n<td>2560 x 1440<\/td>\n<\/tr>\n<tr>\n<td>Paso de p\u00edxeles [mm]<\/td>\n<\/tr>\n<tr>\n<td>0,233 x 0,233<\/td>\n<\/tr>\n<tr>\n<td>Profundidad de color (n\u00famero de colores)<\/td>\n<\/tr>\n<tr>\n<td>16.7m<\/td>\n<\/tr>\n<tr>\n<td>\u00e1ngulo de visi\u00f3n (cr and #8805;10)<\/td>\n<\/tr>\n<tr>\n<td>178\u00ba(r\/l), 178\u00ba(u\/d)<\/td>\n<\/tr>\n<tr>\n<td>Brillo (typ.) [cd\/m\u00b2]<\/td>\n<\/tr>\n<tr>\n<td>300<\/td>\n<\/tr>\n<tr>\n<td>Relaci\u00f3n de contraste (t\u00edp.)<\/td>\n<\/tr>\n<tr>\n<td>3000:1<\/td>\n<\/tr>\n<tr>\n<td>Gama de colores (typ.)<\/td>\n<\/tr>\n<tr>\n<td>Srgb 99% (cie1931)<\/td>\n<\/tr>\n<tr>\n<td>Curvatura<\/td>\n<\/tr>\n<tr>\n<td>1000r<\/td>\n<\/tr>\n<tr>\n<td>Gama de colores (m\u00edn.)<\/td>\n<\/tr>\n<tr>\n<td>Srgb 95% (cie1931)<\/td>\n<\/tr>\n<tr>\n<td>Frecuencia de actualizaci\u00f3n (m\u00e1x.) [hz]<\/td>\n<\/tr>\n<tr>\n<td>180<\/td>\n<\/tr>\n<tr>\n<td>Brillo (m\u00edn.) [cd\/m\u00b2]<\/td>\n<\/tr>\n<tr>\n<td>250<\/td>\n<\/tr>\n<tr>\n<td>Relaci\u00f3n contraste (min.)<\/td>\n<\/tr>\n<tr>\n<td>2400:1<\/td>\n<\/tr>\n<tr>\n<td>Bit de color<\/td>\n<\/tr>\n<tr>\n<td>8bit (6bit+frc)<\/td>\n<\/tr>\n<tr>\n<td>Tama\u00f1o [cm]<\/td>\n<\/tr>\n<tr>\n<td>68.4<\/td>\n<\/tr>\n<tr>\n<td>Conectividad<\/td>\n<\/tr>\n<tr>\n<td>Hdmi<\/td>\n<\/tr>\n<tr>\n<td>S\u00ed (x2)<\/td>\n<\/tr>\n<tr>\n<td>Displayport<\/td>\n<\/tr>\n<tr>\n<td>S\u00ed (x1)<\/td>\n<\/tr>\n<tr>\n<td>Versi\u00f3n dp<\/td>\n<\/tr>\n<tr>\n<td>1.4<\/td>\n<\/tr>\n<tr>\n<td>Salida de auriculares<\/td>\n<\/tr>\n<tr>\n<td>3-anillos (solo sonido)<\/td>\n<\/tr>\n<tr>\n<td>Caracter\u00edsticas<\/td>\n<\/tr>\n<tr>\n<td>Hdr 10<\/td>\n<\/tr>\n<tr>\n<td>S\u00ed<\/td>\n<\/tr>\n<tr>\n<td>Amd freesync\u0099<\/td>\n<\/tr>\n<tr>\n<td>Freesync<\/td>\n<\/tr>\n<tr>\n<td>Debilidad de color<\/td>\n<\/tr>\n<tr>\n<td>S\u00ed<\/td>\n<\/tr>\n<tr>\n<td>Ahorro inteligente de energ\u00eda<\/td>\n<\/tr>\n<tr>\n<td>S\u00ed<\/td>\n<\/tr>\n<tr>\n<td>Color calibrado en f\u00e1brica<\/td>\n<\/tr>\n<tr>\n<td>S\u00ed<\/td>\n<\/tr>\n<tr>\n<td>A prueba de parpadeos<\/td>\n<\/tr>\n<tr>\n<td>S\u00ed<\/td>\n<\/tr>\n<tr>\n<td>Sincronizaci\u00f3n din\u00e1mica de acciones<\/td>\n<\/tr>\n<tr>\n<td>S\u00ed<\/td>\n<\/tr>\n<tr>\n<td>Estabilizador de negro<\/td>\n<\/tr>\n<tr>\n<td>S\u00ed<\/td>\n<\/tr>\n<tr>\n<td>Ret\u00edculo<\/td>\n<\/tr>\n<tr>\n<td>S\u00ed<\/td>\n<\/tr>\n<tr>\n<td>Modo lector<\/td>\n<\/tr>\n<tr>\n<td>S\u00ed<\/td>\n<\/tr>\n<tr>\n<td>Contador fps<\/td>\n<\/tr>\n<tr>\n<td>S\u00ed<\/td>\n<\/tr>\n<tr>\n<td>Tecla definida por el usuario<\/td>\n<\/tr>\n<tr>\n<td>S\u00ed<\/td>\n<\/tr>\n<tr>\n<td>Auto input switch<\/td>\n<\/tr>\n<tr>\n<td>S\u00ed<\/td>\n<\/tr>\n<tr>\n<td>Efecto hdr<\/td>\n<\/tr>\n<tr>\n<td>S\u00ed<\/td>\n<\/tr>\n<tr>\n<td>Mec\u00e1nica<\/td>\n<\/tr>\n<tr>\n<td>Ajustes de posici\u00f3n de la pantalla<\/td>\n<\/tr>\n<tr>\n<td>Inclinaci\u00f3n (eje horizontal)<\/td>\n<\/tr>\n<tr>\n<td>Dise\u00f1o sin bordes<\/td>\n<\/tr>\n<tr>\n<td>3 lados con dise\u00f1o de marcos ultrafinos<\/td>\n<\/tr>\n<tr>\n<td>Montaje en pared [mm]<\/td>\n<\/tr>\n<tr>\n<td>100 x 100<\/td>\n<\/tr>\n<tr>\n<td>Dimensiones\/pesos<\/td>\n<\/tr>\n<tr>\n<td>Dimensi\u00f3n en el env\u00edo (an x al x p) [mm]<\/td>\n<\/tr>\n<tr>\n<td>685,0 x 435,0 x 160<\/td>\n<\/tr>\n<tr>\n<td>Dimensiones con soporte (an x al x p) [mm]<\/td>\n<\/tr>\n<tr>\n<td>604,9 x 450,7 x 226,5<\/td>\n<\/tr>\n<tr>\n<td>Dimensiones sin soporte (an x al x p) [mm]<\/td>\n<\/tr>\n<tr>\n<td>604,9 x 363,8 x 95,7<\/td>\n<\/tr>\n<tr>\n<td>Peso en el env\u00edo [kg]<\/td>\n<\/tr>\n<tr>\n<td>6.3<\/td>\n<\/tr>\n<tr>\n<td>Peso con soporte [kg]<\/td>\n<\/tr>\n<tr>\n<td>4.8<\/td>\n<\/tr>\n<tr>\n<td>Peso sin soporte [kg]<\/td>\n<\/tr>\n<tr>\n<td>3.5<\/td>\n<\/tr>\n<tr>\n<td>Alimentaci\u00f3n<\/td>\n<\/tr>\n<tr>\n<td>Consumo de energ\u00eda (m\u00e1x.)<\/td>\n<\/tr>\n<tr>\n<td>19w<\/td>\n<\/tr>\n<tr>\n<td>Consumo de energ\u00eda (modo de reposo)<\/td>\n<\/tr>\n<tr>\n<td>  0,3w<\/td>\n<\/tr>\n<tr>\n<td>Consumo de energ\u00eda (t\u00edp.)<\/td>\n<\/tr>\n<tr>\n<td>22w<\/td>\n<\/tr>\n<tr>\n<td>Consumo de energ\u00eda (cc apagada)<\/td>\n<\/tr>\n<tr>\n<td>  0,3w<\/td>\n<\/tr>\n<tr>\n<td>Entrada ca<\/td>\n<\/tr>\n<tr>\n<td>100~240v (50\/60hz)<\/td>\n<\/tr>\n<tr>\n<td>Tipo<\/td>\n<\/tr>\n<tr>\n<td>Alimentaci\u00f3n externa (adaptador a red)<\/td>\n<\/tr>\n<tr>\n<td>Salida cc<\/td>\n<\/tr>\n<tr>\n<td>19v \/ 2.1a<\/td>\n<\/tr>\n<tr>\n<td>Accesorio<\/td>\n<\/tr>\n<tr>\n<td>Adaptador<\/td>\n<\/tr>\n<tr>\n<td>S\u00ed<\/td>\n<\/tr>\n<tr>\n<td>Puerto de pantalla<\/td>\n<\/tr>\n<tr>\n<td>S\u00ed<\/td>\n<\/tr>\n<tr>\n<td>Cable de alimentaci\u00f3n<\/td>\n<\/tr>\n<tr>\n<td>S\u00ed<\/td>\n<\/tr>\n<tr>\n<td>Aplicaci\u00f3n sw<\/td>\n<\/tr>\n<tr>\n<td>Controlador doble<\/td>\n<\/tr>\n<tr>\n<td>S\u00ed<\/td>\n<\/tr>\n<tr>\n<td>Onscreen control (lg screen manager)<\/td>\n<\/tr>\n<tr>\n<td>S\u00ed<\/td>\n<\/tr>\n<tr>\n<td>Est\u00e1ndar<\/td>\n<\/tr>\n<tr>\n<td>Ul (cul)<\/td>\n<\/tr>\n<tr>\n<td>S\u00ed<\/td>\n<\/tr>\n<tr>\n<td>Ce<\/td>\n<\/tr>\n<tr>\n<td>S\u00ed<\/td>\n<\/tr>\n<tr>\n<td>Kc (para rep. de corea)<\/td>\n<\/tr>\n<tr>\n<td>S\u00ed<\/td>\n<\/tr>\n<tr>\n<td>Caja de control<\/td>\n<\/tr>\n<tr>\n<td>Cable de alimentaci\u00f3n de ca<\/td>\n<\/tr>\n<tr>\n<td>S\u00ed<\/td>\n<\/tr>\n<\/table>\n","protected":false},"excerpt":{"rendered":"<p>27gs60qc-b monitor lg ultragear 27 (68,4cm) curvo 1000r, 1ms, 2560 x 1440 qhd, 180hz, amd freesync. Descubre la inmersi\u00f3n a 1000r. Descubre la curvatura natural; 1000r es solo el principio. Ha llegado la nueva revoluci\u00f3n a tu setup gaming gracias a la velocidad de 180hz y gran calidad de imagen. Pantalla curva 1000r de 27 pulgadas qhd. Juega de forma fluida y con una curvatura natural. Descubre la curva 1000r, la cual se ajusta al campo de visi\u00f3n humano y reproduce escenas v\u00edvidas con una notable frecuencia de refresco de 180hz para una experiencia que se sienta m\u00e1s realista e inmersiva. Velocidad mejorada. Con la velocidad de 180 hz del monitor lg ultragear, podr\u00e1s disfrutar de im\u00e1genes n\u00edtidas y fluidas actualizando las im\u00e1genes 180 veces por segundo. Alta velocidad con 1ms (gtg) de tiempo de respuesta. Con una velocidad de tiempo de respuesta de 1ms (gtg), el efecto fantasma se reduce y ayuda a renderizar los objetos con mejor nitidez. Disfruta de tu juego con una fluidez mucho m\u00e1s suave. Explosi\u00f3n de colores. Disfruta una amplia gama de colores con srgb 99% (t\u00edp.), y hdr10, reproduciendo colores vivos y vibrantes para que los gamers disfruten de los gr\u00e1ficos de sus juegos favoritos. Dise\u00f1o solo para gamers. Mejora tu experiencia de juego con un dise\u00f1o pr\u00e1cticamente sin bordes en 3 lados para disfrutar de una visi\u00f3n envolvente. La base ajustable en inclinaci\u00f3n te ayudar\u00e1 a jugar m\u00e1s c\u00f3modamente. Su soporte en forma de l no ocupa apenas espacio, lo que permite minimizar el espacio muerto.<\/p>\n","protected":false},"featured_media":259872,"comment_status":"open","ping_status":"open","template":"","meta":[],"product_cat":[1740,1741],"product_tag":[1687],"acf":[],"yoast_head":"<!-- This site is optimized with the Yoast SEO plugin v21.7 - https:\/\/yoast.com\/wordpress\/plugins\/seo\/ -->\n<title>[ Lg ] &#129351; 27gs60qc Monitor Pc -b Gaming Ultragear 27 Curvo Qhd, Amd Free Sync, 180hz, Panel Va, Aspecto 16:9, 2560x1440, Tr 1ms, 3000:1, Curvatura 1000r, Hdmi, Displayport, Hdr10, Montaje Pared 100x100 Mm.<\/title>\n<meta name=\"description\" content=\"Compra 27gs60qc Monitor Pc -b Gaming Ultragear 27 Curvo Qhd, Amd Free Sync, 180hz, Panel Va, Aspecto 16:9, 2560x1440, Tr 1ms, 3000:1, Curvatura 1000r, Hdmi, Displayport, Hdr10, Montaje Pared 100x100 Mm. + Env\u00edo a domicilio + Pago seguro + Garant\u00eda\" \/>\n<meta name=\"robots\" content=\"index, follow, max-snippet:-1, max-image-preview:large, max-video-preview:-1\" \/>\n<link rel=\"canonical\" href=\"https:\/\/compuviper.mx\/tienda\/producto\/lg-27gs60qc-monitor-pc-b-gaming-ultragear-27-curvo-qhd-amd-free-sync-180hz-panel-va-aspecto-169-2560x1440-tr-1ms-30001-curvatura-1000r-hdmi-displayport-hdr10-montaje-pared-100x100-mm\/\" \/>\n<meta property=\"og:locale\" content=\"es_MX\" \/>\n<meta property=\"og:type\" content=\"article\" \/>\n<meta property=\"og:title\" content=\"[ Lg ] &#129351; 27gs60qc Monitor Pc -b Gaming Ultragear 27 Curvo Qhd, Amd Free Sync, 180hz, Panel Va, Aspecto 16:9, 2560x1440, Tr 1ms, 3000:1, Curvatura 1000r, Hdmi, Displayport, Hdr10, Montaje Pared 100x100 Mm.\" \/>\n<meta property=\"og:description\" content=\"Compra 27gs60qc Monitor Pc -b Gaming Ultragear 27 Curvo Qhd, Amd Free Sync, 180hz, Panel Va, Aspecto 16:9, 2560x1440, Tr 1ms, 3000:1, Curvatura 1000r, Hdmi, Displayport, Hdr10, Montaje Pared 100x100 Mm. + Env\u00edo a domicilio + Pago seguro + Garant\u00eda\" \/>\n<meta property=\"og:url\" content=\"https:\/\/compuviper.mx\/tienda\/producto\/lg-27gs60qc-monitor-pc-b-gaming-ultragear-27-curvo-qhd-amd-free-sync-180hz-panel-va-aspecto-169-2560x1440-tr-1ms-30001-curvatura-1000r-hdmi-displayport-hdr10-montaje-pared-100x100-mm\/\" \/>\n<meta property=\"og:site_name\" content=\"Compuviper\" \/>\n<meta property=\"article:publisher\" content=\"https:\/\/www.facebook.com\/compuviper\" \/>\n<meta property=\"article:modified_time\" content=\"2026-04-21T07:00:41+00:00\" \/>\n<meta property=\"og:image\" content=\"https:\/\/compuviper.mx\/tienda\/wp-content\/uploads\/2025\/10\/Monitor-pc-lg-27gs60qc-b-gaming-ultragear-27-curvo-qhd-amd-free-sync-180hz-panel-va-aspecto-169-2560x1440-tr-1ms-30001-curvatura-1000r-hdmi-displayport-hdr10-montaje-pared-100x100-mm.jpg\" \/>\n\t<meta property=\"og:image:width\" content=\"200\" \/>\n\t<meta property=\"og:image:height\" content=\"200\" \/>\n\t<meta property=\"og:image:type\" content=\"image\/jpeg\" \/>\n<meta name=\"twitter:card\" content=\"summary_large_image\" \/>\n<meta name=\"twitter:label1\" content=\"Precio\" \/>\n\t<meta name=\"twitter:data1\" content=\"&#36;4,115 &#36;3,528 con IVA\" \/>\n\t<meta name=\"twitter:label2\" content=\"Availability\" \/>\n\t<meta name=\"twitter:data2\" content=\"In stock\" \/>\n<script type=\"application\/ld+json\" class=\"yoast-schema-graph\">{\"@context\":\"https:\/\/schema.org\",\"@graph\":[{\"@type\":\"WebPage\",\"@id\":\"https:\/\/compuviper.mx\/tienda\/producto\/lg-27gs60qc-monitor-pc-b-gaming-ultragear-27-curvo-qhd-amd-free-sync-180hz-panel-va-aspecto-169-2560x1440-tr-1ms-30001-curvatura-1000r-hdmi-displayport-hdr10-montaje-pared-100x100-mm\/\",\"url\":\"https:\/\/compuviper.mx\/tienda\/producto\/lg-27gs60qc-monitor-pc-b-gaming-ultragear-27-curvo-qhd-amd-free-sync-180hz-panel-va-aspecto-169-2560x1440-tr-1ms-30001-curvatura-1000r-hdmi-displayport-hdr10-montaje-pared-100x100-mm\/\",\"name\":\"[ Lg ] &#129351; 27gs60qc Monitor Pc -b Gaming Ultragear 27 Curvo Qhd, Amd Free Sync, 180hz, Panel Va, Aspecto 16:9, 2560x1440, Tr 1ms, 3000:1, Curvatura 1000r, Hdmi, Displayport, Hdr10, Montaje Pared 100x100 Mm.\",\"isPartOf\":{\"@id\":\"https:\/\/compuviper.mx\/tienda\/#website\"},\"datePublished\":\"2026-04-21T07:00:40+00:00\",\"dateModified\":\"2026-04-21T07:00:41+00:00\",\"description\":\"Compra 27gs60qc Monitor Pc -b Gaming Ultragear 27 Curvo Qhd, Amd Free Sync, 180hz, Panel Va, Aspecto 16:9, 2560x1440, Tr 1ms, 3000:1, Curvatura 1000r, Hdmi, Displayport, Hdr10, Montaje Pared 100x100 Mm. + Env\u00edo a domicilio + Pago seguro + Garant\u00eda\",\"breadcrumb\":{\"@id\":\"https:\/\/compuviper.mx\/tienda\/producto\/lg-27gs60qc-monitor-pc-b-gaming-ultragear-27-curvo-qhd-amd-free-sync-180hz-panel-va-aspecto-169-2560x1440-tr-1ms-30001-curvatura-1000r-hdmi-displayport-hdr10-montaje-pared-100x100-mm\/#breadcrumb\"},\"inLanguage\":\"es-MX\",\"potentialAction\":[{\"@type\":\"ReadAction\",\"target\":[\"https:\/\/compuviper.mx\/tienda\/producto\/lg-27gs60qc-monitor-pc-b-gaming-ultragear-27-curvo-qhd-amd-free-sync-180hz-panel-va-aspecto-169-2560x1440-tr-1ms-30001-curvatura-1000r-hdmi-displayport-hdr10-montaje-pared-100x100-mm\/\"]}]},{\"@type\":\"BreadcrumbList\",\"@id\":\"https:\/\/compuviper.mx\/tienda\/producto\/lg-27gs60qc-monitor-pc-b-gaming-ultragear-27-curvo-qhd-amd-free-sync-180hz-panel-va-aspecto-169-2560x1440-tr-1ms-30001-curvatura-1000r-hdmi-displayport-hdr10-montaje-pared-100x100-mm\/#breadcrumb\",\"itemListElement\":[{\"@type\":\"ListItem\",\"position\":1,\"name\":\"Inicio\",\"item\":\"https:\/\/compuviper.mx\/tienda\/\"},{\"@type\":\"ListItem\",\"position\":2,\"name\":\"Productos\",\"item\":\"https:\/\/compuviper.mx\/tienda\/productos\/\"},{\"@type\":\"ListItem\",\"position\":3,\"name\":\"Monitores\",\"item\":\"https:\/\/compuviper.mx\/tienda\/categoria-producto\/monitores\/\"},{\"@type\":\"ListItem\",\"position\":4,\"name\":\"Led\",\"item\":\"https:\/\/compuviper.mx\/tienda\/categoria-producto\/monitores\/led\/\"},{\"@type\":\"ListItem\",\"position\":5,\"name\":\"Lg 27gs60qc Monitor Pc -b Gaming Ultragear 27 Curvo Qhd, Amd Free Sync, 180hz, Panel Va, Aspecto 16:9, 2560&#215;1440, Tr 1ms, 3000:1, Curvatura 1000r, Hdmi, Displayport, Hdr10, Montaje Pared 100&#215;100 Mm.\"}]},{\"@type\":\"WebSite\",\"@id\":\"https:\/\/compuviper.mx\/tienda\/#website\",\"url\":\"https:\/\/compuviper.mx\/tienda\/\",\"name\":\"Compuviper\",\"description\":\"Proveedor de Computadoras, Laptops, Servidores, Monitores, Puntos de Venta, Teclados,   Impresoras, T\u00f3ner, C\u00e1maras de Seguridad y m\u00e1s en tu tienda en l\u00ednea\",\"publisher\":{\"@id\":\"https:\/\/compuviper.mx\/tienda\/#organization\"},\"potentialAction\":[{\"@type\":\"SearchAction\",\"target\":{\"@type\":\"EntryPoint\",\"urlTemplate\":\"https:\/\/compuviper.mx\/tienda\/?s={search_term_string}\"},\"query-input\":\"required name=search_term_string\"}],\"inLanguage\":\"es-MX\"},{\"@type\":\"Organization\",\"@id\":\"https:\/\/compuviper.mx\/tienda\/#organization\",\"name\":\"Compuviper\",\"url\":\"https:\/\/compuviper.mx\/tienda\/\",\"logo\":{\"@type\":\"ImageObject\",\"inLanguage\":\"es-MX\",\"@id\":\"https:\/\/compuviper.mx\/tienda\/#\/schema\/logo\/image\/\",\"url\":\"https:\/\/compuviper.mx\/tienda\/wp-content\/uploads\/2021\/08\/Logo-Compuviper-10.png\",\"contentUrl\":\"https:\/\/compuviper.mx\/tienda\/wp-content\/uploads\/2021\/08\/Logo-Compuviper-10.png\",\"width\":1000,\"height\":500,\"caption\":\"Compuviper\"},\"image\":{\"@id\":\"https:\/\/compuviper.mx\/tienda\/#\/schema\/logo\/image\/\"},\"sameAs\":[\"https:\/\/www.facebook.com\/compuviper\",\"https:\/\/www.youtube.com\/channel\/UCf73dERp9Y3cfOq7q8BhLjA?view_as=subscriber\"]}]}<\/script>\n<meta property=\"product:brand\" content=\"LG\" \/>\n<meta property=\"product:price:amount\" content=\"3528\" \/>\n<meta property=\"product:price:currency\" content=\"MXN\" \/>\n<meta property=\"og:availability\" content=\"instock\" \/>\n<meta property=\"product:availability\" content=\"instock\" \/>\n<meta property=\"product:retailer_item_id\" content=\"27GS60QC\" \/>\n<meta property=\"product:condition\" content=\"new\" \/>\n<!-- \/ Yoast SEO plugin. -->","yoast_head_json":{"title":"[ Lg ] &#129351; 27gs60qc Monitor Pc -b Gaming Ultragear 27 Curvo Qhd, Amd Free Sync, 180hz, Panel Va, Aspecto 16:9, 2560x1440, Tr 1ms, 3000:1, Curvatura 1000r, Hdmi, Displayport, Hdr10, Montaje Pared 100x100 Mm.","description":"Compra 27gs60qc Monitor Pc -b Gaming Ultragear 27 Curvo Qhd, Amd Free Sync, 180hz, Panel Va, Aspecto 16:9, 2560x1440, Tr 1ms, 3000:1, Curvatura 1000r, Hdmi, Displayport, Hdr10, Montaje Pared 100x100 Mm. + Env\u00edo a domicilio + Pago seguro + Garant\u00eda","robots":{"index":"index","follow":"follow","max-snippet":"max-snippet:-1","max-image-preview":"max-image-preview:large","max-video-preview":"max-video-preview:-1"},"canonical":"https:\/\/compuviper.mx\/tienda\/producto\/lg-27gs60qc-monitor-pc-b-gaming-ultragear-27-curvo-qhd-amd-free-sync-180hz-panel-va-aspecto-169-2560x1440-tr-1ms-30001-curvatura-1000r-hdmi-displayport-hdr10-montaje-pared-100x100-mm\/","og_locale":"es_MX","og_type":"article","og_title":"[ Lg ] &#129351; 27gs60qc Monitor Pc -b Gaming Ultragear 27 Curvo Qhd, Amd Free Sync, 180hz, Panel Va, Aspecto 16:9, 2560x1440, Tr 1ms, 3000:1, Curvatura 1000r, Hdmi, Displayport, Hdr10, Montaje Pared 100x100 Mm.","og_description":"Compra 27gs60qc Monitor Pc -b Gaming Ultragear 27 Curvo Qhd, Amd Free Sync, 180hz, Panel Va, Aspecto 16:9, 2560x1440, Tr 1ms, 3000:1, Curvatura 1000r, Hdmi, Displayport, Hdr10, Montaje Pared 100x100 Mm. + Env\u00edo a domicilio + Pago seguro + Garant\u00eda","og_url":"https:\/\/compuviper.mx\/tienda\/producto\/lg-27gs60qc-monitor-pc-b-gaming-ultragear-27-curvo-qhd-amd-free-sync-180hz-panel-va-aspecto-169-2560x1440-tr-1ms-30001-curvatura-1000r-hdmi-displayport-hdr10-montaje-pared-100x100-mm\/","og_site_name":"Compuviper","article_publisher":"https:\/\/www.facebook.com\/compuviper","article_modified_time":"2026-04-21T07:00:41+00:00","og_image":[{"width":200,"height":200,"url":"https:\/\/compuviper.mx\/tienda\/wp-content\/uploads\/2025\/10\/Monitor-pc-lg-27gs60qc-b-gaming-ultragear-27-curvo-qhd-amd-free-sync-180hz-panel-va-aspecto-169-2560x1440-tr-1ms-30001-curvatura-1000r-hdmi-displayport-hdr10-montaje-pared-100x100-mm.jpg","type":"image\/jpeg"}],"twitter_card":"summary_large_image","twitter_misc":{"Precio":"&#36;4,115 &#36;3,528 con IVA","Availability":"In stock"},"schema":{"@context":"https:\/\/schema.org","@graph":[{"@type":"WebPage","@id":"https:\/\/compuviper.mx\/tienda\/producto\/lg-27gs60qc-monitor-pc-b-gaming-ultragear-27-curvo-qhd-amd-free-sync-180hz-panel-va-aspecto-169-2560x1440-tr-1ms-30001-curvatura-1000r-hdmi-displayport-hdr10-montaje-pared-100x100-mm\/","url":"https:\/\/compuviper.mx\/tienda\/producto\/lg-27gs60qc-monitor-pc-b-gaming-ultragear-27-curvo-qhd-amd-free-sync-180hz-panel-va-aspecto-169-2560x1440-tr-1ms-30001-curvatura-1000r-hdmi-displayport-hdr10-montaje-pared-100x100-mm\/","name":"[ Lg ] &#129351; 27gs60qc Monitor Pc -b Gaming Ultragear 27 Curvo Qhd, Amd Free Sync, 180hz, Panel Va, Aspecto 16:9, 2560x1440, Tr 1ms, 3000:1, Curvatura 1000r, Hdmi, Displayport, Hdr10, Montaje Pared 100x100 Mm.","isPartOf":{"@id":"https:\/\/compuviper.mx\/tienda\/#website"},"datePublished":"2026-04-21T07:00:40+00:00","dateModified":"2026-04-21T07:00:41+00:00","description":"Compra 27gs60qc Monitor Pc -b Gaming Ultragear 27 Curvo Qhd, Amd Free Sync, 180hz, Panel Va, Aspecto 16:9, 2560x1440, Tr 1ms, 3000:1, Curvatura 1000r, Hdmi, Displayport, Hdr10, Montaje Pared 100x100 Mm. + Env\u00edo a domicilio + Pago seguro + Garant\u00eda","breadcrumb":{"@id":"https:\/\/compuviper.mx\/tienda\/producto\/lg-27gs60qc-monitor-pc-b-gaming-ultragear-27-curvo-qhd-amd-free-sync-180hz-panel-va-aspecto-169-2560x1440-tr-1ms-30001-curvatura-1000r-hdmi-displayport-hdr10-montaje-pared-100x100-mm\/#breadcrumb"},"inLanguage":"es-MX","potentialAction":[{"@type":"ReadAction","target":["https:\/\/compuviper.mx\/tienda\/producto\/lg-27gs60qc-monitor-pc-b-gaming-ultragear-27-curvo-qhd-amd-free-sync-180hz-panel-va-aspecto-169-2560x1440-tr-1ms-30001-curvatura-1000r-hdmi-displayport-hdr10-montaje-pared-100x100-mm\/"]}]},{"@type":"BreadcrumbList","@id":"https:\/\/compuviper.mx\/tienda\/producto\/lg-27gs60qc-monitor-pc-b-gaming-ultragear-27-curvo-qhd-amd-free-sync-180hz-panel-va-aspecto-169-2560x1440-tr-1ms-30001-curvatura-1000r-hdmi-displayport-hdr10-montaje-pared-100x100-mm\/#breadcrumb","itemListElement":[{"@type":"ListItem","position":1,"name":"Inicio","item":"https:\/\/compuviper.mx\/tienda\/"},{"@type":"ListItem","position":2,"name":"Productos","item":"https:\/\/compuviper.mx\/tienda\/productos\/"},{"@type":"ListItem","position":3,"name":"Monitores","item":"https:\/\/compuviper.mx\/tienda\/categoria-producto\/monitores\/"},{"@type":"ListItem","position":4,"name":"Led","item":"https:\/\/compuviper.mx\/tienda\/categoria-producto\/monitores\/led\/"},{"@type":"ListItem","position":5,"name":"Lg 27gs60qc Monitor Pc -b Gaming Ultragear 27 Curvo Qhd, Amd Free Sync, 180hz, Panel Va, Aspecto 16:9, 2560&#215;1440, Tr 1ms, 3000:1, Curvatura 1000r, Hdmi, Displayport, Hdr10, Montaje Pared 100&#215;100 Mm."}]},{"@type":"WebSite","@id":"https:\/\/compuviper.mx\/tienda\/#website","url":"https:\/\/compuviper.mx\/tienda\/","name":"Compuviper","description":"Proveedor de Computadoras, Laptops, Servidores, Monitores, Puntos de Venta, Teclados,   Impresoras, T\u00f3ner, C\u00e1maras de Seguridad y m\u00e1s en tu tienda en l\u00ednea","publisher":{"@id":"https:\/\/compuviper.mx\/tienda\/#organization"},"potentialAction":[{"@type":"SearchAction","target":{"@type":"EntryPoint","urlTemplate":"https:\/\/compuviper.mx\/tienda\/?s={search_term_string}"},"query-input":"required name=search_term_string"}],"inLanguage":"es-MX"},{"@type":"Organization","@id":"https:\/\/compuviper.mx\/tienda\/#organization","name":"Compuviper","url":"https:\/\/compuviper.mx\/tienda\/","logo":{"@type":"ImageObject","inLanguage":"es-MX","@id":"https:\/\/compuviper.mx\/tienda\/#\/schema\/logo\/image\/","url":"https:\/\/compuviper.mx\/tienda\/wp-content\/uploads\/2021\/08\/Logo-Compuviper-10.png","contentUrl":"https:\/\/compuviper.mx\/tienda\/wp-content\/uploads\/2021\/08\/Logo-Compuviper-10.png","width":1000,"height":500,"caption":"Compuviper"},"image":{"@id":"https:\/\/compuviper.mx\/tienda\/#\/schema\/logo\/image\/"},"sameAs":["https:\/\/www.facebook.com\/compuviper","https:\/\/www.youtube.com\/channel\/UCf73dERp9Y3cfOq7q8BhLjA?view_as=subscriber"]}]},"product_brand":"LG","product_price_amount":"3528","product_price_currency":"MXN","og_availability":"instock","product_availability":"instock","product_retailer_item_id":"27GS60QC","product_condition":"new"},"_links":{"self":[{"href":"https:\/\/compuviper.mx\/tienda\/wp-json\/wp\/v2\/product\/246068"}],"collection":[{"href":"https:\/\/compuviper.mx\/tienda\/wp-json\/wp\/v2\/product"}],"about":[{"href":"https:\/\/compuviper.mx\/tienda\/wp-json\/wp\/v2\/types\/product"}],"replies":[{"embeddable":true,"href":"https:\/\/compuviper.mx\/tienda\/wp-json\/wp\/v2\/comments?post=246068"}],"wp:featuredmedia":[{"embeddable":true,"href":"https:\/\/compuviper.mx\/tienda\/wp-json\/wp\/v2\/media\/259872"}],"wp:attachment":[{"href":"https:\/\/compuviper.mx\/tienda\/wp-json\/wp\/v2\/media?parent=246068"}],"wp:term":[{"taxonomy":"product_cat","embeddable":true,"href":"https:\/\/compuviper.mx\/tienda\/wp-json\/wp\/v2\/product_cat?post=246068"},{"taxonomy":"product_tag","embeddable":true,"href":"https:\/\/compuviper.mx\/tienda\/wp-json\/wp\/v2\/product_tag?post=246068"}],"curies":[{"name":"wp","href":"https:\/\/api.w.org\/{rel}","templated":true}]}}