{"id":245935,"date":"2026-04-23T00:15:02","date_gmt":"2026-04-23T06:15:02","guid":{"rendered":"https:\/\/compuviper.mx\/tienda\/producto\/dahua-dh-sd3a200-gn-hi-a-pv-0400-camara-ip-sd3a200-gn-a-pv-pt-de-2-mp-full-color-disuasion-activa-lente-fijo-luz-blanca-de-30-metros-ir-de-30-metros-h-265-ranura-microsd-audio-bidireccion\/"},"modified":"2026-04-23T00:15:02","modified_gmt":"2026-04-23T06:15:02","slug":"dahua-dh-sd3a200-gn-hi-a-pv-0400-camara-ip-sd3a200-gn-a-pv-pt-de-2-mp-full-color-disuasion-activa-lente-fijo-luz-blanca-de-30-metros-ir-de-30-metros-h-265-ranura-microsd-audio-bidireccion","status":"publish","type":"product","link":"https:\/\/compuviper.mx\/tienda\/producto\/dahua-dh-sd3a200-gn-hi-a-pv-0400-camara-ip-sd3a200-gn-a-pv-pt-de-2-mp-full-color-disuasion-activa-lente-fijo-luz-blanca-de-30-metros-ir-de-30-metros-h-265-ranura-microsd-audio-bidireccion\/","title":{"rendered":"Dahua Dh-sd3a200-gn-hi-a-pv-0400 Camara Ip\/ \/ Sd3a200-gn-a-pv\/ Pt De 2 Mp\/ Full Color\/ Disuasion Activa\/ Lente Fijo\/ Luz Blanca De 30 Metros\/ Ir De 30 Metros\/ H.265+\/ Ranura Microsd\/ Audio Bidireccional Con Altavoz Integrado"},"content":{"rendered":"<table class=\"descripcion\">\n<tr>\n<td>Especificaciones<\/td>\n<\/tr>\n<tr>\n<td>\u0095 sensor de imagen cmos starvis \u0099 de 1 \/ 2.8<\/td>\n<\/tr>\n<tr>\n<td>\u0095 max. resolucion 1920 \u00d7 1080<\/td>\n<\/tr>\n<tr>\n<td>\u0095 pixeles efectivos 2 megapixeles<\/td>\n<\/tr>\n<tr>\n<td>\u0095 distincia ir: 30 m<\/td>\n<\/tr>\n<tr>\n<td>\u0095 numero de led ir: 2 luces ir, 2 luces blancas<\/td>\n<\/tr>\n<tr>\n<td>\u0095 lente fijo de 4mm<\/td>\n<\/tr>\n<tr>\n<td>\u0095 campo de vision h: 88,9 \u00b0; v: 47,7 \u00b0; d: 104,7 \u00b0<\/td>\n<\/tr>\n<tr>\n<td>\u0095 ivs: tripwire; intrusion<\/td>\n<\/tr>\n<tr>\n<td>\u0095 compresion: smart h.265; h.265; smart h.264; h.264; h.264b; mjpeg<\/td>\n<\/tr>\n<tr>\n<td>\u0095 blc\/hlc: apoyo<\/td>\n<\/tr>\n<tr>\n<td>\u0095 dwdr<\/td>\n<\/tr>\n<tr>\n<td>\u0095 reduccion de ruido 2d \/ 3d<\/td>\n<\/tr>\n<tr>\n<td>\u0095 entrada de audio: 1 canal (entrada de linea \/ microfono incorporado)<\/td>\n<\/tr>\n<tr>\n<td>\u0095 salida de audio 1 canal (salida de linea \/ altavoz incorporado)<\/td>\n<\/tr>\n<tr>\n<td>\u0095 almacenamiento perimetral ftp; tarjeta micro sd (256g)<\/td>\n<\/tr>\n<tr>\n<td>\u0095 fuente de alimentacion: 12 vcc \/ 1,5 a \u00b1 10% poe (802.3af)<\/td>\n<\/tr>\n<tr>\n<td>\u0095 ip66<\/td>\n<\/tr>\n<tr>\n<td>Caracteristicas<\/td>\n<\/tr>\n<tr>\n<td>\u0095 cmos starvis \u0099 de 1 \/ 2.8 y 2 megapixeles<\/td>\n<\/tr>\n<tr>\n<td>\u0095 ir inteligente<\/td>\n<\/tr>\n<tr>\n<td>\u0095 codificacion h.265<\/td>\n<\/tr>\n<tr>\n<td>\u0095 poe<\/td>\n<\/tr>\n<tr>\n<td>\u0095 max. 25\/30 fps a 1080p<\/td>\n<\/tr>\n<tr>\n<td>\u0095 ivs<\/td>\n<\/tr>\n<\/table>\n","protected":false},"excerpt":{"rendered":"<p>Caracteristicas. Impulsada por la tecnologia avanzada de codificacion inteligente h.265, la camara de iluminadores duales inteligentes de dahua combina precision y confiabilidad en una camara poderosa, logrando una alta eficiencia de codificacion, produciendo videos sin interrupciones y reduciendo los costos de transmision y almacenamiento. Esta serie de camaras de alto rendimiento presenta funciones como iluminacion inteligente de luz calida e infrarroja, deteccion de formas humanas y disuasion activa de sirena y luz. Analisis de video inteligente. La camara dahua esta equipada con un algoritmo analitico inteligente incorporado basado en video, que puede realizar funciones inteligentes como tripwire e intrusion, para responder de manera rapida y precisa a eventos de monitoreo en un area especifica, puede mejorar la eficiencia del monitoreo. Amplio rango dinamico. La camara logra imagenes vividas, incluso en las condiciones de iluminacion de contraste mas intenso, utilizando la tecnologia de rango dinamico amplio (wdr) lider en la industria. Para aplicaciones con condiciones de luz brillante y baja que cambian rapidamente, wdr optimiza las areas brillantes y oscuras de una escena al mismo tiempo para proporcionar video utilizable. Inteligente h.265 . Smart h.265 + es la implementacion optimizada del codec h.265 que utiliza una estrategia de codificacion adaptativa a la escena, gop dinamico, roi dinamico, estructura de referencia de multiples cuadros flexible y reduccion de ruido inteligente para entregar video de alta calidad sin forzar la red. La tecnologia smart h.265 + reduce la velocidad de bits y los requisitos de almacenamiento hasta en un 70% en comparacion con la compresion de video h.265 estandar.<\/p>\n","protected":false},"featured_media":259345,"comment_status":"open","ping_status":"open","template":"","meta":[],"product_cat":[1608,1681],"product_tag":[1555],"acf":[],"yoast_head":"<!-- This site is optimized with the Yoast SEO plugin v21.7 - https:\/\/yoast.com\/wordpress\/plugins\/seo\/ -->\n<title>[ Dahua ] &#129351; Dh-sd3a200-gn-hi-a-pv-0400 Camara Ip\/ \/ Sd3a200-gn-a-pv\/ Pt De 2 Mp\/ Full Color\/ Disuasion Activa\/ Lente Fijo\/ Luz Blanca De 30 Metros\/ Ir De 30 Metros\/ H.265+\/ Ranura Microsd\/ Audio Bidireccional Con Altavoz Integrado<\/title>\n<meta name=\"description\" content=\"Compra Dh-sd3a200-gn-hi-a-pv-0400 Camara Ip\/ \/ Sd3a200-gn-a-pv\/ Pt De 2 Mp\/ Full Color\/ Disuasion Activa\/ Lente Fijo\/ Luz Blanca De 30 Metros\/ Ir De 30 Metros\/ H.265+\/ Ranura Microsd\/ Audio Bidireccional Con Altavoz Integrado + Env\u00edo a domicilio + Pago seguro + Garant\u00eda\" \/>\n<meta name=\"robots\" content=\"index, follow, max-snippet:-1, max-image-preview:large, max-video-preview:-1\" \/>\n<link rel=\"canonical\" href=\"https:\/\/compuviper.mx\/tienda\/producto\/dahua-dh-sd3a200-gn-hi-a-pv-0400-camara-ip-sd3a200-gn-a-pv-pt-de-2-mp-full-color-disuasion-activa-lente-fijo-luz-blanca-de-30-metros-ir-de-30-metros-h-265-ranura-microsd-audio-bidireccion\/\" \/>\n<meta property=\"og:locale\" content=\"es_MX\" \/>\n<meta property=\"og:type\" content=\"article\" \/>\n<meta property=\"og:title\" content=\"[ Dahua ] &#129351; Dh-sd3a200-gn-hi-a-pv-0400 Camara Ip\/ \/ Sd3a200-gn-a-pv\/ Pt De 2 Mp\/ Full Color\/ Disuasion Activa\/ Lente Fijo\/ Luz Blanca De 30 Metros\/ Ir De 30 Metros\/ H.265+\/ Ranura Microsd\/ Audio Bidireccional Con Altavoz Integrado\" \/>\n<meta property=\"og:description\" content=\"Compra Dh-sd3a200-gn-hi-a-pv-0400 Camara Ip\/ \/ Sd3a200-gn-a-pv\/ Pt De 2 Mp\/ Full Color\/ Disuasion Activa\/ Lente Fijo\/ Luz Blanca De 30 Metros\/ Ir De 30 Metros\/ H.265+\/ Ranura Microsd\/ Audio Bidireccional Con Altavoz Integrado + Env\u00edo a domicilio + Pago seguro + Garant\u00eda\" \/>\n<meta property=\"og:url\" content=\"https:\/\/compuviper.mx\/tienda\/producto\/dahua-dh-sd3a200-gn-hi-a-pv-0400-camara-ip-sd3a200-gn-a-pv-pt-de-2-mp-full-color-disuasion-activa-lente-fijo-luz-blanca-de-30-metros-ir-de-30-metros-h-265-ranura-microsd-audio-bidireccion\/\" \/>\n<meta property=\"og:site_name\" content=\"Compuviper\" \/>\n<meta property=\"article:publisher\" content=\"https:\/\/www.facebook.com\/compuviper\" \/>\n<meta property=\"og:image\" content=\"https:\/\/compuviper.mx\/tienda\/wp-content\/uploads\/2025\/10\/Camara-ip-dahua-sd3a200-gn-a-pv-pt-de-2-mp-full-color-disuasion-activa-lente-fijo-luz-blanca-de-30-metros-ir-de-30-metros-h.265-ranura-microsd-audio-bidireccional-con-altavoz-integrado.jpg\" \/>\n\t<meta property=\"og:image:width\" content=\"200\" \/>\n\t<meta property=\"og:image:height\" content=\"200\" \/>\n\t<meta property=\"og:image:type\" content=\"image\/jpeg\" \/>\n<meta name=\"twitter:card\" content=\"summary_large_image\" \/>\n<meta name=\"twitter:label1\" content=\"Precio\" \/>\n\t<meta name=\"twitter:data1\" content=\"&#36;1,800 con IVA\" \/>\n\t<meta name=\"twitter:label2\" content=\"Availability\" \/>\n\t<meta name=\"twitter:data2\" content=\"On backorder\" \/>\n<script type=\"application\/ld+json\" class=\"yoast-schema-graph\">{\"@context\":\"https:\/\/schema.org\",\"@graph\":[{\"@type\":\"WebPage\",\"@id\":\"https:\/\/compuviper.mx\/tienda\/producto\/dahua-dh-sd3a200-gn-hi-a-pv-0400-camara-ip-sd3a200-gn-a-pv-pt-de-2-mp-full-color-disuasion-activa-lente-fijo-luz-blanca-de-30-metros-ir-de-30-metros-h-265-ranura-microsd-audio-bidireccion\/\",\"url\":\"https:\/\/compuviper.mx\/tienda\/producto\/dahua-dh-sd3a200-gn-hi-a-pv-0400-camara-ip-sd3a200-gn-a-pv-pt-de-2-mp-full-color-disuasion-activa-lente-fijo-luz-blanca-de-30-metros-ir-de-30-metros-h-265-ranura-microsd-audio-bidireccion\/\",\"name\":\"[ Dahua ] &#129351; Dh-sd3a200-gn-hi-a-pv-0400 Camara Ip\/ \/ Sd3a200-gn-a-pv\/ Pt De 2 Mp\/ Full Color\/ Disuasion Activa\/ Lente Fijo\/ Luz Blanca De 30 Metros\/ Ir De 30 Metros\/ H.265+\/ Ranura Microsd\/ Audio Bidireccional Con Altavoz Integrado\",\"isPartOf\":{\"@id\":\"https:\/\/compuviper.mx\/tienda\/#website\"},\"datePublished\":\"2026-04-23T06:15:02+00:00\",\"dateModified\":\"2026-04-23T06:15:02+00:00\",\"description\":\"Compra Dh-sd3a200-gn-hi-a-pv-0400 Camara Ip\/ \/ Sd3a200-gn-a-pv\/ Pt De 2 Mp\/ Full Color\/ Disuasion Activa\/ Lente Fijo\/ Luz Blanca De 30 Metros\/ Ir De 30 Metros\/ H.265+\/ Ranura Microsd\/ Audio Bidireccional Con Altavoz Integrado + Env\u00edo a domicilio + Pago seguro + Garant\u00eda\",\"breadcrumb\":{\"@id\":\"https:\/\/compuviper.mx\/tienda\/producto\/dahua-dh-sd3a200-gn-hi-a-pv-0400-camara-ip-sd3a200-gn-a-pv-pt-de-2-mp-full-color-disuasion-activa-lente-fijo-luz-blanca-de-30-metros-ir-de-30-metros-h-265-ranura-microsd-audio-bidireccion\/#breadcrumb\"},\"inLanguage\":\"es-MX\",\"potentialAction\":[{\"@type\":\"ReadAction\",\"target\":[\"https:\/\/compuviper.mx\/tienda\/producto\/dahua-dh-sd3a200-gn-hi-a-pv-0400-camara-ip-sd3a200-gn-a-pv-pt-de-2-mp-full-color-disuasion-activa-lente-fijo-luz-blanca-de-30-metros-ir-de-30-metros-h-265-ranura-microsd-audio-bidireccion\/\"]}]},{\"@type\":\"BreadcrumbList\",\"@id\":\"https:\/\/compuviper.mx\/tienda\/producto\/dahua-dh-sd3a200-gn-hi-a-pv-0400-camara-ip-sd3a200-gn-a-pv-pt-de-2-mp-full-color-disuasion-activa-lente-fijo-luz-blanca-de-30-metros-ir-de-30-metros-h-265-ranura-microsd-audio-bidireccion\/#breadcrumb\",\"itemListElement\":[{\"@type\":\"ListItem\",\"position\":1,\"name\":\"Inicio\",\"item\":\"https:\/\/compuviper.mx\/tienda\/\"},{\"@type\":\"ListItem\",\"position\":2,\"name\":\"Productos\",\"item\":\"https:\/\/compuviper.mx\/tienda\/productos\/\"},{\"@type\":\"ListItem\",\"position\":3,\"name\":\"Camaras\",\"item\":\"https:\/\/compuviper.mx\/tienda\/categoria-producto\/camaras-2\/\"},{\"@type\":\"ListItem\",\"position\":4,\"name\":\"Camara De Videovigilancia\",\"item\":\"https:\/\/compuviper.mx\/tienda\/categoria-producto\/camaras-2\/camara-de-videovigilancia\/\"},{\"@type\":\"ListItem\",\"position\":5,\"name\":\"Dahua Dh-sd3a200-gn-hi-a-pv-0400 Camara Ip\/ \/ Sd3a200-gn-a-pv\/ Pt De 2 Mp\/ Full Color\/ Disuasion Activa\/ Lente Fijo\/ Luz Blanca De 30 Metros\/ Ir De 30 Metros\/ H.265+\/ Ranura Microsd\/ Audio Bidireccional Con Altavoz Integrado\"}]},{\"@type\":\"WebSite\",\"@id\":\"https:\/\/compuviper.mx\/tienda\/#website\",\"url\":\"https:\/\/compuviper.mx\/tienda\/\",\"name\":\"Compuviper\",\"description\":\"Proveedor de Computadoras, Laptops, Servidores, Monitores, Puntos de Venta, Teclados,   Impresoras, T\u00f3ner, C\u00e1maras de Seguridad y m\u00e1s en tu tienda en l\u00ednea\",\"publisher\":{\"@id\":\"https:\/\/compuviper.mx\/tienda\/#organization\"},\"potentialAction\":[{\"@type\":\"SearchAction\",\"target\":{\"@type\":\"EntryPoint\",\"urlTemplate\":\"https:\/\/compuviper.mx\/tienda\/?s={search_term_string}\"},\"query-input\":\"required name=search_term_string\"}],\"inLanguage\":\"es-MX\"},{\"@type\":\"Organization\",\"@id\":\"https:\/\/compuviper.mx\/tienda\/#organization\",\"name\":\"Compuviper\",\"url\":\"https:\/\/compuviper.mx\/tienda\/\",\"logo\":{\"@type\":\"ImageObject\",\"inLanguage\":\"es-MX\",\"@id\":\"https:\/\/compuviper.mx\/tienda\/#\/schema\/logo\/image\/\",\"url\":\"https:\/\/compuviper.mx\/tienda\/wp-content\/uploads\/2021\/08\/Logo-Compuviper-10.png\",\"contentUrl\":\"https:\/\/compuviper.mx\/tienda\/wp-content\/uploads\/2021\/08\/Logo-Compuviper-10.png\",\"width\":1000,\"height\":500,\"caption\":\"Compuviper\"},\"image\":{\"@id\":\"https:\/\/compuviper.mx\/tienda\/#\/schema\/logo\/image\/\"},\"sameAs\":[\"https:\/\/www.facebook.com\/compuviper\",\"https:\/\/www.youtube.com\/channel\/UCf73dERp9Y3cfOq7q8BhLjA?view_as=subscriber\"]}]}<\/script>\n<meta property=\"product:brand\" content=\"DAHUA\" \/>\n<meta property=\"product:price:amount\" content=\"1800\" \/>\n<meta property=\"product:price:currency\" content=\"MXN\" \/>\n<meta property=\"og:availability\" content=\"backorder\" \/>\n<meta property=\"product:availability\" content=\"available for order\" \/>\n<meta property=\"product:retailer_item_id\" content=\"DH-SD3A200-GN-HI-A-PV-0400\" \/>\n<meta property=\"product:condition\" content=\"new\" \/>\n<!-- \/ Yoast SEO plugin. -->","yoast_head_json":{"title":"[ Dahua ] &#129351; Dh-sd3a200-gn-hi-a-pv-0400 Camara Ip\/ \/ Sd3a200-gn-a-pv\/ Pt De 2 Mp\/ Full Color\/ Disuasion Activa\/ Lente Fijo\/ Luz Blanca De 30 Metros\/ Ir De 30 Metros\/ H.265+\/ Ranura Microsd\/ Audio Bidireccional Con Altavoz Integrado","description":"Compra Dh-sd3a200-gn-hi-a-pv-0400 Camara Ip\/ \/ Sd3a200-gn-a-pv\/ Pt De 2 Mp\/ Full Color\/ Disuasion Activa\/ Lente Fijo\/ Luz Blanca De 30 Metros\/ Ir De 30 Metros\/ H.265+\/ Ranura Microsd\/ Audio Bidireccional Con Altavoz Integrado + Env\u00edo a domicilio + Pago seguro + Garant\u00eda","robots":{"index":"index","follow":"follow","max-snippet":"max-snippet:-1","max-image-preview":"max-image-preview:large","max-video-preview":"max-video-preview:-1"},"canonical":"https:\/\/compuviper.mx\/tienda\/producto\/dahua-dh-sd3a200-gn-hi-a-pv-0400-camara-ip-sd3a200-gn-a-pv-pt-de-2-mp-full-color-disuasion-activa-lente-fijo-luz-blanca-de-30-metros-ir-de-30-metros-h-265-ranura-microsd-audio-bidireccion\/","og_locale":"es_MX","og_type":"article","og_title":"[ Dahua ] &#129351; Dh-sd3a200-gn-hi-a-pv-0400 Camara Ip\/ \/ Sd3a200-gn-a-pv\/ Pt De 2 Mp\/ Full Color\/ Disuasion Activa\/ Lente Fijo\/ Luz Blanca De 30 Metros\/ Ir De 30 Metros\/ H.265+\/ Ranura Microsd\/ Audio Bidireccional Con Altavoz Integrado","og_description":"Compra Dh-sd3a200-gn-hi-a-pv-0400 Camara Ip\/ \/ Sd3a200-gn-a-pv\/ Pt De 2 Mp\/ Full Color\/ Disuasion Activa\/ Lente Fijo\/ Luz Blanca De 30 Metros\/ Ir De 30 Metros\/ H.265+\/ Ranura Microsd\/ Audio Bidireccional Con Altavoz Integrado + Env\u00edo a domicilio + Pago seguro + Garant\u00eda","og_url":"https:\/\/compuviper.mx\/tienda\/producto\/dahua-dh-sd3a200-gn-hi-a-pv-0400-camara-ip-sd3a200-gn-a-pv-pt-de-2-mp-full-color-disuasion-activa-lente-fijo-luz-blanca-de-30-metros-ir-de-30-metros-h-265-ranura-microsd-audio-bidireccion\/","og_site_name":"Compuviper","article_publisher":"https:\/\/www.facebook.com\/compuviper","og_image":[{"width":200,"height":200,"url":"https:\/\/compuviper.mx\/tienda\/wp-content\/uploads\/2025\/10\/Camara-ip-dahua-sd3a200-gn-a-pv-pt-de-2-mp-full-color-disuasion-activa-lente-fijo-luz-blanca-de-30-metros-ir-de-30-metros-h.265-ranura-microsd-audio-bidireccional-con-altavoz-integrado.jpg","type":"image\/jpeg"}],"twitter_card":"summary_large_image","twitter_misc":{"Precio":"&#36;1,800 con IVA","Availability":"On backorder"},"schema":{"@context":"https:\/\/schema.org","@graph":[{"@type":"WebPage","@id":"https:\/\/compuviper.mx\/tienda\/producto\/dahua-dh-sd3a200-gn-hi-a-pv-0400-camara-ip-sd3a200-gn-a-pv-pt-de-2-mp-full-color-disuasion-activa-lente-fijo-luz-blanca-de-30-metros-ir-de-30-metros-h-265-ranura-microsd-audio-bidireccion\/","url":"https:\/\/compuviper.mx\/tienda\/producto\/dahua-dh-sd3a200-gn-hi-a-pv-0400-camara-ip-sd3a200-gn-a-pv-pt-de-2-mp-full-color-disuasion-activa-lente-fijo-luz-blanca-de-30-metros-ir-de-30-metros-h-265-ranura-microsd-audio-bidireccion\/","name":"[ Dahua ] &#129351; Dh-sd3a200-gn-hi-a-pv-0400 Camara Ip\/ \/ Sd3a200-gn-a-pv\/ Pt De 2 Mp\/ Full Color\/ Disuasion Activa\/ Lente Fijo\/ Luz Blanca De 30 Metros\/ Ir De 30 Metros\/ H.265+\/ Ranura Microsd\/ Audio Bidireccional Con Altavoz Integrado","isPartOf":{"@id":"https:\/\/compuviper.mx\/tienda\/#website"},"datePublished":"2026-04-23T06:15:02+00:00","dateModified":"2026-04-23T06:15:02+00:00","description":"Compra Dh-sd3a200-gn-hi-a-pv-0400 Camara Ip\/ \/ Sd3a200-gn-a-pv\/ Pt De 2 Mp\/ Full Color\/ Disuasion Activa\/ Lente Fijo\/ Luz Blanca De 30 Metros\/ Ir De 30 Metros\/ H.265+\/ Ranura Microsd\/ Audio Bidireccional Con Altavoz Integrado + Env\u00edo a domicilio + Pago seguro + Garant\u00eda","breadcrumb":{"@id":"https:\/\/compuviper.mx\/tienda\/producto\/dahua-dh-sd3a200-gn-hi-a-pv-0400-camara-ip-sd3a200-gn-a-pv-pt-de-2-mp-full-color-disuasion-activa-lente-fijo-luz-blanca-de-30-metros-ir-de-30-metros-h-265-ranura-microsd-audio-bidireccion\/#breadcrumb"},"inLanguage":"es-MX","potentialAction":[{"@type":"ReadAction","target":["https:\/\/compuviper.mx\/tienda\/producto\/dahua-dh-sd3a200-gn-hi-a-pv-0400-camara-ip-sd3a200-gn-a-pv-pt-de-2-mp-full-color-disuasion-activa-lente-fijo-luz-blanca-de-30-metros-ir-de-30-metros-h-265-ranura-microsd-audio-bidireccion\/"]}]},{"@type":"BreadcrumbList","@id":"https:\/\/compuviper.mx\/tienda\/producto\/dahua-dh-sd3a200-gn-hi-a-pv-0400-camara-ip-sd3a200-gn-a-pv-pt-de-2-mp-full-color-disuasion-activa-lente-fijo-luz-blanca-de-30-metros-ir-de-30-metros-h-265-ranura-microsd-audio-bidireccion\/#breadcrumb","itemListElement":[{"@type":"ListItem","position":1,"name":"Inicio","item":"https:\/\/compuviper.mx\/tienda\/"},{"@type":"ListItem","position":2,"name":"Productos","item":"https:\/\/compuviper.mx\/tienda\/productos\/"},{"@type":"ListItem","position":3,"name":"Camaras","item":"https:\/\/compuviper.mx\/tienda\/categoria-producto\/camaras-2\/"},{"@type":"ListItem","position":4,"name":"Camara De Videovigilancia","item":"https:\/\/compuviper.mx\/tienda\/categoria-producto\/camaras-2\/camara-de-videovigilancia\/"},{"@type":"ListItem","position":5,"name":"Dahua Dh-sd3a200-gn-hi-a-pv-0400 Camara Ip\/ \/ Sd3a200-gn-a-pv\/ Pt De 2 Mp\/ Full Color\/ Disuasion Activa\/ Lente Fijo\/ Luz Blanca De 30 Metros\/ Ir De 30 Metros\/ H.265+\/ Ranura Microsd\/ Audio Bidireccional Con Altavoz Integrado"}]},{"@type":"WebSite","@id":"https:\/\/compuviper.mx\/tienda\/#website","url":"https:\/\/compuviper.mx\/tienda\/","name":"Compuviper","description":"Proveedor de Computadoras, Laptops, Servidores, Monitores, Puntos de Venta, Teclados,   Impresoras, T\u00f3ner, C\u00e1maras de Seguridad y m\u00e1s en tu tienda en l\u00ednea","publisher":{"@id":"https:\/\/compuviper.mx\/tienda\/#organization"},"potentialAction":[{"@type":"SearchAction","target":{"@type":"EntryPoint","urlTemplate":"https:\/\/compuviper.mx\/tienda\/?s={search_term_string}"},"query-input":"required name=search_term_string"}],"inLanguage":"es-MX"},{"@type":"Organization","@id":"https:\/\/compuviper.mx\/tienda\/#organization","name":"Compuviper","url":"https:\/\/compuviper.mx\/tienda\/","logo":{"@type":"ImageObject","inLanguage":"es-MX","@id":"https:\/\/compuviper.mx\/tienda\/#\/schema\/logo\/image\/","url":"https:\/\/compuviper.mx\/tienda\/wp-content\/uploads\/2021\/08\/Logo-Compuviper-10.png","contentUrl":"https:\/\/compuviper.mx\/tienda\/wp-content\/uploads\/2021\/08\/Logo-Compuviper-10.png","width":1000,"height":500,"caption":"Compuviper"},"image":{"@id":"https:\/\/compuviper.mx\/tienda\/#\/schema\/logo\/image\/"},"sameAs":["https:\/\/www.facebook.com\/compuviper","https:\/\/www.youtube.com\/channel\/UCf73dERp9Y3cfOq7q8BhLjA?view_as=subscriber"]}]},"product_brand":"DAHUA","product_price_amount":"1800","product_price_currency":"MXN","og_availability":"backorder","product_availability":"available for order","product_retailer_item_id":"DH-SD3A200-GN-HI-A-PV-0400","product_condition":"new"},"_links":{"self":[{"href":"https:\/\/compuviper.mx\/tienda\/wp-json\/wp\/v2\/product\/245935"}],"collection":[{"href":"https:\/\/compuviper.mx\/tienda\/wp-json\/wp\/v2\/product"}],"about":[{"href":"https:\/\/compuviper.mx\/tienda\/wp-json\/wp\/v2\/types\/product"}],"replies":[{"embeddable":true,"href":"https:\/\/compuviper.mx\/tienda\/wp-json\/wp\/v2\/comments?post=245935"}],"wp:featuredmedia":[{"embeddable":true,"href":"https:\/\/compuviper.mx\/tienda\/wp-json\/wp\/v2\/media\/259345"}],"wp:attachment":[{"href":"https:\/\/compuviper.mx\/tienda\/wp-json\/wp\/v2\/media?parent=245935"}],"wp:term":[{"taxonomy":"product_cat","embeddable":true,"href":"https:\/\/compuviper.mx\/tienda\/wp-json\/wp\/v2\/product_cat?post=245935"},{"taxonomy":"product_tag","embeddable":true,"href":"https:\/\/compuviper.mx\/tienda\/wp-json\/wp\/v2\/product_tag?post=245935"}],"curies":[{"name":"wp","href":"https:\/\/api.w.org\/{rel}","templated":true}]}}