{"id":245717,"date":"2026-04-07T01:57:56","date_gmt":"2026-04-07T07:57:56","guid":{"rendered":"https:\/\/compuviper.mx\/tienda\/producto\/polycom-8x223aa-diadema-hp-poly-bw-8225-alambrica-binaural-conexion-usb-c-usb-a-cancelacion-activa-de-ruido-control-para-llamadas-color-negro-naranja\/"},"modified":"2026-04-07T01:57:56","modified_gmt":"2026-04-07T07:57:56","slug":"poly-8x223aa-diadema-hp-bw-8225-alambrica-binaural-conexion-usb-c-usb-a-cancelacion-activa-de-ruido-control-para-llamadas-color-negro-naranja","status":"publish","type":"product","link":"https:\/\/compuviper.mx\/tienda\/producto\/poly-8x223aa-diadema-hp-bw-8225-alambrica-binaural-conexion-usb-c-usb-a-cancelacion-activa-de-ruido-control-para-llamadas-color-negro-naranja\/","title":{"rendered":"Poly 8x223aa Diadema Hp   Bw 8225\/ Alambrica Binaural Conexion Usb-c Usb-a Cancelacion Activa De Ruido Control Para Llamadas Color Negro Naranja"},"content":{"rendered":"<table class=\"descripcion\">\n<tr>\n<td>Compatibilidad:  se conecta a una pc o un telfono de escritorio a travs de usb-a\/usb type-c<\/td>\n<\/tr>\n<tr>\n<td>Color:  negro<\/td>\n<\/tr>\n<tr>\n<td>Longitud del micrfono con brazo articulado mm:  135 milmetros<\/td>\n<\/tr>\n<tr>\n<td>Sensibilidad micrfono:  c\u00e1mara rflex de 10 db<\/td>\n<\/tr>\n<tr>\n<td>Relacin seal-ruido:   30db<\/td>\n<\/tr>\n<tr>\n<td>Impedancia:  32 ohm<\/td>\n<\/tr>\n<tr>\n<td>Longitud del cable:  63 cm mdulo en lnea a auricular; 149 cm usb a mdulo en lnea; 219 cm usb total a auricular<\/td>\n<\/tr>\n<tr>\n<td>Controles de usuario de botones:  responder\/finalizar llamada; silencio; volumen \/-; anc: apagado, bajo, alto<\/td>\n<\/tr>\n<tr>\n<td>Tipo de auricular:  en la oreja estreo<\/td>\n<\/tr>\n<tr>\n<td>Sensibilidad altavoz:  6 db de intensidad de luz<\/td>\n<\/tr>\n<tr>\n<td>Tipo de micrfono:  omnidireccional<\/td>\n<\/tr>\n<tr>\n<td>Ancho de banda del altavoz:  200 hz a 6,8 khz modo de voz; 20 hz a 20 khz modo multimedia<\/td>\n<\/tr>\n<tr>\n<td>Ancho de banda del micrfono:  100 hz a 10 khz<\/td>\n<\/tr>\n<tr>\n<td>Rotacin del micrfono con brazo articulado:  280\u00b0<\/td>\n<\/tr>\n<tr>\n<td>Almohadillas para los odos:  cuero artificial material de la superficie<\/td>\n<\/tr>\n<tr>\n<td>Sistemas operativos compatibles:  windows 11; windows 10; macos<\/td>\n<\/tr>\n<tr>\n<td>Tecnologa de proteccin acstica:  soundguard digital 1 2<\/td>\n<\/tr>\n<tr>\n<td>Dimensiones mnimas an x p x al:  155 x 32 x 18 mm<\/td>\n<\/tr>\n<tr>\n<td>Tamao del altavoz:  32 milmetros<\/td>\n<\/tr>\n<tr>\n<td>Dimensiones del paquete an x p x al:  183 x 209 x 55 mm<\/td>\n<\/tr>\n<tr>\n<td>Dimensiones del pal an x p x al:  101,6 x 121,9 x 194 cm<\/td>\n<\/tr>\n<tr>\n<td>Cajas por capa:  10<\/td>\n<\/tr>\n<tr>\n<td>Peso:  186 gramos<\/td>\n<\/tr>\n<tr>\n<td>Peso del paquete:  300 gramos<\/td>\n<\/tr>\n<tr>\n<td>Peso del pal:  357 kilogramos<\/td>\n<\/tr>\n<tr>\n<td>Requisitos mnimos del sistema:  puerto usb tipo a; puerto usb tipo c\u00ae<\/td>\n<\/tr>\n<tr>\n<td>\u00bfqu hay en la caja?:  auriculares; estuche de transporte; gua del usuario; adaptador usb type-c\u00ae a usb type-a<\/td>\n<\/tr>\n<\/table>\n","protected":false},"excerpt":{"rendered":"<p>Anc hbrido avanzado. Optimice la comodidad y la calidad del audio con la cancelacin activa de ruido anc hbrida avanzada eligiendo entre tres configuraciones. Tecnologa de vallas acsticas. Reduzca las interrupciones causadas por personas cercanas y el ruido ambiental con el micrfono flexible con cancelacin de ruido mejorado con tecnologa acoustic fence. Opciones de conectividad. Conectividad mejorada para sus dispositivos con un cable usb tipo-c\u00ae y un adaptador usb-a conectado. Diseo ligero. La diadema acolchada y las suaves almohadillas de cuero sinttico brindan comodidad durante todo el da. Control en lnea. Control de llamadas en lnea f\u00e1cil de usar con botones para responder\/finalizar llamadas, silenciar, subir\/bajar volumen y un interruptor anc de tres configuraciones. Plataformas de comunicacin. El sueo de todo administrador de ti, este auricular fue creado para la comunicacin y est\u00e1 optimizado y certificado para funcionar con los principales proveedores de reuniones virtuales.<\/p>\n","protected":false},"featured_media":260838,"comment_status":"open","ping_status":"open","template":"","meta":[],"product_cat":[1552,1816],"product_tag":[2035],"acf":[],"yoast_head":"<!-- This site is optimized with the Yoast SEO plugin v21.7 - https:\/\/yoast.com\/wordpress\/plugins\/seo\/ -->\n<title>[ Poly ] &#129351; 8x223aa Diadema Hp Bw 8225\/ Alambrica Binaural Conexion Usb-c Usb-a Cancelacion Activa De Ruido Control Para Llamadas Color Negro Naranja<\/title>\n<meta name=\"description\" content=\"Compra 8x223aa Diadema Hp Bw 8225\/ Alambrica Binaural Conexion Usb-c Usb-a Cancelacion Activa De Ruido Control Para Llamadas Color Negro Naranja + Env\u00edo a domicilio + Pago seguro + Garant\u00eda\" \/>\n<meta name=\"robots\" content=\"index, follow, max-snippet:-1, max-image-preview:large, max-video-preview:-1\" \/>\n<link rel=\"canonical\" href=\"https:\/\/compuviper.mx\/tienda\/producto\/poly-8x223aa-diadema-hp-bw-8225-alambrica-binaural-conexion-usb-c-usb-a-cancelacion-activa-de-ruido-control-para-llamadas-color-negro-naranja\/\" \/>\n<meta property=\"og:locale\" content=\"es_MX\" \/>\n<meta property=\"og:type\" content=\"article\" \/>\n<meta property=\"og:title\" content=\"[ Poly ] &#129351; 8x223aa Diadema Hp Bw 8225\/ Alambrica Binaural Conexion Usb-c Usb-a Cancelacion Activa De Ruido Control Para Llamadas Color Negro Naranja\" \/>\n<meta property=\"og:description\" content=\"Compra 8x223aa Diadema Hp Bw 8225\/ Alambrica Binaural Conexion Usb-c Usb-a Cancelacion Activa De Ruido Control Para Llamadas Color Negro Naranja + Env\u00edo a domicilio + Pago seguro + Garant\u00eda\" \/>\n<meta property=\"og:url\" content=\"https:\/\/compuviper.mx\/tienda\/producto\/poly-8x223aa-diadema-hp-bw-8225-alambrica-binaural-conexion-usb-c-usb-a-cancelacion-activa-de-ruido-control-para-llamadas-color-negro-naranja\/\" \/>\n<meta property=\"og:site_name\" content=\"Compuviper\" \/>\n<meta property=\"article:publisher\" content=\"https:\/\/www.facebook.com\/compuviper\" \/>\n<meta property=\"og:image\" content=\"https:\/\/compuviper.mx\/tienda\/wp-content\/uploads\/2025\/10\/Diadema-hp-poly-8x223aa-bw-8225-alambrica-binaural-conexion-usb-c-usb-a-cancelacion-activa-de-ruido-control-para-llamadas-color-negro-naranja.jpg\" \/>\n\t<meta property=\"og:image:width\" content=\"200\" \/>\n\t<meta property=\"og:image:height\" content=\"200\" \/>\n\t<meta property=\"og:image:type\" content=\"image\/jpeg\" \/>\n<meta name=\"twitter:card\" content=\"summary_large_image\" \/>\n<meta name=\"twitter:label1\" content=\"Precio\" \/>\n\t<meta name=\"twitter:data1\" content=\"&#36;3,422 &#36;2,623 con IVA\" \/>\n\t<meta name=\"twitter:label2\" content=\"Availability\" \/>\n\t<meta name=\"twitter:data2\" content=\"Out of stock\" \/>\n<script type=\"application\/ld+json\" class=\"yoast-schema-graph\">{\"@context\":\"https:\/\/schema.org\",\"@graph\":[{\"@type\":\"WebPage\",\"@id\":\"https:\/\/compuviper.mx\/tienda\/producto\/poly-8x223aa-diadema-hp-bw-8225-alambrica-binaural-conexion-usb-c-usb-a-cancelacion-activa-de-ruido-control-para-llamadas-color-negro-naranja\/\",\"url\":\"https:\/\/compuviper.mx\/tienda\/producto\/poly-8x223aa-diadema-hp-bw-8225-alambrica-binaural-conexion-usb-c-usb-a-cancelacion-activa-de-ruido-control-para-llamadas-color-negro-naranja\/\",\"name\":\"[ Poly ] &#129351; 8x223aa Diadema Hp Bw 8225\/ Alambrica Binaural Conexion Usb-c Usb-a Cancelacion Activa De Ruido Control Para Llamadas Color Negro Naranja\",\"isPartOf\":{\"@id\":\"https:\/\/compuviper.mx\/tienda\/#website\"},\"datePublished\":\"2026-04-07T07:57:56+00:00\",\"dateModified\":\"2026-04-07T07:57:56+00:00\",\"description\":\"Compra 8x223aa Diadema Hp Bw 8225\/ Alambrica Binaural Conexion Usb-c Usb-a Cancelacion Activa De Ruido Control Para Llamadas Color Negro Naranja + Env\u00edo a domicilio + Pago seguro + Garant\u00eda\",\"breadcrumb\":{\"@id\":\"https:\/\/compuviper.mx\/tienda\/producto\/poly-8x223aa-diadema-hp-bw-8225-alambrica-binaural-conexion-usb-c-usb-a-cancelacion-activa-de-ruido-control-para-llamadas-color-negro-naranja\/#breadcrumb\"},\"inLanguage\":\"es-MX\",\"potentialAction\":[{\"@type\":\"ReadAction\",\"target\":[\"https:\/\/compuviper.mx\/tienda\/producto\/poly-8x223aa-diadema-hp-bw-8225-alambrica-binaural-conexion-usb-c-usb-a-cancelacion-activa-de-ruido-control-para-llamadas-color-negro-naranja\/\"]}]},{\"@type\":\"BreadcrumbList\",\"@id\":\"https:\/\/compuviper.mx\/tienda\/producto\/poly-8x223aa-diadema-hp-bw-8225-alambrica-binaural-conexion-usb-c-usb-a-cancelacion-activa-de-ruido-control-para-llamadas-color-negro-naranja\/#breadcrumb\",\"itemListElement\":[{\"@type\":\"ListItem\",\"position\":1,\"name\":\"Inicio\",\"item\":\"https:\/\/compuviper.mx\/tienda\/\"},{\"@type\":\"ListItem\",\"position\":2,\"name\":\"Productos\",\"item\":\"https:\/\/compuviper.mx\/tienda\/productos\/\"},{\"@type\":\"ListItem\",\"position\":3,\"name\":\"Audifonos Y Micro\",\"item\":\"https:\/\/compuviper.mx\/tienda\/categoria-producto\/audifonos-y-micro\/\"},{\"@type\":\"ListItem\",\"position\":4,\"name\":\"Audifono Con Microfono\",\"item\":\"https:\/\/compuviper.mx\/tienda\/categoria-producto\/audifonos-y-micro\/audifono-con-microfono\/\"},{\"@type\":\"ListItem\",\"position\":5,\"name\":\"Poly 8x223aa Diadema Hp Bw 8225\/ Alambrica Binaural Conexion Usb-c Usb-a Cancelacion Activa De Ruido Control Para Llamadas Color Negro Naranja\"}]},{\"@type\":\"WebSite\",\"@id\":\"https:\/\/compuviper.mx\/tienda\/#website\",\"url\":\"https:\/\/compuviper.mx\/tienda\/\",\"name\":\"Compuviper\",\"description\":\"Proveedor de Computadoras, Laptops, Servidores, Monitores, Puntos de Venta, Teclados,   Impresoras, T\u00f3ner, C\u00e1maras de Seguridad y m\u00e1s en tu tienda en l\u00ednea\",\"publisher\":{\"@id\":\"https:\/\/compuviper.mx\/tienda\/#organization\"},\"potentialAction\":[{\"@type\":\"SearchAction\",\"target\":{\"@type\":\"EntryPoint\",\"urlTemplate\":\"https:\/\/compuviper.mx\/tienda\/?s={search_term_string}\"},\"query-input\":\"required name=search_term_string\"}],\"inLanguage\":\"es-MX\"},{\"@type\":\"Organization\",\"@id\":\"https:\/\/compuviper.mx\/tienda\/#organization\",\"name\":\"Compuviper\",\"url\":\"https:\/\/compuviper.mx\/tienda\/\",\"logo\":{\"@type\":\"ImageObject\",\"inLanguage\":\"es-MX\",\"@id\":\"https:\/\/compuviper.mx\/tienda\/#\/schema\/logo\/image\/\",\"url\":\"https:\/\/compuviper.mx\/tienda\/wp-content\/uploads\/2021\/08\/Logo-Compuviper-10.png\",\"contentUrl\":\"https:\/\/compuviper.mx\/tienda\/wp-content\/uploads\/2021\/08\/Logo-Compuviper-10.png\",\"width\":1000,\"height\":500,\"caption\":\"Compuviper\"},\"image\":{\"@id\":\"https:\/\/compuviper.mx\/tienda\/#\/schema\/logo\/image\/\"},\"sameAs\":[\"https:\/\/www.facebook.com\/compuviper\",\"https:\/\/www.youtube.com\/channel\/UCf73dERp9Y3cfOq7q8BhLjA?view_as=subscriber\"]}]}<\/script>\n<meta property=\"product:brand\" content=\"POLY\" \/>\n<meta property=\"product:price:amount\" content=\"2623\" \/>\n<meta property=\"product:price:currency\" content=\"MXN\" \/>\n<meta property=\"og:availability\" content=\"out of stock\" \/>\n<meta property=\"product:availability\" content=\"out of stock\" \/>\n<meta property=\"product:retailer_item_id\" content=\"8X223AA\" \/>\n<meta property=\"product:condition\" content=\"new\" \/>\n<!-- \/ Yoast SEO plugin. -->","yoast_head_json":{"title":"[ Poly ] &#129351; 8x223aa Diadema Hp Bw 8225\/ Alambrica Binaural Conexion Usb-c Usb-a Cancelacion Activa De Ruido Control Para Llamadas Color Negro Naranja","description":"Compra 8x223aa Diadema Hp Bw 8225\/ Alambrica Binaural Conexion Usb-c Usb-a Cancelacion Activa De Ruido Control Para Llamadas Color Negro Naranja + Env\u00edo a domicilio + Pago seguro + Garant\u00eda","robots":{"index":"index","follow":"follow","max-snippet":"max-snippet:-1","max-image-preview":"max-image-preview:large","max-video-preview":"max-video-preview:-1"},"canonical":"https:\/\/compuviper.mx\/tienda\/producto\/poly-8x223aa-diadema-hp-bw-8225-alambrica-binaural-conexion-usb-c-usb-a-cancelacion-activa-de-ruido-control-para-llamadas-color-negro-naranja\/","og_locale":"es_MX","og_type":"article","og_title":"[ Poly ] &#129351; 8x223aa Diadema Hp Bw 8225\/ Alambrica Binaural Conexion Usb-c Usb-a Cancelacion Activa De Ruido Control Para Llamadas Color Negro Naranja","og_description":"Compra 8x223aa Diadema Hp Bw 8225\/ Alambrica Binaural Conexion Usb-c Usb-a Cancelacion Activa De Ruido Control Para Llamadas Color Negro Naranja + Env\u00edo a domicilio + Pago seguro + Garant\u00eda","og_url":"https:\/\/compuviper.mx\/tienda\/producto\/poly-8x223aa-diadema-hp-bw-8225-alambrica-binaural-conexion-usb-c-usb-a-cancelacion-activa-de-ruido-control-para-llamadas-color-negro-naranja\/","og_site_name":"Compuviper","article_publisher":"https:\/\/www.facebook.com\/compuviper","og_image":[{"width":200,"height":200,"url":"https:\/\/compuviper.mx\/tienda\/wp-content\/uploads\/2025\/10\/Diadema-hp-poly-8x223aa-bw-8225-alambrica-binaural-conexion-usb-c-usb-a-cancelacion-activa-de-ruido-control-para-llamadas-color-negro-naranja.jpg","type":"image\/jpeg"}],"twitter_card":"summary_large_image","twitter_misc":{"Precio":"&#36;3,422 &#36;2,623 con IVA","Availability":"Out of stock"},"schema":{"@context":"https:\/\/schema.org","@graph":[{"@type":"WebPage","@id":"https:\/\/compuviper.mx\/tienda\/producto\/poly-8x223aa-diadema-hp-bw-8225-alambrica-binaural-conexion-usb-c-usb-a-cancelacion-activa-de-ruido-control-para-llamadas-color-negro-naranja\/","url":"https:\/\/compuviper.mx\/tienda\/producto\/poly-8x223aa-diadema-hp-bw-8225-alambrica-binaural-conexion-usb-c-usb-a-cancelacion-activa-de-ruido-control-para-llamadas-color-negro-naranja\/","name":"[ Poly ] &#129351; 8x223aa Diadema Hp Bw 8225\/ Alambrica Binaural Conexion Usb-c Usb-a Cancelacion Activa De Ruido Control Para Llamadas Color Negro Naranja","isPartOf":{"@id":"https:\/\/compuviper.mx\/tienda\/#website"},"datePublished":"2026-04-07T07:57:56+00:00","dateModified":"2026-04-07T07:57:56+00:00","description":"Compra 8x223aa Diadema Hp Bw 8225\/ Alambrica Binaural Conexion Usb-c Usb-a Cancelacion Activa De Ruido Control Para Llamadas Color Negro Naranja + Env\u00edo a domicilio + Pago seguro + Garant\u00eda","breadcrumb":{"@id":"https:\/\/compuviper.mx\/tienda\/producto\/poly-8x223aa-diadema-hp-bw-8225-alambrica-binaural-conexion-usb-c-usb-a-cancelacion-activa-de-ruido-control-para-llamadas-color-negro-naranja\/#breadcrumb"},"inLanguage":"es-MX","potentialAction":[{"@type":"ReadAction","target":["https:\/\/compuviper.mx\/tienda\/producto\/poly-8x223aa-diadema-hp-bw-8225-alambrica-binaural-conexion-usb-c-usb-a-cancelacion-activa-de-ruido-control-para-llamadas-color-negro-naranja\/"]}]},{"@type":"BreadcrumbList","@id":"https:\/\/compuviper.mx\/tienda\/producto\/poly-8x223aa-diadema-hp-bw-8225-alambrica-binaural-conexion-usb-c-usb-a-cancelacion-activa-de-ruido-control-para-llamadas-color-negro-naranja\/#breadcrumb","itemListElement":[{"@type":"ListItem","position":1,"name":"Inicio","item":"https:\/\/compuviper.mx\/tienda\/"},{"@type":"ListItem","position":2,"name":"Productos","item":"https:\/\/compuviper.mx\/tienda\/productos\/"},{"@type":"ListItem","position":3,"name":"Audifonos Y Micro","item":"https:\/\/compuviper.mx\/tienda\/categoria-producto\/audifonos-y-micro\/"},{"@type":"ListItem","position":4,"name":"Audifono Con Microfono","item":"https:\/\/compuviper.mx\/tienda\/categoria-producto\/audifonos-y-micro\/audifono-con-microfono\/"},{"@type":"ListItem","position":5,"name":"Poly 8x223aa Diadema Hp Bw 8225\/ Alambrica Binaural Conexion Usb-c Usb-a Cancelacion Activa De Ruido Control Para Llamadas Color Negro Naranja"}]},{"@type":"WebSite","@id":"https:\/\/compuviper.mx\/tienda\/#website","url":"https:\/\/compuviper.mx\/tienda\/","name":"Compuviper","description":"Proveedor de Computadoras, Laptops, Servidores, Monitores, Puntos de Venta, Teclados,   Impresoras, T\u00f3ner, C\u00e1maras de Seguridad y m\u00e1s en tu tienda en l\u00ednea","publisher":{"@id":"https:\/\/compuviper.mx\/tienda\/#organization"},"potentialAction":[{"@type":"SearchAction","target":{"@type":"EntryPoint","urlTemplate":"https:\/\/compuviper.mx\/tienda\/?s={search_term_string}"},"query-input":"required name=search_term_string"}],"inLanguage":"es-MX"},{"@type":"Organization","@id":"https:\/\/compuviper.mx\/tienda\/#organization","name":"Compuviper","url":"https:\/\/compuviper.mx\/tienda\/","logo":{"@type":"ImageObject","inLanguage":"es-MX","@id":"https:\/\/compuviper.mx\/tienda\/#\/schema\/logo\/image\/","url":"https:\/\/compuviper.mx\/tienda\/wp-content\/uploads\/2021\/08\/Logo-Compuviper-10.png","contentUrl":"https:\/\/compuviper.mx\/tienda\/wp-content\/uploads\/2021\/08\/Logo-Compuviper-10.png","width":1000,"height":500,"caption":"Compuviper"},"image":{"@id":"https:\/\/compuviper.mx\/tienda\/#\/schema\/logo\/image\/"},"sameAs":["https:\/\/www.facebook.com\/compuviper","https:\/\/www.youtube.com\/channel\/UCf73dERp9Y3cfOq7q8BhLjA?view_as=subscriber"]}]},"product_brand":"POLY","product_price_amount":"2623","product_price_currency":"MXN","og_availability":"out of stock","product_availability":"out of stock","product_retailer_item_id":"8X223AA","product_condition":"new"},"_links":{"self":[{"href":"https:\/\/compuviper.mx\/tienda\/wp-json\/wp\/v2\/product\/245717"}],"collection":[{"href":"https:\/\/compuviper.mx\/tienda\/wp-json\/wp\/v2\/product"}],"about":[{"href":"https:\/\/compuviper.mx\/tienda\/wp-json\/wp\/v2\/types\/product"}],"replies":[{"embeddable":true,"href":"https:\/\/compuviper.mx\/tienda\/wp-json\/wp\/v2\/comments?post=245717"}],"wp:featuredmedia":[{"embeddable":true,"href":"https:\/\/compuviper.mx\/tienda\/wp-json\/wp\/v2\/media\/260838"}],"wp:attachment":[{"href":"https:\/\/compuviper.mx\/tienda\/wp-json\/wp\/v2\/media?parent=245717"}],"wp:term":[{"taxonomy":"product_cat","embeddable":true,"href":"https:\/\/compuviper.mx\/tienda\/wp-json\/wp\/v2\/product_cat?post=245717"},{"taxonomy":"product_tag","embeddable":true,"href":"https:\/\/compuviper.mx\/tienda\/wp-json\/wp\/v2\/product_tag?post=245717"}],"curies":[{"name":"wp","href":"https:\/\/api.w.org\/{rel}","templated":true}]}}