{"id":245420,"date":"2026-04-07T02:03:40","date_gmt":"2026-04-07T08:03:40","guid":{"rendered":"https:\/\/compuviper.mx\/tienda\/producto\/net2phone-mx-ucontact-omni-ucontact-omni-licencia-contact-center-avanzado\/"},"modified":"2026-04-07T02:03:40","modified_gmt":"2026-04-07T08:03:40","slug":"net2phone-mx-ucontact-omni-agente-para-contact-center-omnicanal-ucontact-omni-licencia-por-usuario-concurrente-renta-mensual-entrega-electronica","status":"publish","type":"product","link":"https:\/\/compuviper.mx\/tienda\/producto\/net2phone-mx-ucontact-omni-agente-para-contact-center-omnicanal-ucontact-omni-licencia-por-usuario-concurrente-renta-mensual-entrega-electronica\/","title":{"rendered":"Net2phone Mx-ucontact-omni Agente Para Contact Center Omnicanal &#8211; Ucontact Omni &#8211;  &#8211; Licencia Por Usuario Concurrente &#8211; Renta Mensual &#8211; Entrega Electronica"},"content":{"rendered":"<table class=\"descripcion\">\n<tr>\n<td><\/td>\n<\/tr>\n<\/table>\n","protected":false},"excerpt":{"rendered":"<p>Solucion ccaas omnicanal y basada en la nube que ayuda a las empresas de contact center a optimizar todas sus interacciones de voz, digitales y mixtas desde el mismo lugar. Ningun sistema debe mantenerse aislado de lo que sucede alrededor. Es por esto por lo que ucontact est\u00e1 construido de tal manera. Que permite su integracion con otras plataformas y web services. Utilizando una api rest o un iframe. Para cotizar favor de contactar a irlanda hernandez pm de net2phone  al 55 9557 8913.<\/p>\n","protected":false},"featured_media":245635,"comment_status":"open","ping_status":"open","template":"","meta":[],"product_cat":[1827,2001],"product_tag":[2213],"acf":[],"yoast_head":"<!-- This site is optimized with the Yoast SEO plugin v21.7 - https:\/\/yoast.com\/wordpress\/plugins\/seo\/ -->\n<title>[ Net2phone ] &#129351; Mx-ucontact-omni Agente Para Contact Center Omnicanal - Ucontact Omni - - Licencia Por Usuario Concurrente - Renta Mensual - Entrega Electronica<\/title>\n<meta name=\"description\" content=\"Compra Mx-ucontact-omni Agente Para Contact Center Omnicanal - Ucontact Omni - - Licencia Por Usuario Concurrente - Renta Mensual - Entrega Electronica + Env\u00edo a domicilio + Pago seguro + Garant\u00eda\" \/>\n<meta name=\"robots\" content=\"index, follow, max-snippet:-1, max-image-preview:large, max-video-preview:-1\" \/>\n<link rel=\"canonical\" href=\"https:\/\/compuviper.mx\/tienda\/producto\/net2phone-mx-ucontact-omni-agente-para-contact-center-omnicanal-ucontact-omni-licencia-por-usuario-concurrente-renta-mensual-entrega-electronica\/\" \/>\n<meta property=\"og:locale\" content=\"es_MX\" \/>\n<meta property=\"og:type\" content=\"article\" \/>\n<meta property=\"og:title\" content=\"[ Net2phone ] &#129351; Mx-ucontact-omni Agente Para Contact Center Omnicanal - Ucontact Omni - - Licencia Por Usuario Concurrente - Renta Mensual - Entrega Electronica\" \/>\n<meta property=\"og:description\" content=\"Compra Mx-ucontact-omni Agente Para Contact Center Omnicanal - Ucontact Omni - - Licencia Por Usuario Concurrente - Renta Mensual - Entrega Electronica + Env\u00edo a domicilio + Pago seguro + Garant\u00eda\" \/>\n<meta property=\"og:url\" content=\"https:\/\/compuviper.mx\/tienda\/producto\/net2phone-mx-ucontact-omni-agente-para-contact-center-omnicanal-ucontact-omni-licencia-por-usuario-concurrente-renta-mensual-entrega-electronica\/\" \/>\n<meta property=\"og:site_name\" content=\"Compuviper\" \/>\n<meta property=\"article:publisher\" content=\"https:\/\/www.facebook.com\/compuviper\" \/>\n<meta property=\"og:image\" content=\"https:\/\/compuviper.mx\/tienda\/wp-content\/uploads\/2024\/11\/Net2phone-ucontact-omni-licencia-contact-center-avanzado.jpg\" \/>\n\t<meta property=\"og:image:width\" content=\"200\" \/>\n\t<meta property=\"og:image:height\" content=\"200\" \/>\n\t<meta property=\"og:image:type\" content=\"image\/jpeg\" \/>\n<meta name=\"twitter:card\" content=\"summary_large_image\" \/>\n<meta name=\"twitter:label1\" content=\"Precio\" \/>\n\t<meta name=\"twitter:data1\" content=\"&#36;1,379 con IVA\" \/>\n\t<meta name=\"twitter:label2\" content=\"Availability\" \/>\n\t<meta name=\"twitter:data2\" content=\"On backorder\" \/>\n<script type=\"application\/ld+json\" class=\"yoast-schema-graph\">{\"@context\":\"https:\/\/schema.org\",\"@graph\":[{\"@type\":\"WebPage\",\"@id\":\"https:\/\/compuviper.mx\/tienda\/producto\/net2phone-mx-ucontact-omni-agente-para-contact-center-omnicanal-ucontact-omni-licencia-por-usuario-concurrente-renta-mensual-entrega-electronica\/\",\"url\":\"https:\/\/compuviper.mx\/tienda\/producto\/net2phone-mx-ucontact-omni-agente-para-contact-center-omnicanal-ucontact-omni-licencia-por-usuario-concurrente-renta-mensual-entrega-electronica\/\",\"name\":\"[ Net2phone ] &#129351; Mx-ucontact-omni Agente Para Contact Center Omnicanal - Ucontact Omni - - Licencia Por Usuario Concurrente - Renta Mensual - Entrega Electronica\",\"isPartOf\":{\"@id\":\"https:\/\/compuviper.mx\/tienda\/#website\"},\"datePublished\":\"2026-04-07T08:03:40+00:00\",\"dateModified\":\"2026-04-07T08:03:40+00:00\",\"description\":\"Compra Mx-ucontact-omni Agente Para Contact Center Omnicanal - Ucontact Omni - - Licencia Por Usuario Concurrente - Renta Mensual - Entrega Electronica + Env\u00edo a domicilio + Pago seguro + Garant\u00eda\",\"breadcrumb\":{\"@id\":\"https:\/\/compuviper.mx\/tienda\/producto\/net2phone-mx-ucontact-omni-agente-para-contact-center-omnicanal-ucontact-omni-licencia-por-usuario-concurrente-renta-mensual-entrega-electronica\/#breadcrumb\"},\"inLanguage\":\"es-MX\",\"potentialAction\":[{\"@type\":\"ReadAction\",\"target\":[\"https:\/\/compuviper.mx\/tienda\/producto\/net2phone-mx-ucontact-omni-agente-para-contact-center-omnicanal-ucontact-omni-licencia-por-usuario-concurrente-renta-mensual-entrega-electronica\/\"]}]},{\"@type\":\"BreadcrumbList\",\"@id\":\"https:\/\/compuviper.mx\/tienda\/producto\/net2phone-mx-ucontact-omni-agente-para-contact-center-omnicanal-ucontact-omni-licencia-por-usuario-concurrente-renta-mensual-entrega-electronica\/#breadcrumb\",\"itemListElement\":[{\"@type\":\"ListItem\",\"position\":1,\"name\":\"Inicio\",\"item\":\"https:\/\/compuviper.mx\/tienda\/\"},{\"@type\":\"ListItem\",\"position\":2,\"name\":\"Productos\",\"item\":\"https:\/\/compuviper.mx\/tienda\/productos\/\"},{\"@type\":\"ListItem\",\"position\":3,\"name\":\"Software\",\"item\":\"https:\/\/compuviper.mx\/tienda\/categoria-producto\/software\/\"},{\"@type\":\"ListItem\",\"position\":4,\"name\":\"Licenciamiento Electronico\",\"item\":\"https:\/\/compuviper.mx\/tienda\/categoria-producto\/software\/licenciamiento-electronico\/\"},{\"@type\":\"ListItem\",\"position\":5,\"name\":\"Net2phone Mx-ucontact-omni Agente Para Contact Center Omnicanal &#8211; Ucontact Omni &#8211; &#8211; Licencia Por Usuario Concurrente &#8211; Renta Mensual &#8211; Entrega Electronica\"}]},{\"@type\":\"WebSite\",\"@id\":\"https:\/\/compuviper.mx\/tienda\/#website\",\"url\":\"https:\/\/compuviper.mx\/tienda\/\",\"name\":\"Compuviper\",\"description\":\"Proveedor de Computadoras, Laptops, Servidores, Monitores, Puntos de Venta, Teclados,   Impresoras, T\u00f3ner, C\u00e1maras de Seguridad y m\u00e1s en tu tienda en l\u00ednea\",\"publisher\":{\"@id\":\"https:\/\/compuviper.mx\/tienda\/#organization\"},\"potentialAction\":[{\"@type\":\"SearchAction\",\"target\":{\"@type\":\"EntryPoint\",\"urlTemplate\":\"https:\/\/compuviper.mx\/tienda\/?s={search_term_string}\"},\"query-input\":\"required name=search_term_string\"}],\"inLanguage\":\"es-MX\"},{\"@type\":\"Organization\",\"@id\":\"https:\/\/compuviper.mx\/tienda\/#organization\",\"name\":\"Compuviper\",\"url\":\"https:\/\/compuviper.mx\/tienda\/\",\"logo\":{\"@type\":\"ImageObject\",\"inLanguage\":\"es-MX\",\"@id\":\"https:\/\/compuviper.mx\/tienda\/#\/schema\/logo\/image\/\",\"url\":\"https:\/\/compuviper.mx\/tienda\/wp-content\/uploads\/2021\/08\/Logo-Compuviper-10.png\",\"contentUrl\":\"https:\/\/compuviper.mx\/tienda\/wp-content\/uploads\/2021\/08\/Logo-Compuviper-10.png\",\"width\":1000,\"height\":500,\"caption\":\"Compuviper\"},\"image\":{\"@id\":\"https:\/\/compuviper.mx\/tienda\/#\/schema\/logo\/image\/\"},\"sameAs\":[\"https:\/\/www.facebook.com\/compuviper\",\"https:\/\/www.youtube.com\/channel\/UCf73dERp9Y3cfOq7q8BhLjA?view_as=subscriber\"]}]}<\/script>\n<meta property=\"product:brand\" content=\"Net2phone\" \/>\n<meta property=\"product:price:amount\" content=\"1379\" \/>\n<meta property=\"product:price:currency\" content=\"MXN\" \/>\n<meta property=\"og:availability\" content=\"backorder\" \/>\n<meta property=\"product:availability\" content=\"available for order\" \/>\n<meta property=\"product:retailer_item_id\" content=\"MX-UCONTACT-OMNI\" \/>\n<meta property=\"product:condition\" content=\"new\" \/>\n<!-- \/ Yoast SEO plugin. -->","yoast_head_json":{"title":"[ Net2phone ] &#129351; Mx-ucontact-omni Agente Para Contact Center Omnicanal - Ucontact Omni - - Licencia Por Usuario Concurrente - Renta Mensual - Entrega Electronica","description":"Compra Mx-ucontact-omni Agente Para Contact Center Omnicanal - Ucontact Omni - - Licencia Por Usuario Concurrente - Renta Mensual - Entrega Electronica + Env\u00edo a domicilio + Pago seguro + Garant\u00eda","robots":{"index":"index","follow":"follow","max-snippet":"max-snippet:-1","max-image-preview":"max-image-preview:large","max-video-preview":"max-video-preview:-1"},"canonical":"https:\/\/compuviper.mx\/tienda\/producto\/net2phone-mx-ucontact-omni-agente-para-contact-center-omnicanal-ucontact-omni-licencia-por-usuario-concurrente-renta-mensual-entrega-electronica\/","og_locale":"es_MX","og_type":"article","og_title":"[ Net2phone ] &#129351; Mx-ucontact-omni Agente Para Contact Center Omnicanal - Ucontact Omni - - Licencia Por Usuario Concurrente - Renta Mensual - Entrega Electronica","og_description":"Compra Mx-ucontact-omni Agente Para Contact Center Omnicanal - Ucontact Omni - - Licencia Por Usuario Concurrente - Renta Mensual - Entrega Electronica + Env\u00edo a domicilio + Pago seguro + Garant\u00eda","og_url":"https:\/\/compuviper.mx\/tienda\/producto\/net2phone-mx-ucontact-omni-agente-para-contact-center-omnicanal-ucontact-omni-licencia-por-usuario-concurrente-renta-mensual-entrega-electronica\/","og_site_name":"Compuviper","article_publisher":"https:\/\/www.facebook.com\/compuviper","og_image":[{"width":200,"height":200,"url":"https:\/\/compuviper.mx\/tienda\/wp-content\/uploads\/2024\/11\/Net2phone-ucontact-omni-licencia-contact-center-avanzado.jpg","type":"image\/jpeg"}],"twitter_card":"summary_large_image","twitter_misc":{"Precio":"&#36;1,379 con IVA","Availability":"On backorder"},"schema":{"@context":"https:\/\/schema.org","@graph":[{"@type":"WebPage","@id":"https:\/\/compuviper.mx\/tienda\/producto\/net2phone-mx-ucontact-omni-agente-para-contact-center-omnicanal-ucontact-omni-licencia-por-usuario-concurrente-renta-mensual-entrega-electronica\/","url":"https:\/\/compuviper.mx\/tienda\/producto\/net2phone-mx-ucontact-omni-agente-para-contact-center-omnicanal-ucontact-omni-licencia-por-usuario-concurrente-renta-mensual-entrega-electronica\/","name":"[ Net2phone ] &#129351; Mx-ucontact-omni Agente Para Contact Center Omnicanal - Ucontact Omni - - Licencia Por Usuario Concurrente - Renta Mensual - Entrega Electronica","isPartOf":{"@id":"https:\/\/compuviper.mx\/tienda\/#website"},"datePublished":"2026-04-07T08:03:40+00:00","dateModified":"2026-04-07T08:03:40+00:00","description":"Compra Mx-ucontact-omni Agente Para Contact Center Omnicanal - Ucontact Omni - - Licencia Por Usuario Concurrente - Renta Mensual - Entrega Electronica + Env\u00edo a domicilio + Pago seguro + Garant\u00eda","breadcrumb":{"@id":"https:\/\/compuviper.mx\/tienda\/producto\/net2phone-mx-ucontact-omni-agente-para-contact-center-omnicanal-ucontact-omni-licencia-por-usuario-concurrente-renta-mensual-entrega-electronica\/#breadcrumb"},"inLanguage":"es-MX","potentialAction":[{"@type":"ReadAction","target":["https:\/\/compuviper.mx\/tienda\/producto\/net2phone-mx-ucontact-omni-agente-para-contact-center-omnicanal-ucontact-omni-licencia-por-usuario-concurrente-renta-mensual-entrega-electronica\/"]}]},{"@type":"BreadcrumbList","@id":"https:\/\/compuviper.mx\/tienda\/producto\/net2phone-mx-ucontact-omni-agente-para-contact-center-omnicanal-ucontact-omni-licencia-por-usuario-concurrente-renta-mensual-entrega-electronica\/#breadcrumb","itemListElement":[{"@type":"ListItem","position":1,"name":"Inicio","item":"https:\/\/compuviper.mx\/tienda\/"},{"@type":"ListItem","position":2,"name":"Productos","item":"https:\/\/compuviper.mx\/tienda\/productos\/"},{"@type":"ListItem","position":3,"name":"Software","item":"https:\/\/compuviper.mx\/tienda\/categoria-producto\/software\/"},{"@type":"ListItem","position":4,"name":"Licenciamiento Electronico","item":"https:\/\/compuviper.mx\/tienda\/categoria-producto\/software\/licenciamiento-electronico\/"},{"@type":"ListItem","position":5,"name":"Net2phone Mx-ucontact-omni Agente Para Contact Center Omnicanal &#8211; Ucontact Omni &#8211; &#8211; Licencia Por Usuario Concurrente &#8211; Renta Mensual &#8211; Entrega Electronica"}]},{"@type":"WebSite","@id":"https:\/\/compuviper.mx\/tienda\/#website","url":"https:\/\/compuviper.mx\/tienda\/","name":"Compuviper","description":"Proveedor de Computadoras, Laptops, Servidores, Monitores, Puntos de Venta, Teclados,   Impresoras, T\u00f3ner, C\u00e1maras de Seguridad y m\u00e1s en tu tienda en l\u00ednea","publisher":{"@id":"https:\/\/compuviper.mx\/tienda\/#organization"},"potentialAction":[{"@type":"SearchAction","target":{"@type":"EntryPoint","urlTemplate":"https:\/\/compuviper.mx\/tienda\/?s={search_term_string}"},"query-input":"required name=search_term_string"}],"inLanguage":"es-MX"},{"@type":"Organization","@id":"https:\/\/compuviper.mx\/tienda\/#organization","name":"Compuviper","url":"https:\/\/compuviper.mx\/tienda\/","logo":{"@type":"ImageObject","inLanguage":"es-MX","@id":"https:\/\/compuviper.mx\/tienda\/#\/schema\/logo\/image\/","url":"https:\/\/compuviper.mx\/tienda\/wp-content\/uploads\/2021\/08\/Logo-Compuviper-10.png","contentUrl":"https:\/\/compuviper.mx\/tienda\/wp-content\/uploads\/2021\/08\/Logo-Compuviper-10.png","width":1000,"height":500,"caption":"Compuviper"},"image":{"@id":"https:\/\/compuviper.mx\/tienda\/#\/schema\/logo\/image\/"},"sameAs":["https:\/\/www.facebook.com\/compuviper","https:\/\/www.youtube.com\/channel\/UCf73dERp9Y3cfOq7q8BhLjA?view_as=subscriber"]}]},"product_brand":"Net2phone","product_price_amount":"1379","product_price_currency":"MXN","og_availability":"backorder","product_availability":"available for order","product_retailer_item_id":"MX-UCONTACT-OMNI","product_condition":"new"},"_links":{"self":[{"href":"https:\/\/compuviper.mx\/tienda\/wp-json\/wp\/v2\/product\/245420"}],"collection":[{"href":"https:\/\/compuviper.mx\/tienda\/wp-json\/wp\/v2\/product"}],"about":[{"href":"https:\/\/compuviper.mx\/tienda\/wp-json\/wp\/v2\/types\/product"}],"replies":[{"embeddable":true,"href":"https:\/\/compuviper.mx\/tienda\/wp-json\/wp\/v2\/comments?post=245420"}],"wp:featuredmedia":[{"embeddable":true,"href":"https:\/\/compuviper.mx\/tienda\/wp-json\/wp\/v2\/media\/245635"}],"wp:attachment":[{"href":"https:\/\/compuviper.mx\/tienda\/wp-json\/wp\/v2\/media?parent=245420"}],"wp:term":[{"taxonomy":"product_cat","embeddable":true,"href":"https:\/\/compuviper.mx\/tienda\/wp-json\/wp\/v2\/product_cat?post=245420"},{"taxonomy":"product_tag","embeddable":true,"href":"https:\/\/compuviper.mx\/tienda\/wp-json\/wp\/v2\/product_tag?post=245420"}],"curies":[{"name":"wp","href":"https:\/\/api.w.org\/{rel}","templated":true}]}}