{"id":245349,"date":"2026-04-02T00:30:14","date_gmt":"2026-04-02T06:30:14","guid":{"rendered":"https:\/\/compuviper.mx\/tienda\/producto\/forza-fpp-t1200-generador-electrico-de-baterias-lmfp-portatil-serie-titan-1200w-10-salidas-3ac-8dc-2-pantalla-lcd-panel-de-control-integrado-lampara-led-carga-rapida-en-1-5-horas\/"},"modified":"2026-04-02T00:30:14","modified_gmt":"2026-04-02T06:30:14","slug":"forza-fpp-t1200-generador-electrico-de-baterias-lmfp-portatil-serie-titan-1200w-10-salidas-3ac-8dc-2-pantalla-lcd-panel-de-control-integrado-lampara-led-carga-rapida-en-1-5-horas","status":"publish","type":"product","link":"https:\/\/compuviper.mx\/tienda\/producto\/forza-fpp-t1200-generador-electrico-de-baterias-lmfp-portatil-serie-titan-1200w-10-salidas-3ac-8dc-2-pantalla-lcd-panel-de-control-integrado-lampara-led-carga-rapida-en-1-5-horas\/","title":{"rendered":"Forza Fpp-t1200 Generador Electrico De Baterias Lmfp  Portatil  Serie Titan  1200w 10 Salidas 3ac\/8dc 2 Pantalla Lcd Panel De Control Integrado Lampara Led Carga Rapida En 1.5 Horas"},"content":{"rendered":"<table class=\"descripcion\">\n<tr>\n<td>Especificaciones tecnicas<\/td>\n<\/tr>\n<tr>\n<td>Capacidad 1102.5wh 26.25v 42ah (3.75v 294ah)<\/td>\n<\/tr>\n<tr>\n<td>Total de tomas 12 en total: 10 salidas\/2 entradas (cc\/ca)<\/td>\n<\/tr>\n<tr>\n<td>Luces led lampara led (6w-luz blanca \u0096 5 modos: estatica de baja intensidad\/estatica de alta intensidad\/luz estroboscopica lenta\/luz estroboscopica rapida\/apagada)<\/td>\n<\/tr>\n<tr>\n<td>Entrada<\/td>\n<\/tr>\n<tr>\n<td>Voltaje de entrada de la carga de ca 100-120vca (50hz\/60hz)<\/td>\n<\/tr>\n<tr>\n<td>Potencia\/frecuencia de entrada de la carga ca 1000w,50\/60hz)<\/td>\n<\/tr>\n<tr>\n<td>Entrada de carga solar mppt 12-30v,7.5a,180w max.<\/td>\n<\/tr>\n<tr>\n<td>Carga de automovil 12v\/24vcc,7.5a max<\/td>\n<\/tr>\n<tr>\n<td>Salida<\/td>\n<\/tr>\n<tr>\n<td>Capacidad de salida de ca 1200w total (sobretencion 2400w)<\/td>\n<\/tr>\n<tr>\n<td>Onda sinusoidal ondda sinusoidal pura<\/td>\n<\/tr>\n<tr>\n<td>Voltaje de salida de ca (x3 carga rapida) 120v ca, 50\/60hz<\/td>\n<\/tr>\n<tr>\n<td>Carga rapida de usb-a (x2) 5v\/3a, 9v\/2\u00aa,12v\/1.5a,18w. max<\/td>\n<\/tr>\n<tr>\n<td>Salida de usb-c (x1) 5v\/3a,9v\/2a,12v\/1.5a,18w max.<\/td>\n<\/tr>\n<tr>\n<td>Carga\/baterias<\/td>\n<\/tr>\n<tr>\n<td>Bateria 1102.5wh 26.25v 42ah (3.75v 294ah) limnfep04<\/td>\n<\/tr>\n<tr>\n<td>Metodo de carga tomacorriente de pared de ca, adaptador de 12v para automovil, mppt solar.<\/td>\n<\/tr>\n<tr>\n<td>Tiempo de carga<\/td>\n<\/tr>\n<tr>\n<td>Ca 1.5h<\/td>\n<\/tr>\n<tr>\n<td>Cc(180w) 7h<\/td>\n<\/tr>\n<tr>\n<td>12v\/5a 12h<\/td>\n<\/tr>\n<tr>\n<td>Quimica de la celula lmfp<\/td>\n<\/tr>\n<tr>\n<td>Vida util 3000 ciclos al 80% + de capacidad<\/td>\n<\/tr>\n<tr>\n<td>Escenarios de duracion de la carga de la bateria (de 100 a 0%)<\/td>\n<\/tr>\n<tr>\n<td>Luz exterior (5w) 220h<\/td>\n<\/tr>\n<tr>\n<td>Smartphone (10w) 88 veces<\/td>\n<\/tr>\n<tr>\n<td>Bombilla led (10w) 94h<\/td>\n<\/tr>\n<tr>\n<td>Tablet de 10 pulgadas (19w) 57 veces<\/td>\n<\/tr>\n<tr>\n<td>Informacion adicional<\/td>\n<\/tr>\n<tr>\n<td>Garantia 3 a\u00f1os<\/td>\n<\/tr>\n<\/table>\n","protected":false},"excerpt":{"rendered":"<p>La serie de centrales electricas titan de forza es la solucion perfecta para cualquier escenario en el que se haga indispensable el acceso a energia confiable y portatil. Con sus diferentes capacidades, caracteristicas ventajosas y aplicaciones diversas, las centrales titan le permiten estar siempre conectado y disponer de electricidad, dondequiera que vaya. Ideal para el hogar y la oficina: las centrales titan proveen el respaldo accesible en el hogar y la oficina que le permite mantener las luces encendidas y equipos esenciales cargados y en funcionamiento (ya sea un telefono inteligente, una computadora portatil, un ventilador, un mini refrigerador o una olla arrocera) durante un apagon y otras situaciones de emergencia. Fueron dise\u00f1adas con tecnologia inteligente, segura y limpia para muy variadas ocasiones y escenarios, desde parrilladas y reuniones en el patio hasta tareas basicas en granjas y casas de campo fuera de la red electrica.<\/p>\n","protected":false},"featured_media":259559,"comment_status":"open","ping_status":"open","template":"","meta":[],"product_cat":[1508,1691],"product_tag":[2260],"acf":[],"yoast_head":"<!-- This site is optimized with the Yoast SEO plugin v21.7 - https:\/\/yoast.com\/wordpress\/plugins\/seo\/ -->\n<title>[ Forza ] &#129351; Fpp-t1200 Generador Electrico De Baterias Lmfp Portatil Serie Titan 1200w 10 Salidas 3ac\/8dc 2 Pantalla Lcd Panel De Control Integrado Lampara Led Carga Rapida En 1.5 Horas<\/title>\n<meta name=\"description\" content=\"Compra Fpp-t1200 Generador Electrico De Baterias Lmfp Portatil Serie Titan 1200w 10 Salidas 3ac\/8dc 2 Pantalla Lcd Panel De Control Integrado Lampara Led Carga Rapida En 1.5 Horas + Env\u00edo a domicilio + Pago seguro + Garant\u00eda\" \/>\n<meta name=\"robots\" content=\"index, follow, max-snippet:-1, max-image-preview:large, max-video-preview:-1\" \/>\n<link rel=\"canonical\" href=\"https:\/\/compuviper.mx\/tienda\/producto\/forza-fpp-t1200-generador-electrico-de-baterias-lmfp-portatil-serie-titan-1200w-10-salidas-3ac-8dc-2-pantalla-lcd-panel-de-control-integrado-lampara-led-carga-rapida-en-1-5-horas\/\" \/>\n<meta property=\"og:locale\" content=\"es_MX\" \/>\n<meta property=\"og:type\" content=\"article\" \/>\n<meta property=\"og:title\" content=\"[ Forza ] &#129351; Fpp-t1200 Generador Electrico De Baterias Lmfp Portatil Serie Titan 1200w 10 Salidas 3ac\/8dc 2 Pantalla Lcd Panel De Control Integrado Lampara Led Carga Rapida En 1.5 Horas\" \/>\n<meta property=\"og:description\" content=\"Compra Fpp-t1200 Generador Electrico De Baterias Lmfp Portatil Serie Titan 1200w 10 Salidas 3ac\/8dc 2 Pantalla Lcd Panel De Control Integrado Lampara Led Carga Rapida En 1.5 Horas + Env\u00edo a domicilio + Pago seguro + Garant\u00eda\" \/>\n<meta property=\"og:url\" content=\"https:\/\/compuviper.mx\/tienda\/producto\/forza-fpp-t1200-generador-electrico-de-baterias-lmfp-portatil-serie-titan-1200w-10-salidas-3ac-8dc-2-pantalla-lcd-panel-de-control-integrado-lampara-led-carga-rapida-en-1-5-horas\/\" \/>\n<meta property=\"og:site_name\" content=\"Compuviper\" \/>\n<meta property=\"article:publisher\" content=\"https:\/\/www.facebook.com\/compuviper\" \/>\n<meta property=\"og:image\" content=\"https:\/\/compuviper.mx\/tienda\/wp-content\/uploads\/2025\/10\/Generador-electrico-de-baterias-lmfp-portatil-forza-serie-titan-fpp-t1200-1200w-10-salidas-3ac8dc-2-pantalla-lcd-panel-de-control-integrado-lampara-led-carga-rapida-en-1.5-horas.jpg\" \/>\n\t<meta property=\"og:image:width\" content=\"200\" \/>\n\t<meta property=\"og:image:height\" content=\"200\" \/>\n\t<meta property=\"og:image:type\" content=\"image\/jpeg\" \/>\n<meta name=\"twitter:card\" content=\"summary_large_image\" \/>\n<meta name=\"twitter:label1\" content=\"Precio\" \/>\n\t<meta name=\"twitter:data1\" content=\"&#36;14,485 &#36;14,484 con IVA\" \/>\n\t<meta name=\"twitter:label2\" content=\"Availability\" \/>\n\t<meta name=\"twitter:data2\" content=\"In stock\" \/>\n<script type=\"application\/ld+json\" class=\"yoast-schema-graph\">{\"@context\":\"https:\/\/schema.org\",\"@graph\":[{\"@type\":\"WebPage\",\"@id\":\"https:\/\/compuviper.mx\/tienda\/producto\/forza-fpp-t1200-generador-electrico-de-baterias-lmfp-portatil-serie-titan-1200w-10-salidas-3ac-8dc-2-pantalla-lcd-panel-de-control-integrado-lampara-led-carga-rapida-en-1-5-horas\/\",\"url\":\"https:\/\/compuviper.mx\/tienda\/producto\/forza-fpp-t1200-generador-electrico-de-baterias-lmfp-portatil-serie-titan-1200w-10-salidas-3ac-8dc-2-pantalla-lcd-panel-de-control-integrado-lampara-led-carga-rapida-en-1-5-horas\/\",\"name\":\"[ Forza ] &#129351; Fpp-t1200 Generador Electrico De Baterias Lmfp Portatil Serie Titan 1200w 10 Salidas 3ac\/8dc 2 Pantalla Lcd Panel De Control Integrado Lampara Led Carga Rapida En 1.5 Horas\",\"isPartOf\":{\"@id\":\"https:\/\/compuviper.mx\/tienda\/#website\"},\"datePublished\":\"2026-04-02T06:30:14+00:00\",\"dateModified\":\"2026-04-02T06:30:14+00:00\",\"description\":\"Compra Fpp-t1200 Generador Electrico De Baterias Lmfp Portatil Serie Titan 1200w 10 Salidas 3ac\/8dc 2 Pantalla Lcd Panel De Control Integrado Lampara Led Carga Rapida En 1.5 Horas + Env\u00edo a domicilio + Pago seguro + Garant\u00eda\",\"breadcrumb\":{\"@id\":\"https:\/\/compuviper.mx\/tienda\/producto\/forza-fpp-t1200-generador-electrico-de-baterias-lmfp-portatil-serie-titan-1200w-10-salidas-3ac-8dc-2-pantalla-lcd-panel-de-control-integrado-lampara-led-carga-rapida-en-1-5-horas\/#breadcrumb\"},\"inLanguage\":\"es-MX\",\"potentialAction\":[{\"@type\":\"ReadAction\",\"target\":[\"https:\/\/compuviper.mx\/tienda\/producto\/forza-fpp-t1200-generador-electrico-de-baterias-lmfp-portatil-serie-titan-1200w-10-salidas-3ac-8dc-2-pantalla-lcd-panel-de-control-integrado-lampara-led-carga-rapida-en-1-5-horas\/\"]}]},{\"@type\":\"BreadcrumbList\",\"@id\":\"https:\/\/compuviper.mx\/tienda\/producto\/forza-fpp-t1200-generador-electrico-de-baterias-lmfp-portatil-serie-titan-1200w-10-salidas-3ac-8dc-2-pantalla-lcd-panel-de-control-integrado-lampara-led-carga-rapida-en-1-5-horas\/#breadcrumb\",\"itemListElement\":[{\"@type\":\"ListItem\",\"position\":1,\"name\":\"Inicio\",\"item\":\"https:\/\/compuviper.mx\/tienda\/\"},{\"@type\":\"ListItem\",\"position\":2,\"name\":\"Productos\",\"item\":\"https:\/\/compuviper.mx\/tienda\/productos\/\"},{\"@type\":\"ListItem\",\"position\":3,\"name\":\"Energia\",\"item\":\"https:\/\/compuviper.mx\/tienda\/categoria-producto\/energia\/\"},{\"@type\":\"ListItem\",\"position\":4,\"name\":\"No Break\",\"item\":\"https:\/\/compuviper.mx\/tienda\/categoria-producto\/energia\/no-break\/\"},{\"@type\":\"ListItem\",\"position\":5,\"name\":\"Forza Fpp-t1200 Generador Electrico De Baterias Lmfp Portatil Serie Titan 1200w 10 Salidas 3ac\/8dc 2 Pantalla Lcd Panel De Control Integrado Lampara Led Carga Rapida En 1.5 Horas\"}]},{\"@type\":\"WebSite\",\"@id\":\"https:\/\/compuviper.mx\/tienda\/#website\",\"url\":\"https:\/\/compuviper.mx\/tienda\/\",\"name\":\"Compuviper\",\"description\":\"Proveedor de Computadoras, Laptops, Servidores, Monitores, Puntos de Venta, Teclados,   Impresoras, T\u00f3ner, C\u00e1maras de Seguridad y m\u00e1s en tu tienda en l\u00ednea\",\"publisher\":{\"@id\":\"https:\/\/compuviper.mx\/tienda\/#organization\"},\"potentialAction\":[{\"@type\":\"SearchAction\",\"target\":{\"@type\":\"EntryPoint\",\"urlTemplate\":\"https:\/\/compuviper.mx\/tienda\/?s={search_term_string}\"},\"query-input\":\"required name=search_term_string\"}],\"inLanguage\":\"es-MX\"},{\"@type\":\"Organization\",\"@id\":\"https:\/\/compuviper.mx\/tienda\/#organization\",\"name\":\"Compuviper\",\"url\":\"https:\/\/compuviper.mx\/tienda\/\",\"logo\":{\"@type\":\"ImageObject\",\"inLanguage\":\"es-MX\",\"@id\":\"https:\/\/compuviper.mx\/tienda\/#\/schema\/logo\/image\/\",\"url\":\"https:\/\/compuviper.mx\/tienda\/wp-content\/uploads\/2021\/08\/Logo-Compuviper-10.png\",\"contentUrl\":\"https:\/\/compuviper.mx\/tienda\/wp-content\/uploads\/2021\/08\/Logo-Compuviper-10.png\",\"width\":1000,\"height\":500,\"caption\":\"Compuviper\"},\"image\":{\"@id\":\"https:\/\/compuviper.mx\/tienda\/#\/schema\/logo\/image\/\"},\"sameAs\":[\"https:\/\/www.facebook.com\/compuviper\",\"https:\/\/www.youtube.com\/channel\/UCf73dERp9Y3cfOq7q8BhLjA?view_as=subscriber\"]}]}<\/script>\n<meta property=\"product:brand\" content=\"Forza\" \/>\n<meta property=\"product:price:amount\" content=\"14484\" \/>\n<meta property=\"product:price:currency\" content=\"MXN\" \/>\n<meta property=\"og:availability\" content=\"instock\" \/>\n<meta property=\"product:availability\" content=\"instock\" \/>\n<meta property=\"product:retailer_item_id\" content=\"FPP-T1200\" \/>\n<meta property=\"product:condition\" content=\"new\" \/>\n<!-- \/ Yoast SEO plugin. -->","yoast_head_json":{"title":"[ Forza ] &#129351; Fpp-t1200 Generador Electrico De Baterias Lmfp Portatil Serie Titan 1200w 10 Salidas 3ac\/8dc 2 Pantalla Lcd Panel De Control Integrado Lampara Led Carga Rapida En 1.5 Horas","description":"Compra Fpp-t1200 Generador Electrico De Baterias Lmfp Portatil Serie Titan 1200w 10 Salidas 3ac\/8dc 2 Pantalla Lcd Panel De Control Integrado Lampara Led Carga Rapida En 1.5 Horas + Env\u00edo a domicilio + Pago seguro + Garant\u00eda","robots":{"index":"index","follow":"follow","max-snippet":"max-snippet:-1","max-image-preview":"max-image-preview:large","max-video-preview":"max-video-preview:-1"},"canonical":"https:\/\/compuviper.mx\/tienda\/producto\/forza-fpp-t1200-generador-electrico-de-baterias-lmfp-portatil-serie-titan-1200w-10-salidas-3ac-8dc-2-pantalla-lcd-panel-de-control-integrado-lampara-led-carga-rapida-en-1-5-horas\/","og_locale":"es_MX","og_type":"article","og_title":"[ Forza ] &#129351; Fpp-t1200 Generador Electrico De Baterias Lmfp Portatil Serie Titan 1200w 10 Salidas 3ac\/8dc 2 Pantalla Lcd Panel De Control Integrado Lampara Led Carga Rapida En 1.5 Horas","og_description":"Compra Fpp-t1200 Generador Electrico De Baterias Lmfp Portatil Serie Titan 1200w 10 Salidas 3ac\/8dc 2 Pantalla Lcd Panel De Control Integrado Lampara Led Carga Rapida En 1.5 Horas + Env\u00edo a domicilio + Pago seguro + Garant\u00eda","og_url":"https:\/\/compuviper.mx\/tienda\/producto\/forza-fpp-t1200-generador-electrico-de-baterias-lmfp-portatil-serie-titan-1200w-10-salidas-3ac-8dc-2-pantalla-lcd-panel-de-control-integrado-lampara-led-carga-rapida-en-1-5-horas\/","og_site_name":"Compuviper","article_publisher":"https:\/\/www.facebook.com\/compuviper","og_image":[{"width":200,"height":200,"url":"https:\/\/compuviper.mx\/tienda\/wp-content\/uploads\/2025\/10\/Generador-electrico-de-baterias-lmfp-portatil-forza-serie-titan-fpp-t1200-1200w-10-salidas-3ac8dc-2-pantalla-lcd-panel-de-control-integrado-lampara-led-carga-rapida-en-1.5-horas.jpg","type":"image\/jpeg"}],"twitter_card":"summary_large_image","twitter_misc":{"Precio":"&#36;14,485 &#36;14,484 con IVA","Availability":"In stock"},"schema":{"@context":"https:\/\/schema.org","@graph":[{"@type":"WebPage","@id":"https:\/\/compuviper.mx\/tienda\/producto\/forza-fpp-t1200-generador-electrico-de-baterias-lmfp-portatil-serie-titan-1200w-10-salidas-3ac-8dc-2-pantalla-lcd-panel-de-control-integrado-lampara-led-carga-rapida-en-1-5-horas\/","url":"https:\/\/compuviper.mx\/tienda\/producto\/forza-fpp-t1200-generador-electrico-de-baterias-lmfp-portatil-serie-titan-1200w-10-salidas-3ac-8dc-2-pantalla-lcd-panel-de-control-integrado-lampara-led-carga-rapida-en-1-5-horas\/","name":"[ Forza ] &#129351; Fpp-t1200 Generador Electrico De Baterias Lmfp Portatil Serie Titan 1200w 10 Salidas 3ac\/8dc 2 Pantalla Lcd Panel De Control Integrado Lampara Led Carga Rapida En 1.5 Horas","isPartOf":{"@id":"https:\/\/compuviper.mx\/tienda\/#website"},"datePublished":"2026-04-02T06:30:14+00:00","dateModified":"2026-04-02T06:30:14+00:00","description":"Compra Fpp-t1200 Generador Electrico De Baterias Lmfp Portatil Serie Titan 1200w 10 Salidas 3ac\/8dc 2 Pantalla Lcd Panel De Control Integrado Lampara Led Carga Rapida En 1.5 Horas + Env\u00edo a domicilio + Pago seguro + Garant\u00eda","breadcrumb":{"@id":"https:\/\/compuviper.mx\/tienda\/producto\/forza-fpp-t1200-generador-electrico-de-baterias-lmfp-portatil-serie-titan-1200w-10-salidas-3ac-8dc-2-pantalla-lcd-panel-de-control-integrado-lampara-led-carga-rapida-en-1-5-horas\/#breadcrumb"},"inLanguage":"es-MX","potentialAction":[{"@type":"ReadAction","target":["https:\/\/compuviper.mx\/tienda\/producto\/forza-fpp-t1200-generador-electrico-de-baterias-lmfp-portatil-serie-titan-1200w-10-salidas-3ac-8dc-2-pantalla-lcd-panel-de-control-integrado-lampara-led-carga-rapida-en-1-5-horas\/"]}]},{"@type":"BreadcrumbList","@id":"https:\/\/compuviper.mx\/tienda\/producto\/forza-fpp-t1200-generador-electrico-de-baterias-lmfp-portatil-serie-titan-1200w-10-salidas-3ac-8dc-2-pantalla-lcd-panel-de-control-integrado-lampara-led-carga-rapida-en-1-5-horas\/#breadcrumb","itemListElement":[{"@type":"ListItem","position":1,"name":"Inicio","item":"https:\/\/compuviper.mx\/tienda\/"},{"@type":"ListItem","position":2,"name":"Productos","item":"https:\/\/compuviper.mx\/tienda\/productos\/"},{"@type":"ListItem","position":3,"name":"Energia","item":"https:\/\/compuviper.mx\/tienda\/categoria-producto\/energia\/"},{"@type":"ListItem","position":4,"name":"No Break","item":"https:\/\/compuviper.mx\/tienda\/categoria-producto\/energia\/no-break\/"},{"@type":"ListItem","position":5,"name":"Forza Fpp-t1200 Generador Electrico De Baterias Lmfp Portatil Serie Titan 1200w 10 Salidas 3ac\/8dc 2 Pantalla Lcd Panel De Control Integrado Lampara Led Carga Rapida En 1.5 Horas"}]},{"@type":"WebSite","@id":"https:\/\/compuviper.mx\/tienda\/#website","url":"https:\/\/compuviper.mx\/tienda\/","name":"Compuviper","description":"Proveedor de Computadoras, Laptops, Servidores, Monitores, Puntos de Venta, Teclados,   Impresoras, T\u00f3ner, C\u00e1maras de Seguridad y m\u00e1s en tu tienda en l\u00ednea","publisher":{"@id":"https:\/\/compuviper.mx\/tienda\/#organization"},"potentialAction":[{"@type":"SearchAction","target":{"@type":"EntryPoint","urlTemplate":"https:\/\/compuviper.mx\/tienda\/?s={search_term_string}"},"query-input":"required name=search_term_string"}],"inLanguage":"es-MX"},{"@type":"Organization","@id":"https:\/\/compuviper.mx\/tienda\/#organization","name":"Compuviper","url":"https:\/\/compuviper.mx\/tienda\/","logo":{"@type":"ImageObject","inLanguage":"es-MX","@id":"https:\/\/compuviper.mx\/tienda\/#\/schema\/logo\/image\/","url":"https:\/\/compuviper.mx\/tienda\/wp-content\/uploads\/2021\/08\/Logo-Compuviper-10.png","contentUrl":"https:\/\/compuviper.mx\/tienda\/wp-content\/uploads\/2021\/08\/Logo-Compuviper-10.png","width":1000,"height":500,"caption":"Compuviper"},"image":{"@id":"https:\/\/compuviper.mx\/tienda\/#\/schema\/logo\/image\/"},"sameAs":["https:\/\/www.facebook.com\/compuviper","https:\/\/www.youtube.com\/channel\/UCf73dERp9Y3cfOq7q8BhLjA?view_as=subscriber"]}]},"product_brand":"Forza","product_price_amount":"14484","product_price_currency":"MXN","og_availability":"instock","product_availability":"instock","product_retailer_item_id":"FPP-T1200","product_condition":"new"},"_links":{"self":[{"href":"https:\/\/compuviper.mx\/tienda\/wp-json\/wp\/v2\/product\/245349"}],"collection":[{"href":"https:\/\/compuviper.mx\/tienda\/wp-json\/wp\/v2\/product"}],"about":[{"href":"https:\/\/compuviper.mx\/tienda\/wp-json\/wp\/v2\/types\/product"}],"replies":[{"embeddable":true,"href":"https:\/\/compuviper.mx\/tienda\/wp-json\/wp\/v2\/comments?post=245349"}],"wp:featuredmedia":[{"embeddable":true,"href":"https:\/\/compuviper.mx\/tienda\/wp-json\/wp\/v2\/media\/259559"}],"wp:attachment":[{"href":"https:\/\/compuviper.mx\/tienda\/wp-json\/wp\/v2\/media?parent=245349"}],"wp:term":[{"taxonomy":"product_cat","embeddable":true,"href":"https:\/\/compuviper.mx\/tienda\/wp-json\/wp\/v2\/product_cat?post=245349"},{"taxonomy":"product_tag","embeddable":true,"href":"https:\/\/compuviper.mx\/tienda\/wp-json\/wp\/v2\/product_tag?post=245349"}],"curies":[{"name":"wp","href":"https:\/\/api.w.org\/{rel}","templated":true}]}}