{"id":245273,"date":"2026-04-08T00:32:13","date_gmt":"2026-04-08T06:32:13","guid":{"rendered":"https:\/\/compuviper.mx\/tienda\/producto\/forza-fdc-103k-ups-doble-conversion-en-linea-con-capacidad-de-3000va-3000w-fp-1-120v-9-nema-40-70hz-negro\/"},"modified":"2026-04-08T00:32:13","modified_gmt":"2026-04-08T06:32:13","slug":"forza-fdc-103k-ups-doble-conversion-en-linea-con-capacidad-de-3000va-3000w-fp-1-120v-9-nema-40-70hz-negro","status":"publish","type":"product","link":"https:\/\/compuviper.mx\/tienda\/producto\/forza-fdc-103k-ups-doble-conversion-en-linea-con-capacidad-de-3000va-3000w-fp-1-120v-9-nema-40-70hz-negro\/","title":{"rendered":"Forza Fdc-103k Ups Doble Conversion En Linea   Con Capacidad De 3000va\/3000w Fp 1 120v 9-nema 40-70hz Negro."},"content":{"rendered":"<table class=\"descripcion\">\n<tr>\n<td>Aspectos generales<\/td>\n<\/tr>\n<tr>\n<td>Capacidad 3000va\/3000w<\/td>\n<\/tr>\n<tr>\n<td>Topologia doble conversion<\/td>\n<\/tr>\n<tr>\n<td>Entrada<\/td>\n<\/tr>\n<tr>\n<td>Tension nominal 100\/127vca<\/td>\n<\/tr>\n<tr>\n<td>Margen de tension (transferencia por baja tension) 87\/77\/67\/62vca +- 3% (basado en un porcentaje de carga del 100-80\/80-70\/70-60\/60-0%)<\/td>\n<\/tr>\n<tr>\n<td>Margen de tension (recuperacion por baja tension) transferencia por baja tension + 10v<\/td>\n<\/tr>\n<tr>\n<td>Margen de tension (recuperacion por alta tension) 150vca +- 3%<\/td>\n<\/tr>\n<tr>\n<td>Frecuencia 40hz-70hz<\/td>\n<\/tr>\n<tr>\n<td>Factor de potencia 0,99 con una carga del 100%<\/td>\n<\/tr>\n<tr>\n<td>Distorcion de armonia total (dat)  4% at 100% carga thdu  1.6%<\/td>\n<\/tr>\n<tr>\n<td>Tipo de enchufe l5-30p<\/td>\n<\/tr>\n<tr>\n<td>Salida<\/td>\n<\/tr>\n<tr>\n<td>Tension nominal 100\/110\/115\/120\/127vca<\/td>\n<\/tr>\n<tr>\n<td>Frecuencia (margen sincronizado) 46-54hz con un sistema de 50hz\/54-64hz con un sistema de 60hz<\/td>\n<\/tr>\n<tr>\n<td>Frecuencia (modo de bateria) 50hz+-0,1hz o 60hz +-0,1hz<\/td>\n<\/tr>\n<tr>\n<td>Factor de potencia 1<\/td>\n<\/tr>\n<tr>\n<td>Sobrecarga modo de ca: 100%-110%:10min \/110%-130% 1min\/130%:1seg<\/td>\n<\/tr>\n<tr>\n<td>Distorcion armonica  1% dat (carga lineal) \/  4% (carga no lineal)<\/td>\n<\/tr>\n<tr>\n<td>Forma de onda onda sinusoidal pura<\/td>\n<\/tr>\n<tr>\n<td>Numero total de salidas 8 (5-20r) &#8211; 1 (l5-30r)<\/td>\n<\/tr>\n<tr>\n<td>Bateria<\/td>\n<\/tr>\n<tr>\n<td>Tipo y numero de baterias 12v\/9ah (6)<\/td>\n<\/tr>\n<tr>\n<td>Tiempo de recarga 3 horas hasta el 90% de su capacidad<\/td>\n<\/tr>\n<tr>\n<td>Comunicaci\u00f3n<\/td>\n<\/tr>\n<tr>\n<td>Pantalla de lcd pantalla grafica lcd con iluminacion de fondo azul<\/td>\n<\/tr>\n<tr>\n<td>Audible modo de bateria: se activa cada 5 segundos bajo voltaje de la bateria: se activa cada 2 sobrecarga: se activa una vez por segundo falla: sonido continuado.<\/td>\n<\/tr>\n<tr>\n<td>Puertos de comunicaci\u00f3n snmp, rs-232, usb<\/td>\n<\/tr>\n<tr>\n<td>Informacion adicional<\/td>\n<\/tr>\n<tr>\n<td>Garantia veinticuatro meses<\/td>\n<\/tr>\n<\/table>\n","protected":false},"excerpt":{"rendered":"<p>La nueva serie atlas en linea brinda verdadera tecnologia de doble conversion y el nivel mas alto de proteccion apto para equipos criticos. Los modelos atlas combinan un rendimiento optimizado con una amplia variedad de funciones, dando origen a un sistema sumamente eficiente, caracterizado por su facil manutencion y operacion. Concebido para evitar interrupciones de servicio inesperadas debido a sobrecargas, fallas internas o durante caidas de tension, la unidad ups garantiza un funcionamiento fiable e ininterrumpido mediante el respaldo que ofrece su bateria interna, al igual que con las baterias externas que puede incorporar a traves del modulo optativo.<\/p>\n","protected":false},"featured_media":259555,"comment_status":"open","ping_status":"open","template":"","meta":[],"product_cat":[1508,1691],"product_tag":[2260],"acf":[],"yoast_head":"<!-- This site is optimized with the Yoast SEO plugin v21.7 - https:\/\/yoast.com\/wordpress\/plugins\/seo\/ -->\n<title>[ Forza ] &#129351; Fdc-103k Ups Doble Conversion En Linea Con Capacidad De 3000va\/3000w Fp 1 120v 9-nema 40-70hz Negro.<\/title>\n<meta name=\"description\" content=\"Compra Fdc-103k Ups Doble Conversion En Linea Con Capacidad De 3000va\/3000w Fp 1 120v 9-nema 40-70hz Negro. + Env\u00edo a domicilio + Pago seguro + Garant\u00eda\" \/>\n<meta name=\"robots\" content=\"index, follow, max-snippet:-1, max-image-preview:large, max-video-preview:-1\" \/>\n<link rel=\"canonical\" href=\"https:\/\/compuviper.mx\/tienda\/producto\/forza-fdc-103k-ups-doble-conversion-en-linea-con-capacidad-de-3000va-3000w-fp-1-120v-9-nema-40-70hz-negro\/\" \/>\n<meta property=\"og:locale\" content=\"es_MX\" \/>\n<meta property=\"og:type\" content=\"article\" \/>\n<meta property=\"og:title\" content=\"[ Forza ] &#129351; Fdc-103k Ups Doble Conversion En Linea Con Capacidad De 3000va\/3000w Fp 1 120v 9-nema 40-70hz Negro.\" \/>\n<meta property=\"og:description\" content=\"Compra Fdc-103k Ups Doble Conversion En Linea Con Capacidad De 3000va\/3000w Fp 1 120v 9-nema 40-70hz Negro. + Env\u00edo a domicilio + Pago seguro + Garant\u00eda\" \/>\n<meta property=\"og:url\" content=\"https:\/\/compuviper.mx\/tienda\/producto\/forza-fdc-103k-ups-doble-conversion-en-linea-con-capacidad-de-3000va-3000w-fp-1-120v-9-nema-40-70hz-negro\/\" \/>\n<meta property=\"og:site_name\" content=\"Compuviper\" \/>\n<meta property=\"article:publisher\" content=\"https:\/\/www.facebook.com\/compuviper\" \/>\n<meta property=\"og:image\" content=\"https:\/\/compuviper.mx\/tienda\/wp-content\/uploads\/2025\/10\/Ups-doble-conversion-en-linea-forza-fdc-103k-con-capacidad-de-3000va3000w-fp-1-120v-9-nema-40-70hz-negro.jpg\" \/>\n\t<meta property=\"og:image:width\" content=\"200\" \/>\n\t<meta property=\"og:image:height\" content=\"200\" \/>\n\t<meta property=\"og:image:type\" content=\"image\/jpeg\" \/>\n<meta name=\"twitter:card\" content=\"summary_large_image\" \/>\n<meta name=\"twitter:label1\" content=\"Precio\" \/>\n\t<meta name=\"twitter:data1\" content=\"&#36;12,890 con IVA\" \/>\n\t<meta name=\"twitter:label2\" content=\"Availability\" \/>\n\t<meta name=\"twitter:data2\" content=\"Out of stock\" \/>\n<script type=\"application\/ld+json\" class=\"yoast-schema-graph\">{\"@context\":\"https:\/\/schema.org\",\"@graph\":[{\"@type\":\"WebPage\",\"@id\":\"https:\/\/compuviper.mx\/tienda\/producto\/forza-fdc-103k-ups-doble-conversion-en-linea-con-capacidad-de-3000va-3000w-fp-1-120v-9-nema-40-70hz-negro\/\",\"url\":\"https:\/\/compuviper.mx\/tienda\/producto\/forza-fdc-103k-ups-doble-conversion-en-linea-con-capacidad-de-3000va-3000w-fp-1-120v-9-nema-40-70hz-negro\/\",\"name\":\"[ Forza ] &#129351; Fdc-103k Ups Doble Conversion En Linea Con Capacidad De 3000va\/3000w Fp 1 120v 9-nema 40-70hz Negro.\",\"isPartOf\":{\"@id\":\"https:\/\/compuviper.mx\/tienda\/#website\"},\"datePublished\":\"2026-04-08T06:32:13+00:00\",\"dateModified\":\"2026-04-08T06:32:13+00:00\",\"description\":\"Compra Fdc-103k Ups Doble Conversion En Linea Con Capacidad De 3000va\/3000w Fp 1 120v 9-nema 40-70hz Negro. + Env\u00edo a domicilio + Pago seguro + Garant\u00eda\",\"breadcrumb\":{\"@id\":\"https:\/\/compuviper.mx\/tienda\/producto\/forza-fdc-103k-ups-doble-conversion-en-linea-con-capacidad-de-3000va-3000w-fp-1-120v-9-nema-40-70hz-negro\/#breadcrumb\"},\"inLanguage\":\"es-MX\",\"potentialAction\":[{\"@type\":\"ReadAction\",\"target\":[\"https:\/\/compuviper.mx\/tienda\/producto\/forza-fdc-103k-ups-doble-conversion-en-linea-con-capacidad-de-3000va-3000w-fp-1-120v-9-nema-40-70hz-negro\/\"]}]},{\"@type\":\"BreadcrumbList\",\"@id\":\"https:\/\/compuviper.mx\/tienda\/producto\/forza-fdc-103k-ups-doble-conversion-en-linea-con-capacidad-de-3000va-3000w-fp-1-120v-9-nema-40-70hz-negro\/#breadcrumb\",\"itemListElement\":[{\"@type\":\"ListItem\",\"position\":1,\"name\":\"Inicio\",\"item\":\"https:\/\/compuviper.mx\/tienda\/\"},{\"@type\":\"ListItem\",\"position\":2,\"name\":\"Productos\",\"item\":\"https:\/\/compuviper.mx\/tienda\/productos\/\"},{\"@type\":\"ListItem\",\"position\":3,\"name\":\"Energia\",\"item\":\"https:\/\/compuviper.mx\/tienda\/categoria-producto\/energia\/\"},{\"@type\":\"ListItem\",\"position\":4,\"name\":\"No Break\",\"item\":\"https:\/\/compuviper.mx\/tienda\/categoria-producto\/energia\/no-break\/\"},{\"@type\":\"ListItem\",\"position\":5,\"name\":\"Forza Fdc-103k Ups Doble Conversion En Linea Con Capacidad De 3000va\/3000w Fp 1 120v 9-nema 40-70hz Negro.\"}]},{\"@type\":\"WebSite\",\"@id\":\"https:\/\/compuviper.mx\/tienda\/#website\",\"url\":\"https:\/\/compuviper.mx\/tienda\/\",\"name\":\"Compuviper\",\"description\":\"Proveedor de Computadoras, Laptops, Servidores, Monitores, Puntos de Venta, Teclados,   Impresoras, T\u00f3ner, C\u00e1maras de Seguridad y m\u00e1s en tu tienda en l\u00ednea\",\"publisher\":{\"@id\":\"https:\/\/compuviper.mx\/tienda\/#organization\"},\"potentialAction\":[{\"@type\":\"SearchAction\",\"target\":{\"@type\":\"EntryPoint\",\"urlTemplate\":\"https:\/\/compuviper.mx\/tienda\/?s={search_term_string}\"},\"query-input\":\"required name=search_term_string\"}],\"inLanguage\":\"es-MX\"},{\"@type\":\"Organization\",\"@id\":\"https:\/\/compuviper.mx\/tienda\/#organization\",\"name\":\"Compuviper\",\"url\":\"https:\/\/compuviper.mx\/tienda\/\",\"logo\":{\"@type\":\"ImageObject\",\"inLanguage\":\"es-MX\",\"@id\":\"https:\/\/compuviper.mx\/tienda\/#\/schema\/logo\/image\/\",\"url\":\"https:\/\/compuviper.mx\/tienda\/wp-content\/uploads\/2021\/08\/Logo-Compuviper-10.png\",\"contentUrl\":\"https:\/\/compuviper.mx\/tienda\/wp-content\/uploads\/2021\/08\/Logo-Compuviper-10.png\",\"width\":1000,\"height\":500,\"caption\":\"Compuviper\"},\"image\":{\"@id\":\"https:\/\/compuviper.mx\/tienda\/#\/schema\/logo\/image\/\"},\"sameAs\":[\"https:\/\/www.facebook.com\/compuviper\",\"https:\/\/www.youtube.com\/channel\/UCf73dERp9Y3cfOq7q8BhLjA?view_as=subscriber\"]}]}<\/script>\n<meta property=\"product:brand\" content=\"Forza\" \/>\n<meta property=\"product:price:amount\" content=\"12890\" \/>\n<meta property=\"product:price:currency\" content=\"MXN\" \/>\n<meta property=\"og:availability\" content=\"out of stock\" \/>\n<meta property=\"product:availability\" content=\"out of stock\" \/>\n<meta property=\"product:retailer_item_id\" content=\"FDC-103K\" \/>\n<meta property=\"product:condition\" content=\"new\" \/>\n<!-- \/ Yoast SEO plugin. -->","yoast_head_json":{"title":"[ Forza ] &#129351; Fdc-103k Ups Doble Conversion En Linea Con Capacidad De 3000va\/3000w Fp 1 120v 9-nema 40-70hz Negro.","description":"Compra Fdc-103k Ups Doble Conversion En Linea Con Capacidad De 3000va\/3000w Fp 1 120v 9-nema 40-70hz Negro. + Env\u00edo a domicilio + Pago seguro + Garant\u00eda","robots":{"index":"index","follow":"follow","max-snippet":"max-snippet:-1","max-image-preview":"max-image-preview:large","max-video-preview":"max-video-preview:-1"},"canonical":"https:\/\/compuviper.mx\/tienda\/producto\/forza-fdc-103k-ups-doble-conversion-en-linea-con-capacidad-de-3000va-3000w-fp-1-120v-9-nema-40-70hz-negro\/","og_locale":"es_MX","og_type":"article","og_title":"[ Forza ] &#129351; Fdc-103k Ups Doble Conversion En Linea Con Capacidad De 3000va\/3000w Fp 1 120v 9-nema 40-70hz Negro.","og_description":"Compra Fdc-103k Ups Doble Conversion En Linea Con Capacidad De 3000va\/3000w Fp 1 120v 9-nema 40-70hz Negro. + Env\u00edo a domicilio + Pago seguro + Garant\u00eda","og_url":"https:\/\/compuviper.mx\/tienda\/producto\/forza-fdc-103k-ups-doble-conversion-en-linea-con-capacidad-de-3000va-3000w-fp-1-120v-9-nema-40-70hz-negro\/","og_site_name":"Compuviper","article_publisher":"https:\/\/www.facebook.com\/compuviper","og_image":[{"width":200,"height":200,"url":"https:\/\/compuviper.mx\/tienda\/wp-content\/uploads\/2025\/10\/Ups-doble-conversion-en-linea-forza-fdc-103k-con-capacidad-de-3000va3000w-fp-1-120v-9-nema-40-70hz-negro.jpg","type":"image\/jpeg"}],"twitter_card":"summary_large_image","twitter_misc":{"Precio":"&#36;12,890 con IVA","Availability":"Out of stock"},"schema":{"@context":"https:\/\/schema.org","@graph":[{"@type":"WebPage","@id":"https:\/\/compuviper.mx\/tienda\/producto\/forza-fdc-103k-ups-doble-conversion-en-linea-con-capacidad-de-3000va-3000w-fp-1-120v-9-nema-40-70hz-negro\/","url":"https:\/\/compuviper.mx\/tienda\/producto\/forza-fdc-103k-ups-doble-conversion-en-linea-con-capacidad-de-3000va-3000w-fp-1-120v-9-nema-40-70hz-negro\/","name":"[ Forza ] &#129351; Fdc-103k Ups Doble Conversion En Linea Con Capacidad De 3000va\/3000w Fp 1 120v 9-nema 40-70hz Negro.","isPartOf":{"@id":"https:\/\/compuviper.mx\/tienda\/#website"},"datePublished":"2026-04-08T06:32:13+00:00","dateModified":"2026-04-08T06:32:13+00:00","description":"Compra Fdc-103k Ups Doble Conversion En Linea Con Capacidad De 3000va\/3000w Fp 1 120v 9-nema 40-70hz Negro. + Env\u00edo a domicilio + Pago seguro + Garant\u00eda","breadcrumb":{"@id":"https:\/\/compuviper.mx\/tienda\/producto\/forza-fdc-103k-ups-doble-conversion-en-linea-con-capacidad-de-3000va-3000w-fp-1-120v-9-nema-40-70hz-negro\/#breadcrumb"},"inLanguage":"es-MX","potentialAction":[{"@type":"ReadAction","target":["https:\/\/compuviper.mx\/tienda\/producto\/forza-fdc-103k-ups-doble-conversion-en-linea-con-capacidad-de-3000va-3000w-fp-1-120v-9-nema-40-70hz-negro\/"]}]},{"@type":"BreadcrumbList","@id":"https:\/\/compuviper.mx\/tienda\/producto\/forza-fdc-103k-ups-doble-conversion-en-linea-con-capacidad-de-3000va-3000w-fp-1-120v-9-nema-40-70hz-negro\/#breadcrumb","itemListElement":[{"@type":"ListItem","position":1,"name":"Inicio","item":"https:\/\/compuviper.mx\/tienda\/"},{"@type":"ListItem","position":2,"name":"Productos","item":"https:\/\/compuviper.mx\/tienda\/productos\/"},{"@type":"ListItem","position":3,"name":"Energia","item":"https:\/\/compuviper.mx\/tienda\/categoria-producto\/energia\/"},{"@type":"ListItem","position":4,"name":"No Break","item":"https:\/\/compuviper.mx\/tienda\/categoria-producto\/energia\/no-break\/"},{"@type":"ListItem","position":5,"name":"Forza Fdc-103k Ups Doble Conversion En Linea Con Capacidad De 3000va\/3000w Fp 1 120v 9-nema 40-70hz Negro."}]},{"@type":"WebSite","@id":"https:\/\/compuviper.mx\/tienda\/#website","url":"https:\/\/compuviper.mx\/tienda\/","name":"Compuviper","description":"Proveedor de Computadoras, Laptops, Servidores, Monitores, Puntos de Venta, Teclados,   Impresoras, T\u00f3ner, C\u00e1maras de Seguridad y m\u00e1s en tu tienda en l\u00ednea","publisher":{"@id":"https:\/\/compuviper.mx\/tienda\/#organization"},"potentialAction":[{"@type":"SearchAction","target":{"@type":"EntryPoint","urlTemplate":"https:\/\/compuviper.mx\/tienda\/?s={search_term_string}"},"query-input":"required name=search_term_string"}],"inLanguage":"es-MX"},{"@type":"Organization","@id":"https:\/\/compuviper.mx\/tienda\/#organization","name":"Compuviper","url":"https:\/\/compuviper.mx\/tienda\/","logo":{"@type":"ImageObject","inLanguage":"es-MX","@id":"https:\/\/compuviper.mx\/tienda\/#\/schema\/logo\/image\/","url":"https:\/\/compuviper.mx\/tienda\/wp-content\/uploads\/2021\/08\/Logo-Compuviper-10.png","contentUrl":"https:\/\/compuviper.mx\/tienda\/wp-content\/uploads\/2021\/08\/Logo-Compuviper-10.png","width":1000,"height":500,"caption":"Compuviper"},"image":{"@id":"https:\/\/compuviper.mx\/tienda\/#\/schema\/logo\/image\/"},"sameAs":["https:\/\/www.facebook.com\/compuviper","https:\/\/www.youtube.com\/channel\/UCf73dERp9Y3cfOq7q8BhLjA?view_as=subscriber"]}]},"product_brand":"Forza","product_price_amount":"12890","product_price_currency":"MXN","og_availability":"out of stock","product_availability":"out of stock","product_retailer_item_id":"FDC-103K","product_condition":"new"},"_links":{"self":[{"href":"https:\/\/compuviper.mx\/tienda\/wp-json\/wp\/v2\/product\/245273"}],"collection":[{"href":"https:\/\/compuviper.mx\/tienda\/wp-json\/wp\/v2\/product"}],"about":[{"href":"https:\/\/compuviper.mx\/tienda\/wp-json\/wp\/v2\/types\/product"}],"replies":[{"embeddable":true,"href":"https:\/\/compuviper.mx\/tienda\/wp-json\/wp\/v2\/comments?post=245273"}],"wp:featuredmedia":[{"embeddable":true,"href":"https:\/\/compuviper.mx\/tienda\/wp-json\/wp\/v2\/media\/259555"}],"wp:attachment":[{"href":"https:\/\/compuviper.mx\/tienda\/wp-json\/wp\/v2\/media?parent=245273"}],"wp:term":[{"taxonomy":"product_cat","embeddable":true,"href":"https:\/\/compuviper.mx\/tienda\/wp-json\/wp\/v2\/product_cat?post=245273"},{"taxonomy":"product_tag","embeddable":true,"href":"https:\/\/compuviper.mx\/tienda\/wp-json\/wp\/v2\/product_tag?post=245273"}],"curies":[{"name":"wp","href":"https:\/\/api.w.org\/{rel}","templated":true}]}}