{"id":245263,"date":"2026-04-06T23:07:33","date_gmt":"2026-04-07T05:07:33","guid":{"rendered":"https:\/\/compuviper.mx\/tienda\/producto\/startech-com-st53004u1c-concentrador-usb-3-0-de-4-puertos-hub-con-puertos-de-carga-y-sincronizacion-1-puerto-de-2-4a-mod\/"},"modified":"2026-04-06T23:07:33","modified_gmt":"2026-04-07T05:07:33","slug":"startech-com-st53004u1c-concentrador-usb-3-0-de-4-puertos-hub-con-puertos-de-carga-y-sincronizacion-1-puerto-de-2-4a-mod","status":"publish","type":"product","link":"https:\/\/compuviper.mx\/tienda\/producto\/startech-com-st53004u1c-concentrador-usb-3-0-de-4-puertos-hub-con-puertos-de-carga-y-sincronizacion-1-puerto-de-2-4a-mod\/","title":{"rendered":"Startech.com St53004u1c Concentrador Usb 3.0 De 4 Puertos &#8211; Hub Con Puertos De Carga Y Sincronizacion &#8211; 1 Puerto De 2.4a &#8211;  Mod."},"content":{"rendered":"<table class=\"descripcion\">\n<tr>\n<td>Factor de forma: de escritorio<\/td>\n<\/tr>\n<tr>\n<td>Puerto(s) de dispositivos usb-c: no<\/td>\n<\/tr>\n<tr>\n<td>Cantidad de puertos: 4<\/td>\n<\/tr>\n<tr>\n<td>Conexion anfitrion usb-c: no<\/td>\n<\/tr>\n<tr>\n<td>Id del conjunto de chips: via\/vli &#8211; vl812<\/td>\n<\/tr>\n<tr>\n<td>Interfaz: usb 3.2 gen 1(5gbps)<\/td>\n<\/tr>\n<tr>\n<td>Tipo de gabinete: plastico<\/td>\n<\/tr>\n<tr>\n<td>Puerto(s) de carga rapida: si<\/td>\n<\/tr>\n<tr>\n<td>Longitud del producto: 103 mm<\/td>\n<\/tr>\n<tr>\n<td>Adaptador de corriente incluido: adaptador de alimentacion de ca incluido<\/td>\n<\/tr>\n<tr>\n<td>Estandares industriales: usb 3.0 &#8211; retrocompatible con usb 2.0\/1.1<\/td>\n<\/tr>\n<tr>\n<td>Tension de entrada: 100 &#8211; 240 ac<\/td>\n<\/tr>\n<tr>\n<td>Ancho del producto: 60 mm<\/td>\n<\/tr>\n<tr>\n<td>Tasa de transferencia de datos maxima: 5 gbps<\/td>\n<\/tr>\n<tr>\n<td>Color: negro<\/td>\n<\/tr>\n<tr>\n<td>Altura del producto: 22 mm<\/td>\n<\/tr>\n<tr>\n<td>Tipo y velocidad: usb 3.0 &#8211; 5 gbit\/s<\/td>\n<\/tr>\n<tr>\n<td>Alimentacion de salida: 2a a<\/td>\n<\/tr>\n<tr>\n<td>Peso del producto: 75 g<\/td>\n<\/tr>\n<tr>\n<td> led: 4 estado del puerto (azul)<\/td>\n<\/tr>\n<tr>\n<td>Consumo de energia: 24 watts<\/td>\n<\/tr>\n<tr>\n<td>Tipo de bus: usb 3.2 gen 1(5gbps)<\/td>\n<\/tr>\n<tr>\n<td>Corriente de entrada: 0.6 a a<\/td>\n<\/tr>\n<tr>\n<td>Polaridad central: positivo<\/td>\n<\/tr>\n<tr>\n<td>Tension de salida: 12v dc v<\/td>\n<\/tr>\n<tr>\n<td>Tipo de enchufe: n<\/td>\n<\/tr>\n<\/table>\n","protected":false},"excerpt":{"rendered":"<p>Un accesorio indispensable para cualquier usuario de dispositivos moviles. Este compacto concentrador usb 3.0 le permite conectar cuatro dispositivos usb adicionales a su ordenador. Ademas, permite la carga rapida de dispositivos moviles mediante el puerto de carga dedicada (dcp) del concentrador. Con un puerto de carga dedicada de 2,4\u00a0amperios, el concentrador facilita la carga rapida de su smartphone, tablet y otros dispositivos que se cargan mediante usb, incluidos los dispositivos android\u0099, apple y samsung. Los puertos de carga y de datos funcionan simultaneamente, a fin de que el usuario pueda cargar rapidamente su dispositivo movil mientras continua utilizando sus otros perifericos usb 3.0. El puerto de carga dedicada se mantiene encendido incluso si la computadora host se apaga, esta en modo de suspension o se desconecta completamente. Amplie la capacidad de su sistema agregandole cuatro puertos usb 3.0 y disfrute de velocidades de transferencia de datos de hasta 5 gbps.<\/p>\n","protected":false},"featured_media":245342,"comment_status":"open","ping_status":"open","template":"","meta":[],"product_cat":[1485,1497],"product_tag":[1590],"acf":[],"yoast_head":"<!-- This site is optimized with the Yoast SEO plugin v21.7 - https:\/\/yoast.com\/wordpress\/plugins\/seo\/ -->\n<title>[ Startech.com ] &#129351; St53004u1c Concentrador Usb 3.0 De 4 Puertos - Hub Con Puertos De Carga Y Sincronizacion - 1 Puerto De 2.4a - Mod.<\/title>\n<meta name=\"description\" content=\"Compra St53004u1c Concentrador Usb 3.0 De 4 Puertos - Hub Con Puertos De Carga Y Sincronizacion - 1 Puerto De 2.4a - Mod. + Env\u00edo a domicilio + Pago seguro + Garant\u00eda\" \/>\n<meta name=\"robots\" content=\"index, follow, max-snippet:-1, max-image-preview:large, max-video-preview:-1\" \/>\n<link rel=\"canonical\" href=\"https:\/\/compuviper.mx\/tienda\/producto\/startech-com-st53004u1c-concentrador-usb-3-0-de-4-puertos-hub-con-puertos-de-carga-y-sincronizacion-1-puerto-de-2-4a-mod\/\" \/>\n<meta property=\"og:locale\" content=\"es_MX\" \/>\n<meta property=\"og:type\" content=\"article\" \/>\n<meta property=\"og:title\" content=\"[ Startech.com ] &#129351; St53004u1c Concentrador Usb 3.0 De 4 Puertos - Hub Con Puertos De Carga Y Sincronizacion - 1 Puerto De 2.4a - Mod.\" \/>\n<meta property=\"og:description\" content=\"Compra St53004u1c Concentrador Usb 3.0 De 4 Puertos - Hub Con Puertos De Carga Y Sincronizacion - 1 Puerto De 2.4a - Mod. + Env\u00edo a domicilio + Pago seguro + Garant\u00eda\" \/>\n<meta property=\"og:url\" content=\"https:\/\/compuviper.mx\/tienda\/producto\/startech-com-st53004u1c-concentrador-usb-3-0-de-4-puertos-hub-con-puertos-de-carga-y-sincronizacion-1-puerto-de-2-4a-mod\/\" \/>\n<meta property=\"og:site_name\" content=\"Compuviper\" \/>\n<meta property=\"article:publisher\" content=\"https:\/\/www.facebook.com\/compuviper\" \/>\n<meta property=\"og:image\" content=\"https:\/\/compuviper.mx\/tienda\/wp-content\/uploads\/2024\/11\/Concentrador-usb-3.0-de-4-puertos-hub-con-puertos-de-carga-y-sincronizacion-1-puerto-de-2.4a-startech.com-mod.-st53004u1c.jpg\" \/>\n\t<meta property=\"og:image:width\" content=\"200\" \/>\n\t<meta property=\"og:image:height\" content=\"200\" \/>\n\t<meta property=\"og:image:type\" content=\"image\/jpeg\" \/>\n<meta name=\"twitter:card\" content=\"summary_large_image\" \/>\n<meta name=\"twitter:label1\" content=\"Precio\" \/>\n\t<meta name=\"twitter:data1\" content=\"&#36;1,139 con IVA\" \/>\n\t<meta name=\"twitter:label2\" content=\"Availability\" \/>\n\t<meta name=\"twitter:data2\" content=\"On backorder\" \/>\n<script type=\"application\/ld+json\" class=\"yoast-schema-graph\">{\"@context\":\"https:\/\/schema.org\",\"@graph\":[{\"@type\":\"WebPage\",\"@id\":\"https:\/\/compuviper.mx\/tienda\/producto\/startech-com-st53004u1c-concentrador-usb-3-0-de-4-puertos-hub-con-puertos-de-carga-y-sincronizacion-1-puerto-de-2-4a-mod\/\",\"url\":\"https:\/\/compuviper.mx\/tienda\/producto\/startech-com-st53004u1c-concentrador-usb-3-0-de-4-puertos-hub-con-puertos-de-carga-y-sincronizacion-1-puerto-de-2-4a-mod\/\",\"name\":\"[ Startech.com ] &#129351; St53004u1c Concentrador Usb 3.0 De 4 Puertos - Hub Con Puertos De Carga Y Sincronizacion - 1 Puerto De 2.4a - Mod.\",\"isPartOf\":{\"@id\":\"https:\/\/compuviper.mx\/tienda\/#website\"},\"datePublished\":\"2026-04-07T05:07:33+00:00\",\"dateModified\":\"2026-04-07T05:07:33+00:00\",\"description\":\"Compra St53004u1c Concentrador Usb 3.0 De 4 Puertos - Hub Con Puertos De Carga Y Sincronizacion - 1 Puerto De 2.4a - Mod. + Env\u00edo a domicilio + Pago seguro + Garant\u00eda\",\"breadcrumb\":{\"@id\":\"https:\/\/compuviper.mx\/tienda\/producto\/startech-com-st53004u1c-concentrador-usb-3-0-de-4-puertos-hub-con-puertos-de-carga-y-sincronizacion-1-puerto-de-2-4a-mod\/#breadcrumb\"},\"inLanguage\":\"es-MX\",\"potentialAction\":[{\"@type\":\"ReadAction\",\"target\":[\"https:\/\/compuviper.mx\/tienda\/producto\/startech-com-st53004u1c-concentrador-usb-3-0-de-4-puertos-hub-con-puertos-de-carga-y-sincronizacion-1-puerto-de-2-4a-mod\/\"]}]},{\"@type\":\"BreadcrumbList\",\"@id\":\"https:\/\/compuviper.mx\/tienda\/producto\/startech-com-st53004u1c-concentrador-usb-3-0-de-4-puertos-hub-con-puertos-de-carga-y-sincronizacion-1-puerto-de-2-4a-mod\/#breadcrumb\",\"itemListElement\":[{\"@type\":\"ListItem\",\"position\":1,\"name\":\"Inicio\",\"item\":\"https:\/\/compuviper.mx\/tienda\/\"},{\"@type\":\"ListItem\",\"position\":2,\"name\":\"Productos\",\"item\":\"https:\/\/compuviper.mx\/tienda\/productos\/\"},{\"@type\":\"ListItem\",\"position\":3,\"name\":\"Accesorios\",\"item\":\"https:\/\/compuviper.mx\/tienda\/categoria-producto\/accesorios\/\"},{\"@type\":\"ListItem\",\"position\":4,\"name\":\"Hub Usb\",\"item\":\"https:\/\/compuviper.mx\/tienda\/categoria-producto\/accesorios\/hub-usb\/\"},{\"@type\":\"ListItem\",\"position\":5,\"name\":\"Startech.com St53004u1c Concentrador Usb 3.0 De 4 Puertos &#8211; Hub Con Puertos De Carga Y Sincronizacion &#8211; 1 Puerto De 2.4a &#8211; Mod.\"}]},{\"@type\":\"WebSite\",\"@id\":\"https:\/\/compuviper.mx\/tienda\/#website\",\"url\":\"https:\/\/compuviper.mx\/tienda\/\",\"name\":\"Compuviper\",\"description\":\"Proveedor de Computadoras, Laptops, Servidores, Monitores, Puntos de Venta, Teclados,   Impresoras, T\u00f3ner, C\u00e1maras de Seguridad y m\u00e1s en tu tienda en l\u00ednea\",\"publisher\":{\"@id\":\"https:\/\/compuviper.mx\/tienda\/#organization\"},\"potentialAction\":[{\"@type\":\"SearchAction\",\"target\":{\"@type\":\"EntryPoint\",\"urlTemplate\":\"https:\/\/compuviper.mx\/tienda\/?s={search_term_string}\"},\"query-input\":\"required name=search_term_string\"}],\"inLanguage\":\"es-MX\"},{\"@type\":\"Organization\",\"@id\":\"https:\/\/compuviper.mx\/tienda\/#organization\",\"name\":\"Compuviper\",\"url\":\"https:\/\/compuviper.mx\/tienda\/\",\"logo\":{\"@type\":\"ImageObject\",\"inLanguage\":\"es-MX\",\"@id\":\"https:\/\/compuviper.mx\/tienda\/#\/schema\/logo\/image\/\",\"url\":\"https:\/\/compuviper.mx\/tienda\/wp-content\/uploads\/2021\/08\/Logo-Compuviper-10.png\",\"contentUrl\":\"https:\/\/compuviper.mx\/tienda\/wp-content\/uploads\/2021\/08\/Logo-Compuviper-10.png\",\"width\":1000,\"height\":500,\"caption\":\"Compuviper\"},\"image\":{\"@id\":\"https:\/\/compuviper.mx\/tienda\/#\/schema\/logo\/image\/\"},\"sameAs\":[\"https:\/\/www.facebook.com\/compuviper\",\"https:\/\/www.youtube.com\/channel\/UCf73dERp9Y3cfOq7q8BhLjA?view_as=subscriber\"]}]}<\/script>\n<meta property=\"product:brand\" content=\"STARTECH.COM\" \/>\n<meta property=\"product:price:amount\" content=\"1139\" \/>\n<meta property=\"product:price:currency\" content=\"MXN\" \/>\n<meta property=\"og:availability\" content=\"backorder\" \/>\n<meta property=\"product:availability\" content=\"available for order\" \/>\n<meta property=\"product:retailer_item_id\" content=\"ST53004U1C\" \/>\n<meta property=\"product:condition\" content=\"new\" \/>\n<!-- \/ Yoast SEO plugin. -->","yoast_head_json":{"title":"[ Startech.com ] &#129351; St53004u1c Concentrador Usb 3.0 De 4 Puertos - Hub Con Puertos De Carga Y Sincronizacion - 1 Puerto De 2.4a - Mod.","description":"Compra St53004u1c Concentrador Usb 3.0 De 4 Puertos - Hub Con Puertos De Carga Y Sincronizacion - 1 Puerto De 2.4a - Mod. + Env\u00edo a domicilio + Pago seguro + Garant\u00eda","robots":{"index":"index","follow":"follow","max-snippet":"max-snippet:-1","max-image-preview":"max-image-preview:large","max-video-preview":"max-video-preview:-1"},"canonical":"https:\/\/compuviper.mx\/tienda\/producto\/startech-com-st53004u1c-concentrador-usb-3-0-de-4-puertos-hub-con-puertos-de-carga-y-sincronizacion-1-puerto-de-2-4a-mod\/","og_locale":"es_MX","og_type":"article","og_title":"[ Startech.com ] &#129351; St53004u1c Concentrador Usb 3.0 De 4 Puertos - Hub Con Puertos De Carga Y Sincronizacion - 1 Puerto De 2.4a - Mod.","og_description":"Compra St53004u1c Concentrador Usb 3.0 De 4 Puertos - Hub Con Puertos De Carga Y Sincronizacion - 1 Puerto De 2.4a - Mod. + Env\u00edo a domicilio + Pago seguro + Garant\u00eda","og_url":"https:\/\/compuviper.mx\/tienda\/producto\/startech-com-st53004u1c-concentrador-usb-3-0-de-4-puertos-hub-con-puertos-de-carga-y-sincronizacion-1-puerto-de-2-4a-mod\/","og_site_name":"Compuviper","article_publisher":"https:\/\/www.facebook.com\/compuviper","og_image":[{"width":200,"height":200,"url":"https:\/\/compuviper.mx\/tienda\/wp-content\/uploads\/2024\/11\/Concentrador-usb-3.0-de-4-puertos-hub-con-puertos-de-carga-y-sincronizacion-1-puerto-de-2.4a-startech.com-mod.-st53004u1c.jpg","type":"image\/jpeg"}],"twitter_card":"summary_large_image","twitter_misc":{"Precio":"&#36;1,139 con IVA","Availability":"On backorder"},"schema":{"@context":"https:\/\/schema.org","@graph":[{"@type":"WebPage","@id":"https:\/\/compuviper.mx\/tienda\/producto\/startech-com-st53004u1c-concentrador-usb-3-0-de-4-puertos-hub-con-puertos-de-carga-y-sincronizacion-1-puerto-de-2-4a-mod\/","url":"https:\/\/compuviper.mx\/tienda\/producto\/startech-com-st53004u1c-concentrador-usb-3-0-de-4-puertos-hub-con-puertos-de-carga-y-sincronizacion-1-puerto-de-2-4a-mod\/","name":"[ Startech.com ] &#129351; St53004u1c Concentrador Usb 3.0 De 4 Puertos - Hub Con Puertos De Carga Y Sincronizacion - 1 Puerto De 2.4a - Mod.","isPartOf":{"@id":"https:\/\/compuviper.mx\/tienda\/#website"},"datePublished":"2026-04-07T05:07:33+00:00","dateModified":"2026-04-07T05:07:33+00:00","description":"Compra St53004u1c Concentrador Usb 3.0 De 4 Puertos - Hub Con Puertos De Carga Y Sincronizacion - 1 Puerto De 2.4a - Mod. + Env\u00edo a domicilio + Pago seguro + Garant\u00eda","breadcrumb":{"@id":"https:\/\/compuviper.mx\/tienda\/producto\/startech-com-st53004u1c-concentrador-usb-3-0-de-4-puertos-hub-con-puertos-de-carga-y-sincronizacion-1-puerto-de-2-4a-mod\/#breadcrumb"},"inLanguage":"es-MX","potentialAction":[{"@type":"ReadAction","target":["https:\/\/compuviper.mx\/tienda\/producto\/startech-com-st53004u1c-concentrador-usb-3-0-de-4-puertos-hub-con-puertos-de-carga-y-sincronizacion-1-puerto-de-2-4a-mod\/"]}]},{"@type":"BreadcrumbList","@id":"https:\/\/compuviper.mx\/tienda\/producto\/startech-com-st53004u1c-concentrador-usb-3-0-de-4-puertos-hub-con-puertos-de-carga-y-sincronizacion-1-puerto-de-2-4a-mod\/#breadcrumb","itemListElement":[{"@type":"ListItem","position":1,"name":"Inicio","item":"https:\/\/compuviper.mx\/tienda\/"},{"@type":"ListItem","position":2,"name":"Productos","item":"https:\/\/compuviper.mx\/tienda\/productos\/"},{"@type":"ListItem","position":3,"name":"Accesorios","item":"https:\/\/compuviper.mx\/tienda\/categoria-producto\/accesorios\/"},{"@type":"ListItem","position":4,"name":"Hub Usb","item":"https:\/\/compuviper.mx\/tienda\/categoria-producto\/accesorios\/hub-usb\/"},{"@type":"ListItem","position":5,"name":"Startech.com St53004u1c Concentrador Usb 3.0 De 4 Puertos &#8211; Hub Con Puertos De Carga Y Sincronizacion &#8211; 1 Puerto De 2.4a &#8211; Mod."}]},{"@type":"WebSite","@id":"https:\/\/compuviper.mx\/tienda\/#website","url":"https:\/\/compuviper.mx\/tienda\/","name":"Compuviper","description":"Proveedor de Computadoras, Laptops, Servidores, Monitores, Puntos de Venta, Teclados,   Impresoras, T\u00f3ner, C\u00e1maras de Seguridad y m\u00e1s en tu tienda en l\u00ednea","publisher":{"@id":"https:\/\/compuviper.mx\/tienda\/#organization"},"potentialAction":[{"@type":"SearchAction","target":{"@type":"EntryPoint","urlTemplate":"https:\/\/compuviper.mx\/tienda\/?s={search_term_string}"},"query-input":"required name=search_term_string"}],"inLanguage":"es-MX"},{"@type":"Organization","@id":"https:\/\/compuviper.mx\/tienda\/#organization","name":"Compuviper","url":"https:\/\/compuviper.mx\/tienda\/","logo":{"@type":"ImageObject","inLanguage":"es-MX","@id":"https:\/\/compuviper.mx\/tienda\/#\/schema\/logo\/image\/","url":"https:\/\/compuviper.mx\/tienda\/wp-content\/uploads\/2021\/08\/Logo-Compuviper-10.png","contentUrl":"https:\/\/compuviper.mx\/tienda\/wp-content\/uploads\/2021\/08\/Logo-Compuviper-10.png","width":1000,"height":500,"caption":"Compuviper"},"image":{"@id":"https:\/\/compuviper.mx\/tienda\/#\/schema\/logo\/image\/"},"sameAs":["https:\/\/www.facebook.com\/compuviper","https:\/\/www.youtube.com\/channel\/UCf73dERp9Y3cfOq7q8BhLjA?view_as=subscriber"]}]},"product_brand":"STARTECH.COM","product_price_amount":"1139","product_price_currency":"MXN","og_availability":"backorder","product_availability":"available for order","product_retailer_item_id":"ST53004U1C","product_condition":"new"},"_links":{"self":[{"href":"https:\/\/compuviper.mx\/tienda\/wp-json\/wp\/v2\/product\/245263"}],"collection":[{"href":"https:\/\/compuviper.mx\/tienda\/wp-json\/wp\/v2\/product"}],"about":[{"href":"https:\/\/compuviper.mx\/tienda\/wp-json\/wp\/v2\/types\/product"}],"replies":[{"embeddable":true,"href":"https:\/\/compuviper.mx\/tienda\/wp-json\/wp\/v2\/comments?post=245263"}],"wp:featuredmedia":[{"embeddable":true,"href":"https:\/\/compuviper.mx\/tienda\/wp-json\/wp\/v2\/media\/245342"}],"wp:attachment":[{"href":"https:\/\/compuviper.mx\/tienda\/wp-json\/wp\/v2\/media?parent=245263"}],"wp:term":[{"taxonomy":"product_cat","embeddable":true,"href":"https:\/\/compuviper.mx\/tienda\/wp-json\/wp\/v2\/product_cat?post=245263"},{"taxonomy":"product_tag","embeddable":true,"href":"https:\/\/compuviper.mx\/tienda\/wp-json\/wp\/v2\/product_tag?post=245263"}],"curies":[{"name":"wp","href":"https:\/\/api.w.org\/{rel}","templated":true}]}}