{"id":243899,"date":"2026-04-15T00:26:03","date_gmt":"2026-04-15T06:26:03","guid":{"rendered":"https:\/\/compuviper.mx\/tienda\/producto\/dahua-dh-xvr1b04-i-ssd-dvr-xvr1b04-i-ssd-dvr-de-4-canales-1080p-lite-con-disco-ssd-de-512gb-especial-para-videovigilancia-s-xvr-series-wizsense-h-265-4-canales-con-smd-plus-busqueda-intelig\/"},"modified":"2026-04-15T00:26:03","modified_gmt":"2026-04-15T06:26:03","slug":"dahua-dh-xvr1b04-i-ssd-dvr-xvr1b04-i-ssd-dvr-de-4-canales-1080p-lite-con-disco-ssd-de-512gb-especial-para-videovigilancia-s-xvr-series-wizsense-h-265-4-canales-con-smd-plus-busqueda-intelige","status":"publish","type":"product","link":"https:\/\/compuviper.mx\/tienda\/producto\/dahua-dh-xvr1b04-i-ssd-dvr-xvr1b04-i-ssd-dvr-de-4-canales-1080p-lite-con-disco-ssd-de-512gb-especial-para-videovigilancia-s-xvr-series-wizsense-h-265-4-canales-con-smd-plus-busqueda-intelige\/","title":{"rendered":"Dahua Dh-xvr1b04-i-ssd Dvr\/ \/ Xvr1b04-i-ssd\/ Dvr De 4 Canales 1080p Lite\/ Con Disco Ssd De 512gb Especial Para Videovigilancia\/ S-xvr Series\/ Wizsense\/ H.265\/ 4 Canales Con Smd Plus\/ Busqueda Inteligente Humanos Y V"},"content":{"rendered":"<table class=\"descripcion\">\n<tr>\n<td>Caracteristicas principales<\/td>\n<\/tr>\n<tr>\n<td>\u0095 viene con un ssd interno de 512 gb<\/td>\n<\/tr>\n<tr>\n<td>\u0095 compresion de video de doble flujo h.265+\/h.265.<\/td>\n<\/tr>\n<tr>\n<td>\u0095 admite codificacion ai de canal completo.<\/td>\n<\/tr>\n<tr>\n<td>\u0095 admite entradas de video hdcvi\/ahd\/tvi\/cvbs\/ip.<\/td>\n<\/tr>\n<tr>\n<td>\u0095 entradas de camara ip de 5 canales como maximo, cada canal hasta 2 mp; ancho de banda entrante maximo de 20 mbps.<\/td>\n<\/tr>\n<tr>\n<td>\u0095 larga distancia de transmision por cable coaxial.<\/td>\n<\/tr>\n<tr>\n<td>\u0095 hasta 4 canales de transmision de video (canal analogico) smd plus.<\/td>\n<\/tr>\n<tr>\n<td>Especificaciones tecnicas<\/td>\n<\/tr>\n<tr>\n<td>\u0095 procesador principal: procesador de grado industrial<\/td>\n<\/tr>\n<tr>\n<td>\u0095 sistema operativo: linux integrado<\/td>\n<\/tr>\n<tr>\n<td>\u0095 interfaz operativa: web; gui local<\/td>\n<\/tr>\n<tr>\n<td>\u0095 smd plus por grabador: 4 canales: filtrado secundario para personas y vehiculos de motor, reduciendo falsas alarmas causadas por hojas, lluvia y cambios en las condiciones de iluminacion<\/td>\n<\/tr>\n<\/table>\n","protected":false},"excerpt":{"rendered":"<p>Informacion general. Dahua technology, un proveedor de servicios y soluciones de iot inteligente centrado en video lider en el mundo, presento su nueva serie xvr, la serie s-xvr, que presenta smd plus de canal completo maximo para beneficiar a los clientes con la actualizacion de ia (la cantidad de canales varia segun el modelo. Consulte las especificaciones a continuacion para obtener informacion sobre el numero de canales). Esta serie se ha desarrollado para reducir las tasas de falsas alarmas y el costo de la vigilancia humana, aportando asi un gran valor a los clientes que buscan productos con alarma humana\/vehiculo precisa para elevar el nivel de seguridad de diversas instalaciones interiores y exteriores. Inteligente h.265. El codec inteligente h.265+ reduce la velocidad de bits y los requisitos de almacenamiento hasta en un 90 %, superando la compresion de video estandar h.264 y eliminando la necesidad de invertir en una nueva camara. Smd plus. Con un algoritmo inteligente, la tecnologia de deteccion de movimiento inteligente de dahua puede categorizar los objetivos que activan la deteccion de movimiento y filtrar la alarma de deteccion de movimiento activada por objetivos no afectados para realizar una alarma efectiva y precisa. Estable. El xvr ofrece bajo nivel de ruido, a prueba de golpes y una fuerte disipacion de calor. El dahua ssd esta equipado con 3d tlc nand flash, que permite una vida util mas larga del producto y garantiza una grabacion continua las 24 horas del dia, los 7 dias de la semana. Simple. El dise\u00f1o desmontable del xvr permite un facil mantenimiento y expansion de capacidad, con capacidades de almacenamiento ssd de 256g, 512g y 1t disponibles para satisfacer diversas necesidades de los usuarios y al mismo tiempo garantizar la seguridad de los datos. Smart. Impulsado por un chip de ia y un algoritmo de aprendizaje profundo, ai coding garantiza mas de 11 dias de almacenamiento de video confiable, mientras que smd plus reduce las falsas alarmas y ofrece una busqueda rapida de objetivos humanos o vehiculos.<\/p>\n","protected":false},"featured_media":259503,"comment_status":"open","ping_status":"open","template":"","meta":[],"product_cat":[1689,1690],"product_tag":[1555],"acf":[],"yoast_head":"<!-- This site is optimized with the Yoast SEO plugin v21.7 - https:\/\/yoast.com\/wordpress\/plugins\/seo\/ -->\n<title>[ Dahua ] &#129351; Dh-xvr1b04-i-ssd Dvr\/ \/ Xvr1b04-i-ssd\/ Dvr De 4 Canales 1080p Lite\/ Con Disco Ssd De 512gb Especial Para Videovigilancia\/ S-xvr Series\/ Wizsense\/ H.265\/ 4 Canales Con Smd Plus\/ Busqueda Inteligente Humanos Y V<\/title>\n<meta name=\"description\" content=\"Compra Dh-xvr1b04-i-ssd Dvr\/ \/ Xvr1b04-i-ssd\/ Dvr De 4 Canales 1080p Lite\/ Con Disco Ssd De 512gb Especial Para Videovigilancia\/ S-xvr Series\/ Wizsense\/ H.265\/ 4 Canales Con Smd Plus\/ Busqueda Inteligente Humanos Y V + Env\u00edo a domicilio + Pago seguro + Garant\u00eda\" \/>\n<meta name=\"robots\" content=\"index, follow, max-snippet:-1, max-image-preview:large, max-video-preview:-1\" \/>\n<link rel=\"canonical\" href=\"https:\/\/compuviper.mx\/tienda\/producto\/dahua-dh-xvr1b04-i-ssd-dvr-xvr1b04-i-ssd-dvr-de-4-canales-1080p-lite-con-disco-ssd-de-512gb-especial-para-videovigilancia-s-xvr-series-wizsense-h-265-4-canales-con-smd-plus-busqueda-intelige\/\" \/>\n<meta property=\"og:locale\" content=\"es_MX\" \/>\n<meta property=\"og:type\" content=\"article\" \/>\n<meta property=\"og:title\" content=\"[ Dahua ] &#129351; Dh-xvr1b04-i-ssd Dvr\/ \/ Xvr1b04-i-ssd\/ Dvr De 4 Canales 1080p Lite\/ Con Disco Ssd De 512gb Especial Para Videovigilancia\/ S-xvr Series\/ Wizsense\/ H.265\/ 4 Canales Con Smd Plus\/ Busqueda Inteligente Humanos Y V\" \/>\n<meta property=\"og:description\" content=\"Compra Dh-xvr1b04-i-ssd Dvr\/ \/ Xvr1b04-i-ssd\/ Dvr De 4 Canales 1080p Lite\/ Con Disco Ssd De 512gb Especial Para Videovigilancia\/ S-xvr Series\/ Wizsense\/ H.265\/ 4 Canales Con Smd Plus\/ Busqueda Inteligente Humanos Y V + Env\u00edo a domicilio + Pago seguro + Garant\u00eda\" \/>\n<meta property=\"og:url\" content=\"https:\/\/compuviper.mx\/tienda\/producto\/dahua-dh-xvr1b04-i-ssd-dvr-xvr1b04-i-ssd-dvr-de-4-canales-1080p-lite-con-disco-ssd-de-512gb-especial-para-videovigilancia-s-xvr-series-wizsense-h-265-4-canales-con-smd-plus-busqueda-intelige\/\" \/>\n<meta property=\"og:site_name\" content=\"Compuviper\" \/>\n<meta property=\"article:publisher\" content=\"https:\/\/www.facebook.com\/compuviper\" \/>\n<meta property=\"og:image\" content=\"https:\/\/compuviper.mx\/tienda\/wp-content\/uploads\/2025\/10\/Dvr-dahua-xvr1b04-i-ssd-dvr-de-4-canales-1080p-lite-con-disco-ssd-de-512gb-especial-para-videovigilancia-s-xvr-series-wizsense-h.265-4-canales-con-smd-plus-busqueda-inteligente-humanos-y-v.jpg\" \/>\n\t<meta property=\"og:image:width\" content=\"200\" \/>\n\t<meta property=\"og:image:height\" content=\"200\" \/>\n\t<meta property=\"og:image:type\" content=\"image\/jpeg\" \/>\n<meta name=\"twitter:card\" content=\"summary_large_image\" \/>\n<meta name=\"twitter:label1\" content=\"Precio\" \/>\n\t<meta name=\"twitter:data1\" content=\"&#36;1,169 &#36;1,157 con IVA\" \/>\n\t<meta name=\"twitter:label2\" content=\"Availability\" \/>\n\t<meta name=\"twitter:data2\" content=\"In stock\" \/>\n<script type=\"application\/ld+json\" class=\"yoast-schema-graph\">{\"@context\":\"https:\/\/schema.org\",\"@graph\":[{\"@type\":\"WebPage\",\"@id\":\"https:\/\/compuviper.mx\/tienda\/producto\/dahua-dh-xvr1b04-i-ssd-dvr-xvr1b04-i-ssd-dvr-de-4-canales-1080p-lite-con-disco-ssd-de-512gb-especial-para-videovigilancia-s-xvr-series-wizsense-h-265-4-canales-con-smd-plus-busqueda-intelige\/\",\"url\":\"https:\/\/compuviper.mx\/tienda\/producto\/dahua-dh-xvr1b04-i-ssd-dvr-xvr1b04-i-ssd-dvr-de-4-canales-1080p-lite-con-disco-ssd-de-512gb-especial-para-videovigilancia-s-xvr-series-wizsense-h-265-4-canales-con-smd-plus-busqueda-intelige\/\",\"name\":\"[ Dahua ] &#129351; Dh-xvr1b04-i-ssd Dvr\/ \/ Xvr1b04-i-ssd\/ Dvr De 4 Canales 1080p Lite\/ Con Disco Ssd De 512gb Especial Para Videovigilancia\/ S-xvr Series\/ Wizsense\/ H.265\/ 4 Canales Con Smd Plus\/ Busqueda Inteligente Humanos Y V\",\"isPartOf\":{\"@id\":\"https:\/\/compuviper.mx\/tienda\/#website\"},\"datePublished\":\"2026-04-15T06:26:03+00:00\",\"dateModified\":\"2026-04-15T06:26:03+00:00\",\"description\":\"Compra Dh-xvr1b04-i-ssd Dvr\/ \/ Xvr1b04-i-ssd\/ Dvr De 4 Canales 1080p Lite\/ Con Disco Ssd De 512gb Especial Para Videovigilancia\/ S-xvr Series\/ Wizsense\/ H.265\/ 4 Canales Con Smd Plus\/ Busqueda Inteligente Humanos Y V + Env\u00edo a domicilio + Pago seguro + Garant\u00eda\",\"breadcrumb\":{\"@id\":\"https:\/\/compuviper.mx\/tienda\/producto\/dahua-dh-xvr1b04-i-ssd-dvr-xvr1b04-i-ssd-dvr-de-4-canales-1080p-lite-con-disco-ssd-de-512gb-especial-para-videovigilancia-s-xvr-series-wizsense-h-265-4-canales-con-smd-plus-busqueda-intelige\/#breadcrumb\"},\"inLanguage\":\"es-MX\",\"potentialAction\":[{\"@type\":\"ReadAction\",\"target\":[\"https:\/\/compuviper.mx\/tienda\/producto\/dahua-dh-xvr1b04-i-ssd-dvr-xvr1b04-i-ssd-dvr-de-4-canales-1080p-lite-con-disco-ssd-de-512gb-especial-para-videovigilancia-s-xvr-series-wizsense-h-265-4-canales-con-smd-plus-busqueda-intelige\/\"]}]},{\"@type\":\"BreadcrumbList\",\"@id\":\"https:\/\/compuviper.mx\/tienda\/producto\/dahua-dh-xvr1b04-i-ssd-dvr-xvr1b04-i-ssd-dvr-de-4-canales-1080p-lite-con-disco-ssd-de-512gb-especial-para-videovigilancia-s-xvr-series-wizsense-h-265-4-canales-con-smd-plus-busqueda-intelige\/#breadcrumb\",\"itemListElement\":[{\"@type\":\"ListItem\",\"position\":1,\"name\":\"Inicio\",\"item\":\"https:\/\/compuviper.mx\/tienda\/\"},{\"@type\":\"ListItem\",\"position\":2,\"name\":\"Productos\",\"item\":\"https:\/\/compuviper.mx\/tienda\/productos\/\"},{\"@type\":\"ListItem\",\"position\":3,\"name\":\"Videograbadores\",\"item\":\"https:\/\/compuviper.mx\/tienda\/categoria-producto\/videograbadores\/\"},{\"@type\":\"ListItem\",\"position\":4,\"name\":\"Dvr\",\"item\":\"https:\/\/compuviper.mx\/tienda\/categoria-producto\/videograbadores\/dvr\/\"},{\"@type\":\"ListItem\",\"position\":5,\"name\":\"Dahua Dh-xvr1b04-i-ssd Dvr\/ \/ Xvr1b04-i-ssd\/ Dvr De 4 Canales 1080p Lite\/ Con Disco Ssd De 512gb Especial Para Videovigilancia\/ S-xvr Series\/ Wizsense\/ H.265\/ 4 Canales Con Smd Plus\/ Busqueda Inteligente Humanos Y V\"}]},{\"@type\":\"WebSite\",\"@id\":\"https:\/\/compuviper.mx\/tienda\/#website\",\"url\":\"https:\/\/compuviper.mx\/tienda\/\",\"name\":\"Compuviper\",\"description\":\"Proveedor de Computadoras, Laptops, Servidores, Monitores, Puntos de Venta, Teclados,   Impresoras, T\u00f3ner, C\u00e1maras de Seguridad y m\u00e1s en tu tienda en l\u00ednea\",\"publisher\":{\"@id\":\"https:\/\/compuviper.mx\/tienda\/#organization\"},\"potentialAction\":[{\"@type\":\"SearchAction\",\"target\":{\"@type\":\"EntryPoint\",\"urlTemplate\":\"https:\/\/compuviper.mx\/tienda\/?s={search_term_string}\"},\"query-input\":\"required name=search_term_string\"}],\"inLanguage\":\"es-MX\"},{\"@type\":\"Organization\",\"@id\":\"https:\/\/compuviper.mx\/tienda\/#organization\",\"name\":\"Compuviper\",\"url\":\"https:\/\/compuviper.mx\/tienda\/\",\"logo\":{\"@type\":\"ImageObject\",\"inLanguage\":\"es-MX\",\"@id\":\"https:\/\/compuviper.mx\/tienda\/#\/schema\/logo\/image\/\",\"url\":\"https:\/\/compuviper.mx\/tienda\/wp-content\/uploads\/2021\/08\/Logo-Compuviper-10.png\",\"contentUrl\":\"https:\/\/compuviper.mx\/tienda\/wp-content\/uploads\/2021\/08\/Logo-Compuviper-10.png\",\"width\":1000,\"height\":500,\"caption\":\"Compuviper\"},\"image\":{\"@id\":\"https:\/\/compuviper.mx\/tienda\/#\/schema\/logo\/image\/\"},\"sameAs\":[\"https:\/\/www.facebook.com\/compuviper\",\"https:\/\/www.youtube.com\/channel\/UCf73dERp9Y3cfOq7q8BhLjA?view_as=subscriber\"]}]}<\/script>\n<meta property=\"product:brand\" content=\"DAHUA\" \/>\n<meta property=\"product:price:amount\" content=\"1157\" \/>\n<meta property=\"product:price:currency\" content=\"MXN\" \/>\n<meta property=\"og:availability\" content=\"instock\" \/>\n<meta property=\"product:availability\" content=\"instock\" \/>\n<meta property=\"product:retailer_item_id\" content=\"DH-XVR1B04-I-SSD\" \/>\n<meta property=\"product:condition\" content=\"new\" \/>\n<!-- \/ Yoast SEO plugin. -->","yoast_head_json":{"title":"[ Dahua ] &#129351; Dh-xvr1b04-i-ssd Dvr\/ \/ Xvr1b04-i-ssd\/ Dvr De 4 Canales 1080p Lite\/ Con Disco Ssd De 512gb Especial Para Videovigilancia\/ S-xvr Series\/ Wizsense\/ H.265\/ 4 Canales Con Smd Plus\/ Busqueda Inteligente Humanos Y V","description":"Compra Dh-xvr1b04-i-ssd Dvr\/ \/ Xvr1b04-i-ssd\/ Dvr De 4 Canales 1080p Lite\/ Con Disco Ssd De 512gb Especial Para Videovigilancia\/ S-xvr Series\/ Wizsense\/ H.265\/ 4 Canales Con Smd Plus\/ Busqueda Inteligente Humanos Y V + Env\u00edo a domicilio + Pago seguro + Garant\u00eda","robots":{"index":"index","follow":"follow","max-snippet":"max-snippet:-1","max-image-preview":"max-image-preview:large","max-video-preview":"max-video-preview:-1"},"canonical":"https:\/\/compuviper.mx\/tienda\/producto\/dahua-dh-xvr1b04-i-ssd-dvr-xvr1b04-i-ssd-dvr-de-4-canales-1080p-lite-con-disco-ssd-de-512gb-especial-para-videovigilancia-s-xvr-series-wizsense-h-265-4-canales-con-smd-plus-busqueda-intelige\/","og_locale":"es_MX","og_type":"article","og_title":"[ Dahua ] &#129351; Dh-xvr1b04-i-ssd Dvr\/ \/ Xvr1b04-i-ssd\/ Dvr De 4 Canales 1080p Lite\/ Con Disco Ssd De 512gb Especial Para Videovigilancia\/ S-xvr Series\/ Wizsense\/ H.265\/ 4 Canales Con Smd Plus\/ Busqueda Inteligente Humanos Y V","og_description":"Compra Dh-xvr1b04-i-ssd Dvr\/ \/ Xvr1b04-i-ssd\/ Dvr De 4 Canales 1080p Lite\/ Con Disco Ssd De 512gb Especial Para Videovigilancia\/ S-xvr Series\/ Wizsense\/ H.265\/ 4 Canales Con Smd Plus\/ Busqueda Inteligente Humanos Y V + Env\u00edo a domicilio + Pago seguro + Garant\u00eda","og_url":"https:\/\/compuviper.mx\/tienda\/producto\/dahua-dh-xvr1b04-i-ssd-dvr-xvr1b04-i-ssd-dvr-de-4-canales-1080p-lite-con-disco-ssd-de-512gb-especial-para-videovigilancia-s-xvr-series-wizsense-h-265-4-canales-con-smd-plus-busqueda-intelige\/","og_site_name":"Compuviper","article_publisher":"https:\/\/www.facebook.com\/compuviper","og_image":[{"width":200,"height":200,"url":"https:\/\/compuviper.mx\/tienda\/wp-content\/uploads\/2025\/10\/Dvr-dahua-xvr1b04-i-ssd-dvr-de-4-canales-1080p-lite-con-disco-ssd-de-512gb-especial-para-videovigilancia-s-xvr-series-wizsense-h.265-4-canales-con-smd-plus-busqueda-inteligente-humanos-y-v.jpg","type":"image\/jpeg"}],"twitter_card":"summary_large_image","twitter_misc":{"Precio":"&#36;1,169 &#36;1,157 con IVA","Availability":"In stock"},"schema":{"@context":"https:\/\/schema.org","@graph":[{"@type":"WebPage","@id":"https:\/\/compuviper.mx\/tienda\/producto\/dahua-dh-xvr1b04-i-ssd-dvr-xvr1b04-i-ssd-dvr-de-4-canales-1080p-lite-con-disco-ssd-de-512gb-especial-para-videovigilancia-s-xvr-series-wizsense-h-265-4-canales-con-smd-plus-busqueda-intelige\/","url":"https:\/\/compuviper.mx\/tienda\/producto\/dahua-dh-xvr1b04-i-ssd-dvr-xvr1b04-i-ssd-dvr-de-4-canales-1080p-lite-con-disco-ssd-de-512gb-especial-para-videovigilancia-s-xvr-series-wizsense-h-265-4-canales-con-smd-plus-busqueda-intelige\/","name":"[ Dahua ] &#129351; Dh-xvr1b04-i-ssd Dvr\/ \/ Xvr1b04-i-ssd\/ Dvr De 4 Canales 1080p Lite\/ Con Disco Ssd De 512gb Especial Para Videovigilancia\/ S-xvr Series\/ Wizsense\/ H.265\/ 4 Canales Con Smd Plus\/ Busqueda Inteligente Humanos Y V","isPartOf":{"@id":"https:\/\/compuviper.mx\/tienda\/#website"},"datePublished":"2026-04-15T06:26:03+00:00","dateModified":"2026-04-15T06:26:03+00:00","description":"Compra Dh-xvr1b04-i-ssd Dvr\/ \/ Xvr1b04-i-ssd\/ Dvr De 4 Canales 1080p Lite\/ Con Disco Ssd De 512gb Especial Para Videovigilancia\/ S-xvr Series\/ Wizsense\/ H.265\/ 4 Canales Con Smd Plus\/ Busqueda Inteligente Humanos Y V + Env\u00edo a domicilio + Pago seguro + Garant\u00eda","breadcrumb":{"@id":"https:\/\/compuviper.mx\/tienda\/producto\/dahua-dh-xvr1b04-i-ssd-dvr-xvr1b04-i-ssd-dvr-de-4-canales-1080p-lite-con-disco-ssd-de-512gb-especial-para-videovigilancia-s-xvr-series-wizsense-h-265-4-canales-con-smd-plus-busqueda-intelige\/#breadcrumb"},"inLanguage":"es-MX","potentialAction":[{"@type":"ReadAction","target":["https:\/\/compuviper.mx\/tienda\/producto\/dahua-dh-xvr1b04-i-ssd-dvr-xvr1b04-i-ssd-dvr-de-4-canales-1080p-lite-con-disco-ssd-de-512gb-especial-para-videovigilancia-s-xvr-series-wizsense-h-265-4-canales-con-smd-plus-busqueda-intelige\/"]}]},{"@type":"BreadcrumbList","@id":"https:\/\/compuviper.mx\/tienda\/producto\/dahua-dh-xvr1b04-i-ssd-dvr-xvr1b04-i-ssd-dvr-de-4-canales-1080p-lite-con-disco-ssd-de-512gb-especial-para-videovigilancia-s-xvr-series-wizsense-h-265-4-canales-con-smd-plus-busqueda-intelige\/#breadcrumb","itemListElement":[{"@type":"ListItem","position":1,"name":"Inicio","item":"https:\/\/compuviper.mx\/tienda\/"},{"@type":"ListItem","position":2,"name":"Productos","item":"https:\/\/compuviper.mx\/tienda\/productos\/"},{"@type":"ListItem","position":3,"name":"Videograbadores","item":"https:\/\/compuviper.mx\/tienda\/categoria-producto\/videograbadores\/"},{"@type":"ListItem","position":4,"name":"Dvr","item":"https:\/\/compuviper.mx\/tienda\/categoria-producto\/videograbadores\/dvr\/"},{"@type":"ListItem","position":5,"name":"Dahua Dh-xvr1b04-i-ssd Dvr\/ \/ Xvr1b04-i-ssd\/ Dvr De 4 Canales 1080p Lite\/ Con Disco Ssd De 512gb Especial Para Videovigilancia\/ S-xvr Series\/ Wizsense\/ H.265\/ 4 Canales Con Smd Plus\/ Busqueda Inteligente Humanos Y V"}]},{"@type":"WebSite","@id":"https:\/\/compuviper.mx\/tienda\/#website","url":"https:\/\/compuviper.mx\/tienda\/","name":"Compuviper","description":"Proveedor de Computadoras, Laptops, Servidores, Monitores, Puntos de Venta, Teclados,   Impresoras, T\u00f3ner, C\u00e1maras de Seguridad y m\u00e1s en tu tienda en l\u00ednea","publisher":{"@id":"https:\/\/compuviper.mx\/tienda\/#organization"},"potentialAction":[{"@type":"SearchAction","target":{"@type":"EntryPoint","urlTemplate":"https:\/\/compuviper.mx\/tienda\/?s={search_term_string}"},"query-input":"required name=search_term_string"}],"inLanguage":"es-MX"},{"@type":"Organization","@id":"https:\/\/compuviper.mx\/tienda\/#organization","name":"Compuviper","url":"https:\/\/compuviper.mx\/tienda\/","logo":{"@type":"ImageObject","inLanguage":"es-MX","@id":"https:\/\/compuviper.mx\/tienda\/#\/schema\/logo\/image\/","url":"https:\/\/compuviper.mx\/tienda\/wp-content\/uploads\/2021\/08\/Logo-Compuviper-10.png","contentUrl":"https:\/\/compuviper.mx\/tienda\/wp-content\/uploads\/2021\/08\/Logo-Compuviper-10.png","width":1000,"height":500,"caption":"Compuviper"},"image":{"@id":"https:\/\/compuviper.mx\/tienda\/#\/schema\/logo\/image\/"},"sameAs":["https:\/\/www.facebook.com\/compuviper","https:\/\/www.youtube.com\/channel\/UCf73dERp9Y3cfOq7q8BhLjA?view_as=subscriber"]}]},"product_brand":"DAHUA","product_price_amount":"1157","product_price_currency":"MXN","og_availability":"instock","product_availability":"instock","product_retailer_item_id":"DH-XVR1B04-I-SSD","product_condition":"new"},"_links":{"self":[{"href":"https:\/\/compuviper.mx\/tienda\/wp-json\/wp\/v2\/product\/243899"}],"collection":[{"href":"https:\/\/compuviper.mx\/tienda\/wp-json\/wp\/v2\/product"}],"about":[{"href":"https:\/\/compuviper.mx\/tienda\/wp-json\/wp\/v2\/types\/product"}],"replies":[{"embeddable":true,"href":"https:\/\/compuviper.mx\/tienda\/wp-json\/wp\/v2\/comments?post=243899"}],"wp:featuredmedia":[{"embeddable":true,"href":"https:\/\/compuviper.mx\/tienda\/wp-json\/wp\/v2\/media\/259503"}],"wp:attachment":[{"href":"https:\/\/compuviper.mx\/tienda\/wp-json\/wp\/v2\/media?parent=243899"}],"wp:term":[{"taxonomy":"product_cat","embeddable":true,"href":"https:\/\/compuviper.mx\/tienda\/wp-json\/wp\/v2\/product_cat?post=243899"},{"taxonomy":"product_tag","embeddable":true,"href":"https:\/\/compuviper.mx\/tienda\/wp-json\/wp\/v2\/product_tag?post=243899"}],"curies":[{"name":"wp","href":"https:\/\/api.w.org\/{rel}","templated":true}]}}