{"id":243689,"date":"2026-04-23T00:14:48","date_gmt":"2026-04-23T06:14:48","guid":{"rendered":"https:\/\/compuviper.mx\/tienda\/producto\/hikvision-ds-2de4425iw-det5-domo-ptz-ip-4-megapixel-25x-zoom-100-mts-ir-exterior-ip66-darkfighter-acusense-evita-falsas-alarmas-deteccin-facial-wdr-120-db-entrada-y-salida-de-audi\/"},"modified":"2026-04-23T00:14:49","modified_gmt":"2026-04-23T06:14:49","slug":"hikvision-ds-2de4425iw-det5-domo-ptz-ip-4-megapixel-25x-zoom-100-mts-ir-exterior-ip66-darkfighter-acusense-evita-falsas-alarmas-deteccin-facial-wdr-120-db-entrada-y-salida-de-audi","status":"publish","type":"product","link":"https:\/\/compuviper.mx\/tienda\/producto\/hikvision-ds-2de4425iw-det5-domo-ptz-ip-4-megapixel-25x-zoom-100-mts-ir-exterior-ip66-darkfighter-acusense-evita-falsas-alarmas-deteccin-facial-wdr-120-db-entrada-y-salida-de-audi\/","title":{"rendered":"Hikvision Ds-2de4425iw-de(t5) Domo Ptz Ip 4 Megapixel \/ 25x Zoom \/ 100 Mts Ir \/ Exterior Ip66 \/ Darkfighter \/ Acusense (evita Falsas Alarmas) \/ Detecci?n Facial \/ Wdr 120 Db \/ Entrada Y Salida De Audio Y Alarmas \/ Hlc \/ Eis \/ Poe"},"content":{"rendered":"<table class=\"descripcion\">\n<tr>\n<td>Caracter\u00edsticas principales:<\/td>\n<\/tr>\n<tr>\n<td>Resoluci\u00f3n m\u00e1xima: 4 megapixel (2560 x 1440).<\/td>\n<\/tr>\n<tr>\n<td>Sensor cmos 1\/2.8\u0094 scan progresivo (high performance).<\/td>\n<\/tr>\n<tr>\n<td>Iluminacion m\u00ednima: color 0.005 lux @ (f1.6, agc on).<\/td>\n<\/tr>\n<tr>\n<td>D\u00eda \/ noche real (filtro icr).<\/td>\n<\/tr>\n<tr>\n<td>Distancia focal: 4.8 a 120 mm (25x zoom \u00f3ptico \/ 16x zoom digital).<\/td>\n<\/tr>\n<tr>\n<td>Distancia de infrarrojo: 100 mts smart ir.<\/td>\n<\/tr>\n<tr>\n<td>Funciones normales: wdr 120 db \/ hlc \/ blc \/ 3d dnr \/ defog \/ eis.<\/td>\n<\/tr>\n<tr>\n<td>Funciones avanzadas: detecci\u00f3n de rostro \/ detecci\u00f3n de intrusi\u00f3n \/ cruce de l\u00ednea \/ entrada y salida de regi\u00f3n \/ objeto olvidado \/ objeto removido.<\/td>\n<\/tr>\n<tr>\n<td> and #8203;compresion: h.265+ \/ h.265 \/ h.264+ \/ h.264.<\/td>\n<\/tr>\n<tr>\n<td> and #8203;compatible con la plataforma de hik-connect (https:\/\/appstore.hikvision.com\/).<\/td>\n<\/tr>\n<tr>\n<td>Caracter\u00edsticas f\u00edsicas y el\u00e9ctricas:<\/td>\n<\/tr>\n<tr>\n<td>Alimentaci\u00f3n: 12 vcc \/ poe 802.3 at \/ 18 w.<\/td>\n<\/tr>\n<tr>\n<td>Temperatura de operaci\u00f3n: -30\u00b0c a 65\u00b0c \/ humedad al 90% m\u00e1ximo.<\/td>\n<\/tr>\n<tr>\n<td>Uso en exterior ip66.<\/td>\n<\/tr>\n<tr>\n<td>El ptz incluye brazo de pared (ds-1618zj).<\/td>\n<\/tr>\n<tr>\n<td> and #8203;proteccion contra sobretensiones y protecci\u00f3n contra voltajes transistorios.<\/td>\n<\/tr>\n<tr>\n<td>Dimensiones: 164.5 x 290 mm.<\/td>\n<\/tr>\n<tr>\n<td>Peso: 2 kgs.<\/td>\n<\/tr>\n<tr>\n<td> and #8203;garant\u00eda: 2 a\u00f1os.<\/td>\n<\/tr>\n<tr>\n<td>No incluye fuente de alimentaci\u00f3n.<\/td>\n<\/tr>\n<tr>\n<td>Accesorios:<\/td>\n<\/tr>\n<tr>\n<td>Montaje de techo tipo tubo, modelo: ds-1661zj<\/td>\n<\/tr>\n<tr>\n<td>Montaje de poste, modelo: ds-1604zj-pole<\/td>\n<\/tr>\n<tr>\n<td>Montaje de pared con caja de conexion, modelo: ds-1604zj-box-pole<\/td>\n<\/tr>\n<tr>\n<td>Montaje de techo sin tubo de extension, modelo: ds-1663zj<\/td>\n<\/tr>\n<tr>\n<td>Montaje tipo ganzo, modelo: ds-1619zj<\/td>\n<\/tr>\n<tr>\n<td>Montaje parapeto sobre pared, modelo: ds-1660zj<\/td>\n<\/tr>\n<tr>\n<td>Montaje de pared para exterior, modelo: ds-1604zj-box<\/td>\n<\/tr>\n<tr>\n<td>Montaje de techo tipo tubo, modelo: ds-1662zj<\/td>\n<\/tr>\n<tr>\n<td>Joystick usb, modelo: ds-1005ki<\/td>\n<\/tr>\n<tr>\n<td>Montaje de esquina con caja de conexion, modelo: ds-1604zj-box-corner<\/td>\n<\/tr>\n<tr>\n<td>Montaje de pared para exterior, modelo: ds-1604zj<\/td>\n<\/tr>\n<tr>\n<td>Montaje de domo, modelo: ds-1681zj<\/td>\n<\/tr>\n<tr>\n<td>Montaje de plaf\u00f3n, modelo: ds-1671zj-sdm9<\/td>\n<\/tr>\n<tr>\n<td>Montaje de pared para interior o exterior, modelo: ds-1602zj<\/td>\n<\/tr>\n<tr>\n<td>Funciones generales:<\/td>\n<\/tr>\n<tr>\n<td>Paneo: 360\u00b0.<\/td>\n<\/tr>\n<tr>\n<td>Tildeo: -15\u00b0 a 90\u00ba (auto flip).<\/td>\n<\/tr>\n<tr>\n<td>Preset \/ patrol \/ pattern: 300 \/ 8 \/ 4.<\/td>\n<\/tr>\n<tr>\n<td>Funci\u00f3n de park action (funci\u00f3n de casa).<\/td>\n<\/tr>\n<tr>\n<td>Soporta tareas calendarizadas.<\/td>\n<\/tr>\n<tr>\n<td>Soporta hasta 20 usuarios simult\u00e1neos.<\/td>\n<\/tr>\n<tr>\n<td>Entradas de alarma: 1.<\/td>\n<\/tr>\n<tr>\n<td>Salidas de alarma: 1.<\/td>\n<\/tr>\n<tr>\n<td>Entradas de audio: 1.<\/td>\n<\/tr>\n<tr>\n<td>Salidas de audio: 1.<\/td>\n<\/tr>\n<tr>\n<td>Puerto de red: 1 (10 \/ 100 mbps \/ poe 802.3at).<\/td>\n<\/tr>\n<tr>\n<td>Almacenamiento micro sd de hasta 256 gb \/ anr (automatic network recovery).<\/td>\n<\/tr>\n<tr>\n<td>Soporta onvif (profile s, profile g, profile t) \/ isup.<\/td>\n<\/tr>\n<\/table>\n","protected":false},"excerpt":{"rendered":"<p>Lightfighter. Evita la saturaci\u00f3n de la luz que no permite la visualizaci\u00f3n de detalles. Permite visualizar correctamente el primer y segundo plano de la imagen. Darkfighter. Imagen a color con muy poca iluminaci\u00f3n. Con la iluminaci\u00f3n natural o con el poco alumbrado p\u00fablico logra mostrar mayor detalle en la imagen.<\/p>\n","protected":false},"featured_media":259314,"comment_status":"open","ping_status":"open","template":"","meta":[],"product_cat":[1608,1681],"product_tag":[1595],"acf":[],"yoast_head":"<!-- This site is optimized with the Yoast SEO plugin v21.7 - https:\/\/yoast.com\/wordpress\/plugins\/seo\/ -->\n<title>[ Hikvision ] &#129351; Ds-2de4425iw-de(t5) Domo Ptz Ip 4 Megapixel \/ 25x Zoom \/ 100 Mts Ir \/ Exterior Ip66 \/ Darkfighter \/ Acusense (evita Falsas Alarmas) \/ Detecci\u00f3n Facial \/ Wdr 120 Db \/ Entrada Y Salida De Audio Y Alarmas \/ Hlc \/ Eis \/ Poe<\/title>\n<meta name=\"description\" content=\"Compra Ds-2de4425iw-de(t5) Domo Ptz Ip 4 Megapixel \/ 25x Zoom \/ 100 Mts Ir \/ Exterior Ip66 \/ Darkfighter \/ Acusense (evita Falsas Alarmas) \/ Detecci\u00f3n Facial \/ Wdr 120 Db \/ Entrada Y Salida De Audio Y Alarmas \/ Hlc \/ Eis \/ Poe + Env\u00edo a domicilio + Pago seguro + Garant\u00eda\" \/>\n<meta name=\"robots\" content=\"index, follow, max-snippet:-1, max-image-preview:large, max-video-preview:-1\" \/>\n<link rel=\"canonical\" href=\"https:\/\/compuviper.mx\/tienda\/producto\/hikvision-ds-2de4425iw-det5-domo-ptz-ip-4-megapixel-25x-zoom-100-mts-ir-exterior-ip66-darkfighter-acusense-evita-falsas-alarmas-deteccin-facial-wdr-120-db-entrada-y-salida-de-audi\/\" \/>\n<meta property=\"og:locale\" content=\"es_MX\" \/>\n<meta property=\"og:type\" content=\"article\" \/>\n<meta property=\"og:title\" content=\"[ Hikvision ] &#129351; Ds-2de4425iw-de(t5) Domo Ptz Ip 4 Megapixel \/ 25x Zoom \/ 100 Mts Ir \/ Exterior Ip66 \/ Darkfighter \/ Acusense (evita Falsas Alarmas) \/ Detecci\u00f3n Facial \/ Wdr 120 Db \/ Entrada Y Salida De Audio Y Alarmas \/ Hlc \/ Eis \/ Poe\" \/>\n<meta property=\"og:description\" content=\"Compra Ds-2de4425iw-de(t5) Domo Ptz Ip 4 Megapixel \/ 25x Zoom \/ 100 Mts Ir \/ Exterior Ip66 \/ Darkfighter \/ Acusense (evita Falsas Alarmas) \/ Detecci\u00f3n Facial \/ Wdr 120 Db \/ Entrada Y Salida De Audio Y Alarmas \/ Hlc \/ Eis \/ Poe + Env\u00edo a domicilio + Pago seguro + Garant\u00eda\" \/>\n<meta property=\"og:url\" content=\"https:\/\/compuviper.mx\/tienda\/producto\/hikvision-ds-2de4425iw-det5-domo-ptz-ip-4-megapixel-25x-zoom-100-mts-ir-exterior-ip66-darkfighter-acusense-evita-falsas-alarmas-deteccin-facial-wdr-120-db-entrada-y-salida-de-audi\/\" \/>\n<meta property=\"og:site_name\" content=\"Compuviper\" \/>\n<meta property=\"article:publisher\" content=\"https:\/\/www.facebook.com\/compuviper\" \/>\n<meta property=\"article:modified_time\" content=\"2026-04-23T06:14:49+00:00\" \/>\n<meta property=\"og:image\" content=\"https:\/\/compuviper.mx\/tienda\/wp-content\/uploads\/2025\/10\/Domo-ptz-ip-4-megapixel-25x-zoom-100-mts-ir-exterior-ip66-darkfighter-acusense-evita-falsas-alarmas-deteccion-facial-wdr-120-db-entrada-y-salida-de-audio-y-alarmas-hlc-eis-poe.jpg\" \/>\n\t<meta property=\"og:image:width\" content=\"200\" \/>\n\t<meta property=\"og:image:height\" content=\"200\" \/>\n\t<meta property=\"og:image:type\" content=\"image\/jpeg\" \/>\n<meta name=\"twitter:card\" content=\"summary_large_image\" \/>\n<meta name=\"twitter:label1\" content=\"Precio\" \/>\n\t<meta name=\"twitter:data1\" content=\"&#36;7,218 con IVA\" \/>\n\t<meta name=\"twitter:label2\" content=\"Availability\" \/>\n\t<meta name=\"twitter:data2\" content=\"Out of stock\" \/>\n<script type=\"application\/ld+json\" class=\"yoast-schema-graph\">{\"@context\":\"https:\/\/schema.org\",\"@graph\":[{\"@type\":\"WebPage\",\"@id\":\"https:\/\/compuviper.mx\/tienda\/producto\/hikvision-ds-2de4425iw-det5-domo-ptz-ip-4-megapixel-25x-zoom-100-mts-ir-exterior-ip66-darkfighter-acusense-evita-falsas-alarmas-deteccin-facial-wdr-120-db-entrada-y-salida-de-audi\/\",\"url\":\"https:\/\/compuviper.mx\/tienda\/producto\/hikvision-ds-2de4425iw-det5-domo-ptz-ip-4-megapixel-25x-zoom-100-mts-ir-exterior-ip66-darkfighter-acusense-evita-falsas-alarmas-deteccin-facial-wdr-120-db-entrada-y-salida-de-audi\/\",\"name\":\"[ Hikvision ] &#129351; Ds-2de4425iw-de(t5) Domo Ptz Ip 4 Megapixel \/ 25x Zoom \/ 100 Mts Ir \/ Exterior Ip66 \/ Darkfighter \/ Acusense (evita Falsas Alarmas) \/ Detecci\u00f3n Facial \/ Wdr 120 Db \/ Entrada Y Salida De Audio Y Alarmas \/ Hlc \/ Eis \/ Poe\",\"isPartOf\":{\"@id\":\"https:\/\/compuviper.mx\/tienda\/#website\"},\"datePublished\":\"2026-04-23T06:14:48+00:00\",\"dateModified\":\"2026-04-23T06:14:49+00:00\",\"description\":\"Compra Ds-2de4425iw-de(t5) Domo Ptz Ip 4 Megapixel \/ 25x Zoom \/ 100 Mts Ir \/ Exterior Ip66 \/ Darkfighter \/ Acusense (evita Falsas Alarmas) \/ Detecci\u00f3n Facial \/ Wdr 120 Db \/ Entrada Y Salida De Audio Y Alarmas \/ Hlc \/ Eis \/ Poe + Env\u00edo a domicilio + Pago seguro + Garant\u00eda\",\"breadcrumb\":{\"@id\":\"https:\/\/compuviper.mx\/tienda\/producto\/hikvision-ds-2de4425iw-det5-domo-ptz-ip-4-megapixel-25x-zoom-100-mts-ir-exterior-ip66-darkfighter-acusense-evita-falsas-alarmas-deteccin-facial-wdr-120-db-entrada-y-salida-de-audi\/#breadcrumb\"},\"inLanguage\":\"es-MX\",\"potentialAction\":[{\"@type\":\"ReadAction\",\"target\":[\"https:\/\/compuviper.mx\/tienda\/producto\/hikvision-ds-2de4425iw-det5-domo-ptz-ip-4-megapixel-25x-zoom-100-mts-ir-exterior-ip66-darkfighter-acusense-evita-falsas-alarmas-deteccin-facial-wdr-120-db-entrada-y-salida-de-audi\/\"]}]},{\"@type\":\"BreadcrumbList\",\"@id\":\"https:\/\/compuviper.mx\/tienda\/producto\/hikvision-ds-2de4425iw-det5-domo-ptz-ip-4-megapixel-25x-zoom-100-mts-ir-exterior-ip66-darkfighter-acusense-evita-falsas-alarmas-deteccin-facial-wdr-120-db-entrada-y-salida-de-audi\/#breadcrumb\",\"itemListElement\":[{\"@type\":\"ListItem\",\"position\":1,\"name\":\"Inicio\",\"item\":\"https:\/\/compuviper.mx\/tienda\/\"},{\"@type\":\"ListItem\",\"position\":2,\"name\":\"Productos\",\"item\":\"https:\/\/compuviper.mx\/tienda\/productos\/\"},{\"@type\":\"ListItem\",\"position\":3,\"name\":\"Camaras\",\"item\":\"https:\/\/compuviper.mx\/tienda\/categoria-producto\/camaras-2\/\"},{\"@type\":\"ListItem\",\"position\":4,\"name\":\"Camara De Videovigilancia\",\"item\":\"https:\/\/compuviper.mx\/tienda\/categoria-producto\/camaras-2\/camara-de-videovigilancia\/\"},{\"@type\":\"ListItem\",\"position\":5,\"name\":\"Hikvision Ds-2de4425iw-de(t5) Domo Ptz Ip 4 Megapixel \/ 25x Zoom \/ 100 Mts Ir \/ Exterior Ip66 \/ Darkfighter \/ Acusense (evita Falsas Alarmas) \/ Detecci?n Facial \/ Wdr 120 Db \/ Entrada Y Salida De Audio Y Alarmas \/ Hlc \/ Eis \/ Poe\"}]},{\"@type\":\"WebSite\",\"@id\":\"https:\/\/compuviper.mx\/tienda\/#website\",\"url\":\"https:\/\/compuviper.mx\/tienda\/\",\"name\":\"Compuviper\",\"description\":\"Proveedor de Computadoras, Laptops, Servidores, Monitores, Puntos de Venta, Teclados,   Impresoras, T\u00f3ner, C\u00e1maras de Seguridad y m\u00e1s en tu tienda en l\u00ednea\",\"publisher\":{\"@id\":\"https:\/\/compuviper.mx\/tienda\/#organization\"},\"potentialAction\":[{\"@type\":\"SearchAction\",\"target\":{\"@type\":\"EntryPoint\",\"urlTemplate\":\"https:\/\/compuviper.mx\/tienda\/?s={search_term_string}\"},\"query-input\":\"required name=search_term_string\"}],\"inLanguage\":\"es-MX\"},{\"@type\":\"Organization\",\"@id\":\"https:\/\/compuviper.mx\/tienda\/#organization\",\"name\":\"Compuviper\",\"url\":\"https:\/\/compuviper.mx\/tienda\/\",\"logo\":{\"@type\":\"ImageObject\",\"inLanguage\":\"es-MX\",\"@id\":\"https:\/\/compuviper.mx\/tienda\/#\/schema\/logo\/image\/\",\"url\":\"https:\/\/compuviper.mx\/tienda\/wp-content\/uploads\/2021\/08\/Logo-Compuviper-10.png\",\"contentUrl\":\"https:\/\/compuviper.mx\/tienda\/wp-content\/uploads\/2021\/08\/Logo-Compuviper-10.png\",\"width\":1000,\"height\":500,\"caption\":\"Compuviper\"},\"image\":{\"@id\":\"https:\/\/compuviper.mx\/tienda\/#\/schema\/logo\/image\/\"},\"sameAs\":[\"https:\/\/www.facebook.com\/compuviper\",\"https:\/\/www.youtube.com\/channel\/UCf73dERp9Y3cfOq7q8BhLjA?view_as=subscriber\"]}]}<\/script>\n<meta property=\"product:brand\" content=\"HIKVISION\" \/>\n<meta property=\"product:price:amount\" content=\"7218\" \/>\n<meta property=\"product:price:currency\" content=\"MXN\" \/>\n<meta property=\"og:availability\" content=\"out of stock\" \/>\n<meta property=\"product:availability\" content=\"out of stock\" \/>\n<meta property=\"product:retailer_item_id\" content=\"DS-2DE4425IW-DE(T5)\" \/>\n<meta property=\"product:condition\" content=\"new\" \/>\n<!-- \/ Yoast SEO plugin. -->","yoast_head_json":{"title":"[ Hikvision ] &#129351; Ds-2de4425iw-de(t5) Domo Ptz Ip 4 Megapixel \/ 25x Zoom \/ 100 Mts Ir \/ Exterior Ip66 \/ Darkfighter \/ Acusense (evita Falsas Alarmas) \/ Detecci\u00f3n Facial \/ Wdr 120 Db \/ Entrada Y Salida De Audio Y Alarmas \/ Hlc \/ Eis \/ Poe","description":"Compra Ds-2de4425iw-de(t5) Domo Ptz Ip 4 Megapixel \/ 25x Zoom \/ 100 Mts Ir \/ Exterior Ip66 \/ Darkfighter \/ Acusense (evita Falsas Alarmas) \/ Detecci\u00f3n Facial \/ Wdr 120 Db \/ Entrada Y Salida De Audio Y Alarmas \/ Hlc \/ Eis \/ Poe + Env\u00edo a domicilio + Pago seguro + Garant\u00eda","robots":{"index":"index","follow":"follow","max-snippet":"max-snippet:-1","max-image-preview":"max-image-preview:large","max-video-preview":"max-video-preview:-1"},"canonical":"https:\/\/compuviper.mx\/tienda\/producto\/hikvision-ds-2de4425iw-det5-domo-ptz-ip-4-megapixel-25x-zoom-100-mts-ir-exterior-ip66-darkfighter-acusense-evita-falsas-alarmas-deteccin-facial-wdr-120-db-entrada-y-salida-de-audi\/","og_locale":"es_MX","og_type":"article","og_title":"[ Hikvision ] &#129351; Ds-2de4425iw-de(t5) Domo Ptz Ip 4 Megapixel \/ 25x Zoom \/ 100 Mts Ir \/ Exterior Ip66 \/ Darkfighter \/ Acusense (evita Falsas Alarmas) \/ Detecci\u00f3n Facial \/ Wdr 120 Db \/ Entrada Y Salida De Audio Y Alarmas \/ Hlc \/ Eis \/ Poe","og_description":"Compra Ds-2de4425iw-de(t5) Domo Ptz Ip 4 Megapixel \/ 25x Zoom \/ 100 Mts Ir \/ Exterior Ip66 \/ Darkfighter \/ Acusense (evita Falsas Alarmas) \/ Detecci\u00f3n Facial \/ Wdr 120 Db \/ Entrada Y Salida De Audio Y Alarmas \/ Hlc \/ Eis \/ Poe + Env\u00edo a domicilio + Pago seguro + Garant\u00eda","og_url":"https:\/\/compuviper.mx\/tienda\/producto\/hikvision-ds-2de4425iw-det5-domo-ptz-ip-4-megapixel-25x-zoom-100-mts-ir-exterior-ip66-darkfighter-acusense-evita-falsas-alarmas-deteccin-facial-wdr-120-db-entrada-y-salida-de-audi\/","og_site_name":"Compuviper","article_publisher":"https:\/\/www.facebook.com\/compuviper","article_modified_time":"2026-04-23T06:14:49+00:00","og_image":[{"width":200,"height":200,"url":"https:\/\/compuviper.mx\/tienda\/wp-content\/uploads\/2025\/10\/Domo-ptz-ip-4-megapixel-25x-zoom-100-mts-ir-exterior-ip66-darkfighter-acusense-evita-falsas-alarmas-deteccion-facial-wdr-120-db-entrada-y-salida-de-audio-y-alarmas-hlc-eis-poe.jpg","type":"image\/jpeg"}],"twitter_card":"summary_large_image","twitter_misc":{"Precio":"&#36;7,218 con IVA","Availability":"Out of stock"},"schema":{"@context":"https:\/\/schema.org","@graph":[{"@type":"WebPage","@id":"https:\/\/compuviper.mx\/tienda\/producto\/hikvision-ds-2de4425iw-det5-domo-ptz-ip-4-megapixel-25x-zoom-100-mts-ir-exterior-ip66-darkfighter-acusense-evita-falsas-alarmas-deteccin-facial-wdr-120-db-entrada-y-salida-de-audi\/","url":"https:\/\/compuviper.mx\/tienda\/producto\/hikvision-ds-2de4425iw-det5-domo-ptz-ip-4-megapixel-25x-zoom-100-mts-ir-exterior-ip66-darkfighter-acusense-evita-falsas-alarmas-deteccin-facial-wdr-120-db-entrada-y-salida-de-audi\/","name":"[ Hikvision ] &#129351; Ds-2de4425iw-de(t5) Domo Ptz Ip 4 Megapixel \/ 25x Zoom \/ 100 Mts Ir \/ Exterior Ip66 \/ Darkfighter \/ Acusense (evita Falsas Alarmas) \/ Detecci\u00f3n Facial \/ Wdr 120 Db \/ Entrada Y Salida De Audio Y Alarmas \/ Hlc \/ Eis \/ Poe","isPartOf":{"@id":"https:\/\/compuviper.mx\/tienda\/#website"},"datePublished":"2026-04-23T06:14:48+00:00","dateModified":"2026-04-23T06:14:49+00:00","description":"Compra Ds-2de4425iw-de(t5) Domo Ptz Ip 4 Megapixel \/ 25x Zoom \/ 100 Mts Ir \/ Exterior Ip66 \/ Darkfighter \/ Acusense (evita Falsas Alarmas) \/ Detecci\u00f3n Facial \/ Wdr 120 Db \/ Entrada Y Salida De Audio Y Alarmas \/ Hlc \/ Eis \/ Poe + Env\u00edo a domicilio + Pago seguro + Garant\u00eda","breadcrumb":{"@id":"https:\/\/compuviper.mx\/tienda\/producto\/hikvision-ds-2de4425iw-det5-domo-ptz-ip-4-megapixel-25x-zoom-100-mts-ir-exterior-ip66-darkfighter-acusense-evita-falsas-alarmas-deteccin-facial-wdr-120-db-entrada-y-salida-de-audi\/#breadcrumb"},"inLanguage":"es-MX","potentialAction":[{"@type":"ReadAction","target":["https:\/\/compuviper.mx\/tienda\/producto\/hikvision-ds-2de4425iw-det5-domo-ptz-ip-4-megapixel-25x-zoom-100-mts-ir-exterior-ip66-darkfighter-acusense-evita-falsas-alarmas-deteccin-facial-wdr-120-db-entrada-y-salida-de-audi\/"]}]},{"@type":"BreadcrumbList","@id":"https:\/\/compuviper.mx\/tienda\/producto\/hikvision-ds-2de4425iw-det5-domo-ptz-ip-4-megapixel-25x-zoom-100-mts-ir-exterior-ip66-darkfighter-acusense-evita-falsas-alarmas-deteccin-facial-wdr-120-db-entrada-y-salida-de-audi\/#breadcrumb","itemListElement":[{"@type":"ListItem","position":1,"name":"Inicio","item":"https:\/\/compuviper.mx\/tienda\/"},{"@type":"ListItem","position":2,"name":"Productos","item":"https:\/\/compuviper.mx\/tienda\/productos\/"},{"@type":"ListItem","position":3,"name":"Camaras","item":"https:\/\/compuviper.mx\/tienda\/categoria-producto\/camaras-2\/"},{"@type":"ListItem","position":4,"name":"Camara De Videovigilancia","item":"https:\/\/compuviper.mx\/tienda\/categoria-producto\/camaras-2\/camara-de-videovigilancia\/"},{"@type":"ListItem","position":5,"name":"Hikvision Ds-2de4425iw-de(t5) Domo Ptz Ip 4 Megapixel \/ 25x Zoom \/ 100 Mts Ir \/ Exterior Ip66 \/ Darkfighter \/ Acusense (evita Falsas Alarmas) \/ Detecci?n Facial \/ Wdr 120 Db \/ Entrada Y Salida De Audio Y Alarmas \/ Hlc \/ Eis \/ Poe"}]},{"@type":"WebSite","@id":"https:\/\/compuviper.mx\/tienda\/#website","url":"https:\/\/compuviper.mx\/tienda\/","name":"Compuviper","description":"Proveedor de Computadoras, Laptops, Servidores, Monitores, Puntos de Venta, Teclados,   Impresoras, T\u00f3ner, C\u00e1maras de Seguridad y m\u00e1s en tu tienda en l\u00ednea","publisher":{"@id":"https:\/\/compuviper.mx\/tienda\/#organization"},"potentialAction":[{"@type":"SearchAction","target":{"@type":"EntryPoint","urlTemplate":"https:\/\/compuviper.mx\/tienda\/?s={search_term_string}"},"query-input":"required name=search_term_string"}],"inLanguage":"es-MX"},{"@type":"Organization","@id":"https:\/\/compuviper.mx\/tienda\/#organization","name":"Compuviper","url":"https:\/\/compuviper.mx\/tienda\/","logo":{"@type":"ImageObject","inLanguage":"es-MX","@id":"https:\/\/compuviper.mx\/tienda\/#\/schema\/logo\/image\/","url":"https:\/\/compuviper.mx\/tienda\/wp-content\/uploads\/2021\/08\/Logo-Compuviper-10.png","contentUrl":"https:\/\/compuviper.mx\/tienda\/wp-content\/uploads\/2021\/08\/Logo-Compuviper-10.png","width":1000,"height":500,"caption":"Compuviper"},"image":{"@id":"https:\/\/compuviper.mx\/tienda\/#\/schema\/logo\/image\/"},"sameAs":["https:\/\/www.facebook.com\/compuviper","https:\/\/www.youtube.com\/channel\/UCf73dERp9Y3cfOq7q8BhLjA?view_as=subscriber"]}]},"product_brand":"HIKVISION","product_price_amount":"7218","product_price_currency":"MXN","og_availability":"out of stock","product_availability":"out of stock","product_retailer_item_id":"DS-2DE4425IW-DE(T5)","product_condition":"new"},"_links":{"self":[{"href":"https:\/\/compuviper.mx\/tienda\/wp-json\/wp\/v2\/product\/243689"}],"collection":[{"href":"https:\/\/compuviper.mx\/tienda\/wp-json\/wp\/v2\/product"}],"about":[{"href":"https:\/\/compuviper.mx\/tienda\/wp-json\/wp\/v2\/types\/product"}],"replies":[{"embeddable":true,"href":"https:\/\/compuviper.mx\/tienda\/wp-json\/wp\/v2\/comments?post=243689"}],"wp:featuredmedia":[{"embeddable":true,"href":"https:\/\/compuviper.mx\/tienda\/wp-json\/wp\/v2\/media\/259314"}],"wp:attachment":[{"href":"https:\/\/compuviper.mx\/tienda\/wp-json\/wp\/v2\/media?parent=243689"}],"wp:term":[{"taxonomy":"product_cat","embeddable":true,"href":"https:\/\/compuviper.mx\/tienda\/wp-json\/wp\/v2\/product_cat?post=243689"},{"taxonomy":"product_tag","embeddable":true,"href":"https:\/\/compuviper.mx\/tienda\/wp-json\/wp\/v2\/product_tag?post=243689"}],"curies":[{"name":"wp","href":"https:\/\/api.w.org\/{rel}","templated":true}]}}