{"id":241696,"date":"2026-04-17T02:01:41","date_gmt":"2026-04-17T08:01:41","guid":{"rendered":"https:\/\/compuviper.mx\/tienda\/producto\/qnap-ts-h1677axu-rp-r7-32g-us-nas-16bahias-sata3-5-amdryzen7-8nucleoshasta5-3ghz-32gbramddr5-hasta128gb-m-2-2280-pciegen5x22-2-5gbe2-10gbe210gbase-t-pcie3-usb3-22-fuenteredundante-hotswap\/"},"modified":"2026-04-17T02:01:41","modified_gmt":"2026-04-17T08:01:41","slug":"qnap-ts-h1677axu-rp-r7-32g-us-nas-16bahias-sata3-5-amdryzen7-8nucleoshasta5-3ghz-32gbramddr5-hasta128gb-m-2-2280-pciegen5x22-2-5gbe2-10gbe210gbase-t-pcie3-usb3-22-fuenteredundante-hotswap","status":"publish","type":"product","link":"https:\/\/compuviper.mx\/tienda\/producto\/qnap-ts-h1677axu-rp-r7-32g-us-nas-16bahias-sata3-5-amdryzen7-8nucleoshasta5-3ghz-32gbramddr5-hasta128gb-m-2-2280-pciegen5x22-2-5gbe2-10gbe210gbase-t-pcie3-usb3-22-fuenteredundante-hotswap\/","title":{"rendered":"Qnap Ts-h1677axu-rp-r7-32g-us Nas  \/16bahias Sata3.5\/amdryzen7 8nucleoshasta5.3ghz\/32gbramddr5 Hasta128gb\/m.2 2280 Pciegen5x22\/2.5gbe2\/10gbe210gbase-t\/pcie3\/usb3.22\/fuenteredundante\/hotswap"},"content":{"rendered":"<table class=\"descripcion\">\n<tr>\n<td>Ts-h1677axu-rp-r7-32g<\/td>\n<\/tr>\n<tr>\n<td>Cpu: procesador amd ryzen 7 serie 7000 de 8 n\u00facleos\/16 hilos, con r\u00e1fagas de hasta 5.3 ghz<\/td>\n<\/tr>\n<tr>\n<td>Gr\u00e1ficos amd radeon<\/td>\n<\/tr>\n<tr>\n<td>Arquitectura de cpu: x86 de 64 bits<\/td>\n<\/tr>\n<tr>\n<td>Unidad de coma flotante: si<\/td>\n<\/tr>\n<tr>\n<td>Motor de cifrado: (aes-ni)<\/td>\n<\/tr>\n<tr>\n<td>Transcodificaci\u00f3n acelerada de hardware: si<\/td>\n<\/tr>\n<tr>\n<td>Memoria del sistema: 32 gb udimm ddr5 (1x 32 gb)<\/td>\n<\/tr>\n<tr>\n<td>Memoria m\u00e1xima: 192 gb (4 x 48 gb)<\/td>\n<\/tr>\n<tr>\n<td>Ranura para memoria: 4 x udimm ddr5 (soporta memoria ecc opcional)<\/td>\n<\/tr>\n<tr>\n<td>Memoria flash: 5 gb (protecci\u00f3n del sistema operativo de doble arranque)<\/td>\n<\/tr>\n<tr>\n<td>Bah\u00eda de unidades: 16 unidades sata de 3,5 a 6gb\/s, 3gb\/s<\/td>\n<\/tr>\n<tr>\n<td>Compatibilidad de unidades:<\/td>\n<\/tr>\n<tr>\n<td>3.5 pulgadas sata discos duros<\/td>\n<\/tr>\n<tr>\n<td>2.5 pulgadas sata estado s\u00f3lido \/ discos duros<\/td>\n<\/tr>\n<tr>\n<td>Intercambiable en caliente: si<\/td>\n<\/tr>\n<tr>\n<td>Ranura m.2: 2 x ranuras m.2 2280 pcie gen 5 x2<\/td>\n<\/tr>\n<tr>\n<td>Compatible con ssd nvme pcie gen 3 y gen 4.<\/td>\n<\/tr>\n<tr>\n<td>Consulte la compatibilidad en https:\/\/www.qnap.com\/compatibility\/.<\/td>\n<\/tr>\n<tr>\n<td>Compatibilidad con aceleraci\u00f3n de cach\u00e9 ssd: si<\/td>\n<\/tr>\n<tr>\n<td>Salida directa de gpu: si<\/td>\n<\/tr>\n<tr>\n<td>Puerto 2,5 gbe (2,5g\/1g\/100m):  2 (2,5g\/1g\/100m\/10m)<\/td>\n<\/tr>\n<tr>\n<td>Puerto 10 gbe:  2 puertos 10gbase-t (10g\/5g\/2,5g\/1g\/100m)<\/td>\n<\/tr>\n<tr>\n<td>Wake-on-lan (wol): si<\/td>\n<\/tr>\n<tr>\n<td>Jumbo frame: si<\/td>\n<\/tr>\n<tr>\n<td>Ranura pcie: 3<\/td>\n<\/tr>\n<tr>\n<td>Ranura 1: gen 4 x 4<\/td>\n<\/tr>\n<tr>\n<td>Ranura 2: gen 4 x 8 o gen 4 x 4*<\/td>\n<\/tr>\n<tr>\n<td>Ranura 3: gen 4 x 4<\/td>\n<\/tr>\n<tr>\n<td>*la ranura 2 proporciona el ancho de pcie gen 4 x8 cuando la ranura 1 no est\u00e1 en uso, y proporciona el ancho de pcie gen 4 x4 cuando la ranura 1 est\u00e1 en uso.<\/td>\n<\/tr>\n<tr>\n<td>Puerto usb 3.2 gen 2 (10 gbps):  2 x usb tipo-a 3.2 gen 2 10gbps<\/td>\n<\/tr>\n<tr>\n<td>Factor de forma: montaje en rack de 3u<\/td>\n<\/tr>\n<tr>\n<td>Indicadores led: estado de energ\u00eda, hdd 1-16, m.2 ssd 1-2, estado, lan, estado del puerto de expansi\u00f3n de almacenamiento<\/td>\n<\/tr>\n<tr>\n<td>Botones: encendido, reinicio<\/td>\n<\/tr>\n<tr>\n<td>Dimensiones (altura x anchura x profundidad): 131.3 \u00d7 482.2 \u00d7 550.8 mm<\/td>\n<\/tr>\n<tr>\n<td>Excluye el gancho de oreja y la parte que sobresale de la unidad de<\/td>\n<\/tr>\n<tr>\n<td>Fuente de alimentaci\u00f3n.<\/td>\n<\/tr>\n<tr>\n<td>Peso (neto): 15.64 kg<\/td>\n<\/tr>\n<tr>\n<td>Peso (bruto): 22.08 kg<\/td>\n<\/tr>\n<tr>\n<td>Temperatura operativa: 0 &#8211; 40 \u00b0c (32 \u00b0f &#8211; 104 \u00b0f)<\/td>\n<\/tr>\n<tr>\n<td>Temperatura de almacenamiento: -20 &#8211; 70\u00b0c (-4\u00b0f &#8211; 158\u00b0f)<\/td>\n<\/tr>\n<tr>\n<td>Humedad relativa: 5 ~ 95 % de humedad relativa sin condensaci\u00f3n, bulbo h\u00famedo: 27  and #730;c (80,6  and #730;f)<\/td>\n<\/tr>\n<tr>\n<td>Unidad de alimentaci\u00f3n el\u00e9ctrica: 550w(x2), 100-240v<\/td>\n<\/tr>\n<tr>\n<td>Consumo de energ\u00eda: modo suspensi\u00f3n de disco duro: 99.99 w<\/td>\n<\/tr>\n<tr>\n<td>Consumo de energ\u00eda: modo de funcionamiento, t\u00edpico: 349.96 w<\/td>\n<\/tr>\n<tr>\n<td>Probado con unidades totalmente llenas.<\/td>\n<\/tr>\n<tr>\n<td>Ventilador: ventilador del sistema: 3 de 60 mm, 12 v de cc<\/td>\n<\/tr>\n<tr>\n<td>Advertencia del sistema: timbre<\/td>\n<\/tr>\n<tr>\n<td>Garant\u00eda est\u00e1ndar: 5<\/td>\n<\/tr>\n<tr>\n<td>N.\u00ba m\u00e1x. de conexiones simult\u00e1neas (cifs): con memoria m\u00e1x.: 5000<\/td>\n<\/tr>\n<\/table>\n","protected":false},"excerpt":{"rendered":"<p>Equipado con procesadores amd ryzen\u0099 serie 7000 basados en la vanguardista plataforma am5 de socket de amd, la soluci\u00f3n de almacenamiento y copia de seguridad ts-h1677axu-rp basada en zfs ofrece un rendimiento superior y un potencial de nivel empresarial. Con un revolucionario procesador de varios n\u00facleos, memoria ram ddr5, ranuras pcie gen 5 m.2 y fuentes de alimentaci\u00f3n redundante, el ts-h1677axu-rp ofrece un rendimiento excelente, un enorme ancho de banda y una fiabilidad de confianza para tareas que requieren rendimiento, como el almacenamiento de nivel 2, la virtualizaci\u00f3n, la edici\u00f3n de v\u00eddeo 4k y las aplicaciones de almacenamiento de escala petabyte.<\/p>\n","protected":false},"featured_media":243395,"comment_status":"open","ping_status":"open","template":"","meta":[],"product_cat":[1803,1804],"product_tag":[2110],"acf":[],"yoast_head":"<!-- This site is optimized with the Yoast SEO plugin v21.7 - https:\/\/yoast.com\/wordpress\/plugins\/seo\/ -->\n<title>[ Qnap ] &#129351; Ts-h1677axu-rp-r7-32g-us Nas \/16bahias Sata3.5\/amdryzen7 8nucleoshasta5.3ghz\/32gbramddr5 Hasta128gb\/m.2 2280 Pciegen5x22\/2.5gbe2\/10gbe210gbase-t\/pcie3\/usb3.22\/fuenteredundante\/hotswap<\/title>\n<meta name=\"description\" content=\"Compra Ts-h1677axu-rp-r7-32g-us Nas \/16bahias Sata3.5\/amdryzen7 8nucleoshasta5.3ghz\/32gbramddr5 Hasta128gb\/m.2 2280 Pciegen5x22\/2.5gbe2\/10gbe210gbase-t\/pcie3\/usb3.22\/fuenteredundante\/hotswap + Env\u00edo a domicilio + Pago seguro + Garant\u00eda\" \/>\n<meta name=\"robots\" content=\"index, follow, max-snippet:-1, max-image-preview:large, max-video-preview:-1\" \/>\n<link rel=\"canonical\" href=\"https:\/\/compuviper.mx\/tienda\/producto\/qnap-ts-h1677axu-rp-r7-32g-us-nas-16bahias-sata3-5-amdryzen7-8nucleoshasta5-3ghz-32gbramddr5-hasta128gb-m-2-2280-pciegen5x22-2-5gbe2-10gbe210gbase-t-pcie3-usb3-22-fuenteredundante-hotswap\/\" \/>\n<meta property=\"og:locale\" content=\"es_MX\" \/>\n<meta property=\"og:type\" content=\"article\" \/>\n<meta property=\"og:title\" content=\"[ Qnap ] &#129351; Ts-h1677axu-rp-r7-32g-us Nas \/16bahias Sata3.5\/amdryzen7 8nucleoshasta5.3ghz\/32gbramddr5 Hasta128gb\/m.2 2280 Pciegen5x22\/2.5gbe2\/10gbe210gbase-t\/pcie3\/usb3.22\/fuenteredundante\/hotswap\" \/>\n<meta property=\"og:description\" content=\"Compra Ts-h1677axu-rp-r7-32g-us Nas \/16bahias Sata3.5\/amdryzen7 8nucleoshasta5.3ghz\/32gbramddr5 Hasta128gb\/m.2 2280 Pciegen5x22\/2.5gbe2\/10gbe210gbase-t\/pcie3\/usb3.22\/fuenteredundante\/hotswap + Env\u00edo a domicilio + Pago seguro + Garant\u00eda\" \/>\n<meta property=\"og:url\" content=\"https:\/\/compuviper.mx\/tienda\/producto\/qnap-ts-h1677axu-rp-r7-32g-us-nas-16bahias-sata3-5-amdryzen7-8nucleoshasta5-3ghz-32gbramddr5-hasta128gb-m-2-2280-pciegen5x22-2-5gbe2-10gbe210gbase-t-pcie3-usb3-22-fuenteredundante-hotswap\/\" \/>\n<meta property=\"og:site_name\" content=\"Compuviper\" \/>\n<meta property=\"article:publisher\" content=\"https:\/\/www.facebook.com\/compuviper\" \/>\n<meta property=\"og:image\" content=\"https:\/\/compuviper.mx\/tienda\/wp-content\/uploads\/2024\/09\/Nas-qnap-ts-h1677axu-rp-r7-32g-us16bahias-sata3.5amdryzen7-8nucleoshasta5.3ghz32gbramddr5-hasta128gbm.2-2280-pciegen5x222.5gbe210gbe210gbase-tpcie3usb3.22fuenteredundantehotswap.jpg\" \/>\n\t<meta property=\"og:image:width\" content=\"200\" \/>\n\t<meta property=\"og:image:height\" content=\"200\" \/>\n\t<meta property=\"og:image:type\" content=\"image\/jpeg\" \/>\n<meta name=\"twitter:card\" content=\"summary_large_image\" \/>\n<meta name=\"twitter:label1\" content=\"Precio\" \/>\n\t<meta name=\"twitter:data1\" content=\"&#36;107,033 con IVA\" \/>\n\t<meta name=\"twitter:label2\" content=\"Availability\" \/>\n\t<meta name=\"twitter:data2\" content=\"On backorder\" \/>\n<script type=\"application\/ld+json\" class=\"yoast-schema-graph\">{\"@context\":\"https:\/\/schema.org\",\"@graph\":[{\"@type\":\"WebPage\",\"@id\":\"https:\/\/compuviper.mx\/tienda\/producto\/qnap-ts-h1677axu-rp-r7-32g-us-nas-16bahias-sata3-5-amdryzen7-8nucleoshasta5-3ghz-32gbramddr5-hasta128gb-m-2-2280-pciegen5x22-2-5gbe2-10gbe210gbase-t-pcie3-usb3-22-fuenteredundante-hotswap\/\",\"url\":\"https:\/\/compuviper.mx\/tienda\/producto\/qnap-ts-h1677axu-rp-r7-32g-us-nas-16bahias-sata3-5-amdryzen7-8nucleoshasta5-3ghz-32gbramddr5-hasta128gb-m-2-2280-pciegen5x22-2-5gbe2-10gbe210gbase-t-pcie3-usb3-22-fuenteredundante-hotswap\/\",\"name\":\"[ Qnap ] &#129351; Ts-h1677axu-rp-r7-32g-us Nas \/16bahias Sata3.5\/amdryzen7 8nucleoshasta5.3ghz\/32gbramddr5 Hasta128gb\/m.2 2280 Pciegen5x22\/2.5gbe2\/10gbe210gbase-t\/pcie3\/usb3.22\/fuenteredundante\/hotswap\",\"isPartOf\":{\"@id\":\"https:\/\/compuviper.mx\/tienda\/#website\"},\"datePublished\":\"2026-04-17T08:01:41+00:00\",\"dateModified\":\"2026-04-17T08:01:41+00:00\",\"description\":\"Compra Ts-h1677axu-rp-r7-32g-us Nas \/16bahias Sata3.5\/amdryzen7 8nucleoshasta5.3ghz\/32gbramddr5 Hasta128gb\/m.2 2280 Pciegen5x22\/2.5gbe2\/10gbe210gbase-t\/pcie3\/usb3.22\/fuenteredundante\/hotswap + Env\u00edo a domicilio + Pago seguro + Garant\u00eda\",\"breadcrumb\":{\"@id\":\"https:\/\/compuviper.mx\/tienda\/producto\/qnap-ts-h1677axu-rp-r7-32g-us-nas-16bahias-sata3-5-amdryzen7-8nucleoshasta5-3ghz-32gbramddr5-hasta128gb-m-2-2280-pciegen5x22-2-5gbe2-10gbe210gbase-t-pcie3-usb3-22-fuenteredundante-hotswap\/#breadcrumb\"},\"inLanguage\":\"es-MX\",\"potentialAction\":[{\"@type\":\"ReadAction\",\"target\":[\"https:\/\/compuviper.mx\/tienda\/producto\/qnap-ts-h1677axu-rp-r7-32g-us-nas-16bahias-sata3-5-amdryzen7-8nucleoshasta5-3ghz-32gbramddr5-hasta128gb-m-2-2280-pciegen5x22-2-5gbe2-10gbe210gbase-t-pcie3-usb3-22-fuenteredundante-hotswap\/\"]}]},{\"@type\":\"BreadcrumbList\",\"@id\":\"https:\/\/compuviper.mx\/tienda\/producto\/qnap-ts-h1677axu-rp-r7-32g-us-nas-16bahias-sata3-5-amdryzen7-8nucleoshasta5-3ghz-32gbramddr5-hasta128gb-m-2-2280-pciegen5x22-2-5gbe2-10gbe210gbase-t-pcie3-usb3-22-fuenteredundante-hotswap\/#breadcrumb\",\"itemListElement\":[{\"@type\":\"ListItem\",\"position\":1,\"name\":\"Inicio\",\"item\":\"https:\/\/compuviper.mx\/tienda\/\"},{\"@type\":\"ListItem\",\"position\":2,\"name\":\"Productos\",\"item\":\"https:\/\/compuviper.mx\/tienda\/productos\/\"},{\"@type\":\"ListItem\",\"position\":3,\"name\":\"Almacenamiento\",\"item\":\"https:\/\/compuviper.mx\/tienda\/categoria-producto\/almacenamiento\/\"},{\"@type\":\"ListItem\",\"position\":4,\"name\":\"Sistema De Almacenamiento\",\"item\":\"https:\/\/compuviper.mx\/tienda\/categoria-producto\/almacenamiento\/sistema-de-almacenamiento\/\"},{\"@type\":\"ListItem\",\"position\":5,\"name\":\"Qnap Ts-h1677axu-rp-r7-32g-us Nas \/16bahias Sata3.5\/amdryzen7 8nucleoshasta5.3ghz\/32gbramddr5 Hasta128gb\/m.2 2280 Pciegen5x22\/2.5gbe2\/10gbe210gbase-t\/pcie3\/usb3.22\/fuenteredundante\/hotswap\"}]},{\"@type\":\"WebSite\",\"@id\":\"https:\/\/compuviper.mx\/tienda\/#website\",\"url\":\"https:\/\/compuviper.mx\/tienda\/\",\"name\":\"Compuviper\",\"description\":\"Proveedor de Computadoras, Laptops, Servidores, Monitores, Puntos de Venta, Teclados,   Impresoras, T\u00f3ner, C\u00e1maras de Seguridad y m\u00e1s en tu tienda en l\u00ednea\",\"publisher\":{\"@id\":\"https:\/\/compuviper.mx\/tienda\/#organization\"},\"potentialAction\":[{\"@type\":\"SearchAction\",\"target\":{\"@type\":\"EntryPoint\",\"urlTemplate\":\"https:\/\/compuviper.mx\/tienda\/?s={search_term_string}\"},\"query-input\":\"required name=search_term_string\"}],\"inLanguage\":\"es-MX\"},{\"@type\":\"Organization\",\"@id\":\"https:\/\/compuviper.mx\/tienda\/#organization\",\"name\":\"Compuviper\",\"url\":\"https:\/\/compuviper.mx\/tienda\/\",\"logo\":{\"@type\":\"ImageObject\",\"inLanguage\":\"es-MX\",\"@id\":\"https:\/\/compuviper.mx\/tienda\/#\/schema\/logo\/image\/\",\"url\":\"https:\/\/compuviper.mx\/tienda\/wp-content\/uploads\/2021\/08\/Logo-Compuviper-10.png\",\"contentUrl\":\"https:\/\/compuviper.mx\/tienda\/wp-content\/uploads\/2021\/08\/Logo-Compuviper-10.png\",\"width\":1000,\"height\":500,\"caption\":\"Compuviper\"},\"image\":{\"@id\":\"https:\/\/compuviper.mx\/tienda\/#\/schema\/logo\/image\/\"},\"sameAs\":[\"https:\/\/www.facebook.com\/compuviper\",\"https:\/\/www.youtube.com\/channel\/UCf73dERp9Y3cfOq7q8BhLjA?view_as=subscriber\"]}]}<\/script>\n<meta property=\"product:brand\" content=\"Qnap\" \/>\n<meta property=\"product:price:amount\" content=\"107033\" \/>\n<meta property=\"product:price:currency\" content=\"MXN\" \/>\n<meta property=\"og:availability\" content=\"backorder\" \/>\n<meta property=\"product:availability\" content=\"available for order\" \/>\n<meta property=\"product:retailer_item_id\" content=\"TS-H1677AXU-RP-R7-32G-US\" \/>\n<meta property=\"product:condition\" content=\"new\" \/>\n<!-- \/ Yoast SEO plugin. -->","yoast_head_json":{"title":"[ Qnap ] &#129351; Ts-h1677axu-rp-r7-32g-us Nas \/16bahias Sata3.5\/amdryzen7 8nucleoshasta5.3ghz\/32gbramddr5 Hasta128gb\/m.2 2280 Pciegen5x22\/2.5gbe2\/10gbe210gbase-t\/pcie3\/usb3.22\/fuenteredundante\/hotswap","description":"Compra Ts-h1677axu-rp-r7-32g-us Nas \/16bahias Sata3.5\/amdryzen7 8nucleoshasta5.3ghz\/32gbramddr5 Hasta128gb\/m.2 2280 Pciegen5x22\/2.5gbe2\/10gbe210gbase-t\/pcie3\/usb3.22\/fuenteredundante\/hotswap + Env\u00edo a domicilio + Pago seguro + Garant\u00eda","robots":{"index":"index","follow":"follow","max-snippet":"max-snippet:-1","max-image-preview":"max-image-preview:large","max-video-preview":"max-video-preview:-1"},"canonical":"https:\/\/compuviper.mx\/tienda\/producto\/qnap-ts-h1677axu-rp-r7-32g-us-nas-16bahias-sata3-5-amdryzen7-8nucleoshasta5-3ghz-32gbramddr5-hasta128gb-m-2-2280-pciegen5x22-2-5gbe2-10gbe210gbase-t-pcie3-usb3-22-fuenteredundante-hotswap\/","og_locale":"es_MX","og_type":"article","og_title":"[ Qnap ] &#129351; Ts-h1677axu-rp-r7-32g-us Nas \/16bahias Sata3.5\/amdryzen7 8nucleoshasta5.3ghz\/32gbramddr5 Hasta128gb\/m.2 2280 Pciegen5x22\/2.5gbe2\/10gbe210gbase-t\/pcie3\/usb3.22\/fuenteredundante\/hotswap","og_description":"Compra Ts-h1677axu-rp-r7-32g-us Nas \/16bahias Sata3.5\/amdryzen7 8nucleoshasta5.3ghz\/32gbramddr5 Hasta128gb\/m.2 2280 Pciegen5x22\/2.5gbe2\/10gbe210gbase-t\/pcie3\/usb3.22\/fuenteredundante\/hotswap + Env\u00edo a domicilio + Pago seguro + Garant\u00eda","og_url":"https:\/\/compuviper.mx\/tienda\/producto\/qnap-ts-h1677axu-rp-r7-32g-us-nas-16bahias-sata3-5-amdryzen7-8nucleoshasta5-3ghz-32gbramddr5-hasta128gb-m-2-2280-pciegen5x22-2-5gbe2-10gbe210gbase-t-pcie3-usb3-22-fuenteredundante-hotswap\/","og_site_name":"Compuviper","article_publisher":"https:\/\/www.facebook.com\/compuviper","og_image":[{"width":200,"height":200,"url":"https:\/\/compuviper.mx\/tienda\/wp-content\/uploads\/2024\/09\/Nas-qnap-ts-h1677axu-rp-r7-32g-us16bahias-sata3.5amdryzen7-8nucleoshasta5.3ghz32gbramddr5-hasta128gbm.2-2280-pciegen5x222.5gbe210gbe210gbase-tpcie3usb3.22fuenteredundantehotswap.jpg","type":"image\/jpeg"}],"twitter_card":"summary_large_image","twitter_misc":{"Precio":"&#36;107,033 con IVA","Availability":"On backorder"},"schema":{"@context":"https:\/\/schema.org","@graph":[{"@type":"WebPage","@id":"https:\/\/compuviper.mx\/tienda\/producto\/qnap-ts-h1677axu-rp-r7-32g-us-nas-16bahias-sata3-5-amdryzen7-8nucleoshasta5-3ghz-32gbramddr5-hasta128gb-m-2-2280-pciegen5x22-2-5gbe2-10gbe210gbase-t-pcie3-usb3-22-fuenteredundante-hotswap\/","url":"https:\/\/compuviper.mx\/tienda\/producto\/qnap-ts-h1677axu-rp-r7-32g-us-nas-16bahias-sata3-5-amdryzen7-8nucleoshasta5-3ghz-32gbramddr5-hasta128gb-m-2-2280-pciegen5x22-2-5gbe2-10gbe210gbase-t-pcie3-usb3-22-fuenteredundante-hotswap\/","name":"[ Qnap ] &#129351; Ts-h1677axu-rp-r7-32g-us Nas \/16bahias Sata3.5\/amdryzen7 8nucleoshasta5.3ghz\/32gbramddr5 Hasta128gb\/m.2 2280 Pciegen5x22\/2.5gbe2\/10gbe210gbase-t\/pcie3\/usb3.22\/fuenteredundante\/hotswap","isPartOf":{"@id":"https:\/\/compuviper.mx\/tienda\/#website"},"datePublished":"2026-04-17T08:01:41+00:00","dateModified":"2026-04-17T08:01:41+00:00","description":"Compra Ts-h1677axu-rp-r7-32g-us Nas \/16bahias Sata3.5\/amdryzen7 8nucleoshasta5.3ghz\/32gbramddr5 Hasta128gb\/m.2 2280 Pciegen5x22\/2.5gbe2\/10gbe210gbase-t\/pcie3\/usb3.22\/fuenteredundante\/hotswap + Env\u00edo a domicilio + Pago seguro + Garant\u00eda","breadcrumb":{"@id":"https:\/\/compuviper.mx\/tienda\/producto\/qnap-ts-h1677axu-rp-r7-32g-us-nas-16bahias-sata3-5-amdryzen7-8nucleoshasta5-3ghz-32gbramddr5-hasta128gb-m-2-2280-pciegen5x22-2-5gbe2-10gbe210gbase-t-pcie3-usb3-22-fuenteredundante-hotswap\/#breadcrumb"},"inLanguage":"es-MX","potentialAction":[{"@type":"ReadAction","target":["https:\/\/compuviper.mx\/tienda\/producto\/qnap-ts-h1677axu-rp-r7-32g-us-nas-16bahias-sata3-5-amdryzen7-8nucleoshasta5-3ghz-32gbramddr5-hasta128gb-m-2-2280-pciegen5x22-2-5gbe2-10gbe210gbase-t-pcie3-usb3-22-fuenteredundante-hotswap\/"]}]},{"@type":"BreadcrumbList","@id":"https:\/\/compuviper.mx\/tienda\/producto\/qnap-ts-h1677axu-rp-r7-32g-us-nas-16bahias-sata3-5-amdryzen7-8nucleoshasta5-3ghz-32gbramddr5-hasta128gb-m-2-2280-pciegen5x22-2-5gbe2-10gbe210gbase-t-pcie3-usb3-22-fuenteredundante-hotswap\/#breadcrumb","itemListElement":[{"@type":"ListItem","position":1,"name":"Inicio","item":"https:\/\/compuviper.mx\/tienda\/"},{"@type":"ListItem","position":2,"name":"Productos","item":"https:\/\/compuviper.mx\/tienda\/productos\/"},{"@type":"ListItem","position":3,"name":"Almacenamiento","item":"https:\/\/compuviper.mx\/tienda\/categoria-producto\/almacenamiento\/"},{"@type":"ListItem","position":4,"name":"Sistema De Almacenamiento","item":"https:\/\/compuviper.mx\/tienda\/categoria-producto\/almacenamiento\/sistema-de-almacenamiento\/"},{"@type":"ListItem","position":5,"name":"Qnap Ts-h1677axu-rp-r7-32g-us Nas \/16bahias Sata3.5\/amdryzen7 8nucleoshasta5.3ghz\/32gbramddr5 Hasta128gb\/m.2 2280 Pciegen5x22\/2.5gbe2\/10gbe210gbase-t\/pcie3\/usb3.22\/fuenteredundante\/hotswap"}]},{"@type":"WebSite","@id":"https:\/\/compuviper.mx\/tienda\/#website","url":"https:\/\/compuviper.mx\/tienda\/","name":"Compuviper","description":"Proveedor de Computadoras, Laptops, Servidores, Monitores, Puntos de Venta, Teclados,   Impresoras, T\u00f3ner, C\u00e1maras de Seguridad y m\u00e1s en tu tienda en l\u00ednea","publisher":{"@id":"https:\/\/compuviper.mx\/tienda\/#organization"},"potentialAction":[{"@type":"SearchAction","target":{"@type":"EntryPoint","urlTemplate":"https:\/\/compuviper.mx\/tienda\/?s={search_term_string}"},"query-input":"required name=search_term_string"}],"inLanguage":"es-MX"},{"@type":"Organization","@id":"https:\/\/compuviper.mx\/tienda\/#organization","name":"Compuviper","url":"https:\/\/compuviper.mx\/tienda\/","logo":{"@type":"ImageObject","inLanguage":"es-MX","@id":"https:\/\/compuviper.mx\/tienda\/#\/schema\/logo\/image\/","url":"https:\/\/compuviper.mx\/tienda\/wp-content\/uploads\/2021\/08\/Logo-Compuviper-10.png","contentUrl":"https:\/\/compuviper.mx\/tienda\/wp-content\/uploads\/2021\/08\/Logo-Compuviper-10.png","width":1000,"height":500,"caption":"Compuviper"},"image":{"@id":"https:\/\/compuviper.mx\/tienda\/#\/schema\/logo\/image\/"},"sameAs":["https:\/\/www.facebook.com\/compuviper","https:\/\/www.youtube.com\/channel\/UCf73dERp9Y3cfOq7q8BhLjA?view_as=subscriber"]}]},"product_brand":"Qnap","product_price_amount":"107033","product_price_currency":"MXN","og_availability":"backorder","product_availability":"available for order","product_retailer_item_id":"TS-H1677AXU-RP-R7-32G-US","product_condition":"new"},"_links":{"self":[{"href":"https:\/\/compuviper.mx\/tienda\/wp-json\/wp\/v2\/product\/241696"}],"collection":[{"href":"https:\/\/compuviper.mx\/tienda\/wp-json\/wp\/v2\/product"}],"about":[{"href":"https:\/\/compuviper.mx\/tienda\/wp-json\/wp\/v2\/types\/product"}],"replies":[{"embeddable":true,"href":"https:\/\/compuviper.mx\/tienda\/wp-json\/wp\/v2\/comments?post=241696"}],"wp:featuredmedia":[{"embeddable":true,"href":"https:\/\/compuviper.mx\/tienda\/wp-json\/wp\/v2\/media\/243395"}],"wp:attachment":[{"href":"https:\/\/compuviper.mx\/tienda\/wp-json\/wp\/v2\/media?parent=241696"}],"wp:term":[{"taxonomy":"product_cat","embeddable":true,"href":"https:\/\/compuviper.mx\/tienda\/wp-json\/wp\/v2\/product_cat?post=241696"},{"taxonomy":"product_tag","embeddable":true,"href":"https:\/\/compuviper.mx\/tienda\/wp-json\/wp\/v2\/product_tag?post=241696"}],"curies":[{"name":"wp","href":"https:\/\/api.w.org\/{rel}","templated":true}]}}