{"id":241695,"date":"2026-04-17T02:01:41","date_gmt":"2026-04-17T08:01:41","guid":{"rendered":"https:\/\/compuviper.mx\/tienda\/producto\/qnap-ts-464u-rp-8g-us-nas-ts-464u-rp-8g-4-bahias-sata-3-5-torre-intel-celeron-4nucleos-2-7ghz-8gb-ddr4-ram-lan-25gbe2-pcie1-usb-2-0-2-usb-3-22-hdmi1-hot-swap-no-incluy\/"},"modified":"2026-04-17T02:01:41","modified_gmt":"2026-04-17T08:01:41","slug":"qnap-ts-464u-rp-8g-us-nas-ts-464u-rp-8g-4-bahias-sata-3-5-torre-intel-celeron-4nucleos-2-7ghz-8gb-ddr4-ram-lan-25gbe2-pcie1-usb-2-0-2-usb-3-22-hdmi1-hot-swap-no-incluye-discos-d","status":"publish","type":"product","link":"https:\/\/compuviper.mx\/tienda\/producto\/qnap-ts-464u-rp-8g-us-nas-ts-464u-rp-8g-4-bahias-sata-3-5-torre-intel-celeron-4nucleos-2-7ghz-8gb-ddr4-ram-lan-25gbe2-pcie1-usb-2-0-2-usb-3-22-hdmi1-hot-swap-no-incluye-discos-d\/","title":{"rendered":"Qnap Ts-464u-rp-8g-us Nas  Ts-464u-rp-8g \/ 4 Bahias Sata 3.5 \/ Torre \/ Intel Celeron 4nucleos 2.7ghz \/ 8gb Ddr4 Ram \/ Lan 2,5gbe2 \/ Pcie1 \/ Usb 2.0 2 \/ Usb 3.22 \/ Hdmi1 \/ Hot Swap \/no Incluye Discos Duros"},"content":{"rendered":"<table class=\"descripcion\">\n<tr>\n<td>Ts-464u-rp-8g<\/td>\n<\/tr>\n<tr>\n<td>Cpu: procesador intel celeron n5095 de cuatro n\u00facleos y cuatro hilos, con potencia de hasta 2,9 ghz<\/td>\n<\/tr>\n<tr>\n<td>Arquitectura de cpu: x86 de 64 bits<\/td>\n<\/tr>\n<tr>\n<td>Procesadores graficos: intel uhd graphics<\/td>\n<\/tr>\n<tr>\n<td>Unidad de coma flotante: si<\/td>\n<\/tr>\n<tr>\n<td>Motor de cifrado: (aes-ni)<\/td>\n<\/tr>\n<tr>\n<td>Transcodificacion acelerada de hardware: si<\/td>\n<\/tr>\n<tr>\n<td>Memoria del sistema: 8 gb de memoria ddr4 sodimm (1 m\u00f3dulo de 8 gb)<\/td>\n<\/tr>\n<tr>\n<td>Memoria m\u00e1xima: 16 gb (2 m\u00f3dulos de 8 gb)<\/td>\n<\/tr>\n<tr>\n<td>Memoria flash: 4 gb (protecci\u00f3n del sistema operativo de doble arranque)<\/td>\n<\/tr>\n<tr>\n<td>Bah\u00eda de unidades: 4 unidades sata de 3,5 a 6gb\/s, 3gb\/s<\/td>\n<\/tr>\n<tr>\n<td>Compatibilidad de unidades:<\/td>\n<\/tr>\n<tr>\n<td>3.5 pulgadas sata discos duros<\/td>\n<\/tr>\n<tr>\n<td>2.5 pulgadas sata estado s\u00f3lido \/ discos duros<\/td>\n<\/tr>\n<tr>\n<td>Intercambiable en caliente: si<\/td>\n<\/tr>\n<tr>\n<td>Ranura m.2: opcional a traves de un adaptador pcie<\/td>\n<\/tr>\n<tr>\n<td>Compatibilidad con aceleraci\u00f3n de cache ssd: si<\/td>\n<\/tr>\n<tr>\n<td>Puerto 2,5 gbe (2,5g\/1g\/100m): 2 (2,5g\/1g\/100m\/10m)<\/td>\n<\/tr>\n<tr>\n<td>Puerto 5 gbe (5g\/2,5g\/1g\/100m): opcional a trav\u00e9s de adaptador de red<\/td>\n<\/tr>\n<tr>\n<td>Puerto 10 gbe: opcional a trav\u00e9s de adaptador de red (opcional a trav\u00e9s de la tarjeta de expansi\u00f3n pcie)<\/td>\n<\/tr>\n<tr>\n<td>Wake-on-lan (wol): si<\/td>\n<\/tr>\n<tr>\n<td>Jumbo frame: si<\/td>\n<\/tr>\n<tr>\n<td>Ranura pcie: 1<\/td>\n<\/tr>\n<tr>\n<td>Ranura 1: pcie gen 3 x2<\/td>\n<\/tr>\n<tr>\n<td>Dimensiones de la tarjeta para la ranura pcie: 210 x 68,9 x 18,76 mm \/ 8,27 x 2,71 x 0,74 pulgadas.<\/td>\n<\/tr>\n<tr>\n<td>Puerto usb 2.0: 2<\/td>\n<\/tr>\n<tr>\n<td>Puerto usb 3.2 gen 2 (10 gbps): 2 puertos usb 3.2 gen 2 tipo-a<\/td>\n<\/tr>\n<tr>\n<td>Salida hdmi: 1, hdmi 1.4b<\/td>\n<\/tr>\n<tr>\n<td>Factor de forma: montaje en rack de 1u<\/td>\n<\/tr>\n<tr>\n<td>Indicadores led: unidad de disco duro 1-4, estado, lan, expansi\u00f3n, alimentaci\u00f3n<\/td>\n<\/tr>\n<tr>\n<td>Botones: encendido, reinicio<\/td>\n<\/tr>\n<tr>\n<td>Dimensiones (altura x anchura x profundidad): 43.3 \u00d7 430 \u00d7 479 mm<\/td>\n<\/tr>\n<tr>\n<td>Peso (neto) : 9.34 kg<\/td>\n<\/tr>\n<tr>\n<td>Peso (bruto): 11.3 kg<\/td>\n<\/tr>\n<tr>\n<td>Temperatura operativa: 0 &#8211; 40 \u00b0c (32 \u00b0f &#8211; 104 \u00b0f)<\/td>\n<\/tr>\n<tr>\n<td>Temperatura de almacenamiento: -20 &#8211; 70\u00b0c (-4\u00b0f &#8211; 158\u00b0f)<\/td>\n<\/tr>\n<tr>\n<td>Humedad relativa: 5 ~ 95 % de humedad relativa sin condensaci\u00f3n, bulbo h\u00famedo: 27  and #730;c (80,6  and #730;f)<\/td>\n<\/tr>\n<tr>\n<td>Unidad de alimentaci\u00f3n el\u00e9ctrica: 250w (x2), 100-240 v<\/td>\n<\/tr>\n<tr>\n<td>Consumo de energ\u00eda: modo suspensi\u00f3n de disco duro: 37.469 w<\/td>\n<\/tr>\n<tr>\n<td>Consumo de energ\u00eda: modo de funcionamiento, t\u00edpico: 51.404 w<\/td>\n<\/tr>\n<tr>\n<td>(probado con unidades totalmente llenas)<\/td>\n<\/tr>\n<tr>\n<td>Ventilador: 2 de 40 mm, 12 v de cc<\/td>\n<\/tr>\n<tr>\n<td>Advertencia del sistema: timbre<\/td>\n<\/tr>\n<tr>\n<td>Garant\u00eda est\u00e1ndar: 3<\/td>\n<\/tr>\n<tr>\n<td>N.\u00ba m\u00e1x. de conexiones simult\u00e1neas (cifs): con memoria m\u00e1x: 1500<\/td>\n<\/tr>\n<\/table>\n","protected":false},"excerpt":{"rendered":"<p>Equipado con un procesador intel\u00ae celeron\u00ae n5105\/n5095 de cuatro n\u00facleos (con potencia de hasta 2,9 ghz), el ts-464u-rp incluye dos puertos rj45 2,5gbe y enlace troncal de puertos para un ancho de banda combinado de hasta 5gbps. La salida hdmi\u0099 4k integrada permite la visualizaci\u00f3n de m\u00e1quinas virtuales y contenido multimedia. Con una ranura pcie gen 3, el ts-464u-rp ofrece flexibilidad para ampliar la funcionalidad del nas, lo que le permite instalar varias tarjetas: una tarjeta de red 10gbe\/5gbe, una tarjeta qm2 para la cach\u00e9 ssd m.2 o una edge tpu para el reconocimiento de im\u00e1genes mediante ia. El ts-464u-rp tambi\u00e9n admite el cifrado aes de 256 bits para garantizar la confidencialidad de los datos empresariales sensibles sin afectar al rendimiento del sistema. El ts-464u-rp tambi\u00e9n cuenta con una potente fuente de alimentaci\u00f3n redundante para garantizar el m\u00e1ximo tiempo de actividad del sistema. El ts-464u-rp usa el sistema qts por defecto. Tambi\u00e9n se puede cambiar al sistema operativo quts hero. Quts hero otorga beneficios como la integridad de datos zfs y la tecnolog\u00eda worm para prevenir la manipulaci\u00f3n de los datos. (cambiar a quts hero est\u00e1 soportado desde la versi\u00f3n qts 5.2.2)<\/p>\n","protected":false},"featured_media":243394,"comment_status":"open","ping_status":"open","template":"","meta":[],"product_cat":[1803,1804],"product_tag":[2110],"acf":[],"yoast_head":"<!-- This site is optimized with the Yoast SEO plugin v21.7 - https:\/\/yoast.com\/wordpress\/plugins\/seo\/ -->\n<title>[ Qnap ] &#129351; Ts-464u-rp-8g-us Nas Ts-464u-rp-8g \/ 4 Bahias Sata 3.5 \/ Torre \/ Intel Celeron 4nucleos 2.7ghz \/ 8gb Ddr4 Ram \/ Lan 2,5gbe2 \/ Pcie1 \/ Usb 2.0 2 \/ Usb 3.22 \/ Hdmi1 \/ Hot Swap \/no Incluye Discos Duros<\/title>\n<meta name=\"description\" content=\"Compra Ts-464u-rp-8g-us Nas Ts-464u-rp-8g \/ 4 Bahias Sata 3.5 \/ Torre \/ Intel Celeron 4nucleos 2.7ghz \/ 8gb Ddr4 Ram \/ Lan 2,5gbe2 \/ Pcie1 \/ Usb 2.0 2 \/ Usb 3.22 \/ Hdmi1 \/ Hot Swap \/no Incluye Discos Duros + Env\u00edo a domicilio + Pago seguro + Garant\u00eda\" \/>\n<meta name=\"robots\" content=\"index, follow, max-snippet:-1, max-image-preview:large, max-video-preview:-1\" \/>\n<link rel=\"canonical\" href=\"https:\/\/compuviper.mx\/tienda\/producto\/qnap-ts-464u-rp-8g-us-nas-ts-464u-rp-8g-4-bahias-sata-3-5-torre-intel-celeron-4nucleos-2-7ghz-8gb-ddr4-ram-lan-25gbe2-pcie1-usb-2-0-2-usb-3-22-hdmi1-hot-swap-no-incluye-discos-d\/\" \/>\n<meta property=\"og:locale\" content=\"es_MX\" \/>\n<meta property=\"og:type\" content=\"article\" \/>\n<meta property=\"og:title\" content=\"[ Qnap ] &#129351; Ts-464u-rp-8g-us Nas Ts-464u-rp-8g \/ 4 Bahias Sata 3.5 \/ Torre \/ Intel Celeron 4nucleos 2.7ghz \/ 8gb Ddr4 Ram \/ Lan 2,5gbe2 \/ Pcie1 \/ Usb 2.0 2 \/ Usb 3.22 \/ Hdmi1 \/ Hot Swap \/no Incluye Discos Duros\" \/>\n<meta property=\"og:description\" content=\"Compra Ts-464u-rp-8g-us Nas Ts-464u-rp-8g \/ 4 Bahias Sata 3.5 \/ Torre \/ Intel Celeron 4nucleos 2.7ghz \/ 8gb Ddr4 Ram \/ Lan 2,5gbe2 \/ Pcie1 \/ Usb 2.0 2 \/ Usb 3.22 \/ Hdmi1 \/ Hot Swap \/no Incluye Discos Duros + Env\u00edo a domicilio + Pago seguro + Garant\u00eda\" \/>\n<meta property=\"og:url\" content=\"https:\/\/compuviper.mx\/tienda\/producto\/qnap-ts-464u-rp-8g-us-nas-ts-464u-rp-8g-4-bahias-sata-3-5-torre-intel-celeron-4nucleos-2-7ghz-8gb-ddr4-ram-lan-25gbe2-pcie1-usb-2-0-2-usb-3-22-hdmi1-hot-swap-no-incluye-discos-d\/\" \/>\n<meta property=\"og:site_name\" content=\"Compuviper\" \/>\n<meta property=\"article:publisher\" content=\"https:\/\/www.facebook.com\/compuviper\" \/>\n<meta property=\"og:image\" content=\"https:\/\/compuviper.mx\/tienda\/wp-content\/uploads\/2024\/09\/Nas-qnap-ts-464u-rp-8g-4-bahias-sata-3.5-torre-intel-celeron-4nucleos-2.7ghz-8gb-ddr4-ram-lan-25gbe2-pcie1-usb-2.0-2-usb-3.22-hdmi1-hot-swap-no-incluye-discos-duros.jpg\" \/>\n\t<meta property=\"og:image:width\" content=\"200\" \/>\n\t<meta property=\"og:image:height\" content=\"200\" \/>\n\t<meta property=\"og:image:type\" content=\"image\/jpeg\" \/>\n<meta name=\"twitter:card\" content=\"summary_large_image\" \/>\n<meta name=\"twitter:label1\" content=\"Precio\" \/>\n\t<meta name=\"twitter:data1\" content=\"&#36;25,435 con IVA\" \/>\n\t<meta name=\"twitter:label2\" content=\"Availability\" \/>\n\t<meta name=\"twitter:data2\" content=\"On backorder\" \/>\n<script type=\"application\/ld+json\" class=\"yoast-schema-graph\">{\"@context\":\"https:\/\/schema.org\",\"@graph\":[{\"@type\":\"WebPage\",\"@id\":\"https:\/\/compuviper.mx\/tienda\/producto\/qnap-ts-464u-rp-8g-us-nas-ts-464u-rp-8g-4-bahias-sata-3-5-torre-intel-celeron-4nucleos-2-7ghz-8gb-ddr4-ram-lan-25gbe2-pcie1-usb-2-0-2-usb-3-22-hdmi1-hot-swap-no-incluye-discos-d\/\",\"url\":\"https:\/\/compuviper.mx\/tienda\/producto\/qnap-ts-464u-rp-8g-us-nas-ts-464u-rp-8g-4-bahias-sata-3-5-torre-intel-celeron-4nucleos-2-7ghz-8gb-ddr4-ram-lan-25gbe2-pcie1-usb-2-0-2-usb-3-22-hdmi1-hot-swap-no-incluye-discos-d\/\",\"name\":\"[ Qnap ] &#129351; Ts-464u-rp-8g-us Nas Ts-464u-rp-8g \/ 4 Bahias Sata 3.5 \/ Torre \/ Intel Celeron 4nucleos 2.7ghz \/ 8gb Ddr4 Ram \/ Lan 2,5gbe2 \/ Pcie1 \/ Usb 2.0 2 \/ Usb 3.22 \/ Hdmi1 \/ Hot Swap \/no Incluye Discos Duros\",\"isPartOf\":{\"@id\":\"https:\/\/compuviper.mx\/tienda\/#website\"},\"datePublished\":\"2026-04-17T08:01:41+00:00\",\"dateModified\":\"2026-04-17T08:01:41+00:00\",\"description\":\"Compra Ts-464u-rp-8g-us Nas Ts-464u-rp-8g \/ 4 Bahias Sata 3.5 \/ Torre \/ Intel Celeron 4nucleos 2.7ghz \/ 8gb Ddr4 Ram \/ Lan 2,5gbe2 \/ Pcie1 \/ Usb 2.0 2 \/ Usb 3.22 \/ Hdmi1 \/ Hot Swap \/no Incluye Discos Duros + Env\u00edo a domicilio + Pago seguro + Garant\u00eda\",\"breadcrumb\":{\"@id\":\"https:\/\/compuviper.mx\/tienda\/producto\/qnap-ts-464u-rp-8g-us-nas-ts-464u-rp-8g-4-bahias-sata-3-5-torre-intel-celeron-4nucleos-2-7ghz-8gb-ddr4-ram-lan-25gbe2-pcie1-usb-2-0-2-usb-3-22-hdmi1-hot-swap-no-incluye-discos-d\/#breadcrumb\"},\"inLanguage\":\"es-MX\",\"potentialAction\":[{\"@type\":\"ReadAction\",\"target\":[\"https:\/\/compuviper.mx\/tienda\/producto\/qnap-ts-464u-rp-8g-us-nas-ts-464u-rp-8g-4-bahias-sata-3-5-torre-intel-celeron-4nucleos-2-7ghz-8gb-ddr4-ram-lan-25gbe2-pcie1-usb-2-0-2-usb-3-22-hdmi1-hot-swap-no-incluye-discos-d\/\"]}]},{\"@type\":\"BreadcrumbList\",\"@id\":\"https:\/\/compuviper.mx\/tienda\/producto\/qnap-ts-464u-rp-8g-us-nas-ts-464u-rp-8g-4-bahias-sata-3-5-torre-intel-celeron-4nucleos-2-7ghz-8gb-ddr4-ram-lan-25gbe2-pcie1-usb-2-0-2-usb-3-22-hdmi1-hot-swap-no-incluye-discos-d\/#breadcrumb\",\"itemListElement\":[{\"@type\":\"ListItem\",\"position\":1,\"name\":\"Inicio\",\"item\":\"https:\/\/compuviper.mx\/tienda\/\"},{\"@type\":\"ListItem\",\"position\":2,\"name\":\"Productos\",\"item\":\"https:\/\/compuviper.mx\/tienda\/productos\/\"},{\"@type\":\"ListItem\",\"position\":3,\"name\":\"Almacenamiento\",\"item\":\"https:\/\/compuviper.mx\/tienda\/categoria-producto\/almacenamiento\/\"},{\"@type\":\"ListItem\",\"position\":4,\"name\":\"Sistema De Almacenamiento\",\"item\":\"https:\/\/compuviper.mx\/tienda\/categoria-producto\/almacenamiento\/sistema-de-almacenamiento\/\"},{\"@type\":\"ListItem\",\"position\":5,\"name\":\"Qnap Ts-464u-rp-8g-us Nas Ts-464u-rp-8g \/ 4 Bahias Sata 3.5 \/ Torre \/ Intel Celeron 4nucleos 2.7ghz \/ 8gb Ddr4 Ram \/ Lan 2,5gbe2 \/ Pcie1 \/ Usb 2.0 2 \/ Usb 3.22 \/ Hdmi1 \/ Hot Swap \/no Incluye Discos Duros\"}]},{\"@type\":\"WebSite\",\"@id\":\"https:\/\/compuviper.mx\/tienda\/#website\",\"url\":\"https:\/\/compuviper.mx\/tienda\/\",\"name\":\"Compuviper\",\"description\":\"Proveedor de Computadoras, Laptops, Servidores, Monitores, Puntos de Venta, Teclados,   Impresoras, T\u00f3ner, C\u00e1maras de Seguridad y m\u00e1s en tu tienda en l\u00ednea\",\"publisher\":{\"@id\":\"https:\/\/compuviper.mx\/tienda\/#organization\"},\"potentialAction\":[{\"@type\":\"SearchAction\",\"target\":{\"@type\":\"EntryPoint\",\"urlTemplate\":\"https:\/\/compuviper.mx\/tienda\/?s={search_term_string}\"},\"query-input\":\"required name=search_term_string\"}],\"inLanguage\":\"es-MX\"},{\"@type\":\"Organization\",\"@id\":\"https:\/\/compuviper.mx\/tienda\/#organization\",\"name\":\"Compuviper\",\"url\":\"https:\/\/compuviper.mx\/tienda\/\",\"logo\":{\"@type\":\"ImageObject\",\"inLanguage\":\"es-MX\",\"@id\":\"https:\/\/compuviper.mx\/tienda\/#\/schema\/logo\/image\/\",\"url\":\"https:\/\/compuviper.mx\/tienda\/wp-content\/uploads\/2021\/08\/Logo-Compuviper-10.png\",\"contentUrl\":\"https:\/\/compuviper.mx\/tienda\/wp-content\/uploads\/2021\/08\/Logo-Compuviper-10.png\",\"width\":1000,\"height\":500,\"caption\":\"Compuviper\"},\"image\":{\"@id\":\"https:\/\/compuviper.mx\/tienda\/#\/schema\/logo\/image\/\"},\"sameAs\":[\"https:\/\/www.facebook.com\/compuviper\",\"https:\/\/www.youtube.com\/channel\/UCf73dERp9Y3cfOq7q8BhLjA?view_as=subscriber\"]}]}<\/script>\n<meta property=\"product:brand\" content=\"Qnap\" \/>\n<meta property=\"product:price:amount\" content=\"25435\" \/>\n<meta property=\"product:price:currency\" content=\"MXN\" \/>\n<meta property=\"og:availability\" content=\"backorder\" \/>\n<meta property=\"product:availability\" content=\"available for order\" \/>\n<meta property=\"product:retailer_item_id\" content=\"TS-464U-RP-8G-US\" \/>\n<meta property=\"product:condition\" content=\"new\" \/>\n<!-- \/ Yoast SEO plugin. -->","yoast_head_json":{"title":"[ Qnap ] &#129351; Ts-464u-rp-8g-us Nas Ts-464u-rp-8g \/ 4 Bahias Sata 3.5 \/ Torre \/ Intel Celeron 4nucleos 2.7ghz \/ 8gb Ddr4 Ram \/ Lan 2,5gbe2 \/ Pcie1 \/ Usb 2.0 2 \/ Usb 3.22 \/ Hdmi1 \/ Hot Swap \/no Incluye Discos Duros","description":"Compra Ts-464u-rp-8g-us Nas Ts-464u-rp-8g \/ 4 Bahias Sata 3.5 \/ Torre \/ Intel Celeron 4nucleos 2.7ghz \/ 8gb Ddr4 Ram \/ Lan 2,5gbe2 \/ Pcie1 \/ Usb 2.0 2 \/ Usb 3.22 \/ Hdmi1 \/ Hot Swap \/no Incluye Discos Duros + Env\u00edo a domicilio + Pago seguro + Garant\u00eda","robots":{"index":"index","follow":"follow","max-snippet":"max-snippet:-1","max-image-preview":"max-image-preview:large","max-video-preview":"max-video-preview:-1"},"canonical":"https:\/\/compuviper.mx\/tienda\/producto\/qnap-ts-464u-rp-8g-us-nas-ts-464u-rp-8g-4-bahias-sata-3-5-torre-intel-celeron-4nucleos-2-7ghz-8gb-ddr4-ram-lan-25gbe2-pcie1-usb-2-0-2-usb-3-22-hdmi1-hot-swap-no-incluye-discos-d\/","og_locale":"es_MX","og_type":"article","og_title":"[ Qnap ] &#129351; Ts-464u-rp-8g-us Nas Ts-464u-rp-8g \/ 4 Bahias Sata 3.5 \/ Torre \/ Intel Celeron 4nucleos 2.7ghz \/ 8gb Ddr4 Ram \/ Lan 2,5gbe2 \/ Pcie1 \/ Usb 2.0 2 \/ Usb 3.22 \/ Hdmi1 \/ Hot Swap \/no Incluye Discos Duros","og_description":"Compra Ts-464u-rp-8g-us Nas Ts-464u-rp-8g \/ 4 Bahias Sata 3.5 \/ Torre \/ Intel Celeron 4nucleos 2.7ghz \/ 8gb Ddr4 Ram \/ Lan 2,5gbe2 \/ Pcie1 \/ Usb 2.0 2 \/ Usb 3.22 \/ Hdmi1 \/ Hot Swap \/no Incluye Discos Duros + Env\u00edo a domicilio + Pago seguro + Garant\u00eda","og_url":"https:\/\/compuviper.mx\/tienda\/producto\/qnap-ts-464u-rp-8g-us-nas-ts-464u-rp-8g-4-bahias-sata-3-5-torre-intel-celeron-4nucleos-2-7ghz-8gb-ddr4-ram-lan-25gbe2-pcie1-usb-2-0-2-usb-3-22-hdmi1-hot-swap-no-incluye-discos-d\/","og_site_name":"Compuviper","article_publisher":"https:\/\/www.facebook.com\/compuviper","og_image":[{"width":200,"height":200,"url":"https:\/\/compuviper.mx\/tienda\/wp-content\/uploads\/2024\/09\/Nas-qnap-ts-464u-rp-8g-4-bahias-sata-3.5-torre-intel-celeron-4nucleos-2.7ghz-8gb-ddr4-ram-lan-25gbe2-pcie1-usb-2.0-2-usb-3.22-hdmi1-hot-swap-no-incluye-discos-duros.jpg","type":"image\/jpeg"}],"twitter_card":"summary_large_image","twitter_misc":{"Precio":"&#36;25,435 con IVA","Availability":"On backorder"},"schema":{"@context":"https:\/\/schema.org","@graph":[{"@type":"WebPage","@id":"https:\/\/compuviper.mx\/tienda\/producto\/qnap-ts-464u-rp-8g-us-nas-ts-464u-rp-8g-4-bahias-sata-3-5-torre-intel-celeron-4nucleos-2-7ghz-8gb-ddr4-ram-lan-25gbe2-pcie1-usb-2-0-2-usb-3-22-hdmi1-hot-swap-no-incluye-discos-d\/","url":"https:\/\/compuviper.mx\/tienda\/producto\/qnap-ts-464u-rp-8g-us-nas-ts-464u-rp-8g-4-bahias-sata-3-5-torre-intel-celeron-4nucleos-2-7ghz-8gb-ddr4-ram-lan-25gbe2-pcie1-usb-2-0-2-usb-3-22-hdmi1-hot-swap-no-incluye-discos-d\/","name":"[ Qnap ] &#129351; Ts-464u-rp-8g-us Nas Ts-464u-rp-8g \/ 4 Bahias Sata 3.5 \/ Torre \/ Intel Celeron 4nucleos 2.7ghz \/ 8gb Ddr4 Ram \/ Lan 2,5gbe2 \/ Pcie1 \/ Usb 2.0 2 \/ Usb 3.22 \/ Hdmi1 \/ Hot Swap \/no Incluye Discos Duros","isPartOf":{"@id":"https:\/\/compuviper.mx\/tienda\/#website"},"datePublished":"2026-04-17T08:01:41+00:00","dateModified":"2026-04-17T08:01:41+00:00","description":"Compra Ts-464u-rp-8g-us Nas Ts-464u-rp-8g \/ 4 Bahias Sata 3.5 \/ Torre \/ Intel Celeron 4nucleos 2.7ghz \/ 8gb Ddr4 Ram \/ Lan 2,5gbe2 \/ Pcie1 \/ Usb 2.0 2 \/ Usb 3.22 \/ Hdmi1 \/ Hot Swap \/no Incluye Discos Duros + Env\u00edo a domicilio + Pago seguro + Garant\u00eda","breadcrumb":{"@id":"https:\/\/compuviper.mx\/tienda\/producto\/qnap-ts-464u-rp-8g-us-nas-ts-464u-rp-8g-4-bahias-sata-3-5-torre-intel-celeron-4nucleos-2-7ghz-8gb-ddr4-ram-lan-25gbe2-pcie1-usb-2-0-2-usb-3-22-hdmi1-hot-swap-no-incluye-discos-d\/#breadcrumb"},"inLanguage":"es-MX","potentialAction":[{"@type":"ReadAction","target":["https:\/\/compuviper.mx\/tienda\/producto\/qnap-ts-464u-rp-8g-us-nas-ts-464u-rp-8g-4-bahias-sata-3-5-torre-intel-celeron-4nucleos-2-7ghz-8gb-ddr4-ram-lan-25gbe2-pcie1-usb-2-0-2-usb-3-22-hdmi1-hot-swap-no-incluye-discos-d\/"]}]},{"@type":"BreadcrumbList","@id":"https:\/\/compuviper.mx\/tienda\/producto\/qnap-ts-464u-rp-8g-us-nas-ts-464u-rp-8g-4-bahias-sata-3-5-torre-intel-celeron-4nucleos-2-7ghz-8gb-ddr4-ram-lan-25gbe2-pcie1-usb-2-0-2-usb-3-22-hdmi1-hot-swap-no-incluye-discos-d\/#breadcrumb","itemListElement":[{"@type":"ListItem","position":1,"name":"Inicio","item":"https:\/\/compuviper.mx\/tienda\/"},{"@type":"ListItem","position":2,"name":"Productos","item":"https:\/\/compuviper.mx\/tienda\/productos\/"},{"@type":"ListItem","position":3,"name":"Almacenamiento","item":"https:\/\/compuviper.mx\/tienda\/categoria-producto\/almacenamiento\/"},{"@type":"ListItem","position":4,"name":"Sistema De Almacenamiento","item":"https:\/\/compuviper.mx\/tienda\/categoria-producto\/almacenamiento\/sistema-de-almacenamiento\/"},{"@type":"ListItem","position":5,"name":"Qnap Ts-464u-rp-8g-us Nas Ts-464u-rp-8g \/ 4 Bahias Sata 3.5 \/ Torre \/ Intel Celeron 4nucleos 2.7ghz \/ 8gb Ddr4 Ram \/ Lan 2,5gbe2 \/ Pcie1 \/ Usb 2.0 2 \/ Usb 3.22 \/ Hdmi1 \/ Hot Swap \/no Incluye Discos Duros"}]},{"@type":"WebSite","@id":"https:\/\/compuviper.mx\/tienda\/#website","url":"https:\/\/compuviper.mx\/tienda\/","name":"Compuviper","description":"Proveedor de Computadoras, Laptops, Servidores, Monitores, Puntos de Venta, Teclados,   Impresoras, T\u00f3ner, C\u00e1maras de Seguridad y m\u00e1s en tu tienda en l\u00ednea","publisher":{"@id":"https:\/\/compuviper.mx\/tienda\/#organization"},"potentialAction":[{"@type":"SearchAction","target":{"@type":"EntryPoint","urlTemplate":"https:\/\/compuviper.mx\/tienda\/?s={search_term_string}"},"query-input":"required name=search_term_string"}],"inLanguage":"es-MX"},{"@type":"Organization","@id":"https:\/\/compuviper.mx\/tienda\/#organization","name":"Compuviper","url":"https:\/\/compuviper.mx\/tienda\/","logo":{"@type":"ImageObject","inLanguage":"es-MX","@id":"https:\/\/compuviper.mx\/tienda\/#\/schema\/logo\/image\/","url":"https:\/\/compuviper.mx\/tienda\/wp-content\/uploads\/2021\/08\/Logo-Compuviper-10.png","contentUrl":"https:\/\/compuviper.mx\/tienda\/wp-content\/uploads\/2021\/08\/Logo-Compuviper-10.png","width":1000,"height":500,"caption":"Compuviper"},"image":{"@id":"https:\/\/compuviper.mx\/tienda\/#\/schema\/logo\/image\/"},"sameAs":["https:\/\/www.facebook.com\/compuviper","https:\/\/www.youtube.com\/channel\/UCf73dERp9Y3cfOq7q8BhLjA?view_as=subscriber"]}]},"product_brand":"Qnap","product_price_amount":"25435","product_price_currency":"MXN","og_availability":"backorder","product_availability":"available for order","product_retailer_item_id":"TS-464U-RP-8G-US","product_condition":"new"},"_links":{"self":[{"href":"https:\/\/compuviper.mx\/tienda\/wp-json\/wp\/v2\/product\/241695"}],"collection":[{"href":"https:\/\/compuviper.mx\/tienda\/wp-json\/wp\/v2\/product"}],"about":[{"href":"https:\/\/compuviper.mx\/tienda\/wp-json\/wp\/v2\/types\/product"}],"replies":[{"embeddable":true,"href":"https:\/\/compuviper.mx\/tienda\/wp-json\/wp\/v2\/comments?post=241695"}],"wp:featuredmedia":[{"embeddable":true,"href":"https:\/\/compuviper.mx\/tienda\/wp-json\/wp\/v2\/media\/243394"}],"wp:attachment":[{"href":"https:\/\/compuviper.mx\/tienda\/wp-json\/wp\/v2\/media?parent=241695"}],"wp:term":[{"taxonomy":"product_cat","embeddable":true,"href":"https:\/\/compuviper.mx\/tienda\/wp-json\/wp\/v2\/product_cat?post=241695"},{"taxonomy":"product_tag","embeddable":true,"href":"https:\/\/compuviper.mx\/tienda\/wp-json\/wp\/v2\/product_tag?post=241695"}],"curies":[{"name":"wp","href":"https:\/\/api.w.org\/{rel}","templated":true}]}}