{"id":241236,"date":"2026-04-18T01:48:32","date_gmt":"2026-04-18T07:48:32","guid":{"rendered":"https:\/\/compuviper.mx\/tienda\/producto\/epson-c31cj57012-miniprinter-tm-t88vii-termica-80-mm-o-58-mm-serial-usb-ethernet-recibo-autocortador-negra\/"},"modified":"2026-04-18T01:48:32","modified_gmt":"2026-04-18T07:48:32","slug":"epson-c31cj57012-miniprinter-tm-t88vii-termica-80-mm-o-58-mm-serial-usb-ethernet-recibo-autocortador-negra","status":"publish","type":"product","link":"https:\/\/compuviper.mx\/tienda\/producto\/epson-c31cj57012-miniprinter-tm-t88vii-termica-80-mm-o-58-mm-serial-usb-ethernet-recibo-autocortador-negra\/","title":{"rendered":"Epson C31cj57012 Miniprinter  Tm-t88vii, Termica, 80 Mm O 58 Mm, Serial, Usb, Ethernet Recibo \/autocortador, Negra"},"content":{"rendered":"<table class=\"descripcion\">\n<tr>\n<td>Impresion<\/td>\n<\/tr>\n<tr>\n<td>Metodo de impresion termico de lineas<\/td>\n<\/tr>\n<tr>\n<td>Velocidad de impresion 500 mm\/segundos 19.7\u0094\/s para graficos y texto<\/td>\n<\/tr>\n<tr>\n<td>Resolucion de impresion 180 dpi<\/td>\n<\/tr>\n<tr>\n<td>Fuentes de impresion<\/td>\n<\/tr>\n<tr>\n<td>Fuentes: a predeterminada : 12 x 24 incluido espacio horizontal de 2 puntos; 10 x 24 incluido espacio horizontal de 2 puntos fuente kanji a: 24 x 24 incluido espaciado horizontal de 2 puntos fuente kanji b: 16 x 16 incluido espaciado horizontal de 0 puntos<\/td>\n<\/tr>\n<tr>\n<td>Capacidad de columnas<\/td>\n<\/tr>\n<tr>\n<td>Fuente a\/b ank:  modo 80 mm: 42\/47\/56 modo 58 mm: 30\/37\/40 columnas fuente kanji a\/b: modo 80 mm: 21\/24\/32 columnas modo 58 mm: 15\/18\/22 columnas.<\/td>\n<\/tr>\n<tr>\n<td>Set de caracteres: 95 alfanumerico, 18 internacional, 128 x 43 grafico, japones 6879 caracteres de jis x0208-1990, 845 caracteres especiales, chino simplificado 28,553 caracteres de gb18030-2000, chino tradicional 13,502 caracteres de big5, coreano 8,224 carateres de ksc5601<\/td>\n<\/tr>\n<tr>\n<td>Impresion de simbolos bidimensionales: pdf417. qr code, maxicode, datamatrix, aztec code, two-dimensional gs1 databar composite symbology.<\/td>\n<\/tr>\n<tr>\n<td>Manejo de papel<\/td>\n<\/tr>\n<tr>\n<td>Tipo rollo de papel termico<\/td>\n<\/tr>\n<tr>\n<td>Metodo de alimentacion por friccion<\/td>\n<\/tr>\n<tr>\n<td>Ancho 80 mm: 3.13\u0094 &#8211; 0.02\u0094<\/td>\n<\/tr>\n<tr>\n<td>           58  mm: 58 mm: 2.26\u0094 &#8211; 0.02<\/td>\n<\/tr>\n<tr>\n<td>Carga de papel directa drop-in<\/td>\n<\/tr>\n<tr>\n<td>Diametro del rollo max. 3.27\u0094 \/ 83 mm<\/td>\n<\/tr>\n<tr>\n<td>Diametro del nucleo minimo 0,71\/18 mm<\/td>\n<\/tr>\n<tr>\n<td>Guia de papel si<\/td>\n<\/tr>\n<tr>\n<td>Cortador automatico si<\/td>\n<\/tr>\n<tr>\n<td>Conectividad<\/td>\n<\/tr>\n<tr>\n<td>Interfaz modelo de interfaz \u00acja usb integrado, ethernet integrado<\/td>\n<\/tr>\n<tr>\n<td>10 \/ 100base-t \/ tx  opcion inalambrica dongle inalambrico usb<\/td>\n<\/tr>\n<tr>\n<td>Ot-wl06 802.11 a \/ b \/ g \/ n \/ ac, 2.4 ghz \/ 5 ghz<\/td>\n<\/tr>\n<tr>\n<td>Interfaz modelo connect-ittm uib usb integrado, ethernet<\/td>\n<\/tr>\n<tr>\n<td>Integrado 10 \/ 100base t \/ tx opicion inalambrica dongle inalambrico<\/td>\n<\/tr>\n<tr>\n<td>Uss  uib serie, paralelo, usb alimentado, inalambrico<\/td>\n<\/tr>\n<tr>\n<td>Descubrimiento de impresora nfc near field communication4, simple ap red inalambrica<\/td>\n<\/tr>\n<tr>\n<td>Protocolos de comunicacion esc\/pos\u00ae, epos\u0099 print service ethernet\/wireless, server direct print ethernet\/wireless<\/td>\n<\/tr>\n<tr>\n<td>Modo de seguridad inalambrico wpa-psk, wpa2-psk\/eap, wpa2-eap: eap-tls, wpa3-sae, wpa3-enterprise, peap\/mschapv2, peap\/tls \u0095 con\u00acguracion de puerto abierto \/ cerrado \u0095 filtrado de ip<\/td>\n<\/tr>\n<tr>\n<td>Impresion de dispositivo movil inalambrico 802.11: sistemas<\/td>\n<\/tr>\n<tr>\n<td>Operativos ios, android\u0099 y windows\u00ae mpos-friendly settings default: dhcp enabled, dns enabled, ip printing enabled<\/td>\n<\/tr>\n<tr>\n<td>Funcion de con\u00acguracion facil nfc4, codigo qr<\/td>\n<\/tr>\n<tr>\n<td>Herramienta de con\u00acguracion facil tm utility ios, android, tm-t88vii utility windows<\/td>\n<\/tr>\n<tr>\n<td>Confiabilidad de la impresora<\/td>\n<\/tr>\n<tr>\n<td>Con\u00acabilidad de la impresora 20 millones de lineas de impresion mtbf 360.000 horas \u0095 mcbf 70.000.000 lineas<\/td>\n<\/tr>\n<tr>\n<td>Vida del cabezal termico 200 km<\/td>\n<\/tr>\n<tr>\n<td>Contabilidad del cortador automatico 3,0 millones de cortes<\/td>\n<\/tr>\n<tr>\n<td>General<\/td>\n<\/tr>\n<tr>\n<td>Bufer de datos<\/td>\n<\/tr>\n<tr>\n<td>Recibir: 45 bytes o 4 kb, seleccionable<\/td>\n<\/tr>\n<tr>\n<td>De\u00acnida por el usuario: 12kb<\/td>\n<\/tr>\n<tr>\n<td>Macro: 2kb<\/td>\n<\/tr>\n<tr>\n<td>Gra\u00accos nv: 384kb<\/td>\n<\/tr>\n<tr>\n<td>Usuario nv: 1kb<\/td>\n<\/tr>\n<tr>\n<td>Alerta auditiva timbre externo opcional ot-bz20<\/td>\n<\/tr>\n<tr>\n<td>Indicadores led led anaranjado: error, falta de papel; led azules:<\/td>\n<\/tr>\n<tr>\n<td>Alimentacion, inalambrico, lan<\/td>\n<\/tr>\n<tr>\n<td>Sensores fin de papel, tapa abierta, \u00acn cercano de papel<\/td>\n<\/tr>\n<tr>\n<td>Apertura automatica del cajon de dinero si<\/td>\n<\/tr>\n<tr>\n<td>Funcion d.k.d. si<\/td>\n<\/tr>\n<tr>\n<td>Consumo de energia en funcionamiento 27,9 w modelo uib, 28,6 w<\/td>\n<\/tr>\n<tr>\n<td>Modelo de interfaz \u00acja, en espera 1,4 w ambos modelos, fuente de<\/td>\n<\/tr>\n<tr>\n<td>Alimentacion 24 v cc \/- 7<\/td>\n<\/tr>\n<tr>\n<td>Fuente de alimentacion adaptador ps-190 incluido en determinados<\/td>\n<\/tr>\n<tr>\n<td>Sku, adaptador ps-180 compatible, no incluido<\/td>\n<\/tr>\n<tr>\n<td>Ahorro de energia si<\/td>\n<\/tr>\n<tr>\n<td>Temperatura 5 \u00b0c a 45 \u00b0c 41 \u00b0f a 113 \u00b0f<\/td>\n<\/tr>\n<tr>\n<td>Humedad relativa 10 \u0096 90<\/td>\n<\/tr>\n<tr>\n<td>Nivel de ruido acustico 52 db<\/td>\n<\/tr>\n<tr>\n<td>Estandares y aprobaciones emi fcc clase a, ices-003 clase a<\/td>\n<\/tr>\n<tr>\n<td>Estandar de seguridad ul62368-1 \/ csa c22.2 no.62368-1<\/td>\n<\/tr>\n<tr>\n<td>Dimensiones 5,71 x 7,68 x 5,83 145 x 195 x 148 mm<\/td>\n<\/tr>\n<tr>\n<td>Peso 3,74 lb\/1,7 kg<\/td>\n<\/tr>\n<tr>\n<td>Color ebck epson black<\/td>\n<\/tr>\n<tr>\n<td>Compatibilidad con dispositivos perifericos pos usb 1 o 2 varia<\/td>\n<\/tr>\n<tr>\n<td>Segun el modelo<\/td>\n<\/tr>\n<tr>\n<td>Garantia<\/td>\n<\/tr>\n<tr>\n<td>Estandar con garantia limitada de 4 aos; garantia extendida opcional<\/td>\n<\/tr>\n<tr>\n<td>Disponible<\/td>\n<\/tr>\n<\/table>\n","protected":false},"excerpt":{"rendered":"<p>Transacciones ultrarapidas: velocidades de impresion lideres en la industria de hasta 500 mm \/ seg1 y alta velocidad del cortador automatico. Alta confiabilidad: garantia limitada de 4 aos; carcasa resistente al agua y facil de limpiar; larga vida util del cabezal. De impresion y del cortador automatico2. Conectividad a varios dispositivos simultaneamente: utilizando multiples interfaces, la impresora se puede compartir. Dinamicamente por terminales pc-pos, tabletas y dispositivos moviles, asi como servidores en la nube. Compatibilidad con multiples interfaces: con opciones que incluyen usb y ethernet integrados, interfaces serial. Paralela y usb energizado. La conectividad inalambrica garantiza la maxima flexibilidad y vigencia en el futuro. Habilitada para pedidos online: la tecnologia server direct print permite que la impresora. Descargue\/baje\/obtenga datos de internet e imprimir un recibo sin requerir la integracion del software pos<\/p>\n","protected":false},"featured_media":241531,"comment_status":"open","ping_status":"open","template":"","meta":[],"product_cat":[1777,1778],"product_tag":[1624],"acf":[],"yoast_head":"<!-- This site is optimized with the Yoast SEO plugin v21.7 - https:\/\/yoast.com\/wordpress\/plugins\/seo\/ -->\n<title>[ Epson ] &#129351; C31cj57012 Miniprinter Tm-t88vii, Termica, 80 Mm O 58 Mm, Serial, Usb, Ethernet Recibo \/autocortador, Negra<\/title>\n<meta name=\"description\" content=\"Compra C31cj57012 Miniprinter Tm-t88vii, Termica, 80 Mm O 58 Mm, Serial, Usb, Ethernet Recibo \/autocortador, Negra + Env\u00edo a domicilio + Pago seguro + Garant\u00eda\" \/>\n<meta name=\"robots\" content=\"index, follow, max-snippet:-1, max-image-preview:large, max-video-preview:-1\" \/>\n<link rel=\"canonical\" href=\"https:\/\/compuviper.mx\/tienda\/producto\/epson-c31cj57012-miniprinter-tm-t88vii-termica-80-mm-o-58-mm-serial-usb-ethernet-recibo-autocortador-negra\/\" \/>\n<meta property=\"og:locale\" content=\"es_MX\" \/>\n<meta property=\"og:type\" content=\"article\" \/>\n<meta property=\"og:title\" content=\"[ Epson ] &#129351; C31cj57012 Miniprinter Tm-t88vii, Termica, 80 Mm O 58 Mm, Serial, Usb, Ethernet Recibo \/autocortador, Negra\" \/>\n<meta property=\"og:description\" content=\"Compra C31cj57012 Miniprinter Tm-t88vii, Termica, 80 Mm O 58 Mm, Serial, Usb, Ethernet Recibo \/autocortador, Negra + Env\u00edo a domicilio + Pago seguro + Garant\u00eda\" \/>\n<meta property=\"og:url\" content=\"https:\/\/compuviper.mx\/tienda\/producto\/epson-c31cj57012-miniprinter-tm-t88vii-termica-80-mm-o-58-mm-serial-usb-ethernet-recibo-autocortador-negra\/\" \/>\n<meta property=\"og:site_name\" content=\"Compuviper\" \/>\n<meta property=\"article:publisher\" content=\"https:\/\/www.facebook.com\/compuviper\" \/>\n<meta property=\"og:image\" content=\"https:\/\/compuviper.mx\/tienda\/wp-content\/uploads\/2024\/09\/Miniprinter-epson-tm-t88vii-termica-80-mm-o-58-mm-serial-usb-ethernet-recibo-autocortador-negra.jpg\" \/>\n\t<meta property=\"og:image:width\" content=\"200\" \/>\n\t<meta property=\"og:image:height\" content=\"200\" \/>\n\t<meta property=\"og:image:type\" content=\"image\/jpeg\" \/>\n<meta name=\"twitter:card\" content=\"summary_large_image\" \/>\n<meta name=\"twitter:label1\" content=\"Precio\" \/>\n\t<meta name=\"twitter:data1\" content=\"&#36;6,911 con IVA\" \/>\n\t<meta name=\"twitter:label2\" content=\"Availability\" \/>\n\t<meta name=\"twitter:data2\" content=\"In stock\" \/>\n<script type=\"application\/ld+json\" class=\"yoast-schema-graph\">{\"@context\":\"https:\/\/schema.org\",\"@graph\":[{\"@type\":\"WebPage\",\"@id\":\"https:\/\/compuviper.mx\/tienda\/producto\/epson-c31cj57012-miniprinter-tm-t88vii-termica-80-mm-o-58-mm-serial-usb-ethernet-recibo-autocortador-negra\/\",\"url\":\"https:\/\/compuviper.mx\/tienda\/producto\/epson-c31cj57012-miniprinter-tm-t88vii-termica-80-mm-o-58-mm-serial-usb-ethernet-recibo-autocortador-negra\/\",\"name\":\"[ Epson ] &#129351; C31cj57012 Miniprinter Tm-t88vii, Termica, 80 Mm O 58 Mm, Serial, Usb, Ethernet Recibo \/autocortador, Negra\",\"isPartOf\":{\"@id\":\"https:\/\/compuviper.mx\/tienda\/#website\"},\"datePublished\":\"2026-04-18T07:48:32+00:00\",\"dateModified\":\"2026-04-18T07:48:32+00:00\",\"description\":\"Compra C31cj57012 Miniprinter Tm-t88vii, Termica, 80 Mm O 58 Mm, Serial, Usb, Ethernet Recibo \/autocortador, Negra + Env\u00edo a domicilio + Pago seguro + Garant\u00eda\",\"breadcrumb\":{\"@id\":\"https:\/\/compuviper.mx\/tienda\/producto\/epson-c31cj57012-miniprinter-tm-t88vii-termica-80-mm-o-58-mm-serial-usb-ethernet-recibo-autocortador-negra\/#breadcrumb\"},\"inLanguage\":\"es-MX\",\"potentialAction\":[{\"@type\":\"ReadAction\",\"target\":[\"https:\/\/compuviper.mx\/tienda\/producto\/epson-c31cj57012-miniprinter-tm-t88vii-termica-80-mm-o-58-mm-serial-usb-ethernet-recibo-autocortador-negra\/\"]}]},{\"@type\":\"BreadcrumbList\",\"@id\":\"https:\/\/compuviper.mx\/tienda\/producto\/epson-c31cj57012-miniprinter-tm-t88vii-termica-80-mm-o-58-mm-serial-usb-ethernet-recibo-autocortador-negra\/#breadcrumb\",\"itemListElement\":[{\"@type\":\"ListItem\",\"position\":1,\"name\":\"Inicio\",\"item\":\"https:\/\/compuviper.mx\/tienda\/\"},{\"@type\":\"ListItem\",\"position\":2,\"name\":\"Productos\",\"item\":\"https:\/\/compuviper.mx\/tienda\/productos\/\"},{\"@type\":\"ListItem\",\"position\":3,\"name\":\"Impresoras\",\"item\":\"https:\/\/compuviper.mx\/tienda\/categoria-producto\/impresoras\/\"},{\"@type\":\"ListItem\",\"position\":4,\"name\":\"Punto De Venta\",\"item\":\"https:\/\/compuviper.mx\/tienda\/categoria-producto\/impresoras\/punto-de-venta-impresoras\/\"},{\"@type\":\"ListItem\",\"position\":5,\"name\":\"Epson C31cj57012 Miniprinter Tm-t88vii, Termica, 80 Mm O 58 Mm, Serial, Usb, Ethernet Recibo \/autocortador, Negra\"}]},{\"@type\":\"WebSite\",\"@id\":\"https:\/\/compuviper.mx\/tienda\/#website\",\"url\":\"https:\/\/compuviper.mx\/tienda\/\",\"name\":\"Compuviper\",\"description\":\"Proveedor de Computadoras, Laptops, Servidores, Monitores, Puntos de Venta, Teclados,   Impresoras, T\u00f3ner, C\u00e1maras de Seguridad y m\u00e1s en tu tienda en l\u00ednea\",\"publisher\":{\"@id\":\"https:\/\/compuviper.mx\/tienda\/#organization\"},\"potentialAction\":[{\"@type\":\"SearchAction\",\"target\":{\"@type\":\"EntryPoint\",\"urlTemplate\":\"https:\/\/compuviper.mx\/tienda\/?s={search_term_string}\"},\"query-input\":\"required name=search_term_string\"}],\"inLanguage\":\"es-MX\"},{\"@type\":\"Organization\",\"@id\":\"https:\/\/compuviper.mx\/tienda\/#organization\",\"name\":\"Compuviper\",\"url\":\"https:\/\/compuviper.mx\/tienda\/\",\"logo\":{\"@type\":\"ImageObject\",\"inLanguage\":\"es-MX\",\"@id\":\"https:\/\/compuviper.mx\/tienda\/#\/schema\/logo\/image\/\",\"url\":\"https:\/\/compuviper.mx\/tienda\/wp-content\/uploads\/2021\/08\/Logo-Compuviper-10.png\",\"contentUrl\":\"https:\/\/compuviper.mx\/tienda\/wp-content\/uploads\/2021\/08\/Logo-Compuviper-10.png\",\"width\":1000,\"height\":500,\"caption\":\"Compuviper\"},\"image\":{\"@id\":\"https:\/\/compuviper.mx\/tienda\/#\/schema\/logo\/image\/\"},\"sameAs\":[\"https:\/\/www.facebook.com\/compuviper\",\"https:\/\/www.youtube.com\/channel\/UCf73dERp9Y3cfOq7q8BhLjA?view_as=subscriber\"]}]}<\/script>\n<meta property=\"product:brand\" content=\"EPSON\" \/>\n<meta property=\"product:price:amount\" content=\"6911\" \/>\n<meta property=\"product:price:currency\" content=\"MXN\" \/>\n<meta property=\"og:availability\" content=\"instock\" \/>\n<meta property=\"product:availability\" content=\"instock\" \/>\n<meta property=\"product:retailer_item_id\" content=\"C31CJ57012\" \/>\n<meta property=\"product:condition\" content=\"new\" \/>\n<!-- \/ Yoast SEO plugin. -->","yoast_head_json":{"title":"[ Epson ] &#129351; C31cj57012 Miniprinter Tm-t88vii, Termica, 80 Mm O 58 Mm, Serial, Usb, Ethernet Recibo \/autocortador, Negra","description":"Compra C31cj57012 Miniprinter Tm-t88vii, Termica, 80 Mm O 58 Mm, Serial, Usb, Ethernet Recibo \/autocortador, Negra + Env\u00edo a domicilio + Pago seguro + Garant\u00eda","robots":{"index":"index","follow":"follow","max-snippet":"max-snippet:-1","max-image-preview":"max-image-preview:large","max-video-preview":"max-video-preview:-1"},"canonical":"https:\/\/compuviper.mx\/tienda\/producto\/epson-c31cj57012-miniprinter-tm-t88vii-termica-80-mm-o-58-mm-serial-usb-ethernet-recibo-autocortador-negra\/","og_locale":"es_MX","og_type":"article","og_title":"[ Epson ] &#129351; C31cj57012 Miniprinter Tm-t88vii, Termica, 80 Mm O 58 Mm, Serial, Usb, Ethernet Recibo \/autocortador, Negra","og_description":"Compra C31cj57012 Miniprinter Tm-t88vii, Termica, 80 Mm O 58 Mm, Serial, Usb, Ethernet Recibo \/autocortador, Negra + Env\u00edo a domicilio + Pago seguro + Garant\u00eda","og_url":"https:\/\/compuviper.mx\/tienda\/producto\/epson-c31cj57012-miniprinter-tm-t88vii-termica-80-mm-o-58-mm-serial-usb-ethernet-recibo-autocortador-negra\/","og_site_name":"Compuviper","article_publisher":"https:\/\/www.facebook.com\/compuviper","og_image":[{"width":200,"height":200,"url":"https:\/\/compuviper.mx\/tienda\/wp-content\/uploads\/2024\/09\/Miniprinter-epson-tm-t88vii-termica-80-mm-o-58-mm-serial-usb-ethernet-recibo-autocortador-negra.jpg","type":"image\/jpeg"}],"twitter_card":"summary_large_image","twitter_misc":{"Precio":"&#36;6,911 con IVA","Availability":"In stock"},"schema":{"@context":"https:\/\/schema.org","@graph":[{"@type":"WebPage","@id":"https:\/\/compuviper.mx\/tienda\/producto\/epson-c31cj57012-miniprinter-tm-t88vii-termica-80-mm-o-58-mm-serial-usb-ethernet-recibo-autocortador-negra\/","url":"https:\/\/compuviper.mx\/tienda\/producto\/epson-c31cj57012-miniprinter-tm-t88vii-termica-80-mm-o-58-mm-serial-usb-ethernet-recibo-autocortador-negra\/","name":"[ Epson ] &#129351; C31cj57012 Miniprinter Tm-t88vii, Termica, 80 Mm O 58 Mm, Serial, Usb, Ethernet Recibo \/autocortador, Negra","isPartOf":{"@id":"https:\/\/compuviper.mx\/tienda\/#website"},"datePublished":"2026-04-18T07:48:32+00:00","dateModified":"2026-04-18T07:48:32+00:00","description":"Compra C31cj57012 Miniprinter Tm-t88vii, Termica, 80 Mm O 58 Mm, Serial, Usb, Ethernet Recibo \/autocortador, Negra + Env\u00edo a domicilio + Pago seguro + Garant\u00eda","breadcrumb":{"@id":"https:\/\/compuviper.mx\/tienda\/producto\/epson-c31cj57012-miniprinter-tm-t88vii-termica-80-mm-o-58-mm-serial-usb-ethernet-recibo-autocortador-negra\/#breadcrumb"},"inLanguage":"es-MX","potentialAction":[{"@type":"ReadAction","target":["https:\/\/compuviper.mx\/tienda\/producto\/epson-c31cj57012-miniprinter-tm-t88vii-termica-80-mm-o-58-mm-serial-usb-ethernet-recibo-autocortador-negra\/"]}]},{"@type":"BreadcrumbList","@id":"https:\/\/compuviper.mx\/tienda\/producto\/epson-c31cj57012-miniprinter-tm-t88vii-termica-80-mm-o-58-mm-serial-usb-ethernet-recibo-autocortador-negra\/#breadcrumb","itemListElement":[{"@type":"ListItem","position":1,"name":"Inicio","item":"https:\/\/compuviper.mx\/tienda\/"},{"@type":"ListItem","position":2,"name":"Productos","item":"https:\/\/compuviper.mx\/tienda\/productos\/"},{"@type":"ListItem","position":3,"name":"Impresoras","item":"https:\/\/compuviper.mx\/tienda\/categoria-producto\/impresoras\/"},{"@type":"ListItem","position":4,"name":"Punto De Venta","item":"https:\/\/compuviper.mx\/tienda\/categoria-producto\/impresoras\/punto-de-venta-impresoras\/"},{"@type":"ListItem","position":5,"name":"Epson C31cj57012 Miniprinter Tm-t88vii, Termica, 80 Mm O 58 Mm, Serial, Usb, Ethernet Recibo \/autocortador, Negra"}]},{"@type":"WebSite","@id":"https:\/\/compuviper.mx\/tienda\/#website","url":"https:\/\/compuviper.mx\/tienda\/","name":"Compuviper","description":"Proveedor de Computadoras, Laptops, Servidores, Monitores, Puntos de Venta, Teclados,   Impresoras, T\u00f3ner, C\u00e1maras de Seguridad y m\u00e1s en tu tienda en l\u00ednea","publisher":{"@id":"https:\/\/compuviper.mx\/tienda\/#organization"},"potentialAction":[{"@type":"SearchAction","target":{"@type":"EntryPoint","urlTemplate":"https:\/\/compuviper.mx\/tienda\/?s={search_term_string}"},"query-input":"required name=search_term_string"}],"inLanguage":"es-MX"},{"@type":"Organization","@id":"https:\/\/compuviper.mx\/tienda\/#organization","name":"Compuviper","url":"https:\/\/compuviper.mx\/tienda\/","logo":{"@type":"ImageObject","inLanguage":"es-MX","@id":"https:\/\/compuviper.mx\/tienda\/#\/schema\/logo\/image\/","url":"https:\/\/compuviper.mx\/tienda\/wp-content\/uploads\/2021\/08\/Logo-Compuviper-10.png","contentUrl":"https:\/\/compuviper.mx\/tienda\/wp-content\/uploads\/2021\/08\/Logo-Compuviper-10.png","width":1000,"height":500,"caption":"Compuviper"},"image":{"@id":"https:\/\/compuviper.mx\/tienda\/#\/schema\/logo\/image\/"},"sameAs":["https:\/\/www.facebook.com\/compuviper","https:\/\/www.youtube.com\/channel\/UCf73dERp9Y3cfOq7q8BhLjA?view_as=subscriber"]}]},"product_brand":"EPSON","product_price_amount":"6911","product_price_currency":"MXN","og_availability":"instock","product_availability":"instock","product_retailer_item_id":"C31CJ57012","product_condition":"new"},"_links":{"self":[{"href":"https:\/\/compuviper.mx\/tienda\/wp-json\/wp\/v2\/product\/241236"}],"collection":[{"href":"https:\/\/compuviper.mx\/tienda\/wp-json\/wp\/v2\/product"}],"about":[{"href":"https:\/\/compuviper.mx\/tienda\/wp-json\/wp\/v2\/types\/product"}],"replies":[{"embeddable":true,"href":"https:\/\/compuviper.mx\/tienda\/wp-json\/wp\/v2\/comments?post=241236"}],"wp:featuredmedia":[{"embeddable":true,"href":"https:\/\/compuviper.mx\/tienda\/wp-json\/wp\/v2\/media\/241531"}],"wp:attachment":[{"href":"https:\/\/compuviper.mx\/tienda\/wp-json\/wp\/v2\/media?parent=241236"}],"wp:term":[{"taxonomy":"product_cat","embeddable":true,"href":"https:\/\/compuviper.mx\/tienda\/wp-json\/wp\/v2\/product_cat?post=241236"},{"taxonomy":"product_tag","embeddable":true,"href":"https:\/\/compuviper.mx\/tienda\/wp-json\/wp\/v2\/product_tag?post=241236"}],"curies":[{"name":"wp","href":"https:\/\/api.w.org\/{rel}","templated":true}]}}