{"id":240267,"date":"2026-04-11T00:16:23","date_gmt":"2026-04-11T06:16:23","guid":{"rendered":"https:\/\/compuviper.mx\/tienda\/producto\/ezviz-cs-hp7-videoportero-ip-conexion-a-2-hilos-con-monitor-wi-fi-para-interior-frente-de-calle-ip65-uso-exterior-protegido-camara-3-mp-llamada-a-la-app-apertura-remota-soporta-2-puertas\/"},"modified":"2026-04-11T00:16:23","modified_gmt":"2026-04-11T06:16:23","slug":"ezviz-cs-hp7-videoportero-ip-conexion-a-2-hilos-con-monitor-wi-fi-para-interior-frente-de-calle-ip65-uso-exterior-protegido-camara-3-mp-llamada-a-la-app-apertura-remota-soporta-2-puertas","status":"publish","type":"product","link":"https:\/\/compuviper.mx\/tienda\/producto\/ezviz-cs-hp7-videoportero-ip-conexion-a-2-hilos-con-monitor-wi-fi-para-interior-frente-de-calle-ip65-uso-exterior-protegido-camara-3-mp-llamada-a-la-app-apertura-remota-soporta-2-puertas\/","title":{"rendered":"Ezviz Cs-hp7 Videoportero Ip Conexion A 2 Hilos \/ Con Monitor Wi-fi Para Interior \/ Frente De Calle Ip65 Uso Exterior Protegido \/ Camara 3 Mp \/ Llamada A La App \/ Apertura Remota \/ Soporta 2 Puertas \/ Micro Sd"},"content":{"rendered":"<table class=\"descripcion\">\n<tr>\n<td>Frente de calle.<\/td>\n<\/tr>\n<tr>\n<td>Caractersticas:<\/td>\n<\/tr>\n<tr>\n<td>Resolucin 2k<\/td>\n<\/tr>\n<tr>\n<td>Visin 162\u00b0<\/td>\n<\/tr>\n<tr>\n<td>Deteccin humana<\/td>\n<\/tr>\n<tr>\n<td>Tonos de voces para proteccin de privacidad<\/td>\n<\/tr>\n<tr>\n<td>2 salidas para apertura de puerta y\/o porton<\/td>\n<\/tr>\n<tr>\n<td>Audio de dos vas<\/td>\n<\/tr>\n<tr>\n<td>Conexin a dos hilos<\/td>\n<\/tr>\n<tr>\n<td>Apertura mediante tag, incluye 2 tag<\/td>\n<\/tr>\n<tr>\n<td>Alimentacin: se alimenta conectado a 2 hilos del monitor<\/td>\n<\/tr>\n<tr>\n<td>Cable recomendado: calibre 18 ep-1802-ext\/500, 1118-1101\/1000<\/td>\n<\/tr>\n<tr>\n<td>3 metodos de apertura<\/td>\n<\/tr>\n<tr>\n<td>          1.- mediante el monitor<\/td>\n<\/tr>\n<tr>\n<td>          2.- desde la app ezviz<\/td>\n<\/tr>\n<tr>\n<td>          3.- tag de proximidad, modelo recomendado cs-dl-ic-cpu-r200-gr<\/td>\n<\/tr>\n<tr>\n<td>Monitor.<\/td>\n<\/tr>\n<tr>\n<td>Caractersticas:<\/td>\n<\/tr>\n<tr>\n<td>7 touch screen 1024 x 600<\/td>\n<\/tr>\n<tr>\n<td>Alimentacin y consumo: 24 vcc \/ 2.7 watts, 1.5a mnimo<\/td>\n<\/tr>\n<tr>\n<td>Conexion wi-fi dual 2.4 \/ 5ghz<\/td>\n<\/tr>\n<tr>\n<td>Uso interior<\/td>\n<\/tr>\n<tr>\n<td>Soporta microsd de hasta 512gb<\/td>\n<\/tr>\n<tr>\n<td>Dimensiones: 5e8 x 61 x 158.6 mm.<\/td>\n<\/tr>\n<tr>\n<td>Peso: 160 grs.<\/td>\n<\/tr>\n<tr>\n<td>Garanta: 2 aos<\/td>\n<\/tr>\n<\/table>\n","protected":false},"excerpt":{"rendered":"<p>Diseo elegante que realza su puerta principal. El kit hp7 adopta un aspecto refinado y minimalista, con un negro brillante sencillo y uniforme para ambos dispositivos. Destacandose de los intercomunicadores tradicionales. El hp7 satisface los gustos modernos para un hogar con estilo.<\/p>\n","protected":false},"featured_media":242522,"comment_status":"open","ping_status":"open","template":"","meta":[],"product_cat":[1608,1683],"product_tag":[2123],"acf":[],"yoast_head":"<!-- This site is optimized with the Yoast SEO plugin v21.7 - https:\/\/yoast.com\/wordpress\/plugins\/seo\/ -->\n<title>[ Ezviz ] &#129351; Cs-hp7 Videoportero Ip Conexion A 2 Hilos \/ Con Monitor Wi-fi Para Interior \/ Frente De Calle Ip65 Uso Exterior Protegido \/ Camara 3 Mp \/ Llamada A La App \/ Apertura Remota \/ Soporta 2 Puertas \/ Micro Sd<\/title>\n<meta name=\"description\" content=\"Compra Cs-hp7 Videoportero Ip Conexion A 2 Hilos \/ Con Monitor Wi-fi Para Interior \/ Frente De Calle Ip65 Uso Exterior Protegido \/ Camara 3 Mp \/ Llamada A La App \/ Apertura Remota \/ Soporta 2 Puertas \/ Micro Sd + Env\u00edo a domicilio + Pago seguro + Garant\u00eda\" \/>\n<meta name=\"robots\" content=\"index, follow, max-snippet:-1, max-image-preview:large, max-video-preview:-1\" \/>\n<link rel=\"canonical\" href=\"https:\/\/compuviper.mx\/tienda\/producto\/ezviz-cs-hp7-videoportero-ip-conexion-a-2-hilos-con-monitor-wi-fi-para-interior-frente-de-calle-ip65-uso-exterior-protegido-camara-3-mp-llamada-a-la-app-apertura-remota-soporta-2-puertas\/\" \/>\n<meta property=\"og:locale\" content=\"es_MX\" \/>\n<meta property=\"og:type\" content=\"article\" \/>\n<meta property=\"og:title\" content=\"[ Ezviz ] &#129351; Cs-hp7 Videoportero Ip Conexion A 2 Hilos \/ Con Monitor Wi-fi Para Interior \/ Frente De Calle Ip65 Uso Exterior Protegido \/ Camara 3 Mp \/ Llamada A La App \/ Apertura Remota \/ Soporta 2 Puertas \/ Micro Sd\" \/>\n<meta property=\"og:description\" content=\"Compra Cs-hp7 Videoportero Ip Conexion A 2 Hilos \/ Con Monitor Wi-fi Para Interior \/ Frente De Calle Ip65 Uso Exterior Protegido \/ Camara 3 Mp \/ Llamada A La App \/ Apertura Remota \/ Soporta 2 Puertas \/ Micro Sd + Env\u00edo a domicilio + Pago seguro + Garant\u00eda\" \/>\n<meta property=\"og:url\" content=\"https:\/\/compuviper.mx\/tienda\/producto\/ezviz-cs-hp7-videoportero-ip-conexion-a-2-hilos-con-monitor-wi-fi-para-interior-frente-de-calle-ip65-uso-exterior-protegido-camara-3-mp-llamada-a-la-app-apertura-remota-soporta-2-puertas\/\" \/>\n<meta property=\"og:site_name\" content=\"Compuviper\" \/>\n<meta property=\"article:publisher\" content=\"https:\/\/www.facebook.com\/compuviper\" \/>\n<meta property=\"og:image\" content=\"https:\/\/compuviper.mx\/tienda\/wp-content\/uploads\/2024\/09\/Videoportero-ip-conexion-a-2-hilos-con-monitor-wi-fi-para-interior-frente-de-calle-ip65-uso-exterior-protegido-camara-3-mp-llamada-a-la-app-apertura-remota-soporta-2-puertas-micro-sd.jpg\" \/>\n\t<meta property=\"og:image:width\" content=\"200\" \/>\n\t<meta property=\"og:image:height\" content=\"200\" \/>\n\t<meta property=\"og:image:type\" content=\"image\/jpeg\" \/>\n<meta name=\"twitter:card\" content=\"summary_large_image\" \/>\n<meta name=\"twitter:label1\" content=\"Precio\" \/>\n\t<meta name=\"twitter:data1\" content=\"&#36;2,880 con IVA\" \/>\n\t<meta name=\"twitter:label2\" content=\"Availability\" \/>\n\t<meta name=\"twitter:data2\" content=\"Out of stock\" \/>\n<script type=\"application\/ld+json\" class=\"yoast-schema-graph\">{\"@context\":\"https:\/\/schema.org\",\"@graph\":[{\"@type\":\"WebPage\",\"@id\":\"https:\/\/compuviper.mx\/tienda\/producto\/ezviz-cs-hp7-videoportero-ip-conexion-a-2-hilos-con-monitor-wi-fi-para-interior-frente-de-calle-ip65-uso-exterior-protegido-camara-3-mp-llamada-a-la-app-apertura-remota-soporta-2-puertas\/\",\"url\":\"https:\/\/compuviper.mx\/tienda\/producto\/ezviz-cs-hp7-videoportero-ip-conexion-a-2-hilos-con-monitor-wi-fi-para-interior-frente-de-calle-ip65-uso-exterior-protegido-camara-3-mp-llamada-a-la-app-apertura-remota-soporta-2-puertas\/\",\"name\":\"[ Ezviz ] &#129351; Cs-hp7 Videoportero Ip Conexion A 2 Hilos \/ Con Monitor Wi-fi Para Interior \/ Frente De Calle Ip65 Uso Exterior Protegido \/ Camara 3 Mp \/ Llamada A La App \/ Apertura Remota \/ Soporta 2 Puertas \/ Micro Sd\",\"isPartOf\":{\"@id\":\"https:\/\/compuviper.mx\/tienda\/#website\"},\"datePublished\":\"2026-04-11T06:16:23+00:00\",\"dateModified\":\"2026-04-11T06:16:23+00:00\",\"description\":\"Compra Cs-hp7 Videoportero Ip Conexion A 2 Hilos \/ Con Monitor Wi-fi Para Interior \/ Frente De Calle Ip65 Uso Exterior Protegido \/ Camara 3 Mp \/ Llamada A La App \/ Apertura Remota \/ Soporta 2 Puertas \/ Micro Sd + Env\u00edo a domicilio + Pago seguro + Garant\u00eda\",\"breadcrumb\":{\"@id\":\"https:\/\/compuviper.mx\/tienda\/producto\/ezviz-cs-hp7-videoportero-ip-conexion-a-2-hilos-con-monitor-wi-fi-para-interior-frente-de-calle-ip65-uso-exterior-protegido-camara-3-mp-llamada-a-la-app-apertura-remota-soporta-2-puertas\/#breadcrumb\"},\"inLanguage\":\"es-MX\",\"potentialAction\":[{\"@type\":\"ReadAction\",\"target\":[\"https:\/\/compuviper.mx\/tienda\/producto\/ezviz-cs-hp7-videoportero-ip-conexion-a-2-hilos-con-monitor-wi-fi-para-interior-frente-de-calle-ip65-uso-exterior-protegido-camara-3-mp-llamada-a-la-app-apertura-remota-soporta-2-puertas\/\"]}]},{\"@type\":\"BreadcrumbList\",\"@id\":\"https:\/\/compuviper.mx\/tienda\/producto\/ezviz-cs-hp7-videoportero-ip-conexion-a-2-hilos-con-monitor-wi-fi-para-interior-frente-de-calle-ip65-uso-exterior-protegido-camara-3-mp-llamada-a-la-app-apertura-remota-soporta-2-puertas\/#breadcrumb\",\"itemListElement\":[{\"@type\":\"ListItem\",\"position\":1,\"name\":\"Inicio\",\"item\":\"https:\/\/compuviper.mx\/tienda\/\"},{\"@type\":\"ListItem\",\"position\":2,\"name\":\"Productos\",\"item\":\"https:\/\/compuviper.mx\/tienda\/productos\/\"},{\"@type\":\"ListItem\",\"position\":3,\"name\":\"Camaras\",\"item\":\"https:\/\/compuviper.mx\/tienda\/categoria-producto\/camaras-2\/\"},{\"@type\":\"ListItem\",\"position\":4,\"name\":\"Camara Inteligente P\/smart Home\",\"item\":\"https:\/\/compuviper.mx\/tienda\/categoria-producto\/camaras-2\/camara-inteligente-p-smart-home\/\"},{\"@type\":\"ListItem\",\"position\":5,\"name\":\"Ezviz Cs-hp7 Videoportero Ip Conexion A 2 Hilos \/ Con Monitor Wi-fi Para Interior \/ Frente De Calle Ip65 Uso Exterior Protegido \/ Camara 3 Mp \/ Llamada A La App \/ Apertura Remota \/ Soporta 2 Puertas \/ Micro Sd\"}]},{\"@type\":\"WebSite\",\"@id\":\"https:\/\/compuviper.mx\/tienda\/#website\",\"url\":\"https:\/\/compuviper.mx\/tienda\/\",\"name\":\"Compuviper\",\"description\":\"Proveedor de Computadoras, Laptops, Servidores, Monitores, Puntos de Venta, Teclados,   Impresoras, T\u00f3ner, C\u00e1maras de Seguridad y m\u00e1s en tu tienda en l\u00ednea\",\"publisher\":{\"@id\":\"https:\/\/compuviper.mx\/tienda\/#organization\"},\"potentialAction\":[{\"@type\":\"SearchAction\",\"target\":{\"@type\":\"EntryPoint\",\"urlTemplate\":\"https:\/\/compuviper.mx\/tienda\/?s={search_term_string}\"},\"query-input\":\"required name=search_term_string\"}],\"inLanguage\":\"es-MX\"},{\"@type\":\"Organization\",\"@id\":\"https:\/\/compuviper.mx\/tienda\/#organization\",\"name\":\"Compuviper\",\"url\":\"https:\/\/compuviper.mx\/tienda\/\",\"logo\":{\"@type\":\"ImageObject\",\"inLanguage\":\"es-MX\",\"@id\":\"https:\/\/compuviper.mx\/tienda\/#\/schema\/logo\/image\/\",\"url\":\"https:\/\/compuviper.mx\/tienda\/wp-content\/uploads\/2021\/08\/Logo-Compuviper-10.png\",\"contentUrl\":\"https:\/\/compuviper.mx\/tienda\/wp-content\/uploads\/2021\/08\/Logo-Compuviper-10.png\",\"width\":1000,\"height\":500,\"caption\":\"Compuviper\"},\"image\":{\"@id\":\"https:\/\/compuviper.mx\/tienda\/#\/schema\/logo\/image\/\"},\"sameAs\":[\"https:\/\/www.facebook.com\/compuviper\",\"https:\/\/www.youtube.com\/channel\/UCf73dERp9Y3cfOq7q8BhLjA?view_as=subscriber\"]}]}<\/script>\n<meta property=\"product:brand\" content=\"Ezviz\" \/>\n<meta property=\"product:price:amount\" content=\"2880\" \/>\n<meta property=\"product:price:currency\" content=\"MXN\" \/>\n<meta property=\"og:availability\" content=\"out of stock\" \/>\n<meta property=\"product:availability\" content=\"out of stock\" \/>\n<meta property=\"product:retailer_item_id\" content=\"CS-HP7\" \/>\n<meta property=\"product:condition\" content=\"new\" \/>\n<!-- \/ Yoast SEO plugin. -->","yoast_head_json":{"title":"[ Ezviz ] &#129351; Cs-hp7 Videoportero Ip Conexion A 2 Hilos \/ Con Monitor Wi-fi Para Interior \/ Frente De Calle Ip65 Uso Exterior Protegido \/ Camara 3 Mp \/ Llamada A La App \/ Apertura Remota \/ Soporta 2 Puertas \/ Micro Sd","description":"Compra Cs-hp7 Videoportero Ip Conexion A 2 Hilos \/ Con Monitor Wi-fi Para Interior \/ Frente De Calle Ip65 Uso Exterior Protegido \/ Camara 3 Mp \/ Llamada A La App \/ Apertura Remota \/ Soporta 2 Puertas \/ Micro Sd + Env\u00edo a domicilio + Pago seguro + Garant\u00eda","robots":{"index":"index","follow":"follow","max-snippet":"max-snippet:-1","max-image-preview":"max-image-preview:large","max-video-preview":"max-video-preview:-1"},"canonical":"https:\/\/compuviper.mx\/tienda\/producto\/ezviz-cs-hp7-videoportero-ip-conexion-a-2-hilos-con-monitor-wi-fi-para-interior-frente-de-calle-ip65-uso-exterior-protegido-camara-3-mp-llamada-a-la-app-apertura-remota-soporta-2-puertas\/","og_locale":"es_MX","og_type":"article","og_title":"[ Ezviz ] &#129351; Cs-hp7 Videoportero Ip Conexion A 2 Hilos \/ Con Monitor Wi-fi Para Interior \/ Frente De Calle Ip65 Uso Exterior Protegido \/ Camara 3 Mp \/ Llamada A La App \/ Apertura Remota \/ Soporta 2 Puertas \/ Micro Sd","og_description":"Compra Cs-hp7 Videoportero Ip Conexion A 2 Hilos \/ Con Monitor Wi-fi Para Interior \/ Frente De Calle Ip65 Uso Exterior Protegido \/ Camara 3 Mp \/ Llamada A La App \/ Apertura Remota \/ Soporta 2 Puertas \/ Micro Sd + Env\u00edo a domicilio + Pago seguro + Garant\u00eda","og_url":"https:\/\/compuviper.mx\/tienda\/producto\/ezviz-cs-hp7-videoportero-ip-conexion-a-2-hilos-con-monitor-wi-fi-para-interior-frente-de-calle-ip65-uso-exterior-protegido-camara-3-mp-llamada-a-la-app-apertura-remota-soporta-2-puertas\/","og_site_name":"Compuviper","article_publisher":"https:\/\/www.facebook.com\/compuviper","og_image":[{"width":200,"height":200,"url":"https:\/\/compuviper.mx\/tienda\/wp-content\/uploads\/2024\/09\/Videoportero-ip-conexion-a-2-hilos-con-monitor-wi-fi-para-interior-frente-de-calle-ip65-uso-exterior-protegido-camara-3-mp-llamada-a-la-app-apertura-remota-soporta-2-puertas-micro-sd.jpg","type":"image\/jpeg"}],"twitter_card":"summary_large_image","twitter_misc":{"Precio":"&#36;2,880 con IVA","Availability":"Out of stock"},"schema":{"@context":"https:\/\/schema.org","@graph":[{"@type":"WebPage","@id":"https:\/\/compuviper.mx\/tienda\/producto\/ezviz-cs-hp7-videoportero-ip-conexion-a-2-hilos-con-monitor-wi-fi-para-interior-frente-de-calle-ip65-uso-exterior-protegido-camara-3-mp-llamada-a-la-app-apertura-remota-soporta-2-puertas\/","url":"https:\/\/compuviper.mx\/tienda\/producto\/ezviz-cs-hp7-videoportero-ip-conexion-a-2-hilos-con-monitor-wi-fi-para-interior-frente-de-calle-ip65-uso-exterior-protegido-camara-3-mp-llamada-a-la-app-apertura-remota-soporta-2-puertas\/","name":"[ Ezviz ] &#129351; Cs-hp7 Videoportero Ip Conexion A 2 Hilos \/ Con Monitor Wi-fi Para Interior \/ Frente De Calle Ip65 Uso Exterior Protegido \/ Camara 3 Mp \/ Llamada A La App \/ Apertura Remota \/ Soporta 2 Puertas \/ Micro Sd","isPartOf":{"@id":"https:\/\/compuviper.mx\/tienda\/#website"},"datePublished":"2026-04-11T06:16:23+00:00","dateModified":"2026-04-11T06:16:23+00:00","description":"Compra Cs-hp7 Videoportero Ip Conexion A 2 Hilos \/ Con Monitor Wi-fi Para Interior \/ Frente De Calle Ip65 Uso Exterior Protegido \/ Camara 3 Mp \/ Llamada A La App \/ Apertura Remota \/ Soporta 2 Puertas \/ Micro Sd + Env\u00edo a domicilio + Pago seguro + Garant\u00eda","breadcrumb":{"@id":"https:\/\/compuviper.mx\/tienda\/producto\/ezviz-cs-hp7-videoportero-ip-conexion-a-2-hilos-con-monitor-wi-fi-para-interior-frente-de-calle-ip65-uso-exterior-protegido-camara-3-mp-llamada-a-la-app-apertura-remota-soporta-2-puertas\/#breadcrumb"},"inLanguage":"es-MX","potentialAction":[{"@type":"ReadAction","target":["https:\/\/compuviper.mx\/tienda\/producto\/ezviz-cs-hp7-videoportero-ip-conexion-a-2-hilos-con-monitor-wi-fi-para-interior-frente-de-calle-ip65-uso-exterior-protegido-camara-3-mp-llamada-a-la-app-apertura-remota-soporta-2-puertas\/"]}]},{"@type":"BreadcrumbList","@id":"https:\/\/compuviper.mx\/tienda\/producto\/ezviz-cs-hp7-videoportero-ip-conexion-a-2-hilos-con-monitor-wi-fi-para-interior-frente-de-calle-ip65-uso-exterior-protegido-camara-3-mp-llamada-a-la-app-apertura-remota-soporta-2-puertas\/#breadcrumb","itemListElement":[{"@type":"ListItem","position":1,"name":"Inicio","item":"https:\/\/compuviper.mx\/tienda\/"},{"@type":"ListItem","position":2,"name":"Productos","item":"https:\/\/compuviper.mx\/tienda\/productos\/"},{"@type":"ListItem","position":3,"name":"Camaras","item":"https:\/\/compuviper.mx\/tienda\/categoria-producto\/camaras-2\/"},{"@type":"ListItem","position":4,"name":"Camara Inteligente P\/smart Home","item":"https:\/\/compuviper.mx\/tienda\/categoria-producto\/camaras-2\/camara-inteligente-p-smart-home\/"},{"@type":"ListItem","position":5,"name":"Ezviz Cs-hp7 Videoportero Ip Conexion A 2 Hilos \/ Con Monitor Wi-fi Para Interior \/ Frente De Calle Ip65 Uso Exterior Protegido \/ Camara 3 Mp \/ Llamada A La App \/ Apertura Remota \/ Soporta 2 Puertas \/ Micro Sd"}]},{"@type":"WebSite","@id":"https:\/\/compuviper.mx\/tienda\/#website","url":"https:\/\/compuviper.mx\/tienda\/","name":"Compuviper","description":"Proveedor de Computadoras, Laptops, Servidores, Monitores, Puntos de Venta, Teclados,   Impresoras, T\u00f3ner, C\u00e1maras de Seguridad y m\u00e1s en tu tienda en l\u00ednea","publisher":{"@id":"https:\/\/compuviper.mx\/tienda\/#organization"},"potentialAction":[{"@type":"SearchAction","target":{"@type":"EntryPoint","urlTemplate":"https:\/\/compuviper.mx\/tienda\/?s={search_term_string}"},"query-input":"required name=search_term_string"}],"inLanguage":"es-MX"},{"@type":"Organization","@id":"https:\/\/compuviper.mx\/tienda\/#organization","name":"Compuviper","url":"https:\/\/compuviper.mx\/tienda\/","logo":{"@type":"ImageObject","inLanguage":"es-MX","@id":"https:\/\/compuviper.mx\/tienda\/#\/schema\/logo\/image\/","url":"https:\/\/compuviper.mx\/tienda\/wp-content\/uploads\/2021\/08\/Logo-Compuviper-10.png","contentUrl":"https:\/\/compuviper.mx\/tienda\/wp-content\/uploads\/2021\/08\/Logo-Compuviper-10.png","width":1000,"height":500,"caption":"Compuviper"},"image":{"@id":"https:\/\/compuviper.mx\/tienda\/#\/schema\/logo\/image\/"},"sameAs":["https:\/\/www.facebook.com\/compuviper","https:\/\/www.youtube.com\/channel\/UCf73dERp9Y3cfOq7q8BhLjA?view_as=subscriber"]}]},"product_brand":"Ezviz","product_price_amount":"2880","product_price_currency":"MXN","og_availability":"out of stock","product_availability":"out of stock","product_retailer_item_id":"CS-HP7","product_condition":"new"},"_links":{"self":[{"href":"https:\/\/compuviper.mx\/tienda\/wp-json\/wp\/v2\/product\/240267"}],"collection":[{"href":"https:\/\/compuviper.mx\/tienda\/wp-json\/wp\/v2\/product"}],"about":[{"href":"https:\/\/compuviper.mx\/tienda\/wp-json\/wp\/v2\/types\/product"}],"replies":[{"embeddable":true,"href":"https:\/\/compuviper.mx\/tienda\/wp-json\/wp\/v2\/comments?post=240267"}],"wp:featuredmedia":[{"embeddable":true,"href":"https:\/\/compuviper.mx\/tienda\/wp-json\/wp\/v2\/media\/242522"}],"wp:attachment":[{"href":"https:\/\/compuviper.mx\/tienda\/wp-json\/wp\/v2\/media?parent=240267"}],"wp:term":[{"taxonomy":"product_cat","embeddable":true,"href":"https:\/\/compuviper.mx\/tienda\/wp-json\/wp\/v2\/product_cat?post=240267"},{"taxonomy":"product_tag","embeddable":true,"href":"https:\/\/compuviper.mx\/tienda\/wp-json\/wp\/v2\/product_tag?post=240267"}],"curies":[{"name":"wp","href":"https:\/\/api.w.org\/{rel}","templated":true}]}}