{"id":240231,"date":"2026-04-11T00:16:20","date_gmt":"2026-04-11T06:16:20","guid":{"rendered":"https:\/\/compuviper.mx\/tienda\/producto\/ezviz-cs-h7c-44wfw2-camara-wi-fi-de-doble-lente-con-rotacin-horizontal-y-vertical-uso-interior\/"},"modified":"2026-04-11T00:16:20","modified_gmt":"2026-04-11T06:16:20","slug":"ezviz-cs-h7c-44wfw2-camara-wi-fi-de-doble-lente-con-rotacin-horizontal-y-vertical-uso-interior","status":"publish","type":"product","link":"https:\/\/compuviper.mx\/tienda\/producto\/ezviz-cs-h7c-44wfw2-camara-wi-fi-de-doble-lente-con-rotacin-horizontal-y-vertical-uso-interior\/","title":{"rendered":"Ezviz Cs-h7c (44wf,w2) Camara Wi-fi De Doble Lente Con Rotacin Horizontal Y Vertical \/  \/ Uso Interior"},"content":{"rendered":"<table class=\"descripcion\">\n<tr>\n<td>Especificaciones<\/td>\n<\/tr>\n<tr>\n<td>Modelo cs-h7c-r100-8g44wf<\/td>\n<\/tr>\n<tr>\n<td>C\u00e1mara<\/td>\n<\/tr>\n<tr>\n<td>Resolucion de la camara dual 2k+ resoluci\u00f3n<\/td>\n<\/tr>\n<tr>\n<td>Sensor de imagen cmos de escaneo progresivo de 1\/3\u0094<\/td>\n<\/tr>\n<tr>\n<td>Velocidad de obturaci\u00f3n obturador autoadaptativo<\/td>\n<\/tr>\n<tr>\n<td>Lente fija 2.8 mm@f1.6, \u00e1ngulo de vista: 108 \u00b0 (diagonal), 92 \u00b0 (horizontal), 50 \u00b0 (vertical)<\/td>\n<\/tr>\n<tr>\n<td>Lente pt 6mm@f1.6, \u00e1ngulo de vista: 60 \u00b0 (diagonal), 51 \u00b0 (horizontal), 28 \u00b0 (vertical)<\/td>\n<\/tr>\n<tr>\n<td>Montura del objetivo m12<\/td>\n<\/tr>\n<tr>\n<td>D\u00eda y noche filtro de paso infrarrojo con cambio autom\u00e1tico<\/td>\n<\/tr>\n<tr>\n<td>Reducci\u00f3n digital del ruido (dnr) reducci\u00f3n digital del ruido 3d<\/td>\n<\/tr>\n<tr>\n<td>Rango din\u00e1mico amplio (wdr) rango din\u00e1mico amplio digital<\/td>\n<\/tr>\n<tr>\n<td>V\u00eddeo y audio<\/td>\n<\/tr>\n<tr>\n<td>Compresi\u00f3n de v\u00eddeo h.264\/h.265<\/td>\n<\/tr>\n<tr>\n<td>Velocidad de fotogramas m\u00e1x: 15 fps; autoadaptativa durante la transmisi\u00f3n de red<\/td>\n<\/tr>\n<tr>\n<td>Red<\/td>\n<\/tr>\n<tr>\n<td>Alarma inteligente detecci\u00f3n de movimiento, detecci\u00f3n de forma humana, detecci\u00f3n de ruido fuerte, detecci\u00f3n de modo patrulla<\/td>\n<\/tr>\n<tr>\n<td>Vinculaci\u00f3n wi-fi emparejamiento del punto de acceso<\/td>\n<\/tr>\n<tr>\n<td>Protocolo protocolo del propietario de ezviz cloud<\/td>\n<\/tr>\n<tr>\n<td>Protocolo de interfaz protocolo del propietario de ezviz cloud<\/td>\n<\/tr>\n<tr>\n<td>Imagen<\/td>\n<\/tr>\n<tr>\n<td>Resoluci\u00f3n m\u00e1x. 2560 x 1440<\/td>\n<\/tr>\n<tr>\n<td>Velocidad de fotogramas m\u00e1x: 30 fps; autoadaptativa durante la transmisi\u00f3n de red<\/td>\n<\/tr>\n<tr>\n<td>Conexi\u00f3n<\/td>\n<\/tr>\n<tr>\n<td>Almacenamiento ranura para tarjetas microsd (m\u00e1x.: 512 gb)<\/td>\n<\/tr>\n<tr>\n<td>Potente tipo-c<\/td>\n<\/tr>\n<tr>\n<td>Red cableada 1 rj45 (puerto ethernet autoadaptativo 10 m\/100 m)<\/td>\n<\/tr>\n<tr>\n<td>Funciones<\/td>\n<\/tr>\n<tr>\n<td>Est\u00e1ndar ieee802.11a, ieee802.11b, 802.11g, 802.11n, 802.11ac 802.11ax<\/td>\n<\/tr>\n<tr>\n<td>Rango de frecuencia 2.4ghz: 2.4 ghz ~ 2.4835 ghz 5ghz: 5.15ghz ~ 5.25ghz<\/td>\n<\/tr>\n<tr>\n<td>Canal de banda ancha 2.4ghz admite 20mhz 5ghz admite 80mhz<\/td>\n<\/tr>\n<tr>\n<td>Seguridad wpa-psk, wpa2-psk, wpa3-personal<\/td>\n<\/tr>\n<tr>\n<td>Velocidad de transmision 2.4ghz m\u00e1x. soporte de tasa: 11b_11m  and #65292; 11g_54m, 11n_mcs7_20m  and #65292; 11ax_mcs11_20m 5.15-5.25ghz m\u00e1x. soporte de tasa: 11a_54m, 11n_mcs7_20-40m  and #65292; 11ac_mcs9_20-40-80m, 11ax_mcs11_20-40-80m<\/td>\n<\/tr>\n<tr>\n<td>Potencia de salida (eirp) 20 dbm<\/td>\n<\/tr>\n<tr>\n<td>Ganancia de la antena 2.56dbi@2.48ghz  and #65292; 3.18dbi@5.22ghz<\/td>\n<\/tr>\n<tr>\n<td>General<\/td>\n<\/tr>\n<tr>\n<td>Condiciones de funcionamiento de  and #8722;10 \u00b0c a 45 \u00b0c 95 % de humedad o inferior (sin condensaci\u00f3n)<\/td>\n<\/tr>\n<tr>\n<td>Consumo de energ\u00eda 8 w m\u00e1x.<\/td>\n<\/tr>\n<tr>\n<td>Fuente de alimentaci\u00f3n 5 v cc\/2 a<\/td>\n<\/tr>\n<tr>\n<td>Alcance del infrarrojo m\u00e1x. 10 metros<\/td>\n<\/tr>\n<tr>\n<td>Dimensiones 88 \u00d7 88 \u00d7 131.5 mm (3.46 \u00d7 3.47 \u00d7 4.69 in)<\/td>\n<\/tr>\n<tr>\n<td>Dimensiones del paquete 200 \u00d7 105 \u00d7 105 mm (7.87 \u00d7 4.13 \u00d7 4.13 in)<\/td>\n<\/tr>\n<tr>\n<td>Peso neto 270 g (9.52 oz)<\/td>\n<\/tr>\n<tr>\n<td>Peso desnudo 499 g (17.60 oz)<\/td>\n<\/tr>\n<tr>\n<td>Contenido de la caja<\/td>\n<\/tr>\n<tr>\n<td>Contenido de la caja &#8211; c\u00e1mara (x1)<\/td>\n<\/tr>\n<tr>\n<td>&#8211; adaptador de corriente (x1)<\/td>\n<\/tr>\n<tr>\n<td>&#8211; cable de alimentaci\u00f3n (x1)<\/td>\n<\/tr>\n<tr>\n<td>&#8211; plantilla de perforaci\u00f3n (x1)<\/td>\n<\/tr>\n<tr>\n<td>&#8211; placa de montaje (x1)<\/td>\n<\/tr>\n<tr>\n<td>&#8211; juego de tornillos (x1)<\/td>\n<\/tr>\n<tr>\n<td>&#8211; documento de informaci\u00f3n normativa (x1)<\/td>\n<\/tr>\n<tr>\n<td>&#8211; gu\u00eda de inicio r\u00e1pido (x1)<\/td>\n<\/tr>\n<tr>\n<td>Certificados<\/td>\n<\/tr>\n<tr>\n<td>Certificados ce \/ ukca \/ weee \/ rohs \/ reach \/ ul<\/td>\n<\/tr>\n<\/table>\n","protected":false},"excerpt":{"rendered":"<p>Experimente una visi\u00f3n sin igual en interiores con la ezviz h7c dual. Con dos potentes lentes que garantizan una cobertura completa de arriba a abajo, la c\u00e1mara ofrece una protecci\u00f3n de toda la habitaci\u00f3n como nunca antes. Equipada con detecci\u00f3n de movimiento humano, llamada bidireccional y visi\u00f3n diurna\/nocturna n\u00edtida. Todo ello le mantiene conectado a su hogar desde cualquier lugar y duplica su sensaci\u00f3n de seguridad con funciones mucho m\u00e1s flexibles.<\/p>\n","protected":false},"featured_media":242517,"comment_status":"open","ping_status":"open","template":"","meta":[],"product_cat":[1608,1683],"product_tag":[2123],"acf":[],"yoast_head":"<!-- This site is optimized with the Yoast SEO plugin v21.7 - https:\/\/yoast.com\/wordpress\/plugins\/seo\/ -->\n<title>[ Ezviz ] &#129351; Cs-h7c (44wf,w2) Camara Wi-fi De Doble Lente Con Rotacin Horizontal Y Vertical \/ \/ Uso Interior<\/title>\n<meta name=\"description\" content=\"Compra Cs-h7c (44wf,w2) Camara Wi-fi De Doble Lente Con Rotacin Horizontal Y Vertical \/ \/ Uso Interior + Env\u00edo a domicilio + Pago seguro + Garant\u00eda\" \/>\n<meta name=\"robots\" content=\"index, follow, max-snippet:-1, max-image-preview:large, max-video-preview:-1\" \/>\n<link rel=\"canonical\" href=\"https:\/\/compuviper.mx\/tienda\/producto\/ezviz-cs-h7c-44wfw2-camara-wi-fi-de-doble-lente-con-rotacin-horizontal-y-vertical-uso-interior\/\" \/>\n<meta property=\"og:locale\" content=\"es_MX\" \/>\n<meta property=\"og:type\" content=\"article\" \/>\n<meta property=\"og:title\" content=\"[ Ezviz ] &#129351; Cs-h7c (44wf,w2) Camara Wi-fi De Doble Lente Con Rotacin Horizontal Y Vertical \/ \/ Uso Interior\" \/>\n<meta property=\"og:description\" content=\"Compra Cs-h7c (44wf,w2) Camara Wi-fi De Doble Lente Con Rotacin Horizontal Y Vertical \/ \/ Uso Interior + Env\u00edo a domicilio + Pago seguro + Garant\u00eda\" \/>\n<meta property=\"og:url\" content=\"https:\/\/compuviper.mx\/tienda\/producto\/ezviz-cs-h7c-44wfw2-camara-wi-fi-de-doble-lente-con-rotacin-horizontal-y-vertical-uso-interior\/\" \/>\n<meta property=\"og:site_name\" content=\"Compuviper\" \/>\n<meta property=\"article:publisher\" content=\"https:\/\/www.facebook.com\/compuviper\" \/>\n<meta property=\"og:image\" content=\"https:\/\/compuviper.mx\/tienda\/wp-content\/uploads\/2024\/09\/Camara-wi-fi-de-doble-lente-con-rotacion-horizontal-y-vertical-ezviz-uso-interior.jpg\" \/>\n\t<meta property=\"og:image:width\" content=\"200\" \/>\n\t<meta property=\"og:image:height\" content=\"200\" \/>\n\t<meta property=\"og:image:type\" content=\"image\/jpeg\" \/>\n<meta name=\"twitter:card\" content=\"summary_large_image\" \/>\n<meta name=\"twitter:label1\" content=\"Precio\" \/>\n\t<meta name=\"twitter:data1\" content=\"&#36;874 con IVA\" \/>\n\t<meta name=\"twitter:label2\" content=\"Availability\" \/>\n\t<meta name=\"twitter:data2\" content=\"In stock\" \/>\n<script type=\"application\/ld+json\" class=\"yoast-schema-graph\">{\"@context\":\"https:\/\/schema.org\",\"@graph\":[{\"@type\":\"WebPage\",\"@id\":\"https:\/\/compuviper.mx\/tienda\/producto\/ezviz-cs-h7c-44wfw2-camara-wi-fi-de-doble-lente-con-rotacin-horizontal-y-vertical-uso-interior\/\",\"url\":\"https:\/\/compuviper.mx\/tienda\/producto\/ezviz-cs-h7c-44wfw2-camara-wi-fi-de-doble-lente-con-rotacin-horizontal-y-vertical-uso-interior\/\",\"name\":\"[ Ezviz ] &#129351; Cs-h7c (44wf,w2) Camara Wi-fi De Doble Lente Con Rotacin Horizontal Y Vertical \/ \/ Uso Interior\",\"isPartOf\":{\"@id\":\"https:\/\/compuviper.mx\/tienda\/#website\"},\"datePublished\":\"2026-04-11T06:16:20+00:00\",\"dateModified\":\"2026-04-11T06:16:20+00:00\",\"description\":\"Compra Cs-h7c (44wf,w2) Camara Wi-fi De Doble Lente Con Rotacin Horizontal Y Vertical \/ \/ Uso Interior + Env\u00edo a domicilio + Pago seguro + Garant\u00eda\",\"breadcrumb\":{\"@id\":\"https:\/\/compuviper.mx\/tienda\/producto\/ezviz-cs-h7c-44wfw2-camara-wi-fi-de-doble-lente-con-rotacin-horizontal-y-vertical-uso-interior\/#breadcrumb\"},\"inLanguage\":\"es-MX\",\"potentialAction\":[{\"@type\":\"ReadAction\",\"target\":[\"https:\/\/compuviper.mx\/tienda\/producto\/ezviz-cs-h7c-44wfw2-camara-wi-fi-de-doble-lente-con-rotacin-horizontal-y-vertical-uso-interior\/\"]}]},{\"@type\":\"BreadcrumbList\",\"@id\":\"https:\/\/compuviper.mx\/tienda\/producto\/ezviz-cs-h7c-44wfw2-camara-wi-fi-de-doble-lente-con-rotacin-horizontal-y-vertical-uso-interior\/#breadcrumb\",\"itemListElement\":[{\"@type\":\"ListItem\",\"position\":1,\"name\":\"Inicio\",\"item\":\"https:\/\/compuviper.mx\/tienda\/\"},{\"@type\":\"ListItem\",\"position\":2,\"name\":\"Productos\",\"item\":\"https:\/\/compuviper.mx\/tienda\/productos\/\"},{\"@type\":\"ListItem\",\"position\":3,\"name\":\"Camaras\",\"item\":\"https:\/\/compuviper.mx\/tienda\/categoria-producto\/camaras-2\/\"},{\"@type\":\"ListItem\",\"position\":4,\"name\":\"Camara Inteligente P\/smart Home\",\"item\":\"https:\/\/compuviper.mx\/tienda\/categoria-producto\/camaras-2\/camara-inteligente-p-smart-home\/\"},{\"@type\":\"ListItem\",\"position\":5,\"name\":\"Ezviz Cs-h7c (44wf,w2) Camara Wi-fi De Doble Lente Con Rotacin Horizontal Y Vertical \/ \/ Uso Interior\"}]},{\"@type\":\"WebSite\",\"@id\":\"https:\/\/compuviper.mx\/tienda\/#website\",\"url\":\"https:\/\/compuviper.mx\/tienda\/\",\"name\":\"Compuviper\",\"description\":\"Proveedor de Computadoras, Laptops, Servidores, Monitores, Puntos de Venta, Teclados,   Impresoras, T\u00f3ner, C\u00e1maras de Seguridad y m\u00e1s en tu tienda en l\u00ednea\",\"publisher\":{\"@id\":\"https:\/\/compuviper.mx\/tienda\/#organization\"},\"potentialAction\":[{\"@type\":\"SearchAction\",\"target\":{\"@type\":\"EntryPoint\",\"urlTemplate\":\"https:\/\/compuviper.mx\/tienda\/?s={search_term_string}\"},\"query-input\":\"required name=search_term_string\"}],\"inLanguage\":\"es-MX\"},{\"@type\":\"Organization\",\"@id\":\"https:\/\/compuviper.mx\/tienda\/#organization\",\"name\":\"Compuviper\",\"url\":\"https:\/\/compuviper.mx\/tienda\/\",\"logo\":{\"@type\":\"ImageObject\",\"inLanguage\":\"es-MX\",\"@id\":\"https:\/\/compuviper.mx\/tienda\/#\/schema\/logo\/image\/\",\"url\":\"https:\/\/compuviper.mx\/tienda\/wp-content\/uploads\/2021\/08\/Logo-Compuviper-10.png\",\"contentUrl\":\"https:\/\/compuviper.mx\/tienda\/wp-content\/uploads\/2021\/08\/Logo-Compuviper-10.png\",\"width\":1000,\"height\":500,\"caption\":\"Compuviper\"},\"image\":{\"@id\":\"https:\/\/compuviper.mx\/tienda\/#\/schema\/logo\/image\/\"},\"sameAs\":[\"https:\/\/www.facebook.com\/compuviper\",\"https:\/\/www.youtube.com\/channel\/UCf73dERp9Y3cfOq7q8BhLjA?view_as=subscriber\"]}]}<\/script>\n<meta property=\"product:brand\" content=\"Ezviz\" \/>\n<meta property=\"product:price:amount\" content=\"874\" \/>\n<meta property=\"product:price:currency\" content=\"MXN\" \/>\n<meta property=\"og:availability\" content=\"instock\" \/>\n<meta property=\"product:availability\" content=\"instock\" \/>\n<meta property=\"product:retailer_item_id\" content=\"CS-H7C (44WF,W2)\" \/>\n<meta property=\"product:condition\" content=\"new\" \/>\n<!-- \/ Yoast SEO plugin. -->","yoast_head_json":{"title":"[ Ezviz ] &#129351; Cs-h7c (44wf,w2) Camara Wi-fi De Doble Lente Con Rotacin Horizontal Y Vertical \/ \/ Uso Interior","description":"Compra Cs-h7c (44wf,w2) Camara Wi-fi De Doble Lente Con Rotacin Horizontal Y Vertical \/ \/ Uso Interior + Env\u00edo a domicilio + Pago seguro + Garant\u00eda","robots":{"index":"index","follow":"follow","max-snippet":"max-snippet:-1","max-image-preview":"max-image-preview:large","max-video-preview":"max-video-preview:-1"},"canonical":"https:\/\/compuviper.mx\/tienda\/producto\/ezviz-cs-h7c-44wfw2-camara-wi-fi-de-doble-lente-con-rotacin-horizontal-y-vertical-uso-interior\/","og_locale":"es_MX","og_type":"article","og_title":"[ Ezviz ] &#129351; Cs-h7c (44wf,w2) Camara Wi-fi De Doble Lente Con Rotacin Horizontal Y Vertical \/ \/ Uso Interior","og_description":"Compra Cs-h7c (44wf,w2) Camara Wi-fi De Doble Lente Con Rotacin Horizontal Y Vertical \/ \/ Uso Interior + Env\u00edo a domicilio + Pago seguro + Garant\u00eda","og_url":"https:\/\/compuviper.mx\/tienda\/producto\/ezviz-cs-h7c-44wfw2-camara-wi-fi-de-doble-lente-con-rotacin-horizontal-y-vertical-uso-interior\/","og_site_name":"Compuviper","article_publisher":"https:\/\/www.facebook.com\/compuviper","og_image":[{"width":200,"height":200,"url":"https:\/\/compuviper.mx\/tienda\/wp-content\/uploads\/2024\/09\/Camara-wi-fi-de-doble-lente-con-rotacion-horizontal-y-vertical-ezviz-uso-interior.jpg","type":"image\/jpeg"}],"twitter_card":"summary_large_image","twitter_misc":{"Precio":"&#36;874 con IVA","Availability":"In stock"},"schema":{"@context":"https:\/\/schema.org","@graph":[{"@type":"WebPage","@id":"https:\/\/compuviper.mx\/tienda\/producto\/ezviz-cs-h7c-44wfw2-camara-wi-fi-de-doble-lente-con-rotacin-horizontal-y-vertical-uso-interior\/","url":"https:\/\/compuviper.mx\/tienda\/producto\/ezviz-cs-h7c-44wfw2-camara-wi-fi-de-doble-lente-con-rotacin-horizontal-y-vertical-uso-interior\/","name":"[ Ezviz ] &#129351; Cs-h7c (44wf,w2) Camara Wi-fi De Doble Lente Con Rotacin Horizontal Y Vertical \/ \/ Uso Interior","isPartOf":{"@id":"https:\/\/compuviper.mx\/tienda\/#website"},"datePublished":"2026-04-11T06:16:20+00:00","dateModified":"2026-04-11T06:16:20+00:00","description":"Compra Cs-h7c (44wf,w2) Camara Wi-fi De Doble Lente Con Rotacin Horizontal Y Vertical \/ \/ Uso Interior + Env\u00edo a domicilio + Pago seguro + Garant\u00eda","breadcrumb":{"@id":"https:\/\/compuviper.mx\/tienda\/producto\/ezviz-cs-h7c-44wfw2-camara-wi-fi-de-doble-lente-con-rotacin-horizontal-y-vertical-uso-interior\/#breadcrumb"},"inLanguage":"es-MX","potentialAction":[{"@type":"ReadAction","target":["https:\/\/compuviper.mx\/tienda\/producto\/ezviz-cs-h7c-44wfw2-camara-wi-fi-de-doble-lente-con-rotacin-horizontal-y-vertical-uso-interior\/"]}]},{"@type":"BreadcrumbList","@id":"https:\/\/compuviper.mx\/tienda\/producto\/ezviz-cs-h7c-44wfw2-camara-wi-fi-de-doble-lente-con-rotacin-horizontal-y-vertical-uso-interior\/#breadcrumb","itemListElement":[{"@type":"ListItem","position":1,"name":"Inicio","item":"https:\/\/compuviper.mx\/tienda\/"},{"@type":"ListItem","position":2,"name":"Productos","item":"https:\/\/compuviper.mx\/tienda\/productos\/"},{"@type":"ListItem","position":3,"name":"Camaras","item":"https:\/\/compuviper.mx\/tienda\/categoria-producto\/camaras-2\/"},{"@type":"ListItem","position":4,"name":"Camara Inteligente P\/smart Home","item":"https:\/\/compuviper.mx\/tienda\/categoria-producto\/camaras-2\/camara-inteligente-p-smart-home\/"},{"@type":"ListItem","position":5,"name":"Ezviz Cs-h7c (44wf,w2) Camara Wi-fi De Doble Lente Con Rotacin Horizontal Y Vertical \/ \/ Uso Interior"}]},{"@type":"WebSite","@id":"https:\/\/compuviper.mx\/tienda\/#website","url":"https:\/\/compuviper.mx\/tienda\/","name":"Compuviper","description":"Proveedor de Computadoras, Laptops, Servidores, Monitores, Puntos de Venta, Teclados,   Impresoras, T\u00f3ner, C\u00e1maras de Seguridad y m\u00e1s en tu tienda en l\u00ednea","publisher":{"@id":"https:\/\/compuviper.mx\/tienda\/#organization"},"potentialAction":[{"@type":"SearchAction","target":{"@type":"EntryPoint","urlTemplate":"https:\/\/compuviper.mx\/tienda\/?s={search_term_string}"},"query-input":"required name=search_term_string"}],"inLanguage":"es-MX"},{"@type":"Organization","@id":"https:\/\/compuviper.mx\/tienda\/#organization","name":"Compuviper","url":"https:\/\/compuviper.mx\/tienda\/","logo":{"@type":"ImageObject","inLanguage":"es-MX","@id":"https:\/\/compuviper.mx\/tienda\/#\/schema\/logo\/image\/","url":"https:\/\/compuviper.mx\/tienda\/wp-content\/uploads\/2021\/08\/Logo-Compuviper-10.png","contentUrl":"https:\/\/compuviper.mx\/tienda\/wp-content\/uploads\/2021\/08\/Logo-Compuviper-10.png","width":1000,"height":500,"caption":"Compuviper"},"image":{"@id":"https:\/\/compuviper.mx\/tienda\/#\/schema\/logo\/image\/"},"sameAs":["https:\/\/www.facebook.com\/compuviper","https:\/\/www.youtube.com\/channel\/UCf73dERp9Y3cfOq7q8BhLjA?view_as=subscriber"]}]},"product_brand":"Ezviz","product_price_amount":"874","product_price_currency":"MXN","og_availability":"instock","product_availability":"instock","product_retailer_item_id":"CS-H7C (44WF,W2)","product_condition":"new"},"_links":{"self":[{"href":"https:\/\/compuviper.mx\/tienda\/wp-json\/wp\/v2\/product\/240231"}],"collection":[{"href":"https:\/\/compuviper.mx\/tienda\/wp-json\/wp\/v2\/product"}],"about":[{"href":"https:\/\/compuviper.mx\/tienda\/wp-json\/wp\/v2\/types\/product"}],"replies":[{"embeddable":true,"href":"https:\/\/compuviper.mx\/tienda\/wp-json\/wp\/v2\/comments?post=240231"}],"wp:featuredmedia":[{"embeddable":true,"href":"https:\/\/compuviper.mx\/tienda\/wp-json\/wp\/v2\/media\/242517"}],"wp:attachment":[{"href":"https:\/\/compuviper.mx\/tienda\/wp-json\/wp\/v2\/media?parent=240231"}],"wp:term":[{"taxonomy":"product_cat","embeddable":true,"href":"https:\/\/compuviper.mx\/tienda\/wp-json\/wp\/v2\/product_cat?post=240231"},{"taxonomy":"product_tag","embeddable":true,"href":"https:\/\/compuviper.mx\/tienda\/wp-json\/wp\/v2\/product_tag?post=240231"}],"curies":[{"name":"wp","href":"https:\/\/api.w.org\/{rel}","templated":true}]}}