{"id":240186,"date":"2026-04-11T00:41:48","date_gmt":"2026-04-11T06:41:48","guid":{"rendered":"https:\/\/compuviper.mx\/tienda\/producto\/manhattan-178990-teclado-y-mouse-ptico-inalambrico-combo\/"},"modified":"2026-04-11T00:41:48","modified_gmt":"2026-04-11T06:41:48","slug":"manhattan-178990-teclado-y-mouse-ptico-inalambrico-combo","status":"publish","type":"product","link":"https:\/\/compuviper.mx\/tienda\/producto\/manhattan-178990-teclado-y-mouse-ptico-inalambrico-combo\/","title":{"rendered":"Manhattan 178990 Teclado Y Mouse,,, ?ptico Inalambrico, Combo"},"content":{"rendered":"<table class=\"descripcion\">\n<tr>\n<td>Est\u00e1ndares y certificaciones<\/td>\n<\/tr>\n<tr>\n<td>Usb 1.1<\/td>\n<\/tr>\n<tr>\n<td>Fcc<\/td>\n<\/tr>\n<tr>\n<td>R and tte<\/td>\n<\/tr>\n<tr>\n<td>Ce<\/td>\n<\/tr>\n<tr>\n<td>Rohs<\/td>\n<\/tr>\n<tr>\n<td>Weee<\/td>\n<\/tr>\n<tr>\n<td>General<\/td>\n<\/tr>\n<tr>\n<td>Teclado inal\u00e1mbrico<\/td>\n<\/tr>\n<tr>\n<td>Mouse \u00f3ptico inal\u00e1mbrico, cuatro botones (izquierda, derecha, rueda de desplazamiento, ppp), 800\/1200\/1600 ppp<\/td>\n<\/tr>\n<tr>\n<td>Compatible con windows xp\/7\/8.1\/10 y mac os x<\/td>\n<\/tr>\n<tr>\n<td>Tensi\u00f3n de la pila: 1.5 v<\/td>\n<\/tr>\n<tr>\n<td>El\u00e9ctrico (niveles de funcionamiento)<\/td>\n<\/tr>\n<tr>\n<td>Voltaje<\/td>\n<\/tr>\n<tr>\n<td>Teclado y rat\u00f3n: 2.7 &#8211; 3.3 v<\/td>\n<\/tr>\n<tr>\n<td>Receptor 4.5 &#8211; 5.5 v<\/td>\n<\/tr>\n<tr>\n<td>Corriente<\/td>\n<\/tr>\n<tr>\n<td>Teclado   8 ma<\/td>\n<\/tr>\n<tr>\n<td>Rat\u00f3n   30 ma<\/td>\n<\/tr>\n<tr>\n<td>Receptor:   40 ma<\/td>\n<\/tr>\n<tr>\n<td>Frecuencia: 2,4 ghz rf<\/td>\n<\/tr>\n<tr>\n<td>F\u00edsico<\/td>\n<\/tr>\n<tr>\n<td>Fuerza del pulsador: 60 \u00b1 15 g; fuerza de tracci\u00f3n: 1.2 &#8211; 1.5 kg<\/td>\n<\/tr>\n<tr>\n<td>Duraci\u00f3n del switch<\/td>\n<\/tr>\n<tr>\n<td>Teclado 10.000.000 de pulsaciones<\/td>\n<\/tr>\n<tr>\n<td>Rat\u00f3n: 1.000.000 de pulsaciones<\/td>\n<\/tr>\n<tr>\n<td>Fuerza de switch del rat\u00f3n: 60 \u00b1 15 g<\/td>\n<\/tr>\n<tr>\n<td>Dimensiones del teclado (l x a x a): 440 x 130 x 22 mm (17.32 x 5.12 x 0.87 pulg.); peso del conjunto: 925 g (33 oz.)<\/td>\n<\/tr>\n<tr>\n<td>Dimensiones del rat\u00f3n \u00f3ptico inal\u00e1mbrico (l x a x a): 100 x 60 x 35 mm (4.7 x 2.4 x 1.5 pulg.)<\/td>\n<\/tr>\n<tr>\n<td>Dimensiones del receptor usb (l x a x a): 19 x 14 x 6 mm (0.7 x 0.6 x 0.2 pulg.)<\/td>\n<\/tr>\n<tr>\n<td>Indicadores led: actividad y bater\u00eda baja<\/td>\n<\/tr>\n<tr>\n<td>Entorno<\/td>\n<\/tr>\n<tr>\n<td>Temperatura de funcionamiento: -15 &#8211; 50\u00b0c; humedad: 10 &#8211; 85%.<\/td>\n<\/tr>\n<tr>\n<td>Temperatura de almacenamiento: -15 &#8211; 60\u00b0c; humedad:   90%<\/td>\n<\/tr>\n<tr>\n<td>Contenido del paquete<\/td>\n<\/tr>\n<tr>\n<td>Kit de teclado y mouse \u00f3ptico inal\u00e1mbricos<\/td>\n<\/tr>\n<tr>\n<td>Receptor usb<\/td>\n<\/tr>\n<tr>\n<td>Una pila aa para el teclado<\/td>\n<\/tr>\n<tr>\n<td>Dos pilas aaa para el mouse<\/td>\n<\/tr>\n<tr>\n<td>Gu\u00eda r\u00e1pida de instrucciones<\/td>\n<\/tr>\n<\/table>\n","protected":false},"excerpt":{"rendered":"<p>Un teclado y un mouse dise\u00f1ados para duplicar la productividad. El conjunto de teclado inal\u00e1mbrico y rat\u00f3n \u00f3ptico manhattan combina una excelente relaci\u00f3n calidad-precio con comodidad y durabilidad. El teclado inal\u00e1mbrico ofrece una estructura de teclas robusta, teclas de gran capacidad de respuesta, un p\u00e1nel de comandos de f\u00e1cil acceso, varias funciones multimedia y un teclado num\u00e9rico de tama\u00f1o completo que proporcionan la familiaridad inmediata del teclado moderno. Cuando se utiliza junto con el rat\u00f3n \u00f3ptico inal\u00e1mbrico aprovechando sus 800\/1200\/1600 ppp ajustables, botones est\u00e1ndar para los clics izquierdo y derecho, y una rueda de desplazamiento de f\u00e1cil acceso, seguro que notar\u00e1 un aumento en todo lo que puede hacer. Este kit potenciador de la productividad est\u00e1 inteligentemente dise\u00f1ado para funcionar a la perfecci\u00f3n con su configuraci\u00f3n inform\u00e1tica actual, por lo que su comodidad y disfrute est\u00e1n asegurados. Tanto si navega por extensas hojas de c\u00e1lculo como si introduce datos num\u00e9ricos o redacta informes, la capacidad inal\u00e1mbrica del conjunto ofrece una distancia de hasta 7 metros desde su dispositivo, de modo que la conexi\u00f3n le sigue all\u00e1 donde necesite desplazarse. El conjunto de teclado y rat\u00f3n \u00f3ptico inal\u00e1mbricos manhattan, que sustituye o complementa a la perfecci\u00f3n cualquier configuraci\u00f3n inform\u00e1tica, es esencial para cualquiera que quiera sacar m\u00e1s partido a su vida laboral. Elegante rat\u00f3n \u00f3ptico de 800\/1200\/1600 ppp, teclado y receptor con modo de ahorro de energ\u00eda. Tecnolog\u00eda inal\u00e1mbrica de rf de 2.4 ghz con receptor usb &#8211; distancia de funcionamiento hasta 7.5 m. Dise\u00f1o ergon\u00f3mico de las teclas con amplia \u00e1rea de trabajo y mecanismo de inclinaci\u00f3n ajustable para posiciones c\u00f3modas de escritura. Bases de goma para evitar que resbale y proteger el escritorio de rayaduras. Plug and play<\/p>\n","protected":false},"featured_media":242657,"comment_status":"open","ping_status":"open","template":"","meta":[],"product_cat":[1712,1711],"product_tag":[1487],"acf":[],"yoast_head":"<!-- This site is optimized with the Yoast SEO plugin v21.7 - https:\/\/yoast.com\/wordpress\/plugins\/seo\/ -->\n<title>[ Manhattan ] &#129351; 178990 Teclado Y Mouse,,, \u00f3ptico Inalambrico, Combo<\/title>\n<meta name=\"description\" content=\"Compra 178990 Teclado Y Mouse,,, \u00f3ptico Inalambrico, Combo + Env\u00edo a domicilio + Pago seguro + Garant\u00eda\" \/>\n<meta name=\"robots\" content=\"index, follow, max-snippet:-1, max-image-preview:large, max-video-preview:-1\" \/>\n<link rel=\"canonical\" href=\"https:\/\/compuviper.mx\/tienda\/producto\/manhattan-178990-teclado-y-mouse-ptico-inalambrico-combo\/\" \/>\n<meta property=\"og:locale\" content=\"es_MX\" \/>\n<meta property=\"og:type\" content=\"article\" \/>\n<meta property=\"og:title\" content=\"[ Manhattan ] &#129351; 178990 Teclado Y Mouse,,, \u00f3ptico Inalambrico, Combo\" \/>\n<meta property=\"og:description\" content=\"Compra 178990 Teclado Y Mouse,,, \u00f3ptico Inalambrico, Combo + Env\u00edo a domicilio + Pago seguro + Garant\u00eda\" \/>\n<meta property=\"og:url\" content=\"https:\/\/compuviper.mx\/tienda\/producto\/manhattan-178990-teclado-y-mouse-ptico-inalambrico-combo\/\" \/>\n<meta property=\"og:site_name\" content=\"Compuviper\" \/>\n<meta property=\"article:publisher\" content=\"https:\/\/www.facebook.com\/compuviper\" \/>\n<meta property=\"og:image\" content=\"https:\/\/compuviper.mx\/tienda\/wp-content\/uploads\/2024\/09\/Teclado-y-mousemanhattan178990-optico-inalambrico-combo.jpg\" \/>\n\t<meta property=\"og:image:width\" content=\"200\" \/>\n\t<meta property=\"og:image:height\" content=\"200\" \/>\n\t<meta property=\"og:image:type\" content=\"image\/jpeg\" \/>\n<meta name=\"twitter:card\" content=\"summary_large_image\" \/>\n<meta name=\"twitter:label1\" content=\"Precio\" \/>\n\t<meta name=\"twitter:data1\" content=\"&#36;274 con IVA\" \/>\n\t<meta name=\"twitter:label2\" content=\"Availability\" \/>\n\t<meta name=\"twitter:data2\" content=\"In stock\" \/>\n<script type=\"application\/ld+json\" class=\"yoast-schema-graph\">{\"@context\":\"https:\/\/schema.org\",\"@graph\":[{\"@type\":\"WebPage\",\"@id\":\"https:\/\/compuviper.mx\/tienda\/producto\/manhattan-178990-teclado-y-mouse-ptico-inalambrico-combo\/\",\"url\":\"https:\/\/compuviper.mx\/tienda\/producto\/manhattan-178990-teclado-y-mouse-ptico-inalambrico-combo\/\",\"name\":\"[ Manhattan ] &#129351; 178990 Teclado Y Mouse,,, \u00f3ptico Inalambrico, Combo\",\"isPartOf\":{\"@id\":\"https:\/\/compuviper.mx\/tienda\/#website\"},\"datePublished\":\"2026-04-11T06:41:48+00:00\",\"dateModified\":\"2026-04-11T06:41:48+00:00\",\"description\":\"Compra 178990 Teclado Y Mouse,,, \u00f3ptico Inalambrico, Combo + Env\u00edo a domicilio + Pago seguro + Garant\u00eda\",\"breadcrumb\":{\"@id\":\"https:\/\/compuviper.mx\/tienda\/producto\/manhattan-178990-teclado-y-mouse-ptico-inalambrico-combo\/#breadcrumb\"},\"inLanguage\":\"es-MX\",\"potentialAction\":[{\"@type\":\"ReadAction\",\"target\":[\"https:\/\/compuviper.mx\/tienda\/producto\/manhattan-178990-teclado-y-mouse-ptico-inalambrico-combo\/\"]}]},{\"@type\":\"BreadcrumbList\",\"@id\":\"https:\/\/compuviper.mx\/tienda\/producto\/manhattan-178990-teclado-y-mouse-ptico-inalambrico-combo\/#breadcrumb\",\"itemListElement\":[{\"@type\":\"ListItem\",\"position\":1,\"name\":\"Inicio\",\"item\":\"https:\/\/compuviper.mx\/tienda\/\"},{\"@type\":\"ListItem\",\"position\":2,\"name\":\"Productos\",\"item\":\"https:\/\/compuviper.mx\/tienda\/productos\/\"},{\"@type\":\"ListItem\",\"position\":3,\"name\":\"Teclado Y Mouse\",\"item\":\"https:\/\/compuviper.mx\/tienda\/categoria-producto\/teclado-y-mouse\/\"},{\"@type\":\"ListItem\",\"position\":4,\"name\":\"Sin Categor\u00eda\",\"item\":\"https:\/\/compuviper.mx\/tienda\/categoria-producto\/teclado-y-mouse\/sin-categoria-teclado-y-mouse\/\"},{\"@type\":\"ListItem\",\"position\":5,\"name\":\"Manhattan 178990 Teclado Y Mouse,,, ?ptico Inalambrico, Combo\"}]},{\"@type\":\"WebSite\",\"@id\":\"https:\/\/compuviper.mx\/tienda\/#website\",\"url\":\"https:\/\/compuviper.mx\/tienda\/\",\"name\":\"Compuviper\",\"description\":\"Proveedor de Computadoras, Laptops, Servidores, Monitores, Puntos de Venta, Teclados,   Impresoras, T\u00f3ner, C\u00e1maras de Seguridad y m\u00e1s en tu tienda en l\u00ednea\",\"publisher\":{\"@id\":\"https:\/\/compuviper.mx\/tienda\/#organization\"},\"potentialAction\":[{\"@type\":\"SearchAction\",\"target\":{\"@type\":\"EntryPoint\",\"urlTemplate\":\"https:\/\/compuviper.mx\/tienda\/?s={search_term_string}\"},\"query-input\":\"required name=search_term_string\"}],\"inLanguage\":\"es-MX\"},{\"@type\":\"Organization\",\"@id\":\"https:\/\/compuviper.mx\/tienda\/#organization\",\"name\":\"Compuviper\",\"url\":\"https:\/\/compuviper.mx\/tienda\/\",\"logo\":{\"@type\":\"ImageObject\",\"inLanguage\":\"es-MX\",\"@id\":\"https:\/\/compuviper.mx\/tienda\/#\/schema\/logo\/image\/\",\"url\":\"https:\/\/compuviper.mx\/tienda\/wp-content\/uploads\/2021\/08\/Logo-Compuviper-10.png\",\"contentUrl\":\"https:\/\/compuviper.mx\/tienda\/wp-content\/uploads\/2021\/08\/Logo-Compuviper-10.png\",\"width\":1000,\"height\":500,\"caption\":\"Compuviper\"},\"image\":{\"@id\":\"https:\/\/compuviper.mx\/tienda\/#\/schema\/logo\/image\/\"},\"sameAs\":[\"https:\/\/www.facebook.com\/compuviper\",\"https:\/\/www.youtube.com\/channel\/UCf73dERp9Y3cfOq7q8BhLjA?view_as=subscriber\"]}]}<\/script>\n<meta property=\"product:brand\" content=\"MANHATTAN\" \/>\n<meta property=\"product:price:amount\" content=\"274\" \/>\n<meta property=\"product:price:currency\" content=\"MXN\" \/>\n<meta property=\"og:availability\" content=\"instock\" \/>\n<meta property=\"product:availability\" content=\"instock\" \/>\n<meta property=\"product:retailer_item_id\" content=\"178990\" \/>\n<meta property=\"product:condition\" content=\"new\" \/>\n<!-- \/ Yoast SEO plugin. -->","yoast_head_json":{"title":"[ Manhattan ] &#129351; 178990 Teclado Y Mouse,,, \u00f3ptico Inalambrico, Combo","description":"Compra 178990 Teclado Y Mouse,,, \u00f3ptico Inalambrico, Combo + Env\u00edo a domicilio + Pago seguro + Garant\u00eda","robots":{"index":"index","follow":"follow","max-snippet":"max-snippet:-1","max-image-preview":"max-image-preview:large","max-video-preview":"max-video-preview:-1"},"canonical":"https:\/\/compuviper.mx\/tienda\/producto\/manhattan-178990-teclado-y-mouse-ptico-inalambrico-combo\/","og_locale":"es_MX","og_type":"article","og_title":"[ Manhattan ] &#129351; 178990 Teclado Y Mouse,,, \u00f3ptico Inalambrico, Combo","og_description":"Compra 178990 Teclado Y Mouse,,, \u00f3ptico Inalambrico, Combo + Env\u00edo a domicilio + Pago seguro + Garant\u00eda","og_url":"https:\/\/compuviper.mx\/tienda\/producto\/manhattan-178990-teclado-y-mouse-ptico-inalambrico-combo\/","og_site_name":"Compuviper","article_publisher":"https:\/\/www.facebook.com\/compuviper","og_image":[{"width":200,"height":200,"url":"https:\/\/compuviper.mx\/tienda\/wp-content\/uploads\/2024\/09\/Teclado-y-mousemanhattan178990-optico-inalambrico-combo.jpg","type":"image\/jpeg"}],"twitter_card":"summary_large_image","twitter_misc":{"Precio":"&#36;274 con IVA","Availability":"In stock"},"schema":{"@context":"https:\/\/schema.org","@graph":[{"@type":"WebPage","@id":"https:\/\/compuviper.mx\/tienda\/producto\/manhattan-178990-teclado-y-mouse-ptico-inalambrico-combo\/","url":"https:\/\/compuviper.mx\/tienda\/producto\/manhattan-178990-teclado-y-mouse-ptico-inalambrico-combo\/","name":"[ Manhattan ] &#129351; 178990 Teclado Y Mouse,,, \u00f3ptico Inalambrico, Combo","isPartOf":{"@id":"https:\/\/compuviper.mx\/tienda\/#website"},"datePublished":"2026-04-11T06:41:48+00:00","dateModified":"2026-04-11T06:41:48+00:00","description":"Compra 178990 Teclado Y Mouse,,, \u00f3ptico Inalambrico, Combo + Env\u00edo a domicilio + Pago seguro + Garant\u00eda","breadcrumb":{"@id":"https:\/\/compuviper.mx\/tienda\/producto\/manhattan-178990-teclado-y-mouse-ptico-inalambrico-combo\/#breadcrumb"},"inLanguage":"es-MX","potentialAction":[{"@type":"ReadAction","target":["https:\/\/compuviper.mx\/tienda\/producto\/manhattan-178990-teclado-y-mouse-ptico-inalambrico-combo\/"]}]},{"@type":"BreadcrumbList","@id":"https:\/\/compuviper.mx\/tienda\/producto\/manhattan-178990-teclado-y-mouse-ptico-inalambrico-combo\/#breadcrumb","itemListElement":[{"@type":"ListItem","position":1,"name":"Inicio","item":"https:\/\/compuviper.mx\/tienda\/"},{"@type":"ListItem","position":2,"name":"Productos","item":"https:\/\/compuviper.mx\/tienda\/productos\/"},{"@type":"ListItem","position":3,"name":"Teclado Y Mouse","item":"https:\/\/compuviper.mx\/tienda\/categoria-producto\/teclado-y-mouse\/"},{"@type":"ListItem","position":4,"name":"Sin Categor\u00eda","item":"https:\/\/compuviper.mx\/tienda\/categoria-producto\/teclado-y-mouse\/sin-categoria-teclado-y-mouse\/"},{"@type":"ListItem","position":5,"name":"Manhattan 178990 Teclado Y Mouse,,, ?ptico Inalambrico, Combo"}]},{"@type":"WebSite","@id":"https:\/\/compuviper.mx\/tienda\/#website","url":"https:\/\/compuviper.mx\/tienda\/","name":"Compuviper","description":"Proveedor de Computadoras, Laptops, Servidores, Monitores, Puntos de Venta, Teclados,   Impresoras, T\u00f3ner, C\u00e1maras de Seguridad y m\u00e1s en tu tienda en l\u00ednea","publisher":{"@id":"https:\/\/compuviper.mx\/tienda\/#organization"},"potentialAction":[{"@type":"SearchAction","target":{"@type":"EntryPoint","urlTemplate":"https:\/\/compuviper.mx\/tienda\/?s={search_term_string}"},"query-input":"required name=search_term_string"}],"inLanguage":"es-MX"},{"@type":"Organization","@id":"https:\/\/compuviper.mx\/tienda\/#organization","name":"Compuviper","url":"https:\/\/compuviper.mx\/tienda\/","logo":{"@type":"ImageObject","inLanguage":"es-MX","@id":"https:\/\/compuviper.mx\/tienda\/#\/schema\/logo\/image\/","url":"https:\/\/compuviper.mx\/tienda\/wp-content\/uploads\/2021\/08\/Logo-Compuviper-10.png","contentUrl":"https:\/\/compuviper.mx\/tienda\/wp-content\/uploads\/2021\/08\/Logo-Compuviper-10.png","width":1000,"height":500,"caption":"Compuviper"},"image":{"@id":"https:\/\/compuviper.mx\/tienda\/#\/schema\/logo\/image\/"},"sameAs":["https:\/\/www.facebook.com\/compuviper","https:\/\/www.youtube.com\/channel\/UCf73dERp9Y3cfOq7q8BhLjA?view_as=subscriber"]}]},"product_brand":"MANHATTAN","product_price_amount":"274","product_price_currency":"MXN","og_availability":"instock","product_availability":"instock","product_retailer_item_id":"178990","product_condition":"new"},"_links":{"self":[{"href":"https:\/\/compuviper.mx\/tienda\/wp-json\/wp\/v2\/product\/240186"}],"collection":[{"href":"https:\/\/compuviper.mx\/tienda\/wp-json\/wp\/v2\/product"}],"about":[{"href":"https:\/\/compuviper.mx\/tienda\/wp-json\/wp\/v2\/types\/product"}],"replies":[{"embeddable":true,"href":"https:\/\/compuviper.mx\/tienda\/wp-json\/wp\/v2\/comments?post=240186"}],"wp:featuredmedia":[{"embeddable":true,"href":"https:\/\/compuviper.mx\/tienda\/wp-json\/wp\/v2\/media\/242657"}],"wp:attachment":[{"href":"https:\/\/compuviper.mx\/tienda\/wp-json\/wp\/v2\/media?parent=240186"}],"wp:term":[{"taxonomy":"product_cat","embeddable":true,"href":"https:\/\/compuviper.mx\/tienda\/wp-json\/wp\/v2\/product_cat?post=240186"},{"taxonomy":"product_tag","embeddable":true,"href":"https:\/\/compuviper.mx\/tienda\/wp-json\/wp\/v2\/product_tag?post=240186"}],"curies":[{"name":"wp","href":"https:\/\/api.w.org\/{rel}","templated":true}]}}