{"id":240164,"date":"2026-04-15T23:46:42","date_gmt":"2026-04-16T05:46:42","guid":{"rendered":"https:\/\/compuviper.mx\/tienda\/producto\/manhattan-153973-convertidor-usb-c-a-hdmi-4k60hz\/"},"modified":"2026-04-15T23:46:43","modified_gmt":"2026-04-16T05:46:43","slug":"manhattan-153973-convertidor-usb-c-a-hdmi-4k60hz","status":"publish","type":"product","link":"https:\/\/compuviper.mx\/tienda\/producto\/manhattan-153973-convertidor-usb-c-a-hdmi-4k60hz\/","title":{"rendered":"Manhattan 153973 Convertidor Usb,,,-c A Hdmi 4k@60hz"},"content":{"rendered":"<table class=\"descripcion\">\n<tr>\n<td>Est\u00e1ndares y certificaciones<\/td>\n<\/tr>\n<tr>\n<td>Hdcp 2.3<\/td>\n<\/tr>\n<tr>\n<td>Ce (conformidad europea)<\/td>\n<\/tr>\n<tr>\n<td>Fcc (comisi\u00f3n federal de comunicaciones)<\/td>\n<\/tr>\n<tr>\n<td>Rohs<\/td>\n<\/tr>\n<tr>\n<td>Reach<\/td>\n<\/tr>\n<tr>\n<td>Ukca<\/td>\n<\/tr>\n<tr>\n<td>General<\/td>\n<\/tr>\n<tr>\n<td>Resoluciones compatibles: 720p\/1080i\/1080p\/4k@30hz\/4k@60hz<\/td>\n<\/tr>\n<tr>\n<td>Conexiones<\/td>\n<\/tr>\n<tr>\n<td>Un usb-c de 24 pines, macho<\/td>\n<\/tr>\n<tr>\n<td>Un hdmi de 19 pines, hembra<\/td>\n<\/tr>\n<tr>\n<td>Caracter\u00edsticas f\u00edsicas<\/td>\n<\/tr>\n<tr>\n<td>Dimensiones (l x w x h): 46 x 24 x 10 mm (1.81 x 0.94 x 0.39 in.)<\/td>\n<\/tr>\n<tr>\n<td>Peso neto: 22 g (0.78 oz.)<\/td>\n<\/tr>\n<tr>\n<td>Peso bruto: 30 g (1.06 oz.)<\/td>\n<\/tr>\n<tr>\n<td>Longitud del cable: 11 cm (4 pulg.)<\/td>\n<\/tr>\n<tr>\n<td>Di\u00e1metro del cable: 34 awg<\/td>\n<\/tr>\n<tr>\n<td>Carcasa de aluminio<\/td>\n<\/tr>\n<tr>\n<td>Entorno de funcionamiento<\/td>\n<\/tr>\n<tr>\n<td>Temperatura de funcionamiento: 0 &#8211; 70\u00b0c (32 &#8211; 158\u00b0f)<\/td>\n<\/tr>\n<tr>\n<td>Temperatura de almacenamiento: -10 &#8211; 80\u00b0c (14 &#8211; 176\u00b0f)<\/td>\n<\/tr>\n<tr>\n<td>Humedad de funcionamiento (sin condensaci\u00f3n) 10 &#8211; 85% hr<\/td>\n<\/tr>\n<tr>\n<td>Humedad de almacenamiento (sin condensaci\u00f3n): 5 &#8211; 90% hr<\/td>\n<\/tr>\n<tr>\n<td>Requerimientos de sistema<\/td>\n<\/tr>\n<tr>\n<td>Windows 7\/8.1\/10\/11, linux, chrome os, macos, ipados o android<\/td>\n<\/tr>\n<tr>\n<td>Contenidos del envase<\/td>\n<\/tr>\n<tr>\n<td>Convertidor usb-c a hdmi 4k@60hz<\/td>\n<\/tr>\n<tr>\n<td>Instrucciones de uso<\/td>\n<\/tr>\n<\/table>\n","protected":false},"excerpt":{"rendered":"<p>Adaptador \/ convertidor usb-c a hdmi &#8211; conecta tu smartphone, laptop, macbook\u00ae o tableta a un monitor, una pantalla o un proyector hdmi. . Si tienes una laptop o una macbook de \u00faltima generaci\u00f3n, te habr\u00e1s dado cuenta de la falta de puertos av (audio y video) para conectar una pantalla. El convertidor usb-c a hdmi 4k@60hz de manhattan abre tus opciones de conectividad para conectar un monitor, pantalla o proyector hdmi a trav\u00e9s del puerto usb-c de tu dispositivo. A\u00f1ade una pantalla en modo espejo para un mayor espacio de pantalla, o a\u00f1\u00e1dela en modo extendido para mejorar la productividad en multitarea. Proporciona una forma rentable y c\u00f3moda de ampliar las capacidades de v\u00eddeo de tu dispositivo. Este adaptador usb a hdmi funciona como una tarjeta gr\u00e1fica externa, por lo que a\u00f1adir un segundo adaptador\/convertidor te permite conectar una segunda pantalla. Visualiza fotos y v\u00eddeos de tu tel\u00e9fono directamente en tu pantalla. Si tienes un smartphone o tablet compatible con el modo dp alt, puedes conectarlo y llevar el contenido de tu dispositivo m\u00f3vil a una pantalla. Como es plug and play, no necesitas configuraciones o controladores ni una fuente de alimentaci\u00f3n externa. Un adaptador hdmi hecho para acompa\u00f1arte. La carcasa de aluminio muy compacta hace de este convertidor usb-c a hdmi el compa\u00f1ero de viaje perfecto. El tama\u00f1o compacto, es lo suficientemente peque\u00f1o como para caber en cualquier bolsillo del malet\u00edn. Cuando llegues a un lugar donde puedas conectarte a una pantalla, este convertidor al ser plug and play te permitir\u00e1 crear una mini estaci\u00f3n de trabajo en cuesti\u00f3n de segundos. Conecta f\u00e1cilmente un dispositivo usb-c a una pantalla hdmi. Resoluciones de ultra alta definici\u00f3n (uhd) 4k@60hz (3840\u00d72160. Compatible con cualquier dispositivo usb-c que admita dp alt mode, incluidos tel\u00e9fonos inteligentes, apple\u00ae macbooks\u00ae, chromebooks \u0099, pixels \u0099, tabletas y m\u00e1s. Admite los modos de visualizaci\u00f3n espejo o extendida en windows\u00ae, y s\u00f3lo modo espejo en mac?. Sirve como tarjeta gr\u00e1fica externa, lo que permite a\u00f1adir hasta dos pantallas externas al sistema (requiere un adaptador por pantalla. Cable resistente integrado de 11 cm (4 pulg.. Alimentado por bus &#8211; no se requiere alimentaci\u00f3n externa. Carcasa de aluminio resistente y elegante, ideal para la oficina o para los viajes. Dise\u00f1o port\u00e1til, compacto y ligero que cabe f\u00e1cilmente en bolsas y mochilas. Alimentado por bus &#8211; no se requiere alimentaci\u00f3n externa. Totalmente compatible con hdcp 2.3, compatible con versiones anteriores. Instalaci\u00f3n plug-and-play; compatible con windows\u00ae, macos\u00ae, linux\u00ae y chrome os\u0099, ipados\u00ae y android?. Requiere cable hdmi (disponible en manhattan por separado)<\/p>\n","protected":false},"featured_media":242099,"comment_status":"open","ping_status":"open","template":"","meta":[],"product_cat":[1549,1605],"product_tag":[1487],"acf":[],"yoast_head":"<!-- This site is optimized with the Yoast SEO plugin v21.7 - https:\/\/yoast.com\/wordpress\/plugins\/seo\/ -->\n<title>[ Manhattan ] &#129351; 153973 Convertidor Usb,,,-c A Hdmi 4k@60hz<\/title>\n<meta name=\"description\" content=\"Compra 153973 Convertidor Usb,,,-c A Hdmi 4k@60hz + Env\u00edo a domicilio + Pago seguro + Garant\u00eda\" \/>\n<meta name=\"robots\" content=\"index, follow, max-snippet:-1, max-image-preview:large, max-video-preview:-1\" \/>\n<link rel=\"canonical\" href=\"https:\/\/compuviper.mx\/tienda\/producto\/manhattan-153973-convertidor-usb-c-a-hdmi-4k60hz\/\" \/>\n<meta property=\"og:locale\" content=\"es_MX\" \/>\n<meta property=\"og:type\" content=\"article\" \/>\n<meta property=\"og:title\" content=\"[ Manhattan ] &#129351; 153973 Convertidor Usb,,,-c A Hdmi 4k@60hz\" \/>\n<meta property=\"og:description\" content=\"Compra 153973 Convertidor Usb,,,-c A Hdmi 4k@60hz + Env\u00edo a domicilio + Pago seguro + Garant\u00eda\" \/>\n<meta property=\"og:url\" content=\"https:\/\/compuviper.mx\/tienda\/producto\/manhattan-153973-convertidor-usb-c-a-hdmi-4k60hz\/\" \/>\n<meta property=\"og:site_name\" content=\"Compuviper\" \/>\n<meta property=\"article:publisher\" content=\"https:\/\/www.facebook.com\/compuviper\" \/>\n<meta property=\"article:modified_time\" content=\"2026-04-16T05:46:43+00:00\" \/>\n<meta property=\"og:image\" content=\"https:\/\/compuviper.mx\/tienda\/wp-content\/uploads\/2024\/09\/Convertidor-usbmanhattan153973-c-a-hdmi-4k@60hz.jpg\" \/>\n\t<meta property=\"og:image:width\" content=\"200\" \/>\n\t<meta property=\"og:image:height\" content=\"200\" \/>\n\t<meta property=\"og:image:type\" content=\"image\/jpeg\" \/>\n<meta name=\"twitter:card\" content=\"summary_large_image\" \/>\n<meta name=\"twitter:label1\" content=\"Precio\" \/>\n\t<meta name=\"twitter:data1\" content=\"&#36;256 con IVA\" \/>\n\t<meta name=\"twitter:label2\" content=\"Availability\" \/>\n\t<meta name=\"twitter:data2\" content=\"In stock\" \/>\n<script type=\"application\/ld+json\" class=\"yoast-schema-graph\">{\"@context\":\"https:\/\/schema.org\",\"@graph\":[{\"@type\":\"WebPage\",\"@id\":\"https:\/\/compuviper.mx\/tienda\/producto\/manhattan-153973-convertidor-usb-c-a-hdmi-4k60hz\/\",\"url\":\"https:\/\/compuviper.mx\/tienda\/producto\/manhattan-153973-convertidor-usb-c-a-hdmi-4k60hz\/\",\"name\":\"[ Manhattan ] &#129351; 153973 Convertidor Usb,,,-c A Hdmi 4k@60hz\",\"isPartOf\":{\"@id\":\"https:\/\/compuviper.mx\/tienda\/#website\"},\"datePublished\":\"2026-04-16T05:46:42+00:00\",\"dateModified\":\"2026-04-16T05:46:43+00:00\",\"description\":\"Compra 153973 Convertidor Usb,,,-c A Hdmi 4k@60hz + Env\u00edo a domicilio + Pago seguro + Garant\u00eda\",\"breadcrumb\":{\"@id\":\"https:\/\/compuviper.mx\/tienda\/producto\/manhattan-153973-convertidor-usb-c-a-hdmi-4k60hz\/#breadcrumb\"},\"inLanguage\":\"es-MX\",\"potentialAction\":[{\"@type\":\"ReadAction\",\"target\":[\"https:\/\/compuviper.mx\/tienda\/producto\/manhattan-153973-convertidor-usb-c-a-hdmi-4k60hz\/\"]}]},{\"@type\":\"BreadcrumbList\",\"@id\":\"https:\/\/compuviper.mx\/tienda\/producto\/manhattan-153973-convertidor-usb-c-a-hdmi-4k60hz\/#breadcrumb\",\"itemListElement\":[{\"@type\":\"ListItem\",\"position\":1,\"name\":\"Inicio\",\"item\":\"https:\/\/compuviper.mx\/tienda\/\"},{\"@type\":\"ListItem\",\"position\":2,\"name\":\"Productos\",\"item\":\"https:\/\/compuviper.mx\/tienda\/productos\/\"},{\"@type\":\"ListItem\",\"position\":3,\"name\":\"Cables\",\"item\":\"https:\/\/compuviper.mx\/tienda\/categoria-producto\/cables\/\"},{\"@type\":\"ListItem\",\"position\":4,\"name\":\"Cable Usb\",\"item\":\"https:\/\/compuviper.mx\/tienda\/categoria-producto\/cables\/cable-usb\/\"},{\"@type\":\"ListItem\",\"position\":5,\"name\":\"Manhattan 153973 Convertidor Usb,,,-c A Hdmi 4k@60hz\"}]},{\"@type\":\"WebSite\",\"@id\":\"https:\/\/compuviper.mx\/tienda\/#website\",\"url\":\"https:\/\/compuviper.mx\/tienda\/\",\"name\":\"Compuviper\",\"description\":\"Proveedor de Computadoras, Laptops, Servidores, Monitores, Puntos de Venta, Teclados,   Impresoras, T\u00f3ner, C\u00e1maras de Seguridad y m\u00e1s en tu tienda en l\u00ednea\",\"publisher\":{\"@id\":\"https:\/\/compuviper.mx\/tienda\/#organization\"},\"potentialAction\":[{\"@type\":\"SearchAction\",\"target\":{\"@type\":\"EntryPoint\",\"urlTemplate\":\"https:\/\/compuviper.mx\/tienda\/?s={search_term_string}\"},\"query-input\":\"required name=search_term_string\"}],\"inLanguage\":\"es-MX\"},{\"@type\":\"Organization\",\"@id\":\"https:\/\/compuviper.mx\/tienda\/#organization\",\"name\":\"Compuviper\",\"url\":\"https:\/\/compuviper.mx\/tienda\/\",\"logo\":{\"@type\":\"ImageObject\",\"inLanguage\":\"es-MX\",\"@id\":\"https:\/\/compuviper.mx\/tienda\/#\/schema\/logo\/image\/\",\"url\":\"https:\/\/compuviper.mx\/tienda\/wp-content\/uploads\/2021\/08\/Logo-Compuviper-10.png\",\"contentUrl\":\"https:\/\/compuviper.mx\/tienda\/wp-content\/uploads\/2021\/08\/Logo-Compuviper-10.png\",\"width\":1000,\"height\":500,\"caption\":\"Compuviper\"},\"image\":{\"@id\":\"https:\/\/compuviper.mx\/tienda\/#\/schema\/logo\/image\/\"},\"sameAs\":[\"https:\/\/www.facebook.com\/compuviper\",\"https:\/\/www.youtube.com\/channel\/UCf73dERp9Y3cfOq7q8BhLjA?view_as=subscriber\"]}]}<\/script>\n<meta property=\"product:brand\" content=\"MANHATTAN\" \/>\n<meta property=\"product:price:amount\" content=\"256\" \/>\n<meta property=\"product:price:currency\" content=\"MXN\" \/>\n<meta property=\"og:availability\" content=\"instock\" \/>\n<meta property=\"product:availability\" content=\"instock\" \/>\n<meta property=\"product:retailer_item_id\" content=\"153973\" \/>\n<meta property=\"product:condition\" content=\"new\" \/>\n<!-- \/ Yoast SEO plugin. -->","yoast_head_json":{"title":"[ Manhattan ] &#129351; 153973 Convertidor Usb,,,-c A Hdmi 4k@60hz","description":"Compra 153973 Convertidor Usb,,,-c A Hdmi 4k@60hz + Env\u00edo a domicilio + Pago seguro + Garant\u00eda","robots":{"index":"index","follow":"follow","max-snippet":"max-snippet:-1","max-image-preview":"max-image-preview:large","max-video-preview":"max-video-preview:-1"},"canonical":"https:\/\/compuviper.mx\/tienda\/producto\/manhattan-153973-convertidor-usb-c-a-hdmi-4k60hz\/","og_locale":"es_MX","og_type":"article","og_title":"[ Manhattan ] &#129351; 153973 Convertidor Usb,,,-c A Hdmi 4k@60hz","og_description":"Compra 153973 Convertidor Usb,,,-c A Hdmi 4k@60hz + Env\u00edo a domicilio + Pago seguro + Garant\u00eda","og_url":"https:\/\/compuviper.mx\/tienda\/producto\/manhattan-153973-convertidor-usb-c-a-hdmi-4k60hz\/","og_site_name":"Compuviper","article_publisher":"https:\/\/www.facebook.com\/compuviper","article_modified_time":"2026-04-16T05:46:43+00:00","og_image":[{"width":200,"height":200,"url":"https:\/\/compuviper.mx\/tienda\/wp-content\/uploads\/2024\/09\/Convertidor-usbmanhattan153973-c-a-hdmi-4k@60hz.jpg","type":"image\/jpeg"}],"twitter_card":"summary_large_image","twitter_misc":{"Precio":"&#36;256 con IVA","Availability":"In stock"},"schema":{"@context":"https:\/\/schema.org","@graph":[{"@type":"WebPage","@id":"https:\/\/compuviper.mx\/tienda\/producto\/manhattan-153973-convertidor-usb-c-a-hdmi-4k60hz\/","url":"https:\/\/compuviper.mx\/tienda\/producto\/manhattan-153973-convertidor-usb-c-a-hdmi-4k60hz\/","name":"[ Manhattan ] &#129351; 153973 Convertidor Usb,,,-c A Hdmi 4k@60hz","isPartOf":{"@id":"https:\/\/compuviper.mx\/tienda\/#website"},"datePublished":"2026-04-16T05:46:42+00:00","dateModified":"2026-04-16T05:46:43+00:00","description":"Compra 153973 Convertidor Usb,,,-c A Hdmi 4k@60hz + Env\u00edo a domicilio + Pago seguro + Garant\u00eda","breadcrumb":{"@id":"https:\/\/compuviper.mx\/tienda\/producto\/manhattan-153973-convertidor-usb-c-a-hdmi-4k60hz\/#breadcrumb"},"inLanguage":"es-MX","potentialAction":[{"@type":"ReadAction","target":["https:\/\/compuviper.mx\/tienda\/producto\/manhattan-153973-convertidor-usb-c-a-hdmi-4k60hz\/"]}]},{"@type":"BreadcrumbList","@id":"https:\/\/compuviper.mx\/tienda\/producto\/manhattan-153973-convertidor-usb-c-a-hdmi-4k60hz\/#breadcrumb","itemListElement":[{"@type":"ListItem","position":1,"name":"Inicio","item":"https:\/\/compuviper.mx\/tienda\/"},{"@type":"ListItem","position":2,"name":"Productos","item":"https:\/\/compuviper.mx\/tienda\/productos\/"},{"@type":"ListItem","position":3,"name":"Cables","item":"https:\/\/compuviper.mx\/tienda\/categoria-producto\/cables\/"},{"@type":"ListItem","position":4,"name":"Cable Usb","item":"https:\/\/compuviper.mx\/tienda\/categoria-producto\/cables\/cable-usb\/"},{"@type":"ListItem","position":5,"name":"Manhattan 153973 Convertidor Usb,,,-c A Hdmi 4k@60hz"}]},{"@type":"WebSite","@id":"https:\/\/compuviper.mx\/tienda\/#website","url":"https:\/\/compuviper.mx\/tienda\/","name":"Compuviper","description":"Proveedor de Computadoras, Laptops, Servidores, Monitores, Puntos de Venta, Teclados,   Impresoras, T\u00f3ner, C\u00e1maras de Seguridad y m\u00e1s en tu tienda en l\u00ednea","publisher":{"@id":"https:\/\/compuviper.mx\/tienda\/#organization"},"potentialAction":[{"@type":"SearchAction","target":{"@type":"EntryPoint","urlTemplate":"https:\/\/compuviper.mx\/tienda\/?s={search_term_string}"},"query-input":"required name=search_term_string"}],"inLanguage":"es-MX"},{"@type":"Organization","@id":"https:\/\/compuviper.mx\/tienda\/#organization","name":"Compuviper","url":"https:\/\/compuviper.mx\/tienda\/","logo":{"@type":"ImageObject","inLanguage":"es-MX","@id":"https:\/\/compuviper.mx\/tienda\/#\/schema\/logo\/image\/","url":"https:\/\/compuviper.mx\/tienda\/wp-content\/uploads\/2021\/08\/Logo-Compuviper-10.png","contentUrl":"https:\/\/compuviper.mx\/tienda\/wp-content\/uploads\/2021\/08\/Logo-Compuviper-10.png","width":1000,"height":500,"caption":"Compuviper"},"image":{"@id":"https:\/\/compuviper.mx\/tienda\/#\/schema\/logo\/image\/"},"sameAs":["https:\/\/www.facebook.com\/compuviper","https:\/\/www.youtube.com\/channel\/UCf73dERp9Y3cfOq7q8BhLjA?view_as=subscriber"]}]},"product_brand":"MANHATTAN","product_price_amount":"256","product_price_currency":"MXN","og_availability":"instock","product_availability":"instock","product_retailer_item_id":"153973","product_condition":"new"},"_links":{"self":[{"href":"https:\/\/compuviper.mx\/tienda\/wp-json\/wp\/v2\/product\/240164"}],"collection":[{"href":"https:\/\/compuviper.mx\/tienda\/wp-json\/wp\/v2\/product"}],"about":[{"href":"https:\/\/compuviper.mx\/tienda\/wp-json\/wp\/v2\/types\/product"}],"replies":[{"embeddable":true,"href":"https:\/\/compuviper.mx\/tienda\/wp-json\/wp\/v2\/comments?post=240164"}],"wp:featuredmedia":[{"embeddable":true,"href":"https:\/\/compuviper.mx\/tienda\/wp-json\/wp\/v2\/media\/242099"}],"wp:attachment":[{"href":"https:\/\/compuviper.mx\/tienda\/wp-json\/wp\/v2\/media?parent=240164"}],"wp:term":[{"taxonomy":"product_cat","embeddable":true,"href":"https:\/\/compuviper.mx\/tienda\/wp-json\/wp\/v2\/product_cat?post=240164"},{"taxonomy":"product_tag","embeddable":true,"href":"https:\/\/compuviper.mx\/tienda\/wp-json\/wp\/v2\/product_tag?post=240164"}],"curies":[{"name":"wp","href":"https:\/\/api.w.org\/{rel}","templated":true}]}}