{"id":240120,"date":"2026-04-18T01:12:00","date_gmt":"2026-04-18T07:12:00","guid":{"rendered":"https:\/\/compuviper.mx\/tienda\/producto\/synology-e25g30-f2-tarjeta-de-red-sfp28-de-25-gigabit-pcie-3-0-x8-con-dos-puerto-para-equipos\/"},"modified":"2026-04-18T01:12:01","modified_gmt":"2026-04-18T07:12:01","slug":"synology-e25g30-f2-tarjeta-de-red-sfp28-de-25-gigabit-pcie-3-0-x8-con-dos-puerto-para-equipos","status":"publish","type":"product","link":"https:\/\/compuviper.mx\/tienda\/producto\/synology-e25g30-f2-tarjeta-de-red-sfp28-de-25-gigabit-pcie-3-0-x8-con-dos-puerto-para-equipos\/","title":{"rendered":"Synology E25g30-f2 Tarjeta De Red  Sfp28 De 25 Gigabit Pcie 3.0 X8, Con Dos Puerto Para Equipos"},"content":{"rendered":"<table class=\"descripcion\">\n<tr>\n<td>Descripcion tecnica<\/td>\n<\/tr>\n<tr>\n<td>Especificaciones de hardware<\/td>\n<\/tr>\n<tr>\n<td>General<\/td>\n<\/tr>\n<tr>\n<td>Interfaz de bus del host<\/td>\n<\/tr>\n<tr>\n<td>Pcie 3.0 x8<\/td>\n<\/tr>\n<tr>\n<td>Altura del soporte<\/td>\n<\/tr>\n<tr>\n<td>Perfil bajo y altura completa<\/td>\n<\/tr>\n<tr>\n<td>Tama\u00f1o (altura x anchura x profundidad)<\/td>\n<\/tr>\n<tr>\n<td>69 mm x 168 mm x 17.3 mm<\/td>\n<\/tr>\n<tr>\n<td>Temperatura operativa<\/td>\n<\/tr>\n<tr>\n<td>0\u00b0c a 40\u00b0c (32\u00b0f a 104\u00b0f)<\/td>\n<\/tr>\n<tr>\n<td>Temperatura de almacenamiento<\/td>\n<\/tr>\n<tr>\n<td>-20\u00b0c a 60\u00b0c (-5\u00b0f a 140\u00b0f)<\/td>\n<\/tr>\n<tr>\n<td>Humedad relativa<\/td>\n<\/tr>\n<tr>\n<td>5% a 95% rh<\/td>\n<\/tr>\n<tr>\n<td>Red<\/td>\n<\/tr>\n<tr>\n<td>Cumplimiento de las especificaciones ieee<\/td>\n<\/tr>\n<tr>\n<td>Ieee 802.3ad link aggregation<\/td>\n<\/tr>\n<tr>\n<td>Ethernet ieee 802.3ae 10gbps<\/td>\n<\/tr>\n<tr>\n<td>Ethernet ieee 802.3by 25gbps<\/td>\n<\/tr>\n<tr>\n<td>Velocidades de transferencia de datos<\/td>\n<\/tr>\n<tr>\n<td>25 gbps\/10 gbps<\/td>\n<\/tr>\n<tr>\n<td>Caracter\u00edsticas compatibles<\/td>\n<\/tr>\n<tr>\n<td>Descarga de segmentaci\u00f3n tcp (tso)<\/td>\n<\/tr>\n<tr>\n<td>Escala lateral de recepci\u00f3n (rss)<\/td>\n<\/tr>\n<tr>\n<td>Descarga de segmentaci\u00f3n gen\u00e9rica (gso)<\/td>\n<\/tr>\n<tr>\n<td>Jumbo frame de 1,5 &#8211; 9 kb<\/td>\n<\/tr>\n<tr>\n<td>Descarga de suma de comprobaci\u00f3n tcp\/udp<\/td>\n<\/tr>\n<tr>\n<td>Escala lateral de transmisi\u00f3n (tss)<\/td>\n<\/tr>\n<tr>\n<td>Sr-iov<\/td>\n<\/tr>\n<tr>\n<td>Descarga de recepci\u00f3n grande (lro)<\/td>\n<\/tr>\n<\/table>\n","protected":false},"excerpt":{"rendered":"<p>Descripcion comercial. Modelos compatibles. Fs series:fs6400, fs3600, fs3410, fs3400, fs2500. Hd series:hd6500. Sa series:sa6400, sa3610, sa3600, sa3410, sa3400d, sa3400, sa3200d. Uc series:uc3400, uc3200. 23 series:rs2423rp+, rs2423+, ds1823xs. 22 series:rs822rp+, rs822+, ds3622xs+, ds2422. 21 series:rs4021xs+, rs3621xs+, rs3621rpxs, rs2821rp+, rs2421rp+, rs2421+, rs1221rp+, rs1221+, ds1821+, ds1621xs+, ds1621. 19 series:rs1619xs. 18 series:rs3618xs. 17 series:ds3617xsii, ds3617xs<\/p>\n","protected":false},"featured_media":242888,"comment_status":"open","ping_status":"open","template":"","meta":[],"product_cat":[1563,1572],"product_tag":[1561],"acf":[],"yoast_head":"<!-- This site is optimized with the Yoast SEO plugin v21.7 - https:\/\/yoast.com\/wordpress\/plugins\/seo\/ -->\n<title>[ Synology ] &#129351; E25g30-f2 Tarjeta De Red Sfp28 De 25 Gigabit Pcie 3.0 X8, Con Dos Puerto Para Equipos<\/title>\n<meta name=\"description\" content=\"Compra E25g30-f2 Tarjeta De Red Sfp28 De 25 Gigabit Pcie 3.0 X8, Con Dos Puerto Para Equipos + Env\u00edo a domicilio + Pago seguro + Garant\u00eda\" \/>\n<meta name=\"robots\" content=\"index, follow, max-snippet:-1, max-image-preview:large, max-video-preview:-1\" \/>\n<link rel=\"canonical\" href=\"https:\/\/compuviper.mx\/tienda\/producto\/synology-e25g30-f2-tarjeta-de-red-sfp28-de-25-gigabit-pcie-3-0-x8-con-dos-puerto-para-equipos\/\" \/>\n<meta property=\"og:locale\" content=\"es_MX\" \/>\n<meta property=\"og:type\" content=\"article\" \/>\n<meta property=\"og:title\" content=\"[ Synology ] &#129351; E25g30-f2 Tarjeta De Red Sfp28 De 25 Gigabit Pcie 3.0 X8, Con Dos Puerto Para Equipos\" \/>\n<meta property=\"og:description\" content=\"Compra E25g30-f2 Tarjeta De Red Sfp28 De 25 Gigabit Pcie 3.0 X8, Con Dos Puerto Para Equipos + Env\u00edo a domicilio + Pago seguro + Garant\u00eda\" \/>\n<meta property=\"og:url\" content=\"https:\/\/compuviper.mx\/tienda\/producto\/synology-e25g30-f2-tarjeta-de-red-sfp28-de-25-gigabit-pcie-3-0-x8-con-dos-puerto-para-equipos\/\" \/>\n<meta property=\"og:site_name\" content=\"Compuviper\" \/>\n<meta property=\"article:publisher\" content=\"https:\/\/www.facebook.com\/compuviper\" \/>\n<meta property=\"article:modified_time\" content=\"2026-04-18T07:12:01+00:00\" \/>\n<meta property=\"og:image\" content=\"https:\/\/compuviper.mx\/tienda\/wp-content\/uploads\/2024\/09\/Tarjeta-de-red-synology-sfp28-de-25-gigabit-pcie-3.0-x8-con-dos-puerto-para-equipos-synology.jpg\" \/>\n\t<meta property=\"og:image:width\" content=\"200\" \/>\n\t<meta property=\"og:image:height\" content=\"200\" \/>\n\t<meta property=\"og:image:type\" content=\"image\/jpeg\" \/>\n<meta name=\"twitter:card\" content=\"summary_large_image\" \/>\n<meta name=\"twitter:label1\" content=\"Precio\" \/>\n\t<meta name=\"twitter:data1\" content=\"&#36;7,259 con IVA\" \/>\n\t<meta name=\"twitter:label2\" content=\"Availability\" \/>\n\t<meta name=\"twitter:data2\" content=\"On backorder\" \/>\n<script type=\"application\/ld+json\" class=\"yoast-schema-graph\">{\"@context\":\"https:\/\/schema.org\",\"@graph\":[{\"@type\":\"WebPage\",\"@id\":\"https:\/\/compuviper.mx\/tienda\/producto\/synology-e25g30-f2-tarjeta-de-red-sfp28-de-25-gigabit-pcie-3-0-x8-con-dos-puerto-para-equipos\/\",\"url\":\"https:\/\/compuviper.mx\/tienda\/producto\/synology-e25g30-f2-tarjeta-de-red-sfp28-de-25-gigabit-pcie-3-0-x8-con-dos-puerto-para-equipos\/\",\"name\":\"[ Synology ] &#129351; E25g30-f2 Tarjeta De Red Sfp28 De 25 Gigabit Pcie 3.0 X8, Con Dos Puerto Para Equipos\",\"isPartOf\":{\"@id\":\"https:\/\/compuviper.mx\/tienda\/#website\"},\"datePublished\":\"2026-04-18T07:12:00+00:00\",\"dateModified\":\"2026-04-18T07:12:01+00:00\",\"description\":\"Compra E25g30-f2 Tarjeta De Red Sfp28 De 25 Gigabit Pcie 3.0 X8, Con Dos Puerto Para Equipos + Env\u00edo a domicilio + Pago seguro + Garant\u00eda\",\"breadcrumb\":{\"@id\":\"https:\/\/compuviper.mx\/tienda\/producto\/synology-e25g30-f2-tarjeta-de-red-sfp28-de-25-gigabit-pcie-3-0-x8-con-dos-puerto-para-equipos\/#breadcrumb\"},\"inLanguage\":\"es-MX\",\"potentialAction\":[{\"@type\":\"ReadAction\",\"target\":[\"https:\/\/compuviper.mx\/tienda\/producto\/synology-e25g30-f2-tarjeta-de-red-sfp28-de-25-gigabit-pcie-3-0-x8-con-dos-puerto-para-equipos\/\"]}]},{\"@type\":\"BreadcrumbList\",\"@id\":\"https:\/\/compuviper.mx\/tienda\/producto\/synology-e25g30-f2-tarjeta-de-red-sfp28-de-25-gigabit-pcie-3-0-x8-con-dos-puerto-para-equipos\/#breadcrumb\",\"itemListElement\":[{\"@type\":\"ListItem\",\"position\":1,\"name\":\"Inicio\",\"item\":\"https:\/\/compuviper.mx\/tienda\/\"},{\"@type\":\"ListItem\",\"position\":2,\"name\":\"Productos\",\"item\":\"https:\/\/compuviper.mx\/tienda\/productos\/\"},{\"@type\":\"ListItem\",\"position\":3,\"name\":\"Redes\",\"item\":\"https:\/\/compuviper.mx\/tienda\/categoria-producto\/redes\/\"},{\"@type\":\"ListItem\",\"position\":4,\"name\":\"Tarjetas De Red\",\"item\":\"https:\/\/compuviper.mx\/tienda\/categoria-producto\/redes\/tarjetas-de-red\/\"},{\"@type\":\"ListItem\",\"position\":5,\"name\":\"Synology E25g30-f2 Tarjeta De Red Sfp28 De 25 Gigabit Pcie 3.0 X8, Con Dos Puerto Para Equipos\"}]},{\"@type\":\"WebSite\",\"@id\":\"https:\/\/compuviper.mx\/tienda\/#website\",\"url\":\"https:\/\/compuviper.mx\/tienda\/\",\"name\":\"Compuviper\",\"description\":\"Proveedor de Computadoras, Laptops, Servidores, Monitores, Puntos de Venta, Teclados,   Impresoras, T\u00f3ner, C\u00e1maras de Seguridad y m\u00e1s en tu tienda en l\u00ednea\",\"publisher\":{\"@id\":\"https:\/\/compuviper.mx\/tienda\/#organization\"},\"potentialAction\":[{\"@type\":\"SearchAction\",\"target\":{\"@type\":\"EntryPoint\",\"urlTemplate\":\"https:\/\/compuviper.mx\/tienda\/?s={search_term_string}\"},\"query-input\":\"required name=search_term_string\"}],\"inLanguage\":\"es-MX\"},{\"@type\":\"Organization\",\"@id\":\"https:\/\/compuviper.mx\/tienda\/#organization\",\"name\":\"Compuviper\",\"url\":\"https:\/\/compuviper.mx\/tienda\/\",\"logo\":{\"@type\":\"ImageObject\",\"inLanguage\":\"es-MX\",\"@id\":\"https:\/\/compuviper.mx\/tienda\/#\/schema\/logo\/image\/\",\"url\":\"https:\/\/compuviper.mx\/tienda\/wp-content\/uploads\/2021\/08\/Logo-Compuviper-10.png\",\"contentUrl\":\"https:\/\/compuviper.mx\/tienda\/wp-content\/uploads\/2021\/08\/Logo-Compuviper-10.png\",\"width\":1000,\"height\":500,\"caption\":\"Compuviper\"},\"image\":{\"@id\":\"https:\/\/compuviper.mx\/tienda\/#\/schema\/logo\/image\/\"},\"sameAs\":[\"https:\/\/www.facebook.com\/compuviper\",\"https:\/\/www.youtube.com\/channel\/UCf73dERp9Y3cfOq7q8BhLjA?view_as=subscriber\"]}]}<\/script>\n<meta property=\"product:brand\" content=\"SYNOLOGY\" \/>\n<meta property=\"product:price:amount\" content=\"7259\" \/>\n<meta property=\"product:price:currency\" content=\"MXN\" \/>\n<meta property=\"og:availability\" content=\"backorder\" \/>\n<meta property=\"product:availability\" content=\"available for order\" \/>\n<meta property=\"product:retailer_item_id\" content=\"E25G30-F2\" \/>\n<meta property=\"product:condition\" content=\"new\" \/>\n<!-- \/ Yoast SEO plugin. -->","yoast_head_json":{"title":"[ Synology ] &#129351; E25g30-f2 Tarjeta De Red Sfp28 De 25 Gigabit Pcie 3.0 X8, Con Dos Puerto Para Equipos","description":"Compra E25g30-f2 Tarjeta De Red Sfp28 De 25 Gigabit Pcie 3.0 X8, Con Dos Puerto Para Equipos + Env\u00edo a domicilio + Pago seguro + Garant\u00eda","robots":{"index":"index","follow":"follow","max-snippet":"max-snippet:-1","max-image-preview":"max-image-preview:large","max-video-preview":"max-video-preview:-1"},"canonical":"https:\/\/compuviper.mx\/tienda\/producto\/synology-e25g30-f2-tarjeta-de-red-sfp28-de-25-gigabit-pcie-3-0-x8-con-dos-puerto-para-equipos\/","og_locale":"es_MX","og_type":"article","og_title":"[ Synology ] &#129351; E25g30-f2 Tarjeta De Red Sfp28 De 25 Gigabit Pcie 3.0 X8, Con Dos Puerto Para Equipos","og_description":"Compra E25g30-f2 Tarjeta De Red Sfp28 De 25 Gigabit Pcie 3.0 X8, Con Dos Puerto Para Equipos + Env\u00edo a domicilio + Pago seguro + Garant\u00eda","og_url":"https:\/\/compuviper.mx\/tienda\/producto\/synology-e25g30-f2-tarjeta-de-red-sfp28-de-25-gigabit-pcie-3-0-x8-con-dos-puerto-para-equipos\/","og_site_name":"Compuviper","article_publisher":"https:\/\/www.facebook.com\/compuviper","article_modified_time":"2026-04-18T07:12:01+00:00","og_image":[{"width":200,"height":200,"url":"https:\/\/compuviper.mx\/tienda\/wp-content\/uploads\/2024\/09\/Tarjeta-de-red-synology-sfp28-de-25-gigabit-pcie-3.0-x8-con-dos-puerto-para-equipos-synology.jpg","type":"image\/jpeg"}],"twitter_card":"summary_large_image","twitter_misc":{"Precio":"&#36;7,259 con IVA","Availability":"On backorder"},"schema":{"@context":"https:\/\/schema.org","@graph":[{"@type":"WebPage","@id":"https:\/\/compuviper.mx\/tienda\/producto\/synology-e25g30-f2-tarjeta-de-red-sfp28-de-25-gigabit-pcie-3-0-x8-con-dos-puerto-para-equipos\/","url":"https:\/\/compuviper.mx\/tienda\/producto\/synology-e25g30-f2-tarjeta-de-red-sfp28-de-25-gigabit-pcie-3-0-x8-con-dos-puerto-para-equipos\/","name":"[ Synology ] &#129351; E25g30-f2 Tarjeta De Red Sfp28 De 25 Gigabit Pcie 3.0 X8, Con Dos Puerto Para Equipos","isPartOf":{"@id":"https:\/\/compuviper.mx\/tienda\/#website"},"datePublished":"2026-04-18T07:12:00+00:00","dateModified":"2026-04-18T07:12:01+00:00","description":"Compra E25g30-f2 Tarjeta De Red Sfp28 De 25 Gigabit Pcie 3.0 X8, Con Dos Puerto Para Equipos + Env\u00edo a domicilio + Pago seguro + Garant\u00eda","breadcrumb":{"@id":"https:\/\/compuviper.mx\/tienda\/producto\/synology-e25g30-f2-tarjeta-de-red-sfp28-de-25-gigabit-pcie-3-0-x8-con-dos-puerto-para-equipos\/#breadcrumb"},"inLanguage":"es-MX","potentialAction":[{"@type":"ReadAction","target":["https:\/\/compuviper.mx\/tienda\/producto\/synology-e25g30-f2-tarjeta-de-red-sfp28-de-25-gigabit-pcie-3-0-x8-con-dos-puerto-para-equipos\/"]}]},{"@type":"BreadcrumbList","@id":"https:\/\/compuviper.mx\/tienda\/producto\/synology-e25g30-f2-tarjeta-de-red-sfp28-de-25-gigabit-pcie-3-0-x8-con-dos-puerto-para-equipos\/#breadcrumb","itemListElement":[{"@type":"ListItem","position":1,"name":"Inicio","item":"https:\/\/compuviper.mx\/tienda\/"},{"@type":"ListItem","position":2,"name":"Productos","item":"https:\/\/compuviper.mx\/tienda\/productos\/"},{"@type":"ListItem","position":3,"name":"Redes","item":"https:\/\/compuviper.mx\/tienda\/categoria-producto\/redes\/"},{"@type":"ListItem","position":4,"name":"Tarjetas De Red","item":"https:\/\/compuviper.mx\/tienda\/categoria-producto\/redes\/tarjetas-de-red\/"},{"@type":"ListItem","position":5,"name":"Synology E25g30-f2 Tarjeta De Red Sfp28 De 25 Gigabit Pcie 3.0 X8, Con Dos Puerto Para Equipos"}]},{"@type":"WebSite","@id":"https:\/\/compuviper.mx\/tienda\/#website","url":"https:\/\/compuviper.mx\/tienda\/","name":"Compuviper","description":"Proveedor de Computadoras, Laptops, Servidores, Monitores, Puntos de Venta, Teclados,   Impresoras, T\u00f3ner, C\u00e1maras de Seguridad y m\u00e1s en tu tienda en l\u00ednea","publisher":{"@id":"https:\/\/compuviper.mx\/tienda\/#organization"},"potentialAction":[{"@type":"SearchAction","target":{"@type":"EntryPoint","urlTemplate":"https:\/\/compuviper.mx\/tienda\/?s={search_term_string}"},"query-input":"required name=search_term_string"}],"inLanguage":"es-MX"},{"@type":"Organization","@id":"https:\/\/compuviper.mx\/tienda\/#organization","name":"Compuviper","url":"https:\/\/compuviper.mx\/tienda\/","logo":{"@type":"ImageObject","inLanguage":"es-MX","@id":"https:\/\/compuviper.mx\/tienda\/#\/schema\/logo\/image\/","url":"https:\/\/compuviper.mx\/tienda\/wp-content\/uploads\/2021\/08\/Logo-Compuviper-10.png","contentUrl":"https:\/\/compuviper.mx\/tienda\/wp-content\/uploads\/2021\/08\/Logo-Compuviper-10.png","width":1000,"height":500,"caption":"Compuviper"},"image":{"@id":"https:\/\/compuviper.mx\/tienda\/#\/schema\/logo\/image\/"},"sameAs":["https:\/\/www.facebook.com\/compuviper","https:\/\/www.youtube.com\/channel\/UCf73dERp9Y3cfOq7q8BhLjA?view_as=subscriber"]}]},"product_brand":"SYNOLOGY","product_price_amount":"7259","product_price_currency":"MXN","og_availability":"backorder","product_availability":"available for order","product_retailer_item_id":"E25G30-F2","product_condition":"new"},"_links":{"self":[{"href":"https:\/\/compuviper.mx\/tienda\/wp-json\/wp\/v2\/product\/240120"}],"collection":[{"href":"https:\/\/compuviper.mx\/tienda\/wp-json\/wp\/v2\/product"}],"about":[{"href":"https:\/\/compuviper.mx\/tienda\/wp-json\/wp\/v2\/types\/product"}],"replies":[{"embeddable":true,"href":"https:\/\/compuviper.mx\/tienda\/wp-json\/wp\/v2\/comments?post=240120"}],"wp:featuredmedia":[{"embeddable":true,"href":"https:\/\/compuviper.mx\/tienda\/wp-json\/wp\/v2\/media\/242888"}],"wp:attachment":[{"href":"https:\/\/compuviper.mx\/tienda\/wp-json\/wp\/v2\/media?parent=240120"}],"wp:term":[{"taxonomy":"product_cat","embeddable":true,"href":"https:\/\/compuviper.mx\/tienda\/wp-json\/wp\/v2\/product_cat?post=240120"},{"taxonomy":"product_tag","embeddable":true,"href":"https:\/\/compuviper.mx\/tienda\/wp-json\/wp\/v2\/product_tag?post=240120"}],"curies":[{"name":"wp","href":"https:\/\/api.w.org\/{rel}","templated":true}]}}