{"id":240074,"date":"2026-04-16T00:40:16","date_gmt":"2026-04-16T06:40:16","guid":{"rendered":"https:\/\/compuviper.mx\/tienda\/producto\/hewlett-packard-enterprise-p64842-b21-hpe-ssd-multiproveedor-esttico-960-gb-nvme-gen4-rendimiento-convencional-lectura-intensiva-sff-bc-u-3-v2\/"},"modified":"2026-04-16T00:40:17","modified_gmt":"2026-04-16T06:40:17","slug":"hewlett-packard-enterprise-p64842-b21-hpe-ssd-multiproveedor-esttico-960-gb-nvme-gen4-rendimiento-convencional-lectura-intensiva-sff-bc-u-3-v2","status":"publish","type":"product","link":"https:\/\/compuviper.mx\/tienda\/producto\/hewlett-packard-enterprise-p64842-b21-hpe-ssd-multiproveedor-esttico-960-gb-nvme-gen4-rendimiento-convencional-lectura-intensiva-sff-bc-u-3-v2\/","title":{"rendered":"Hewlett Packard Enterprise P64842-b21 Hpe Ssd Multiproveedor Est?tico 960 Gb Nvme Gen4 Rendimiento Convencional Lectura Intensiva Sff Bc U.3 V2"},"content":{"rendered":"<table class=\"descripcion\">\n<tr>\n<td>Escrituras durante la vida \u00fatil<\/td>\n<\/tr>\n<tr>\n<td>1752<\/td>\n<\/tr>\n<tr>\n<td>Resistencia dwpd (escrituras a la unidad por d\u00eda)<\/td>\n<\/tr>\n<tr>\n<td>1<\/td>\n<\/tr>\n<tr>\n<td>Iops de lectura<\/td>\n<\/tr>\n<tr>\n<td>Iops de lectura aleatoria (4kib, q=16) = 189 027 iops de lectura aleatoria m\u00e1xima (4kib)= 582 623 a q256<\/td>\n<\/tr>\n<tr>\n<td>Iops de escritura<\/td>\n<\/tr>\n<tr>\n<td>Iops de escritura aleatoria (4kib, q=16) = 71 425 iops de escritura aleatoria m\u00e1xima (4kib)= 83 000 a 4<\/td>\n<\/tr>\n<tr>\n<td>Alimentaci\u00f3n (vatios)<\/td>\n<\/tr>\n<tr>\n<td>10<\/td>\n<\/tr>\n<tr>\n<td>Tipo de conexi\u00f3n<\/td>\n<\/tr>\n<tr>\n<td>Conexi\u00f3n en caliente<\/td>\n<\/tr>\n<tr>\n<td>Altura<\/td>\n<\/tr>\n<tr>\n<td>15 mm<\/td>\n<\/tr>\n<tr>\n<td>Plataforma compatible<\/td>\n<\/tr>\n<tr>\n<td>Plataformas de computaci\u00f3n convencionales hpe<\/td>\n<\/tr>\n<tr>\n<td>Medidas del producto (m\u00e9trico)<\/td>\n<\/tr>\n<tr>\n<td>21,92 x 22,86 x 14,61 cm<\/td>\n<\/tr>\n<tr>\n<td>8.63 x 9 x 5.75 in<\/td>\n<\/tr>\n<tr>\n<td>Peso<\/td>\n<\/tr>\n<tr>\n<td>\u0095 0,5 kg<\/td>\n<\/tr>\n<tr>\n<td>\u0095 1.1 lb<\/td>\n<\/tr>\n<tr>\n<td>Garant\u00eda<\/td>\n<\/tr>\n<tr>\n<td>Los ssd hpe y las tarjetas complementarias tienen una garant\u00eda est\u00e1ndar 3\/0\/0<\/td>\n<\/tr>\n<tr>\n<td>Autorreparaci\u00f3n por parte del cliente (csr) sujeto a las limitaciones de uso m\u00e1ximo. el l\u00edmite de uso m\u00e1ximo es la cantidad m\u00e1xima de datos que pueden escribirse en la unidad. las unidades que hayan alcanzado dicho l\u00edmite no son elegibles para la cobertura de la garant\u00eda.<\/td>\n<\/tr>\n<\/table>\n","protected":false},"excerpt":{"rendered":"<p>Las unidades de estado s\u00f3lido de rendimiento convencional y de lectura intensiva est\u00e1ticas hpe nvme u.3 son las m\u00e1s adecuadas para aplicaciones que requieren una combinaci\u00f3n s\u00f3lida de iops de alta lectura, baja latencia y alta resistencia a un precio elevado. Las ssd nvme se comunican directamente con las aplicaciones a trav\u00e9s del bus pcie para aumentar el ancho de banda de e\/s y reducir la latencia.<\/p>\n","protected":false},"featured_media":242624,"comment_status":"open","ping_status":"open","template":"","meta":[],"product_cat":[1703,1708],"product_tag":[1568],"acf":[],"yoast_head":"<!-- This site is optimized with the Yoast SEO plugin v21.7 - https:\/\/yoast.com\/wordpress\/plugins\/seo\/ -->\n<title>[ Hewlett Packard Enterprise ] &#129351; P64842-b21 Hpe Ssd Multiproveedor Est\u00e1tico 960 Gb Nvme Gen4 Rendimiento Convencional Lectura Intensiva Sff Bc U.3 V2<\/title>\n<meta name=\"description\" content=\"Compra P64842-b21 Hpe Ssd Multiproveedor Est\u00e1tico 960 Gb Nvme Gen4 Rendimiento Convencional Lectura Intensiva Sff Bc U.3 V2 + Env\u00edo a domicilio + Pago seguro + Garant\u00eda\" \/>\n<meta name=\"robots\" content=\"index, follow, max-snippet:-1, max-image-preview:large, max-video-preview:-1\" \/>\n<link rel=\"canonical\" href=\"https:\/\/compuviper.mx\/tienda\/producto\/hewlett-packard-enterprise-p64842-b21-hpe-ssd-multiproveedor-esttico-960-gb-nvme-gen4-rendimiento-convencional-lectura-intensiva-sff-bc-u-3-v2\/\" \/>\n<meta property=\"og:locale\" content=\"es_MX\" \/>\n<meta property=\"og:type\" content=\"article\" \/>\n<meta property=\"og:title\" content=\"[ Hewlett Packard Enterprise ] &#129351; P64842-b21 Hpe Ssd Multiproveedor Est\u00e1tico 960 Gb Nvme Gen4 Rendimiento Convencional Lectura Intensiva Sff Bc U.3 V2\" \/>\n<meta property=\"og:description\" content=\"Compra P64842-b21 Hpe Ssd Multiproveedor Est\u00e1tico 960 Gb Nvme Gen4 Rendimiento Convencional Lectura Intensiva Sff Bc U.3 V2 + Env\u00edo a domicilio + Pago seguro + Garant\u00eda\" \/>\n<meta property=\"og:url\" content=\"https:\/\/compuviper.mx\/tienda\/producto\/hewlett-packard-enterprise-p64842-b21-hpe-ssd-multiproveedor-esttico-960-gb-nvme-gen4-rendimiento-convencional-lectura-intensiva-sff-bc-u-3-v2\/\" \/>\n<meta property=\"og:site_name\" content=\"Compuviper\" \/>\n<meta property=\"article:publisher\" content=\"https:\/\/www.facebook.com\/compuviper\" \/>\n<meta property=\"article:modified_time\" content=\"2026-04-16T06:40:17+00:00\" \/>\n<meta property=\"og:image\" content=\"https:\/\/compuviper.mx\/tienda\/wp-content\/uploads\/2024\/09\/Hpe-ssd-multiproveedor-estatico-960-gb-nvme-gen4-rendimiento-convencional-lectura-intensiva-sff-bc-u.3-v2.jpg\" \/>\n\t<meta property=\"og:image:width\" content=\"200\" \/>\n\t<meta property=\"og:image:height\" content=\"200\" \/>\n\t<meta property=\"og:image:type\" content=\"image\/jpeg\" \/>\n<meta name=\"twitter:card\" content=\"summary_large_image\" \/>\n<meta name=\"twitter:label1\" content=\"Precio\" \/>\n\t<meta name=\"twitter:data1\" content=\"&#36;122,452 con IVA\" \/>\n\t<meta name=\"twitter:label2\" content=\"Availability\" \/>\n\t<meta name=\"twitter:data2\" content=\"On backorder\" \/>\n<script type=\"application\/ld+json\" class=\"yoast-schema-graph\">{\"@context\":\"https:\/\/schema.org\",\"@graph\":[{\"@type\":\"WebPage\",\"@id\":\"https:\/\/compuviper.mx\/tienda\/producto\/hewlett-packard-enterprise-p64842-b21-hpe-ssd-multiproveedor-esttico-960-gb-nvme-gen4-rendimiento-convencional-lectura-intensiva-sff-bc-u-3-v2\/\",\"url\":\"https:\/\/compuviper.mx\/tienda\/producto\/hewlett-packard-enterprise-p64842-b21-hpe-ssd-multiproveedor-esttico-960-gb-nvme-gen4-rendimiento-convencional-lectura-intensiva-sff-bc-u-3-v2\/\",\"name\":\"[ Hewlett Packard Enterprise ] &#129351; P64842-b21 Hpe Ssd Multiproveedor Est\u00e1tico 960 Gb Nvme Gen4 Rendimiento Convencional Lectura Intensiva Sff Bc U.3 V2\",\"isPartOf\":{\"@id\":\"https:\/\/compuviper.mx\/tienda\/#website\"},\"datePublished\":\"2026-04-16T06:40:16+00:00\",\"dateModified\":\"2026-04-16T06:40:17+00:00\",\"description\":\"Compra P64842-b21 Hpe Ssd Multiproveedor Est\u00e1tico 960 Gb Nvme Gen4 Rendimiento Convencional Lectura Intensiva Sff Bc U.3 V2 + Env\u00edo a domicilio + Pago seguro + Garant\u00eda\",\"breadcrumb\":{\"@id\":\"https:\/\/compuviper.mx\/tienda\/producto\/hewlett-packard-enterprise-p64842-b21-hpe-ssd-multiproveedor-esttico-960-gb-nvme-gen4-rendimiento-convencional-lectura-intensiva-sff-bc-u-3-v2\/#breadcrumb\"},\"inLanguage\":\"es-MX\",\"potentialAction\":[{\"@type\":\"ReadAction\",\"target\":[\"https:\/\/compuviper.mx\/tienda\/producto\/hewlett-packard-enterprise-p64842-b21-hpe-ssd-multiproveedor-esttico-960-gb-nvme-gen4-rendimiento-convencional-lectura-intensiva-sff-bc-u-3-v2\/\"]}]},{\"@type\":\"BreadcrumbList\",\"@id\":\"https:\/\/compuviper.mx\/tienda\/producto\/hewlett-packard-enterprise-p64842-b21-hpe-ssd-multiproveedor-esttico-960-gb-nvme-gen4-rendimiento-convencional-lectura-intensiva-sff-bc-u-3-v2\/#breadcrumb\",\"itemListElement\":[{\"@type\":\"ListItem\",\"position\":1,\"name\":\"Inicio\",\"item\":\"https:\/\/compuviper.mx\/tienda\/\"},{\"@type\":\"ListItem\",\"position\":2,\"name\":\"Productos\",\"item\":\"https:\/\/compuviper.mx\/tienda\/productos\/\"},{\"@type\":\"ListItem\",\"position\":3,\"name\":\"Discos Duros\",\"item\":\"https:\/\/compuviper.mx\/tienda\/categoria-producto\/discos-duros\/\"},{\"@type\":\"ListItem\",\"position\":4,\"name\":\"Unidad De Estado Solido\",\"item\":\"https:\/\/compuviper.mx\/tienda\/categoria-producto\/discos-duros\/unidad-de-estado-solido\/\"},{\"@type\":\"ListItem\",\"position\":5,\"name\":\"Hewlett Packard Enterprise P64842-b21 Hpe Ssd Multiproveedor Est?tico 960 Gb Nvme Gen4 Rendimiento Convencional Lectura Intensiva Sff Bc U.3 V2\"}]},{\"@type\":\"WebSite\",\"@id\":\"https:\/\/compuviper.mx\/tienda\/#website\",\"url\":\"https:\/\/compuviper.mx\/tienda\/\",\"name\":\"Compuviper\",\"description\":\"Proveedor de Computadoras, Laptops, Servidores, Monitores, Puntos de Venta, Teclados,   Impresoras, T\u00f3ner, C\u00e1maras de Seguridad y m\u00e1s en tu tienda en l\u00ednea\",\"publisher\":{\"@id\":\"https:\/\/compuviper.mx\/tienda\/#organization\"},\"potentialAction\":[{\"@type\":\"SearchAction\",\"target\":{\"@type\":\"EntryPoint\",\"urlTemplate\":\"https:\/\/compuviper.mx\/tienda\/?s={search_term_string}\"},\"query-input\":\"required name=search_term_string\"}],\"inLanguage\":\"es-MX\"},{\"@type\":\"Organization\",\"@id\":\"https:\/\/compuviper.mx\/tienda\/#organization\",\"name\":\"Compuviper\",\"url\":\"https:\/\/compuviper.mx\/tienda\/\",\"logo\":{\"@type\":\"ImageObject\",\"inLanguage\":\"es-MX\",\"@id\":\"https:\/\/compuviper.mx\/tienda\/#\/schema\/logo\/image\/\",\"url\":\"https:\/\/compuviper.mx\/tienda\/wp-content\/uploads\/2021\/08\/Logo-Compuviper-10.png\",\"contentUrl\":\"https:\/\/compuviper.mx\/tienda\/wp-content\/uploads\/2021\/08\/Logo-Compuviper-10.png\",\"width\":1000,\"height\":500,\"caption\":\"Compuviper\"},\"image\":{\"@id\":\"https:\/\/compuviper.mx\/tienda\/#\/schema\/logo\/image\/\"},\"sameAs\":[\"https:\/\/www.facebook.com\/compuviper\",\"https:\/\/www.youtube.com\/channel\/UCf73dERp9Y3cfOq7q8BhLjA?view_as=subscriber\"]}]}<\/script>\n<meta property=\"product:brand\" content=\"HEWLETT PACKARD ENTERPRISE\" \/>\n<meta property=\"product:price:amount\" content=\"122452\" \/>\n<meta property=\"product:price:currency\" content=\"MXN\" \/>\n<meta property=\"og:availability\" content=\"backorder\" \/>\n<meta property=\"product:availability\" content=\"available for order\" \/>\n<meta property=\"product:retailer_item_id\" content=\"P64842-B21\" \/>\n<meta property=\"product:condition\" content=\"new\" \/>\n<!-- \/ Yoast SEO plugin. -->","yoast_head_json":{"title":"[ Hewlett Packard Enterprise ] &#129351; P64842-b21 Hpe Ssd Multiproveedor Est\u00e1tico 960 Gb Nvme Gen4 Rendimiento Convencional Lectura Intensiva Sff Bc U.3 V2","description":"Compra P64842-b21 Hpe Ssd Multiproveedor Est\u00e1tico 960 Gb Nvme Gen4 Rendimiento Convencional Lectura Intensiva Sff Bc U.3 V2 + Env\u00edo a domicilio + Pago seguro + Garant\u00eda","robots":{"index":"index","follow":"follow","max-snippet":"max-snippet:-1","max-image-preview":"max-image-preview:large","max-video-preview":"max-video-preview:-1"},"canonical":"https:\/\/compuviper.mx\/tienda\/producto\/hewlett-packard-enterprise-p64842-b21-hpe-ssd-multiproveedor-esttico-960-gb-nvme-gen4-rendimiento-convencional-lectura-intensiva-sff-bc-u-3-v2\/","og_locale":"es_MX","og_type":"article","og_title":"[ Hewlett Packard Enterprise ] &#129351; P64842-b21 Hpe Ssd Multiproveedor Est\u00e1tico 960 Gb Nvme Gen4 Rendimiento Convencional Lectura Intensiva Sff Bc U.3 V2","og_description":"Compra P64842-b21 Hpe Ssd Multiproveedor Est\u00e1tico 960 Gb Nvme Gen4 Rendimiento Convencional Lectura Intensiva Sff Bc U.3 V2 + Env\u00edo a domicilio + Pago seguro + Garant\u00eda","og_url":"https:\/\/compuviper.mx\/tienda\/producto\/hewlett-packard-enterprise-p64842-b21-hpe-ssd-multiproveedor-esttico-960-gb-nvme-gen4-rendimiento-convencional-lectura-intensiva-sff-bc-u-3-v2\/","og_site_name":"Compuviper","article_publisher":"https:\/\/www.facebook.com\/compuviper","article_modified_time":"2026-04-16T06:40:17+00:00","og_image":[{"width":200,"height":200,"url":"https:\/\/compuviper.mx\/tienda\/wp-content\/uploads\/2024\/09\/Hpe-ssd-multiproveedor-estatico-960-gb-nvme-gen4-rendimiento-convencional-lectura-intensiva-sff-bc-u.3-v2.jpg","type":"image\/jpeg"}],"twitter_card":"summary_large_image","twitter_misc":{"Precio":"&#36;122,452 con IVA","Availability":"On backorder"},"schema":{"@context":"https:\/\/schema.org","@graph":[{"@type":"WebPage","@id":"https:\/\/compuviper.mx\/tienda\/producto\/hewlett-packard-enterprise-p64842-b21-hpe-ssd-multiproveedor-esttico-960-gb-nvme-gen4-rendimiento-convencional-lectura-intensiva-sff-bc-u-3-v2\/","url":"https:\/\/compuviper.mx\/tienda\/producto\/hewlett-packard-enterprise-p64842-b21-hpe-ssd-multiproveedor-esttico-960-gb-nvme-gen4-rendimiento-convencional-lectura-intensiva-sff-bc-u-3-v2\/","name":"[ Hewlett Packard Enterprise ] &#129351; P64842-b21 Hpe Ssd Multiproveedor Est\u00e1tico 960 Gb Nvme Gen4 Rendimiento Convencional Lectura Intensiva Sff Bc U.3 V2","isPartOf":{"@id":"https:\/\/compuviper.mx\/tienda\/#website"},"datePublished":"2026-04-16T06:40:16+00:00","dateModified":"2026-04-16T06:40:17+00:00","description":"Compra P64842-b21 Hpe Ssd Multiproveedor Est\u00e1tico 960 Gb Nvme Gen4 Rendimiento Convencional Lectura Intensiva Sff Bc U.3 V2 + Env\u00edo a domicilio + Pago seguro + Garant\u00eda","breadcrumb":{"@id":"https:\/\/compuviper.mx\/tienda\/producto\/hewlett-packard-enterprise-p64842-b21-hpe-ssd-multiproveedor-esttico-960-gb-nvme-gen4-rendimiento-convencional-lectura-intensiva-sff-bc-u-3-v2\/#breadcrumb"},"inLanguage":"es-MX","potentialAction":[{"@type":"ReadAction","target":["https:\/\/compuviper.mx\/tienda\/producto\/hewlett-packard-enterprise-p64842-b21-hpe-ssd-multiproveedor-esttico-960-gb-nvme-gen4-rendimiento-convencional-lectura-intensiva-sff-bc-u-3-v2\/"]}]},{"@type":"BreadcrumbList","@id":"https:\/\/compuviper.mx\/tienda\/producto\/hewlett-packard-enterprise-p64842-b21-hpe-ssd-multiproveedor-esttico-960-gb-nvme-gen4-rendimiento-convencional-lectura-intensiva-sff-bc-u-3-v2\/#breadcrumb","itemListElement":[{"@type":"ListItem","position":1,"name":"Inicio","item":"https:\/\/compuviper.mx\/tienda\/"},{"@type":"ListItem","position":2,"name":"Productos","item":"https:\/\/compuviper.mx\/tienda\/productos\/"},{"@type":"ListItem","position":3,"name":"Discos Duros","item":"https:\/\/compuviper.mx\/tienda\/categoria-producto\/discos-duros\/"},{"@type":"ListItem","position":4,"name":"Unidad De Estado Solido","item":"https:\/\/compuviper.mx\/tienda\/categoria-producto\/discos-duros\/unidad-de-estado-solido\/"},{"@type":"ListItem","position":5,"name":"Hewlett Packard Enterprise P64842-b21 Hpe Ssd Multiproveedor Est?tico 960 Gb Nvme Gen4 Rendimiento Convencional Lectura Intensiva Sff Bc U.3 V2"}]},{"@type":"WebSite","@id":"https:\/\/compuviper.mx\/tienda\/#website","url":"https:\/\/compuviper.mx\/tienda\/","name":"Compuviper","description":"Proveedor de Computadoras, Laptops, Servidores, Monitores, Puntos de Venta, Teclados,   Impresoras, T\u00f3ner, C\u00e1maras de Seguridad y m\u00e1s en tu tienda en l\u00ednea","publisher":{"@id":"https:\/\/compuviper.mx\/tienda\/#organization"},"potentialAction":[{"@type":"SearchAction","target":{"@type":"EntryPoint","urlTemplate":"https:\/\/compuviper.mx\/tienda\/?s={search_term_string}"},"query-input":"required name=search_term_string"}],"inLanguage":"es-MX"},{"@type":"Organization","@id":"https:\/\/compuviper.mx\/tienda\/#organization","name":"Compuviper","url":"https:\/\/compuviper.mx\/tienda\/","logo":{"@type":"ImageObject","inLanguage":"es-MX","@id":"https:\/\/compuviper.mx\/tienda\/#\/schema\/logo\/image\/","url":"https:\/\/compuviper.mx\/tienda\/wp-content\/uploads\/2021\/08\/Logo-Compuviper-10.png","contentUrl":"https:\/\/compuviper.mx\/tienda\/wp-content\/uploads\/2021\/08\/Logo-Compuviper-10.png","width":1000,"height":500,"caption":"Compuviper"},"image":{"@id":"https:\/\/compuviper.mx\/tienda\/#\/schema\/logo\/image\/"},"sameAs":["https:\/\/www.facebook.com\/compuviper","https:\/\/www.youtube.com\/channel\/UCf73dERp9Y3cfOq7q8BhLjA?view_as=subscriber"]}]},"product_brand":"HEWLETT PACKARD ENTERPRISE","product_price_amount":"122452","product_price_currency":"MXN","og_availability":"backorder","product_availability":"available for order","product_retailer_item_id":"P64842-B21","product_condition":"new"},"_links":{"self":[{"href":"https:\/\/compuviper.mx\/tienda\/wp-json\/wp\/v2\/product\/240074"}],"collection":[{"href":"https:\/\/compuviper.mx\/tienda\/wp-json\/wp\/v2\/product"}],"about":[{"href":"https:\/\/compuviper.mx\/tienda\/wp-json\/wp\/v2\/types\/product"}],"replies":[{"embeddable":true,"href":"https:\/\/compuviper.mx\/tienda\/wp-json\/wp\/v2\/comments?post=240074"}],"wp:featuredmedia":[{"embeddable":true,"href":"https:\/\/compuviper.mx\/tienda\/wp-json\/wp\/v2\/media\/242624"}],"wp:attachment":[{"href":"https:\/\/compuviper.mx\/tienda\/wp-json\/wp\/v2\/media?parent=240074"}],"wp:term":[{"taxonomy":"product_cat","embeddable":true,"href":"https:\/\/compuviper.mx\/tienda\/wp-json\/wp\/v2\/product_cat?post=240074"},{"taxonomy":"product_tag","embeddable":true,"href":"https:\/\/compuviper.mx\/tienda\/wp-json\/wp\/v2\/product_tag?post=240074"}],"curies":[{"name":"wp","href":"https:\/\/api.w.org\/{rel}","templated":true}]}}