{"id":240043,"date":"2026-04-02T01:23:37","date_gmt":"2026-04-02T07:23:37","guid":{"rendered":"https:\/\/compuviper.mx\/tienda\/producto\/dahua-dhi-nvr4216-16p-4ks3-nvr-nvr-de-8-mp-4k-16-canales-ip-16-puertos-poe-rendimiento-de-160-mbps-smart-h-265-2-bahias-de-discos-duros-salidas-de-video-hdmi-and-vga-4-and-2-e-and-s-de-a\/"},"modified":"2026-04-03T00:00:20","modified_gmt":"2026-04-03T06:00:20","slug":"dahua-dhi-nvr4216-16p-4ks3-nvr-nvr-de-8-mp-4k-16-canales-ip-16-puertos-poe-rendimiento-de-160-mbps-smart-h-265-2-bahias-de-discos-duros-salidas-de-video-hdmivga-42-es-de-alarmas-sopor","status":"publish","type":"product","link":"https:\/\/compuviper.mx\/tienda\/producto\/dahua-dhi-nvr4216-16p-4ks3-nvr-nvr-de-8-mp-4k-16-canales-ip-16-puertos-poe-rendimiento-de-160-mbps-smart-h-265-2-bahias-de-discos-duros-salidas-de-video-hdmivga-42-es-de-alarmas-sopor\/","title":{"rendered":"Dahua Dhi-nvr4216-16p-4ks3 Nvr\/ \/  \/nvr De 8 Mp\/ 4k\/ 16 Canales Ip\/ 16 Puertos Poe\/ Rendimiento De 160 Mbps\/ Smart H.265\/ 2 Bahias De Discos Duros\/ Salidas De Video Hdmivga\/ 42 Es De Alarmas\/ Sopor"},"content":{"rendered":"<table class=\"descripcion\">\n<tr>\n<td>Caracteristicas principales<\/td>\n<\/tr>\n<tr>\n<td>\u0095 nueva interfaz de usuario 4.0, base de seguridad 2.1<\/td>\n<\/tr>\n<tr>\n<td>\u0095 h.264, h.265, inteligente h.264+ y inteligente h.265+. detector magnetico h.265 \u00b7 m\u00e1x. capacidad de decodificacion: 8 \u00d7 1080p@30 fps. admite decodificacion adaptativa<\/td>\n<\/tr>\n<tr>\n<td>\u0095 admite camaras convencionales de protocolos onvif y rts<\/td>\n<\/tr>\n<tr>\n<td>Especificaciones tecnicas<\/td>\n<\/tr>\n<tr>\n<td>\u0095 vigilancia remota p2p, reproduccion de video en dispositivo movil \u00b7 salida de video simultanea vga\/hdmi, la resoluci\u00f3n maxima de hdmi es 4k<\/td>\n<\/tr>\n<tr>\n<td>\u0095 ia por camara: deteccion de rostros, proteccion perimetral, ivs, conteo de personas, mapa de calor y smd<\/td>\n<\/tr>\n<tr>\n<td>\u0095 admite la configuracion y gestion remota de ipc, como configurar parametros, obtener informacion y actualizar ipc del mismo modelo en lotes.<\/td>\n<\/tr>\n<\/table>\n","protected":false},"excerpt":{"rendered":"<p>Informacion general. El nvr es compatible con numerosos dispositivos de terceros, lo que lo convierte en la solucion perfecta para sistemas de vigilancia que funcionan independientemente del sistema de gestion de video (vms). Cuenta con una arquitectura abierta que admite el acceso de multiples usuarios y es compatible con protocolo onvif profile s, t, g, que permite la interoperabilidad con c\u00e1maras ip. Conteo de personas por camara. Con un algoritmo de aprendizaje profundo, la tecnologia dahua people counting puede rastrear y procesar objetivos de cuerpos humanos en movimiento para obtener estadisticas precisas de n\u00famero de entrada, n\u00famero de salida y numero de area. Al trabajar con la plataforma de gestion, genera resultados anuales\/mensuales\/semanales\/diarios. Informes para satisfacer sus necesidades. Proteccion perimetral por camara. Filtrar automaticamente falsas alarmas causadas por animales, crujidos de hojas, luces brillantes, etc. Permite que el sistema actue como reconocimiento secundario de los objetivos. Mejora de la precision de las alarmas. Deteccion de rostros por camara. La deteccion de rostros consiste en detectar si aparece algun rostro humano en el v\u00eddeo. Esta tecnolog\u00eda adopta un algoritmo de aprendizaje profundo para admitir la deteccion, el seguimiento, la optimizacion y la captura de rostros, y luego genera la mejor instantanea del rostro.<\/p>\n","protected":false},"featured_media":254685,"comment_status":"open","ping_status":"open","template":"","meta":[],"product_cat":[1768,1689],"product_tag":[1555],"acf":[],"yoast_head":"<!-- This site is optimized with the Yoast SEO plugin v21.7 - https:\/\/yoast.com\/wordpress\/plugins\/seo\/ -->\n<title>[ Dahua ] &#129351; Dhi-nvr4216-16p-4ks3 Nvr\/ \/ \/nvr De 8 Mp\/ 4k\/ 16 Canales Ip\/ 16 Puertos Poe\/ Rendimiento De 160 Mbps\/ Smart H.265\/ 2 Bahias De Discos Duros\/ Salidas De Video Hdmivga\/ 42 Es De Alarmas\/ Sopor<\/title>\n<meta name=\"description\" content=\"Compra Dhi-nvr4216-16p-4ks3 Nvr\/ \/ \/nvr De 8 Mp\/ 4k\/ 16 Canales Ip\/ 16 Puertos Poe\/ Rendimiento De 160 Mbps\/ Smart H.265\/ 2 Bahias De Discos Duros\/ Salidas De Video Hdmivga\/ 42 Es De Alarmas\/ Sopor + Env\u00edo a domicilio + Pago seguro + Garant\u00eda\" \/>\n<meta name=\"robots\" content=\"index, follow, max-snippet:-1, max-image-preview:large, max-video-preview:-1\" \/>\n<link rel=\"canonical\" href=\"https:\/\/compuviper.mx\/tienda\/producto\/dahua-dhi-nvr4216-16p-4ks3-nvr-nvr-de-8-mp-4k-16-canales-ip-16-puertos-poe-rendimiento-de-160-mbps-smart-h-265-2-bahias-de-discos-duros-salidas-de-video-hdmivga-42-es-de-alarmas-sopor\/\" \/>\n<meta property=\"og:locale\" content=\"es_MX\" \/>\n<meta property=\"og:type\" content=\"article\" \/>\n<meta property=\"og:title\" content=\"[ Dahua ] &#129351; Dhi-nvr4216-16p-4ks3 Nvr\/ \/ \/nvr De 8 Mp\/ 4k\/ 16 Canales Ip\/ 16 Puertos Poe\/ Rendimiento De 160 Mbps\/ Smart H.265\/ 2 Bahias De Discos Duros\/ Salidas De Video Hdmivga\/ 42 Es De Alarmas\/ Sopor\" \/>\n<meta property=\"og:description\" content=\"Compra Dhi-nvr4216-16p-4ks3 Nvr\/ \/ \/nvr De 8 Mp\/ 4k\/ 16 Canales Ip\/ 16 Puertos Poe\/ Rendimiento De 160 Mbps\/ Smart H.265\/ 2 Bahias De Discos Duros\/ Salidas De Video Hdmivga\/ 42 Es De Alarmas\/ Sopor + Env\u00edo a domicilio + Pago seguro + Garant\u00eda\" \/>\n<meta property=\"og:url\" content=\"https:\/\/compuviper.mx\/tienda\/producto\/dahua-dhi-nvr4216-16p-4ks3-nvr-nvr-de-8-mp-4k-16-canales-ip-16-puertos-poe-rendimiento-de-160-mbps-smart-h-265-2-bahias-de-discos-duros-salidas-de-video-hdmivga-42-es-de-alarmas-sopor\/\" \/>\n<meta property=\"og:site_name\" content=\"Compuviper\" \/>\n<meta property=\"article:publisher\" content=\"https:\/\/www.facebook.com\/compuviper\" \/>\n<meta property=\"article:modified_time\" content=\"2026-04-03T06:00:20+00:00\" \/>\n<meta property=\"og:image\" content=\"https:\/\/compuviper.mx\/tienda\/wp-content\/uploads\/2025\/07\/Nvr-dahua-dhi-nvr4216-16p-4ks3-nvr-de-8-mp-4k-16-canales-ip-16-puertos-poe-rendimiento-de-160-mbps-smart-h.265-2-bahias-de-discos-duros-salidas-de-video-hdmivga-42-es-de-alarmas-sopor.jpg\" \/>\n\t<meta property=\"og:image:width\" content=\"200\" \/>\n\t<meta property=\"og:image:height\" content=\"200\" \/>\n\t<meta property=\"og:image:type\" content=\"image\/jpeg\" \/>\n<meta name=\"twitter:card\" content=\"summary_large_image\" \/>\n<meta name=\"twitter:label1\" content=\"Precio\" \/>\n\t<meta name=\"twitter:data1\" content=\"&#36;4,445 con IVA\" \/>\n\t<meta name=\"twitter:label2\" content=\"Availability\" \/>\n\t<meta name=\"twitter:data2\" content=\"Out of stock\" \/>\n<script type=\"application\/ld+json\" class=\"yoast-schema-graph\">{\"@context\":\"https:\/\/schema.org\",\"@graph\":[{\"@type\":\"WebPage\",\"@id\":\"https:\/\/compuviper.mx\/tienda\/producto\/dahua-dhi-nvr4216-16p-4ks3-nvr-nvr-de-8-mp-4k-16-canales-ip-16-puertos-poe-rendimiento-de-160-mbps-smart-h-265-2-bahias-de-discos-duros-salidas-de-video-hdmivga-42-es-de-alarmas-sopor\/\",\"url\":\"https:\/\/compuviper.mx\/tienda\/producto\/dahua-dhi-nvr4216-16p-4ks3-nvr-nvr-de-8-mp-4k-16-canales-ip-16-puertos-poe-rendimiento-de-160-mbps-smart-h-265-2-bahias-de-discos-duros-salidas-de-video-hdmivga-42-es-de-alarmas-sopor\/\",\"name\":\"[ Dahua ] &#129351; Dhi-nvr4216-16p-4ks3 Nvr\/ \/ \/nvr De 8 Mp\/ 4k\/ 16 Canales Ip\/ 16 Puertos Poe\/ Rendimiento De 160 Mbps\/ Smart H.265\/ 2 Bahias De Discos Duros\/ Salidas De Video Hdmivga\/ 42 Es De Alarmas\/ Sopor\",\"isPartOf\":{\"@id\":\"https:\/\/compuviper.mx\/tienda\/#website\"},\"datePublished\":\"2026-04-02T07:23:37+00:00\",\"dateModified\":\"2026-04-03T06:00:20+00:00\",\"description\":\"Compra Dhi-nvr4216-16p-4ks3 Nvr\/ \/ \/nvr De 8 Mp\/ 4k\/ 16 Canales Ip\/ 16 Puertos Poe\/ Rendimiento De 160 Mbps\/ Smart H.265\/ 2 Bahias De Discos Duros\/ Salidas De Video Hdmivga\/ 42 Es De Alarmas\/ Sopor + Env\u00edo a domicilio + Pago seguro + Garant\u00eda\",\"breadcrumb\":{\"@id\":\"https:\/\/compuviper.mx\/tienda\/producto\/dahua-dhi-nvr4216-16p-4ks3-nvr-nvr-de-8-mp-4k-16-canales-ip-16-puertos-poe-rendimiento-de-160-mbps-smart-h-265-2-bahias-de-discos-duros-salidas-de-video-hdmivga-42-es-de-alarmas-sopor\/#breadcrumb\"},\"inLanguage\":\"es-MX\",\"potentialAction\":[{\"@type\":\"ReadAction\",\"target\":[\"https:\/\/compuviper.mx\/tienda\/producto\/dahua-dhi-nvr4216-16p-4ks3-nvr-nvr-de-8-mp-4k-16-canales-ip-16-puertos-poe-rendimiento-de-160-mbps-smart-h-265-2-bahias-de-discos-duros-salidas-de-video-hdmivga-42-es-de-alarmas-sopor\/\"]}]},{\"@type\":\"BreadcrumbList\",\"@id\":\"https:\/\/compuviper.mx\/tienda\/producto\/dahua-dhi-nvr4216-16p-4ks3-nvr-nvr-de-8-mp-4k-16-canales-ip-16-puertos-poe-rendimiento-de-160-mbps-smart-h-265-2-bahias-de-discos-duros-salidas-de-video-hdmivga-42-es-de-alarmas-sopor\/#breadcrumb\",\"itemListElement\":[{\"@type\":\"ListItem\",\"position\":1,\"name\":\"Inicio\",\"item\":\"https:\/\/compuviper.mx\/tienda\/\"},{\"@type\":\"ListItem\",\"position\":2,\"name\":\"Productos\",\"item\":\"https:\/\/compuviper.mx\/tienda\/productos\/\"},{\"@type\":\"ListItem\",\"position\":3,\"name\":\"Videograbadores\",\"item\":\"https:\/\/compuviper.mx\/tienda\/categoria-producto\/videograbadores\/\"},{\"@type\":\"ListItem\",\"position\":4,\"name\":\"Nvr\",\"item\":\"https:\/\/compuviper.mx\/tienda\/categoria-producto\/videograbadores\/nvr\/\"},{\"@type\":\"ListItem\",\"position\":5,\"name\":\"Dahua Dhi-nvr4216-16p-4ks3 Nvr\/ \/ \/nvr De 8 Mp\/ 4k\/ 16 Canales Ip\/ 16 Puertos Poe\/ Rendimiento De 160 Mbps\/ Smart H.265\/ 2 Bahias De Discos Duros\/ Salidas De Video Hdmivga\/ 42 Es De Alarmas\/ Sopor\"}]},{\"@type\":\"WebSite\",\"@id\":\"https:\/\/compuviper.mx\/tienda\/#website\",\"url\":\"https:\/\/compuviper.mx\/tienda\/\",\"name\":\"Compuviper\",\"description\":\"Proveedor de Computadoras, Laptops, Servidores, Monitores, Puntos de Venta, Teclados,   Impresoras, T\u00f3ner, C\u00e1maras de Seguridad y m\u00e1s en tu tienda en l\u00ednea\",\"publisher\":{\"@id\":\"https:\/\/compuviper.mx\/tienda\/#organization\"},\"potentialAction\":[{\"@type\":\"SearchAction\",\"target\":{\"@type\":\"EntryPoint\",\"urlTemplate\":\"https:\/\/compuviper.mx\/tienda\/?s={search_term_string}\"},\"query-input\":\"required name=search_term_string\"}],\"inLanguage\":\"es-MX\"},{\"@type\":\"Organization\",\"@id\":\"https:\/\/compuviper.mx\/tienda\/#organization\",\"name\":\"Compuviper\",\"url\":\"https:\/\/compuviper.mx\/tienda\/\",\"logo\":{\"@type\":\"ImageObject\",\"inLanguage\":\"es-MX\",\"@id\":\"https:\/\/compuviper.mx\/tienda\/#\/schema\/logo\/image\/\",\"url\":\"https:\/\/compuviper.mx\/tienda\/wp-content\/uploads\/2021\/08\/Logo-Compuviper-10.png\",\"contentUrl\":\"https:\/\/compuviper.mx\/tienda\/wp-content\/uploads\/2021\/08\/Logo-Compuviper-10.png\",\"width\":1000,\"height\":500,\"caption\":\"Compuviper\"},\"image\":{\"@id\":\"https:\/\/compuviper.mx\/tienda\/#\/schema\/logo\/image\/\"},\"sameAs\":[\"https:\/\/www.facebook.com\/compuviper\",\"https:\/\/www.youtube.com\/channel\/UCf73dERp9Y3cfOq7q8BhLjA?view_as=subscriber\"]}]}<\/script>\n<meta property=\"product:brand\" content=\"DAHUA\" \/>\n<meta property=\"product:price:amount\" content=\"4445\" \/>\n<meta property=\"product:price:currency\" content=\"MXN\" \/>\n<meta property=\"og:availability\" content=\"out of stock\" \/>\n<meta property=\"product:availability\" content=\"out of stock\" \/>\n<meta property=\"product:retailer_item_id\" content=\"DHI-NVR4216-16P-4KS3\" \/>\n<meta property=\"product:condition\" content=\"new\" \/>\n<!-- \/ Yoast SEO plugin. -->","yoast_head_json":{"title":"[ Dahua ] &#129351; Dhi-nvr4216-16p-4ks3 Nvr\/ \/ \/nvr De 8 Mp\/ 4k\/ 16 Canales Ip\/ 16 Puertos Poe\/ Rendimiento De 160 Mbps\/ Smart H.265\/ 2 Bahias De Discos Duros\/ Salidas De Video Hdmivga\/ 42 Es De Alarmas\/ Sopor","description":"Compra Dhi-nvr4216-16p-4ks3 Nvr\/ \/ \/nvr De 8 Mp\/ 4k\/ 16 Canales Ip\/ 16 Puertos Poe\/ Rendimiento De 160 Mbps\/ Smart H.265\/ 2 Bahias De Discos Duros\/ Salidas De Video Hdmivga\/ 42 Es De Alarmas\/ Sopor + Env\u00edo a domicilio + Pago seguro + Garant\u00eda","robots":{"index":"index","follow":"follow","max-snippet":"max-snippet:-1","max-image-preview":"max-image-preview:large","max-video-preview":"max-video-preview:-1"},"canonical":"https:\/\/compuviper.mx\/tienda\/producto\/dahua-dhi-nvr4216-16p-4ks3-nvr-nvr-de-8-mp-4k-16-canales-ip-16-puertos-poe-rendimiento-de-160-mbps-smart-h-265-2-bahias-de-discos-duros-salidas-de-video-hdmivga-42-es-de-alarmas-sopor\/","og_locale":"es_MX","og_type":"article","og_title":"[ Dahua ] &#129351; Dhi-nvr4216-16p-4ks3 Nvr\/ \/ \/nvr De 8 Mp\/ 4k\/ 16 Canales Ip\/ 16 Puertos Poe\/ Rendimiento De 160 Mbps\/ Smart H.265\/ 2 Bahias De Discos Duros\/ Salidas De Video Hdmivga\/ 42 Es De Alarmas\/ Sopor","og_description":"Compra Dhi-nvr4216-16p-4ks3 Nvr\/ \/ \/nvr De 8 Mp\/ 4k\/ 16 Canales Ip\/ 16 Puertos Poe\/ Rendimiento De 160 Mbps\/ Smart H.265\/ 2 Bahias De Discos Duros\/ Salidas De Video Hdmivga\/ 42 Es De Alarmas\/ Sopor + Env\u00edo a domicilio + Pago seguro + Garant\u00eda","og_url":"https:\/\/compuviper.mx\/tienda\/producto\/dahua-dhi-nvr4216-16p-4ks3-nvr-nvr-de-8-mp-4k-16-canales-ip-16-puertos-poe-rendimiento-de-160-mbps-smart-h-265-2-bahias-de-discos-duros-salidas-de-video-hdmivga-42-es-de-alarmas-sopor\/","og_site_name":"Compuviper","article_publisher":"https:\/\/www.facebook.com\/compuviper","article_modified_time":"2026-04-03T06:00:20+00:00","og_image":[{"width":200,"height":200,"url":"https:\/\/compuviper.mx\/tienda\/wp-content\/uploads\/2025\/07\/Nvr-dahua-dhi-nvr4216-16p-4ks3-nvr-de-8-mp-4k-16-canales-ip-16-puertos-poe-rendimiento-de-160-mbps-smart-h.265-2-bahias-de-discos-duros-salidas-de-video-hdmivga-42-es-de-alarmas-sopor.jpg","type":"image\/jpeg"}],"twitter_card":"summary_large_image","twitter_misc":{"Precio":"&#36;4,445 con IVA","Availability":"Out of stock"},"schema":{"@context":"https:\/\/schema.org","@graph":[{"@type":"WebPage","@id":"https:\/\/compuviper.mx\/tienda\/producto\/dahua-dhi-nvr4216-16p-4ks3-nvr-nvr-de-8-mp-4k-16-canales-ip-16-puertos-poe-rendimiento-de-160-mbps-smart-h-265-2-bahias-de-discos-duros-salidas-de-video-hdmivga-42-es-de-alarmas-sopor\/","url":"https:\/\/compuviper.mx\/tienda\/producto\/dahua-dhi-nvr4216-16p-4ks3-nvr-nvr-de-8-mp-4k-16-canales-ip-16-puertos-poe-rendimiento-de-160-mbps-smart-h-265-2-bahias-de-discos-duros-salidas-de-video-hdmivga-42-es-de-alarmas-sopor\/","name":"[ Dahua ] &#129351; Dhi-nvr4216-16p-4ks3 Nvr\/ \/ \/nvr De 8 Mp\/ 4k\/ 16 Canales Ip\/ 16 Puertos Poe\/ Rendimiento De 160 Mbps\/ Smart H.265\/ 2 Bahias De Discos Duros\/ Salidas De Video Hdmivga\/ 42 Es De Alarmas\/ Sopor","isPartOf":{"@id":"https:\/\/compuviper.mx\/tienda\/#website"},"datePublished":"2026-04-02T07:23:37+00:00","dateModified":"2026-04-03T06:00:20+00:00","description":"Compra Dhi-nvr4216-16p-4ks3 Nvr\/ \/ \/nvr De 8 Mp\/ 4k\/ 16 Canales Ip\/ 16 Puertos Poe\/ Rendimiento De 160 Mbps\/ Smart H.265\/ 2 Bahias De Discos Duros\/ Salidas De Video Hdmivga\/ 42 Es De Alarmas\/ Sopor + Env\u00edo a domicilio + Pago seguro + Garant\u00eda","breadcrumb":{"@id":"https:\/\/compuviper.mx\/tienda\/producto\/dahua-dhi-nvr4216-16p-4ks3-nvr-nvr-de-8-mp-4k-16-canales-ip-16-puertos-poe-rendimiento-de-160-mbps-smart-h-265-2-bahias-de-discos-duros-salidas-de-video-hdmivga-42-es-de-alarmas-sopor\/#breadcrumb"},"inLanguage":"es-MX","potentialAction":[{"@type":"ReadAction","target":["https:\/\/compuviper.mx\/tienda\/producto\/dahua-dhi-nvr4216-16p-4ks3-nvr-nvr-de-8-mp-4k-16-canales-ip-16-puertos-poe-rendimiento-de-160-mbps-smart-h-265-2-bahias-de-discos-duros-salidas-de-video-hdmivga-42-es-de-alarmas-sopor\/"]}]},{"@type":"BreadcrumbList","@id":"https:\/\/compuviper.mx\/tienda\/producto\/dahua-dhi-nvr4216-16p-4ks3-nvr-nvr-de-8-mp-4k-16-canales-ip-16-puertos-poe-rendimiento-de-160-mbps-smart-h-265-2-bahias-de-discos-duros-salidas-de-video-hdmivga-42-es-de-alarmas-sopor\/#breadcrumb","itemListElement":[{"@type":"ListItem","position":1,"name":"Inicio","item":"https:\/\/compuviper.mx\/tienda\/"},{"@type":"ListItem","position":2,"name":"Productos","item":"https:\/\/compuviper.mx\/tienda\/productos\/"},{"@type":"ListItem","position":3,"name":"Videograbadores","item":"https:\/\/compuviper.mx\/tienda\/categoria-producto\/videograbadores\/"},{"@type":"ListItem","position":4,"name":"Nvr","item":"https:\/\/compuviper.mx\/tienda\/categoria-producto\/videograbadores\/nvr\/"},{"@type":"ListItem","position":5,"name":"Dahua Dhi-nvr4216-16p-4ks3 Nvr\/ \/ \/nvr De 8 Mp\/ 4k\/ 16 Canales Ip\/ 16 Puertos Poe\/ Rendimiento De 160 Mbps\/ Smart H.265\/ 2 Bahias De Discos Duros\/ Salidas De Video Hdmivga\/ 42 Es De Alarmas\/ Sopor"}]},{"@type":"WebSite","@id":"https:\/\/compuviper.mx\/tienda\/#website","url":"https:\/\/compuviper.mx\/tienda\/","name":"Compuviper","description":"Proveedor de Computadoras, Laptops, Servidores, Monitores, Puntos de Venta, Teclados,   Impresoras, T\u00f3ner, C\u00e1maras de Seguridad y m\u00e1s en tu tienda en l\u00ednea","publisher":{"@id":"https:\/\/compuviper.mx\/tienda\/#organization"},"potentialAction":[{"@type":"SearchAction","target":{"@type":"EntryPoint","urlTemplate":"https:\/\/compuviper.mx\/tienda\/?s={search_term_string}"},"query-input":"required name=search_term_string"}],"inLanguage":"es-MX"},{"@type":"Organization","@id":"https:\/\/compuviper.mx\/tienda\/#organization","name":"Compuviper","url":"https:\/\/compuviper.mx\/tienda\/","logo":{"@type":"ImageObject","inLanguage":"es-MX","@id":"https:\/\/compuviper.mx\/tienda\/#\/schema\/logo\/image\/","url":"https:\/\/compuviper.mx\/tienda\/wp-content\/uploads\/2021\/08\/Logo-Compuviper-10.png","contentUrl":"https:\/\/compuviper.mx\/tienda\/wp-content\/uploads\/2021\/08\/Logo-Compuviper-10.png","width":1000,"height":500,"caption":"Compuviper"},"image":{"@id":"https:\/\/compuviper.mx\/tienda\/#\/schema\/logo\/image\/"},"sameAs":["https:\/\/www.facebook.com\/compuviper","https:\/\/www.youtube.com\/channel\/UCf73dERp9Y3cfOq7q8BhLjA?view_as=subscriber"]}]},"product_brand":"DAHUA","product_price_amount":"4445","product_price_currency":"MXN","og_availability":"out of stock","product_availability":"out of stock","product_retailer_item_id":"DHI-NVR4216-16P-4KS3","product_condition":"new"},"_links":{"self":[{"href":"https:\/\/compuviper.mx\/tienda\/wp-json\/wp\/v2\/product\/240043"}],"collection":[{"href":"https:\/\/compuviper.mx\/tienda\/wp-json\/wp\/v2\/product"}],"about":[{"href":"https:\/\/compuviper.mx\/tienda\/wp-json\/wp\/v2\/types\/product"}],"replies":[{"embeddable":true,"href":"https:\/\/compuviper.mx\/tienda\/wp-json\/wp\/v2\/comments?post=240043"}],"wp:featuredmedia":[{"embeddable":true,"href":"https:\/\/compuviper.mx\/tienda\/wp-json\/wp\/v2\/media\/254685"}],"wp:attachment":[{"href":"https:\/\/compuviper.mx\/tienda\/wp-json\/wp\/v2\/media?parent=240043"}],"wp:term":[{"taxonomy":"product_cat","embeddable":true,"href":"https:\/\/compuviper.mx\/tienda\/wp-json\/wp\/v2\/product_cat?post=240043"},{"taxonomy":"product_tag","embeddable":true,"href":"https:\/\/compuviper.mx\/tienda\/wp-json\/wp\/v2\/product_tag?post=240043"}],"curies":[{"name":"wp","href":"https:\/\/api.w.org\/{rel}","templated":true}]}}