{"id":240008,"date":"2026-04-01T23:13:32","date_gmt":"2026-04-02T05:13:32","guid":{"rendered":"https:\/\/compuviper.mx\/tienda\/producto\/tp-link-archer-tx50uh-adaptador-tp-link-wifi-6-doble-banda-seguridad-wpa3\/"},"modified":"2026-04-01T23:13:32","modified_gmt":"2026-04-02T05:13:32","slug":"tp-link-archer-tx50uh-adaptador-tp-link-wifi-6-doble-banda-seguridad-wpa3","status":"publish","type":"product","link":"https:\/\/compuviper.mx\/tienda\/producto\/tp-link-archer-tx50uh-adaptador-tp-link-wifi-6-doble-banda-seguridad-wpa3\/","title":{"rendered":"Tp Link Archer  Tx50uh Adaptador | Tp-link |  | Wifi 6 | Doble Banda | Seguridad Wpa3 |"},"content":{"rendered":"<table class=\"descripcion\">\n<tr>\n<td>Caracter\u00edsticas de hardware<\/td>\n<\/tr>\n<tr>\n<td>Led<\/td>\n<\/tr>\n<tr>\n<td>Estado<\/td>\n<\/tr>\n<tr>\n<td>Dimensiones<\/td>\n<\/tr>\n<tr>\n<td>30,5 \u00d7 14,8 \u00d7 111,7 mm<\/td>\n<\/tr>\n<tr>\n<td>Antenas<\/td>\n<\/tr>\n<tr>\n<td>2\u00d7 antenas de doble banda y alta ganancia<\/td>\n<\/tr>\n<tr>\n<td>Caracter\u00edsticas inal\u00e1mbricas<\/td>\n<\/tr>\n<tr>\n<td>Est\u00e1ndares inal\u00e1mbricos<\/td>\n<\/tr>\n<tr>\n<td>Ieee 802.11a\/b\/g\/n\/ac\/ax<\/td>\n<\/tr>\n<tr>\n<td>Tasa de se\u00f1al<\/td>\n<\/tr>\n<tr>\n<td>5 ghz:<\/td>\n<\/tr>\n<tr>\n<td>11ax: hasta 2402 mbps(din\u00e1micos)<\/td>\n<\/tr>\n<tr>\n<td>11ac: hasta 1733 mbps(din\u00e1mico)<\/td>\n<\/tr>\n<tr>\n<td>11n: hasta 300 mbps(din\u00e1mico)<\/td>\n<\/tr>\n<tr>\n<td>11a: hasta 54 mbps(din\u00e1micos)<\/td>\n<\/tr>\n<tr>\n<td>2,4 ghz:<\/td>\n<\/tr>\n<tr>\n<td>11ax: hasta 574 mbps(din\u00e1micos)<\/td>\n<\/tr>\n<tr>\n<td>11n: hasta 300 mbps(din\u00e1mico)<\/td>\n<\/tr>\n<tr>\n<td>11g: hasta 54 mbps(din\u00e1mico)<\/td>\n<\/tr>\n<tr>\n<td>11b: hasta 11 mbps(din\u00e1mico)<\/td>\n<\/tr>\n<tr>\n<td>Potencia de transmisi\u00f3n<\/td>\n<\/tr>\n<tr>\n<td>5 ghz: 15 dbm(fcc)<\/td>\n<\/tr>\n<tr>\n<td>2,4 ghz : 15 dbm(fcc)<\/td>\n<\/tr>\n<tr>\n<td>Modos inal\u00e1mbricos<\/td>\n<\/tr>\n<tr>\n<td>Modo infraestructura<\/td>\n<\/tr>\n<tr>\n<td>Seguridad inal\u00e1mbrica<\/td>\n<\/tr>\n<tr>\n<td>Wep, wpa\/wpa2\/wpa3, wpa-psk\/wpa2-psk<\/td>\n<\/tr>\n<tr>\n<td>Otros<\/td>\n<\/tr>\n<tr>\n<td>Certificaciones<\/td>\n<\/tr>\n<tr>\n<td>Fcc, ce, rohs<\/td>\n<\/tr>\n<tr>\n<td>Contenido del paquete<\/td>\n<\/tr>\n<tr>\n<td>Ax3000 adaptador usb inal\u00e1mbrico de alta ganancia archer tx50uh<\/td>\n<\/tr>\n<tr>\n<td>Gu\u00eda de instalaci\u00f3n r\u00e1pida<\/td>\n<\/tr>\n<tr>\n<td>Base usb 3.0<\/td>\n<\/tr>\n<tr>\n<td>Requisitos del sistema<\/td>\n<\/tr>\n<tr>\n<td>S.o windows 10\/11<\/td>\n<\/tr>\n<tr>\n<td>Factores ambientales<\/td>\n<\/tr>\n<tr>\n<td>Temperatura de funcionamiento: 0 and #8451;~40 and #8451; (32 and #8457; ~104 and #8457;)<\/td>\n<\/tr>\n<tr>\n<td>Humedad de funcionamiento: 10%~90% sin condensaci\u00f3n.<\/td>\n<\/tr>\n<tr>\n<td>Humedad de almacenamiento: 5%~90% sin condensaci\u00f3n.<\/td>\n<\/tr>\n<\/table>\n","protected":false},"excerpt":{"rendered":"<p>Wifi 6. Aumenta tus velocidades hasta 2402 mbps (5 ghz) + 574 mbps (2,4 ghz). Doble banda. Compatible con las bandas de 2,4 y 5ghz. Mayor cobertura. Con\u00e9ctate a tu wifi con antenas de alta ganancia y beamforming. Menor latencia. Ofdma y mu-mimo para mejorar la conexi\u00f3n wifi de tu pc. Seguridad wpa3. Ofrece las \u00faltimas mejoras de seguridad para la protecci\u00f3n de tu red wifi. Usb 3.0. Hasta 10 veces m\u00e1s r\u00e1pido.<\/p>\n","protected":false},"featured_media":241999,"comment_status":"open","ping_status":"open","template":"","meta":[],"product_cat":[1485,1492],"product_tag":[1562],"acf":[],"yoast_head":"<!-- This site is optimized with the Yoast SEO plugin v21.7 - https:\/\/yoast.com\/wordpress\/plugins\/seo\/ -->\n<title>[ Tp Link ] &#129351; Archer Tx50uh Adaptador | Tp-link | | Wifi 6 | Doble Banda | Seguridad Wpa3 |<\/title>\n<meta name=\"description\" content=\"Compra Archer Tx50uh Adaptador | Tp-link | | Wifi 6 | Doble Banda | Seguridad Wpa3 | + Env\u00edo a domicilio + Pago seguro + Garant\u00eda\" \/>\n<meta name=\"robots\" content=\"index, follow, max-snippet:-1, max-image-preview:large, max-video-preview:-1\" \/>\n<link rel=\"canonical\" href=\"https:\/\/compuviper.mx\/tienda\/producto\/tp-link-archer-tx50uh-adaptador-tp-link-wifi-6-doble-banda-seguridad-wpa3\/\" \/>\n<meta property=\"og:locale\" content=\"es_MX\" \/>\n<meta property=\"og:type\" content=\"article\" \/>\n<meta property=\"og:title\" content=\"[ Tp Link ] &#129351; Archer Tx50uh Adaptador | Tp-link | | Wifi 6 | Doble Banda | Seguridad Wpa3 |\" \/>\n<meta property=\"og:description\" content=\"Compra Archer Tx50uh Adaptador | Tp-link | | Wifi 6 | Doble Banda | Seguridad Wpa3 | + Env\u00edo a domicilio + Pago seguro + Garant\u00eda\" \/>\n<meta property=\"og:url\" content=\"https:\/\/compuviper.mx\/tienda\/producto\/tp-link-archer-tx50uh-adaptador-tp-link-wifi-6-doble-banda-seguridad-wpa3\/\" \/>\n<meta property=\"og:site_name\" content=\"Compuviper\" \/>\n<meta property=\"article:publisher\" content=\"https:\/\/www.facebook.com\/compuviper\" \/>\n<meta property=\"og:image\" content=\"https:\/\/compuviper.mx\/tienda\/wp-content\/uploads\/2024\/09\/Adaptador-tp-link-archer-tx50uh-wifi-6-doble-banda-seguridad-wpa3.jpg\" \/>\n\t<meta property=\"og:image:width\" content=\"200\" \/>\n\t<meta property=\"og:image:height\" content=\"200\" \/>\n\t<meta property=\"og:image:type\" content=\"image\/jpeg\" \/>\n<meta name=\"twitter:card\" content=\"summary_large_image\" \/>\n<meta name=\"twitter:label1\" content=\"Precio\" \/>\n\t<meta name=\"twitter:data1\" content=\"&#36;569 con IVA\" \/>\n\t<meta name=\"twitter:label2\" content=\"Availability\" \/>\n\t<meta name=\"twitter:data2\" content=\"Out of stock\" \/>\n<script type=\"application\/ld+json\" class=\"yoast-schema-graph\">{\"@context\":\"https:\/\/schema.org\",\"@graph\":[{\"@type\":\"WebPage\",\"@id\":\"https:\/\/compuviper.mx\/tienda\/producto\/tp-link-archer-tx50uh-adaptador-tp-link-wifi-6-doble-banda-seguridad-wpa3\/\",\"url\":\"https:\/\/compuviper.mx\/tienda\/producto\/tp-link-archer-tx50uh-adaptador-tp-link-wifi-6-doble-banda-seguridad-wpa3\/\",\"name\":\"[ Tp Link ] &#129351; Archer Tx50uh Adaptador | Tp-link | | Wifi 6 | Doble Banda | Seguridad Wpa3 |\",\"isPartOf\":{\"@id\":\"https:\/\/compuviper.mx\/tienda\/#website\"},\"datePublished\":\"2026-04-02T05:13:32+00:00\",\"dateModified\":\"2026-04-02T05:13:32+00:00\",\"description\":\"Compra Archer Tx50uh Adaptador | Tp-link | | Wifi 6 | Doble Banda | Seguridad Wpa3 | + Env\u00edo a domicilio + Pago seguro + Garant\u00eda\",\"breadcrumb\":{\"@id\":\"https:\/\/compuviper.mx\/tienda\/producto\/tp-link-archer-tx50uh-adaptador-tp-link-wifi-6-doble-banda-seguridad-wpa3\/#breadcrumb\"},\"inLanguage\":\"es-MX\",\"potentialAction\":[{\"@type\":\"ReadAction\",\"target\":[\"https:\/\/compuviper.mx\/tienda\/producto\/tp-link-archer-tx50uh-adaptador-tp-link-wifi-6-doble-banda-seguridad-wpa3\/\"]}]},{\"@type\":\"BreadcrumbList\",\"@id\":\"https:\/\/compuviper.mx\/tienda\/producto\/tp-link-archer-tx50uh-adaptador-tp-link-wifi-6-doble-banda-seguridad-wpa3\/#breadcrumb\",\"itemListElement\":[{\"@type\":\"ListItem\",\"position\":1,\"name\":\"Inicio\",\"item\":\"https:\/\/compuviper.mx\/tienda\/\"},{\"@type\":\"ListItem\",\"position\":2,\"name\":\"Productos\",\"item\":\"https:\/\/compuviper.mx\/tienda\/productos\/\"},{\"@type\":\"ListItem\",\"position\":3,\"name\":\"Accesorios\",\"item\":\"https:\/\/compuviper.mx\/tienda\/categoria-producto\/accesorios\/\"},{\"@type\":\"ListItem\",\"position\":4,\"name\":\"Adaptadores\",\"item\":\"https:\/\/compuviper.mx\/tienda\/categoria-producto\/accesorios\/adaptadores\/\"},{\"@type\":\"ListItem\",\"position\":5,\"name\":\"Tp Link Archer Tx50uh Adaptador | Tp-link | | Wifi 6 | Doble Banda | Seguridad Wpa3 |\"}]},{\"@type\":\"WebSite\",\"@id\":\"https:\/\/compuviper.mx\/tienda\/#website\",\"url\":\"https:\/\/compuviper.mx\/tienda\/\",\"name\":\"Compuviper\",\"description\":\"Proveedor de Computadoras, Laptops, Servidores, Monitores, Puntos de Venta, Teclados,   Impresoras, T\u00f3ner, C\u00e1maras de Seguridad y m\u00e1s en tu tienda en l\u00ednea\",\"publisher\":{\"@id\":\"https:\/\/compuviper.mx\/tienda\/#organization\"},\"potentialAction\":[{\"@type\":\"SearchAction\",\"target\":{\"@type\":\"EntryPoint\",\"urlTemplate\":\"https:\/\/compuviper.mx\/tienda\/?s={search_term_string}\"},\"query-input\":\"required name=search_term_string\"}],\"inLanguage\":\"es-MX\"},{\"@type\":\"Organization\",\"@id\":\"https:\/\/compuviper.mx\/tienda\/#organization\",\"name\":\"Compuviper\",\"url\":\"https:\/\/compuviper.mx\/tienda\/\",\"logo\":{\"@type\":\"ImageObject\",\"inLanguage\":\"es-MX\",\"@id\":\"https:\/\/compuviper.mx\/tienda\/#\/schema\/logo\/image\/\",\"url\":\"https:\/\/compuviper.mx\/tienda\/wp-content\/uploads\/2021\/08\/Logo-Compuviper-10.png\",\"contentUrl\":\"https:\/\/compuviper.mx\/tienda\/wp-content\/uploads\/2021\/08\/Logo-Compuviper-10.png\",\"width\":1000,\"height\":500,\"caption\":\"Compuviper\"},\"image\":{\"@id\":\"https:\/\/compuviper.mx\/tienda\/#\/schema\/logo\/image\/\"},\"sameAs\":[\"https:\/\/www.facebook.com\/compuviper\",\"https:\/\/www.youtube.com\/channel\/UCf73dERp9Y3cfOq7q8BhLjA?view_as=subscriber\"]}]}<\/script>\n<meta property=\"product:brand\" content=\"TP LINK\" \/>\n<meta property=\"product:price:amount\" content=\"569\" \/>\n<meta property=\"product:price:currency\" content=\"MXN\" \/>\n<meta property=\"og:availability\" content=\"out of stock\" \/>\n<meta property=\"product:availability\" content=\"out of stock\" \/>\n<meta property=\"product:retailer_item_id\" content=\"ARCHER TX50UH\" \/>\n<meta property=\"product:condition\" content=\"new\" \/>\n<!-- \/ Yoast SEO plugin. -->","yoast_head_json":{"title":"[ Tp Link ] &#129351; Archer Tx50uh Adaptador | Tp-link | | Wifi 6 | Doble Banda | Seguridad Wpa3 |","description":"Compra Archer Tx50uh Adaptador | Tp-link | | Wifi 6 | Doble Banda | Seguridad Wpa3 | + Env\u00edo a domicilio + Pago seguro + Garant\u00eda","robots":{"index":"index","follow":"follow","max-snippet":"max-snippet:-1","max-image-preview":"max-image-preview:large","max-video-preview":"max-video-preview:-1"},"canonical":"https:\/\/compuviper.mx\/tienda\/producto\/tp-link-archer-tx50uh-adaptador-tp-link-wifi-6-doble-banda-seguridad-wpa3\/","og_locale":"es_MX","og_type":"article","og_title":"[ Tp Link ] &#129351; Archer Tx50uh Adaptador | Tp-link | | Wifi 6 | Doble Banda | Seguridad Wpa3 |","og_description":"Compra Archer Tx50uh Adaptador | Tp-link | | Wifi 6 | Doble Banda | Seguridad Wpa3 | + Env\u00edo a domicilio + Pago seguro + Garant\u00eda","og_url":"https:\/\/compuviper.mx\/tienda\/producto\/tp-link-archer-tx50uh-adaptador-tp-link-wifi-6-doble-banda-seguridad-wpa3\/","og_site_name":"Compuviper","article_publisher":"https:\/\/www.facebook.com\/compuviper","og_image":[{"width":200,"height":200,"url":"https:\/\/compuviper.mx\/tienda\/wp-content\/uploads\/2024\/09\/Adaptador-tp-link-archer-tx50uh-wifi-6-doble-banda-seguridad-wpa3.jpg","type":"image\/jpeg"}],"twitter_card":"summary_large_image","twitter_misc":{"Precio":"&#36;569 con IVA","Availability":"Out of stock"},"schema":{"@context":"https:\/\/schema.org","@graph":[{"@type":"WebPage","@id":"https:\/\/compuviper.mx\/tienda\/producto\/tp-link-archer-tx50uh-adaptador-tp-link-wifi-6-doble-banda-seguridad-wpa3\/","url":"https:\/\/compuviper.mx\/tienda\/producto\/tp-link-archer-tx50uh-adaptador-tp-link-wifi-6-doble-banda-seguridad-wpa3\/","name":"[ Tp Link ] &#129351; Archer Tx50uh Adaptador | Tp-link | | Wifi 6 | Doble Banda | Seguridad Wpa3 |","isPartOf":{"@id":"https:\/\/compuviper.mx\/tienda\/#website"},"datePublished":"2026-04-02T05:13:32+00:00","dateModified":"2026-04-02T05:13:32+00:00","description":"Compra Archer Tx50uh Adaptador | Tp-link | | Wifi 6 | Doble Banda | Seguridad Wpa3 | + Env\u00edo a domicilio + Pago seguro + Garant\u00eda","breadcrumb":{"@id":"https:\/\/compuviper.mx\/tienda\/producto\/tp-link-archer-tx50uh-adaptador-tp-link-wifi-6-doble-banda-seguridad-wpa3\/#breadcrumb"},"inLanguage":"es-MX","potentialAction":[{"@type":"ReadAction","target":["https:\/\/compuviper.mx\/tienda\/producto\/tp-link-archer-tx50uh-adaptador-tp-link-wifi-6-doble-banda-seguridad-wpa3\/"]}]},{"@type":"BreadcrumbList","@id":"https:\/\/compuviper.mx\/tienda\/producto\/tp-link-archer-tx50uh-adaptador-tp-link-wifi-6-doble-banda-seguridad-wpa3\/#breadcrumb","itemListElement":[{"@type":"ListItem","position":1,"name":"Inicio","item":"https:\/\/compuviper.mx\/tienda\/"},{"@type":"ListItem","position":2,"name":"Productos","item":"https:\/\/compuviper.mx\/tienda\/productos\/"},{"@type":"ListItem","position":3,"name":"Accesorios","item":"https:\/\/compuviper.mx\/tienda\/categoria-producto\/accesorios\/"},{"@type":"ListItem","position":4,"name":"Adaptadores","item":"https:\/\/compuviper.mx\/tienda\/categoria-producto\/accesorios\/adaptadores\/"},{"@type":"ListItem","position":5,"name":"Tp Link Archer Tx50uh Adaptador | Tp-link | | Wifi 6 | Doble Banda | Seguridad Wpa3 |"}]},{"@type":"WebSite","@id":"https:\/\/compuviper.mx\/tienda\/#website","url":"https:\/\/compuviper.mx\/tienda\/","name":"Compuviper","description":"Proveedor de Computadoras, Laptops, Servidores, Monitores, Puntos de Venta, Teclados,   Impresoras, T\u00f3ner, C\u00e1maras de Seguridad y m\u00e1s en tu tienda en l\u00ednea","publisher":{"@id":"https:\/\/compuviper.mx\/tienda\/#organization"},"potentialAction":[{"@type":"SearchAction","target":{"@type":"EntryPoint","urlTemplate":"https:\/\/compuviper.mx\/tienda\/?s={search_term_string}"},"query-input":"required name=search_term_string"}],"inLanguage":"es-MX"},{"@type":"Organization","@id":"https:\/\/compuviper.mx\/tienda\/#organization","name":"Compuviper","url":"https:\/\/compuviper.mx\/tienda\/","logo":{"@type":"ImageObject","inLanguage":"es-MX","@id":"https:\/\/compuviper.mx\/tienda\/#\/schema\/logo\/image\/","url":"https:\/\/compuviper.mx\/tienda\/wp-content\/uploads\/2021\/08\/Logo-Compuviper-10.png","contentUrl":"https:\/\/compuviper.mx\/tienda\/wp-content\/uploads\/2021\/08\/Logo-Compuviper-10.png","width":1000,"height":500,"caption":"Compuviper"},"image":{"@id":"https:\/\/compuviper.mx\/tienda\/#\/schema\/logo\/image\/"},"sameAs":["https:\/\/www.facebook.com\/compuviper","https:\/\/www.youtube.com\/channel\/UCf73dERp9Y3cfOq7q8BhLjA?view_as=subscriber"]}]},"product_brand":"TP LINK","product_price_amount":"569","product_price_currency":"MXN","og_availability":"out of stock","product_availability":"out of stock","product_retailer_item_id":"ARCHER TX50UH","product_condition":"new"},"_links":{"self":[{"href":"https:\/\/compuviper.mx\/tienda\/wp-json\/wp\/v2\/product\/240008"}],"collection":[{"href":"https:\/\/compuviper.mx\/tienda\/wp-json\/wp\/v2\/product"}],"about":[{"href":"https:\/\/compuviper.mx\/tienda\/wp-json\/wp\/v2\/types\/product"}],"replies":[{"embeddable":true,"href":"https:\/\/compuviper.mx\/tienda\/wp-json\/wp\/v2\/comments?post=240008"}],"wp:featuredmedia":[{"embeddable":true,"href":"https:\/\/compuviper.mx\/tienda\/wp-json\/wp\/v2\/media\/241999"}],"wp:attachment":[{"href":"https:\/\/compuviper.mx\/tienda\/wp-json\/wp\/v2\/media?parent=240008"}],"wp:term":[{"taxonomy":"product_cat","embeddable":true,"href":"https:\/\/compuviper.mx\/tienda\/wp-json\/wp\/v2\/product_cat?post=240008"},{"taxonomy":"product_tag","embeddable":true,"href":"https:\/\/compuviper.mx\/tienda\/wp-json\/wp\/v2\/product_tag?post=240008"}],"curies":[{"name":"wp","href":"https:\/\/api.w.org\/{rel}","templated":true}]}}