{"id":239700,"date":"2026-04-30T23:12:35","date_gmt":"2026-05-01T05:12:35","guid":{"rendered":"https:\/\/compuviper.mx\/tienda\/producto\/hikvision-ds-k1t804aef-biometrico-wifi-de-acceso-y-asistencia-compatible-hik-connect-p2p-soporta-biometrico-esclavo-rs-485-lector-de-huella-y-tarjeta-em-tcp-ip-150000-eventos\/"},"modified":"2026-04-30T23:12:36","modified_gmt":"2026-05-01T05:12:36","slug":"hikvision-ds-k1t804aef-biometrico-wifi-de-acceso-y-asistencia-compatible-hik-connect-p2p-soporta-biometrico-esclavo-rs-485-lector-de-huella-y-tarjeta-em-tcp-ip-150000-eventos","status":"publish","type":"product","link":"https:\/\/compuviper.mx\/tienda\/producto\/hikvision-ds-k1t804aef-biometrico-wifi-de-acceso-y-asistencia-compatible-hik-connect-p2p-soporta-biometrico-esclavo-rs-485-lector-de-huella-y-tarjeta-em-tcp-ip-150000-eventos\/","title":{"rendered":"Hikvision Ds-k1t804aef Biometrico Wifi De Acceso Y Asistencia  Compatible Hik-connect (p2p) \/ Soporta Biometrico Esclavo Rs-485 \/ Lector De Huella Y Tarjeta Em\/tcp\/ip\/150,000 Eventos"},"content":{"rendered":"<table class=\"descripcion\">\n<tr>\n<td>Caracter\u00edsticas principales:<\/td>\n<\/tr>\n<tr>\n<td>Control de acceso con huella o tarjeta .<\/td>\n<\/tr>\n<tr>\n<td>3,000 tarjetas prox em (access-iso-card).<\/td>\n<\/tr>\n<tr>\n<td>Compatible con tarjetas atr11, atr14.<\/td>\n<\/tr>\n<tr>\n<td>3,000 huellas<\/td>\n<\/tr>\n<tr>\n<td>150,000 registros de eventos<\/td>\n<\/tr>\n<tr>\n<td>Tcp\/ip<\/td>\n<\/tr>\n<tr>\n<td>Entrada y salida wiegand 26\/34 bits (salida solamente funciona para tarjetas).<\/td>\n<\/tr>\n<tr>\n<td>Comandos de voz<\/td>\n<\/tr>\n<tr>\n<td>Acepta contrase\u00f1a p\/multiple autentificacion.<\/td>\n<\/tr>\n<tr>\n<td>Acepta lector esclavo por rs485 modelo ds-k1201aef\/ds-k1201amf<\/td>\n<\/tr>\n<tr>\n<td>Caracter\u00edsticas f\u00edsicas y el\u00e9ctricas:<\/td>\n<\/tr>\n<tr>\n<td>Aplicaci\u00f3n: interior<\/td>\n<\/tr>\n<tr>\n<td>Alimentaci\u00f3n: 12 vcc (no incluida)<\/td>\n<\/tr>\n<tr>\n<td>Consumo: 2a<\/td>\n<\/tr>\n<tr>\n<td>Temperatura de operaci\u00f3n: -10 \u00bac hasta 45 \u00bac<\/td>\n<\/tr>\n<tr>\n<td>Dimensiones:205 mm \u00d7 76.5 mm \u00d7 37 mm (8.07 \u00d7 3.01 \u00d7 1.46)<\/td>\n<\/tr>\n<tr>\n<td>Caracter\u00edsticas destacadas:<\/td>\n<\/tr>\n<tr>\n<td>Dise\u00f1o de watchdog para repararse a si mismo en caso de que ocurra una excepci\u00f3n,para garantizar una larga vida \u00fatil del lector .                                                                               teclado con iluminaci\u00f3n<\/td>\n<\/tr>\n<tr>\n<td>Control de acceso + reportes de tiempo y asistencia por ivms4200.<\/td>\n<\/tr>\n<tr>\n<td>M\u00f3dulo \u00f3ptico de alta eficiencia.<\/td>\n<\/tr>\n<tr>\n<td>Ip42 (sin condensaci\u00f3n)<\/td>\n<\/tr>\n<tr>\n<td>No incluye transformador.<\/td>\n<\/tr>\n<\/table>\n","protected":false},"excerpt":{"rendered":"<p>Caracter\u00edsticas principales. Control de acceso con huella o tarjeta . 3,000 tarjetas prox em (access-iso-card). Compatible con tarjetas atr11, atr14. 3,000 huellas. 150,000 registros de eventos. Tcp\/ip. Entrada y salida wiegand 26\/34 bits (salida solamente funciona para tarjetas). Comandos de voz. Acepta contrase\u00f1a p\/multiple autentificacion. Acepta lector esclavo por rs485 modelo ds-k1201aef\/ds-k1201amf<\/p>\n","protected":false},"featured_media":241996,"comment_status":"open","ping_status":"open","template":"","meta":[],"product_cat":[1540,1541],"product_tag":[1595],"acf":[],"yoast_head":"<!-- This site is optimized with the Yoast SEO plugin v21.7 - https:\/\/yoast.com\/wordpress\/plugins\/seo\/ -->\n<title>[ Hikvision ] &#129351; Ds-k1t804aef Biometrico Wifi De Acceso Y Asistencia Compatible Hik-connect (p2p) \/ Soporta Biometrico Esclavo Rs-485 \/ Lector De Huella Y Tarjeta Em\/tcp\/ip\/150,000 Eventos<\/title>\n<meta name=\"description\" content=\"Compra Ds-k1t804aef Biometrico Wifi De Acceso Y Asistencia Compatible Hik-connect (p2p) \/ Soporta Biometrico Esclavo Rs-485 \/ Lector De Huella Y Tarjeta Em\/tcp\/ip\/150,000 Eventos + Env\u00edo a domicilio + Pago seguro + Garant\u00eda\" \/>\n<meta name=\"robots\" content=\"index, follow, max-snippet:-1, max-image-preview:large, max-video-preview:-1\" \/>\n<link rel=\"canonical\" href=\"https:\/\/compuviper.mx\/tienda\/producto\/hikvision-ds-k1t804aef-biometrico-wifi-de-acceso-y-asistencia-compatible-hik-connect-p2p-soporta-biometrico-esclavo-rs-485-lector-de-huella-y-tarjeta-em-tcp-ip-150000-eventos\/\" \/>\n<meta property=\"og:locale\" content=\"es_MX\" \/>\n<meta property=\"og:type\" content=\"article\" \/>\n<meta property=\"og:title\" content=\"[ Hikvision ] &#129351; Ds-k1t804aef Biometrico Wifi De Acceso Y Asistencia Compatible Hik-connect (p2p) \/ Soporta Biometrico Esclavo Rs-485 \/ Lector De Huella Y Tarjeta Em\/tcp\/ip\/150,000 Eventos\" \/>\n<meta property=\"og:description\" content=\"Compra Ds-k1t804aef Biometrico Wifi De Acceso Y Asistencia Compatible Hik-connect (p2p) \/ Soporta Biometrico Esclavo Rs-485 \/ Lector De Huella Y Tarjeta Em\/tcp\/ip\/150,000 Eventos + Env\u00edo a domicilio + Pago seguro + Garant\u00eda\" \/>\n<meta property=\"og:url\" content=\"https:\/\/compuviper.mx\/tienda\/producto\/hikvision-ds-k1t804aef-biometrico-wifi-de-acceso-y-asistencia-compatible-hik-connect-p2p-soporta-biometrico-esclavo-rs-485-lector-de-huella-y-tarjeta-em-tcp-ip-150000-eventos\/\" \/>\n<meta property=\"og:site_name\" content=\"Compuviper\" \/>\n<meta property=\"article:publisher\" content=\"https:\/\/www.facebook.com\/compuviper\" \/>\n<meta property=\"article:modified_time\" content=\"2026-05-01T05:12:36+00:00\" \/>\n<meta property=\"og:image\" content=\"https:\/\/compuviper.mx\/tienda\/wp-content\/uploads\/2024\/09\/Biometrico-wifi-de-acceso-y-asistencia-hikvision-compatible-hik-connect-p2p-soporta-biometrico-esclavo-rs-485-lector-de-huella-y-tarjeta-emtcpip150000-eventos.jpg\" \/>\n\t<meta property=\"og:image:width\" content=\"200\" \/>\n\t<meta property=\"og:image:height\" content=\"200\" \/>\n\t<meta property=\"og:image:type\" content=\"image\/jpeg\" \/>\n<meta name=\"twitter:card\" content=\"summary_large_image\" \/>\n<meta name=\"twitter:label1\" content=\"Precio\" \/>\n\t<meta name=\"twitter:data1\" content=\"&#36;1,523 con IVA\" \/>\n\t<meta name=\"twitter:label2\" content=\"Availability\" \/>\n\t<meta name=\"twitter:data2\" content=\"On backorder\" \/>\n<script type=\"application\/ld+json\" class=\"yoast-schema-graph\">{\"@context\":\"https:\/\/schema.org\",\"@graph\":[{\"@type\":\"WebPage\",\"@id\":\"https:\/\/compuviper.mx\/tienda\/producto\/hikvision-ds-k1t804aef-biometrico-wifi-de-acceso-y-asistencia-compatible-hik-connect-p2p-soporta-biometrico-esclavo-rs-485-lector-de-huella-y-tarjeta-em-tcp-ip-150000-eventos\/\",\"url\":\"https:\/\/compuviper.mx\/tienda\/producto\/hikvision-ds-k1t804aef-biometrico-wifi-de-acceso-y-asistencia-compatible-hik-connect-p2p-soporta-biometrico-esclavo-rs-485-lector-de-huella-y-tarjeta-em-tcp-ip-150000-eventos\/\",\"name\":\"[ Hikvision ] &#129351; Ds-k1t804aef Biometrico Wifi De Acceso Y Asistencia Compatible Hik-connect (p2p) \/ Soporta Biometrico Esclavo Rs-485 \/ Lector De Huella Y Tarjeta Em\/tcp\/ip\/150,000 Eventos\",\"isPartOf\":{\"@id\":\"https:\/\/compuviper.mx\/tienda\/#website\"},\"datePublished\":\"2026-05-01T05:12:35+00:00\",\"dateModified\":\"2026-05-01T05:12:36+00:00\",\"description\":\"Compra Ds-k1t804aef Biometrico Wifi De Acceso Y Asistencia Compatible Hik-connect (p2p) \/ Soporta Biometrico Esclavo Rs-485 \/ Lector De Huella Y Tarjeta Em\/tcp\/ip\/150,000 Eventos + Env\u00edo a domicilio + Pago seguro + Garant\u00eda\",\"breadcrumb\":{\"@id\":\"https:\/\/compuviper.mx\/tienda\/producto\/hikvision-ds-k1t804aef-biometrico-wifi-de-acceso-y-asistencia-compatible-hik-connect-p2p-soporta-biometrico-esclavo-rs-485-lector-de-huella-y-tarjeta-em-tcp-ip-150000-eventos\/#breadcrumb\"},\"inLanguage\":\"es-MX\",\"potentialAction\":[{\"@type\":\"ReadAction\",\"target\":[\"https:\/\/compuviper.mx\/tienda\/producto\/hikvision-ds-k1t804aef-biometrico-wifi-de-acceso-y-asistencia-compatible-hik-connect-p2p-soporta-biometrico-esclavo-rs-485-lector-de-huella-y-tarjeta-em-tcp-ip-150000-eventos\/\"]}]},{\"@type\":\"BreadcrumbList\",\"@id\":\"https:\/\/compuviper.mx\/tienda\/producto\/hikvision-ds-k1t804aef-biometrico-wifi-de-acceso-y-asistencia-compatible-hik-connect-p2p-soporta-biometrico-esclavo-rs-485-lector-de-huella-y-tarjeta-em-tcp-ip-150000-eventos\/#breadcrumb\",\"itemListElement\":[{\"@type\":\"ListItem\",\"position\":1,\"name\":\"Inicio\",\"item\":\"https:\/\/compuviper.mx\/tienda\/\"},{\"@type\":\"ListItem\",\"position\":2,\"name\":\"Productos\",\"item\":\"https:\/\/compuviper.mx\/tienda\/productos\/\"},{\"@type\":\"ListItem\",\"position\":3,\"name\":\"Control De Acceso Y Asistencia\",\"item\":\"https:\/\/compuviper.mx\/tienda\/categoria-producto\/control-de-acceso-y-asistencia\/\"},{\"@type\":\"ListItem\",\"position\":4,\"name\":\"Lectores De Control De Acceso Y Asistencia\",\"item\":\"https:\/\/compuviper.mx\/tienda\/categoria-producto\/control-de-acceso-y-asistencia\/lectores-de-control-de-acceso-y-asistencia\/\"},{\"@type\":\"ListItem\",\"position\":5,\"name\":\"Hikvision Ds-k1t804aef Biometrico Wifi De Acceso Y Asistencia Compatible Hik-connect (p2p) \/ Soporta Biometrico Esclavo Rs-485 \/ Lector De Huella Y Tarjeta Em\/tcp\/ip\/150,000 Eventos\"}]},{\"@type\":\"WebSite\",\"@id\":\"https:\/\/compuviper.mx\/tienda\/#website\",\"url\":\"https:\/\/compuviper.mx\/tienda\/\",\"name\":\"Compuviper\",\"description\":\"Proveedor de Computadoras, Laptops, Servidores, Monitores, Puntos de Venta, Teclados,   Impresoras, T\u00f3ner, C\u00e1maras de Seguridad y m\u00e1s en tu tienda en l\u00ednea\",\"publisher\":{\"@id\":\"https:\/\/compuviper.mx\/tienda\/#organization\"},\"potentialAction\":[{\"@type\":\"SearchAction\",\"target\":{\"@type\":\"EntryPoint\",\"urlTemplate\":\"https:\/\/compuviper.mx\/tienda\/?s={search_term_string}\"},\"query-input\":\"required name=search_term_string\"}],\"inLanguage\":\"es-MX\"},{\"@type\":\"Organization\",\"@id\":\"https:\/\/compuviper.mx\/tienda\/#organization\",\"name\":\"Compuviper\",\"url\":\"https:\/\/compuviper.mx\/tienda\/\",\"logo\":{\"@type\":\"ImageObject\",\"inLanguage\":\"es-MX\",\"@id\":\"https:\/\/compuviper.mx\/tienda\/#\/schema\/logo\/image\/\",\"url\":\"https:\/\/compuviper.mx\/tienda\/wp-content\/uploads\/2021\/08\/Logo-Compuviper-10.png\",\"contentUrl\":\"https:\/\/compuviper.mx\/tienda\/wp-content\/uploads\/2021\/08\/Logo-Compuviper-10.png\",\"width\":1000,\"height\":500,\"caption\":\"Compuviper\"},\"image\":{\"@id\":\"https:\/\/compuviper.mx\/tienda\/#\/schema\/logo\/image\/\"},\"sameAs\":[\"https:\/\/www.facebook.com\/compuviper\",\"https:\/\/www.youtube.com\/channel\/UCf73dERp9Y3cfOq7q8BhLjA?view_as=subscriber\"]}]}<\/script>\n<meta property=\"product:brand\" content=\"HIKVISION\" \/>\n<meta property=\"product:price:amount\" content=\"1523\" \/>\n<meta property=\"product:price:currency\" content=\"MXN\" \/>\n<meta property=\"og:availability\" content=\"backorder\" \/>\n<meta property=\"product:availability\" content=\"available for order\" \/>\n<meta property=\"product:retailer_item_id\" content=\"DS-K1T804AEF\" \/>\n<meta property=\"product:condition\" content=\"new\" \/>\n<!-- \/ Yoast SEO plugin. -->","yoast_head_json":{"title":"[ Hikvision ] &#129351; Ds-k1t804aef Biometrico Wifi De Acceso Y Asistencia Compatible Hik-connect (p2p) \/ Soporta Biometrico Esclavo Rs-485 \/ Lector De Huella Y Tarjeta Em\/tcp\/ip\/150,000 Eventos","description":"Compra Ds-k1t804aef Biometrico Wifi De Acceso Y Asistencia Compatible Hik-connect (p2p) \/ Soporta Biometrico Esclavo Rs-485 \/ Lector De Huella Y Tarjeta Em\/tcp\/ip\/150,000 Eventos + Env\u00edo a domicilio + Pago seguro + Garant\u00eda","robots":{"index":"index","follow":"follow","max-snippet":"max-snippet:-1","max-image-preview":"max-image-preview:large","max-video-preview":"max-video-preview:-1"},"canonical":"https:\/\/compuviper.mx\/tienda\/producto\/hikvision-ds-k1t804aef-biometrico-wifi-de-acceso-y-asistencia-compatible-hik-connect-p2p-soporta-biometrico-esclavo-rs-485-lector-de-huella-y-tarjeta-em-tcp-ip-150000-eventos\/","og_locale":"es_MX","og_type":"article","og_title":"[ Hikvision ] &#129351; Ds-k1t804aef Biometrico Wifi De Acceso Y Asistencia Compatible Hik-connect (p2p) \/ Soporta Biometrico Esclavo Rs-485 \/ Lector De Huella Y Tarjeta Em\/tcp\/ip\/150,000 Eventos","og_description":"Compra Ds-k1t804aef Biometrico Wifi De Acceso Y Asistencia Compatible Hik-connect (p2p) \/ Soporta Biometrico Esclavo Rs-485 \/ Lector De Huella Y Tarjeta Em\/tcp\/ip\/150,000 Eventos + Env\u00edo a domicilio + Pago seguro + Garant\u00eda","og_url":"https:\/\/compuviper.mx\/tienda\/producto\/hikvision-ds-k1t804aef-biometrico-wifi-de-acceso-y-asistencia-compatible-hik-connect-p2p-soporta-biometrico-esclavo-rs-485-lector-de-huella-y-tarjeta-em-tcp-ip-150000-eventos\/","og_site_name":"Compuviper","article_publisher":"https:\/\/www.facebook.com\/compuviper","article_modified_time":"2026-05-01T05:12:36+00:00","og_image":[{"width":200,"height":200,"url":"https:\/\/compuviper.mx\/tienda\/wp-content\/uploads\/2024\/09\/Biometrico-wifi-de-acceso-y-asistencia-hikvision-compatible-hik-connect-p2p-soporta-biometrico-esclavo-rs-485-lector-de-huella-y-tarjeta-emtcpip150000-eventos.jpg","type":"image\/jpeg"}],"twitter_card":"summary_large_image","twitter_misc":{"Precio":"&#36;1,523 con IVA","Availability":"On backorder"},"schema":{"@context":"https:\/\/schema.org","@graph":[{"@type":"WebPage","@id":"https:\/\/compuviper.mx\/tienda\/producto\/hikvision-ds-k1t804aef-biometrico-wifi-de-acceso-y-asistencia-compatible-hik-connect-p2p-soporta-biometrico-esclavo-rs-485-lector-de-huella-y-tarjeta-em-tcp-ip-150000-eventos\/","url":"https:\/\/compuviper.mx\/tienda\/producto\/hikvision-ds-k1t804aef-biometrico-wifi-de-acceso-y-asistencia-compatible-hik-connect-p2p-soporta-biometrico-esclavo-rs-485-lector-de-huella-y-tarjeta-em-tcp-ip-150000-eventos\/","name":"[ Hikvision ] &#129351; Ds-k1t804aef Biometrico Wifi De Acceso Y Asistencia Compatible Hik-connect (p2p) \/ Soporta Biometrico Esclavo Rs-485 \/ Lector De Huella Y Tarjeta Em\/tcp\/ip\/150,000 Eventos","isPartOf":{"@id":"https:\/\/compuviper.mx\/tienda\/#website"},"datePublished":"2026-05-01T05:12:35+00:00","dateModified":"2026-05-01T05:12:36+00:00","description":"Compra Ds-k1t804aef Biometrico Wifi De Acceso Y Asistencia Compatible Hik-connect (p2p) \/ Soporta Biometrico Esclavo Rs-485 \/ Lector De Huella Y Tarjeta Em\/tcp\/ip\/150,000 Eventos + Env\u00edo a domicilio + Pago seguro + Garant\u00eda","breadcrumb":{"@id":"https:\/\/compuviper.mx\/tienda\/producto\/hikvision-ds-k1t804aef-biometrico-wifi-de-acceso-y-asistencia-compatible-hik-connect-p2p-soporta-biometrico-esclavo-rs-485-lector-de-huella-y-tarjeta-em-tcp-ip-150000-eventos\/#breadcrumb"},"inLanguage":"es-MX","potentialAction":[{"@type":"ReadAction","target":["https:\/\/compuviper.mx\/tienda\/producto\/hikvision-ds-k1t804aef-biometrico-wifi-de-acceso-y-asistencia-compatible-hik-connect-p2p-soporta-biometrico-esclavo-rs-485-lector-de-huella-y-tarjeta-em-tcp-ip-150000-eventos\/"]}]},{"@type":"BreadcrumbList","@id":"https:\/\/compuviper.mx\/tienda\/producto\/hikvision-ds-k1t804aef-biometrico-wifi-de-acceso-y-asistencia-compatible-hik-connect-p2p-soporta-biometrico-esclavo-rs-485-lector-de-huella-y-tarjeta-em-tcp-ip-150000-eventos\/#breadcrumb","itemListElement":[{"@type":"ListItem","position":1,"name":"Inicio","item":"https:\/\/compuviper.mx\/tienda\/"},{"@type":"ListItem","position":2,"name":"Productos","item":"https:\/\/compuviper.mx\/tienda\/productos\/"},{"@type":"ListItem","position":3,"name":"Control De Acceso Y Asistencia","item":"https:\/\/compuviper.mx\/tienda\/categoria-producto\/control-de-acceso-y-asistencia\/"},{"@type":"ListItem","position":4,"name":"Lectores De Control De Acceso Y Asistencia","item":"https:\/\/compuviper.mx\/tienda\/categoria-producto\/control-de-acceso-y-asistencia\/lectores-de-control-de-acceso-y-asistencia\/"},{"@type":"ListItem","position":5,"name":"Hikvision Ds-k1t804aef Biometrico Wifi De Acceso Y Asistencia Compatible Hik-connect (p2p) \/ Soporta Biometrico Esclavo Rs-485 \/ Lector De Huella Y Tarjeta Em\/tcp\/ip\/150,000 Eventos"}]},{"@type":"WebSite","@id":"https:\/\/compuviper.mx\/tienda\/#website","url":"https:\/\/compuviper.mx\/tienda\/","name":"Compuviper","description":"Proveedor de Computadoras, Laptops, Servidores, Monitores, Puntos de Venta, Teclados,   Impresoras, T\u00f3ner, C\u00e1maras de Seguridad y m\u00e1s en tu tienda en l\u00ednea","publisher":{"@id":"https:\/\/compuviper.mx\/tienda\/#organization"},"potentialAction":[{"@type":"SearchAction","target":{"@type":"EntryPoint","urlTemplate":"https:\/\/compuviper.mx\/tienda\/?s={search_term_string}"},"query-input":"required name=search_term_string"}],"inLanguage":"es-MX"},{"@type":"Organization","@id":"https:\/\/compuviper.mx\/tienda\/#organization","name":"Compuviper","url":"https:\/\/compuviper.mx\/tienda\/","logo":{"@type":"ImageObject","inLanguage":"es-MX","@id":"https:\/\/compuviper.mx\/tienda\/#\/schema\/logo\/image\/","url":"https:\/\/compuviper.mx\/tienda\/wp-content\/uploads\/2021\/08\/Logo-Compuviper-10.png","contentUrl":"https:\/\/compuviper.mx\/tienda\/wp-content\/uploads\/2021\/08\/Logo-Compuviper-10.png","width":1000,"height":500,"caption":"Compuviper"},"image":{"@id":"https:\/\/compuviper.mx\/tienda\/#\/schema\/logo\/image\/"},"sameAs":["https:\/\/www.facebook.com\/compuviper","https:\/\/www.youtube.com\/channel\/UCf73dERp9Y3cfOq7q8BhLjA?view_as=subscriber"]}]},"product_brand":"HIKVISION","product_price_amount":"1523","product_price_currency":"MXN","og_availability":"backorder","product_availability":"available for order","product_retailer_item_id":"DS-K1T804AEF","product_condition":"new"},"_links":{"self":[{"href":"https:\/\/compuviper.mx\/tienda\/wp-json\/wp\/v2\/product\/239700"}],"collection":[{"href":"https:\/\/compuviper.mx\/tienda\/wp-json\/wp\/v2\/product"}],"about":[{"href":"https:\/\/compuviper.mx\/tienda\/wp-json\/wp\/v2\/types\/product"}],"replies":[{"embeddable":true,"href":"https:\/\/compuviper.mx\/tienda\/wp-json\/wp\/v2\/comments?post=239700"}],"wp:featuredmedia":[{"embeddable":true,"href":"https:\/\/compuviper.mx\/tienda\/wp-json\/wp\/v2\/media\/241996"}],"wp:attachment":[{"href":"https:\/\/compuviper.mx\/tienda\/wp-json\/wp\/v2\/media?parent=239700"}],"wp:term":[{"taxonomy":"product_cat","embeddable":true,"href":"https:\/\/compuviper.mx\/tienda\/wp-json\/wp\/v2\/product_cat?post=239700"},{"taxonomy":"product_tag","embeddable":true,"href":"https:\/\/compuviper.mx\/tienda\/wp-json\/wp\/v2\/product_tag?post=239700"}],"curies":[{"name":"wp","href":"https:\/\/api.w.org\/{rel}","templated":true}]}}