{"id":239549,"date":"2026-04-02T02:06:38","date_gmt":"2026-04-02T08:06:38","guid":{"rendered":"https:\/\/compuviper.mx\/tienda\/producto\/poly-783p2aaaba-diadema-hp-encore-pro-530-monoaural-alambrica-con-qd-con-cancelacion-de-ruido-negra\/"},"modified":"2026-04-02T02:06:38","modified_gmt":"2026-04-02T08:06:38","slug":"poly-783p2aaaba-diadema-hp-783p2aaaba-encore-pro-530-monoaural-alambrica-con-qd-con-cancelacion-de-ruido-negra","status":"publish","type":"product","link":"https:\/\/compuviper.mx\/tienda\/producto\/poly-783p2aaaba-diadema-hp-783p2aaaba-encore-pro-530-monoaural-alambrica-con-qd-con-cancelacion-de-ruido-negra\/","title":{"rendered":"Poly 783p2aa#aba Diadema Hp  783p2aaaba Encore Pro 530\/ Monoaural Alambrica Con Qd Con Cancelacion De Ruido Negra"},"content":{"rendered":"<table class=\"descripcion\">\n<tr>\n<td>Color  negro<\/td>\n<\/tr>\n<tr>\n<td>Dimensiones m\u00ednimas (anch. x prof. x alt.)  11,1 x 14,9 x 6,7 cm<\/td>\n<\/tr>\n<tr>\n<td>Peso  22 g<\/td>\n<\/tr>\n<tr>\n<td>Peso del empaque  0,15 kg<\/td>\n<\/tr>\n<tr>\n<td>Dimensiones del embalaje (an x f x al)  19 x 17,5 x 5,5 cm<\/td>\n<\/tr>\n<tr>\n<td>Productos por capa de pal\u00e9  240<\/td>\n<\/tr>\n<tr>\n<td>Cantidad de capas (filas) en pallet  4<\/td>\n<\/tr>\n<tr>\n<td>Productos por pallet  960<\/td>\n<\/tr>\n<tr>\n<td>Cartones por pallet  20<\/td>\n<\/tr>\n<tr>\n<td>Cartones por capa  5<\/td>\n<\/tr>\n<tr>\n<td>Caracter\u00edsticas especiales  certificaci\u00f3n uc<\/td>\n<\/tr>\n<tr>\n<td>Tecnolog\u00eda de protecci\u00f3n ac\u00fastica  soundguard digital1,2<\/td>\n<\/tr>\n<tr>\n<td>Forma de aud\u00edfono  interno (monoaural)<\/td>\n<\/tr>\n<tr>\n<td>Tipo de conexi\u00f3n  qd (desconexi\u00f3n r\u00e1pida)<\/td>\n<\/tr>\n<tr>\n<td>Almohadillas para los o\u00eddos  cuero artificial (material de la superficie)<\/td>\n<\/tr>\n<tr>\n<td>Relaci\u00f3n se\u00f1al-ruido    50 db<\/td>\n<\/tr>\n<tr>\n<td>Respuesta (micr\u00f3fono)  -38 +\/-3 db<\/td>\n<\/tr>\n<tr>\n<td>Tipo de micr\u00f3fono  omnidireccional<\/td>\n<\/tr>\n<tr>\n<td>Ancho de banda del micr\u00f3fono  20 hz a 16 khz<\/td>\n<\/tr>\n<tr>\n<td>Tama\u00f1o de altavoz  7,2 mm<\/td>\n<\/tr>\n<tr>\n<td>Rotaci\u00f3n de mic boom  290 \u00b0<\/td>\n<\/tr>\n<tr>\n<td>Largo del cable  890 mm<\/td>\n<\/tr>\n<tr>\n<td>Funciones de audio  reducci\u00f3n de ruido en audio de voz saliente<\/td>\n<\/tr>\n<tr>\n<td>Software de colaboraci\u00f3n certificado  skype for business<\/td>\n<\/tr>\n<tr>\n<td>Sistemas operativos compatibles  windows<\/td>\n<\/tr>\n<tr>\n<td>Macos<\/td>\n<\/tr>\n<tr>\n<td>Requisitos m\u00ednimos del sistema  puerto usb tipo-a<\/td>\n<\/tr>\n<tr>\n<td>Puerto usb tipo-c\u00ae<\/td>\n<\/tr>\n<\/table>\n","protected":false},"excerpt":{"rendered":"<p>Descripci\u00f3n general del producto. Dele rienda suelta a la productividad de su centro de llamadas con los auriculares encorepro serie 500. Conectar los auriculares al equipo, desde casa o la oficina, es f\u00e1cil gracias a las m\u00faltiples opciones. Y gracias a su dise\u00f1o ligero y c\u00f3modo, sus agentes se mantendr\u00e1n ocupados. Claridad incre\u00edble en las llamadas. Experimente una mayor claridad en las llamadas con indicaciones visuales y t\u00e1ctiles para una colocaci\u00f3n \u00f3ptima del brazo del micr\u00f3fono. Disfrute de conversaciones claras y con una calidad de sonido superior gracias a la respuesta de frecuencia optimizada por voz. Durable y confortable. Equipe a los empleados de su centro de contacto con auriculares durables dise\u00f1ados para usar todo el d\u00eda. Minimice las roturas y el tiempo de inactividad, y ahorre tiempo y dinero. Adem\u00e1s, garantice la comodidad y satisfacci\u00f3n de los empleados gracias a nuestro dise\u00f1o ligero de primera calidad. Caracter\u00edsticas principales. Micr\u00f3fono anti-ruido. El micr\u00f3fono flexible de \u00faltima generaci\u00f3n con gu\u00edas de colocaci\u00f3n reduce el ruido y la interferencia de fondo, lo que garantiza una menor cantidad de palabras perdidas y una mejor experiencia del usuario. Compatibilidad ampliada. Al\u00e9jese de su escritorio con un clic gracias a la tecnolog\u00eda poly quick disconnect (qd) que funciona con cualquier adaptador de poly qd. Se optimiz\u00f3 para plataformas de comunicaci\u00f3n. Estos auriculares, que son el sue\u00f1o de un gerente de ti, se dise\u00f1aron para tener comunicaciones con otras personas. Adem\u00e1s, se optimizaron y est\u00e1n certificados para trabajar con los principales proveedores de reuniones virtuales. Protecci\u00f3n auditiva ac\u00fastica. Soundguard es la tecnolog\u00eda de limitaci\u00f3n ac\u00fastica presente en todos los auriculares de comunicaciones de poly que lo protege de descargas ac\u00fasticas, ya que limita los sonidos a un nivel inferior a 118 dba<\/p>\n","protected":false},"featured_media":243502,"comment_status":"open","ping_status":"open","template":"","meta":[],"product_cat":[1552,1816],"product_tag":[2035],"acf":[],"yoast_head":"<!-- This site is optimized with the Yoast SEO plugin v21.7 - https:\/\/yoast.com\/wordpress\/plugins\/seo\/ -->\n<title>[ Poly ] &#129351; 783p2aa#aba Diadema Hp 783p2aaaba Encore Pro 530\/ Monoaural Alambrica Con Qd Con Cancelacion De Ruido Negra<\/title>\n<meta name=\"description\" content=\"Compra 783p2aa#aba Diadema Hp 783p2aaaba Encore Pro 530\/ Monoaural Alambrica Con Qd Con Cancelacion De Ruido Negra + Env\u00edo a domicilio + Pago seguro + Garant\u00eda\" \/>\n<meta name=\"robots\" content=\"index, follow, max-snippet:-1, max-image-preview:large, max-video-preview:-1\" \/>\n<link rel=\"canonical\" href=\"https:\/\/compuviper.mx\/tienda\/producto\/poly-783p2aaaba-diadema-hp-783p2aaaba-encore-pro-530-monoaural-alambrica-con-qd-con-cancelacion-de-ruido-negra\/\" \/>\n<meta property=\"og:locale\" content=\"es_MX\" \/>\n<meta property=\"og:type\" content=\"article\" \/>\n<meta property=\"og:title\" content=\"[ Poly ] &#129351; 783p2aa#aba Diadema Hp 783p2aaaba Encore Pro 530\/ Monoaural Alambrica Con Qd Con Cancelacion De Ruido Negra\" \/>\n<meta property=\"og:description\" content=\"Compra 783p2aa#aba Diadema Hp 783p2aaaba Encore Pro 530\/ Monoaural Alambrica Con Qd Con Cancelacion De Ruido Negra + Env\u00edo a domicilio + Pago seguro + Garant\u00eda\" \/>\n<meta property=\"og:url\" content=\"https:\/\/compuviper.mx\/tienda\/producto\/poly-783p2aaaba-diadema-hp-783p2aaaba-encore-pro-530-monoaural-alambrica-con-qd-con-cancelacion-de-ruido-negra\/\" \/>\n<meta property=\"og:site_name\" content=\"Compuviper\" \/>\n<meta property=\"article:publisher\" content=\"https:\/\/www.facebook.com\/compuviper\" \/>\n<meta property=\"og:image\" content=\"https:\/\/compuviper.mx\/tienda\/wp-content\/uploads\/2024\/09\/Diadema-hp-poly-783p2aaaba-encore-pro-530-monoaural-alambrica-con-qd-con-cancelacion-de-ruido-negra.jpg\" \/>\n\t<meta property=\"og:image:width\" content=\"200\" \/>\n\t<meta property=\"og:image:height\" content=\"200\" \/>\n\t<meta property=\"og:image:type\" content=\"image\/jpeg\" \/>\n<meta name=\"twitter:card\" content=\"summary_large_image\" \/>\n<meta name=\"twitter:label1\" content=\"Precio\" \/>\n\t<meta name=\"twitter:data1\" content=\"&#36;1,720 con IVA\" \/>\n\t<meta name=\"twitter:label2\" content=\"Availability\" \/>\n\t<meta name=\"twitter:data2\" content=\"On backorder\" \/>\n<script type=\"application\/ld+json\" class=\"yoast-schema-graph\">{\"@context\":\"https:\/\/schema.org\",\"@graph\":[{\"@type\":\"WebPage\",\"@id\":\"https:\/\/compuviper.mx\/tienda\/producto\/poly-783p2aaaba-diadema-hp-783p2aaaba-encore-pro-530-monoaural-alambrica-con-qd-con-cancelacion-de-ruido-negra\/\",\"url\":\"https:\/\/compuviper.mx\/tienda\/producto\/poly-783p2aaaba-diadema-hp-783p2aaaba-encore-pro-530-monoaural-alambrica-con-qd-con-cancelacion-de-ruido-negra\/\",\"name\":\"[ Poly ] &#129351; 783p2aa#aba Diadema Hp 783p2aaaba Encore Pro 530\/ Monoaural Alambrica Con Qd Con Cancelacion De Ruido Negra\",\"isPartOf\":{\"@id\":\"https:\/\/compuviper.mx\/tienda\/#website\"},\"datePublished\":\"2026-04-02T08:06:38+00:00\",\"dateModified\":\"2026-04-02T08:06:38+00:00\",\"description\":\"Compra 783p2aa#aba Diadema Hp 783p2aaaba Encore Pro 530\/ Monoaural Alambrica Con Qd Con Cancelacion De Ruido Negra + Env\u00edo a domicilio + Pago seguro + Garant\u00eda\",\"breadcrumb\":{\"@id\":\"https:\/\/compuviper.mx\/tienda\/producto\/poly-783p2aaaba-diadema-hp-783p2aaaba-encore-pro-530-monoaural-alambrica-con-qd-con-cancelacion-de-ruido-negra\/#breadcrumb\"},\"inLanguage\":\"es-MX\",\"potentialAction\":[{\"@type\":\"ReadAction\",\"target\":[\"https:\/\/compuviper.mx\/tienda\/producto\/poly-783p2aaaba-diadema-hp-783p2aaaba-encore-pro-530-monoaural-alambrica-con-qd-con-cancelacion-de-ruido-negra\/\"]}]},{\"@type\":\"BreadcrumbList\",\"@id\":\"https:\/\/compuviper.mx\/tienda\/producto\/poly-783p2aaaba-diadema-hp-783p2aaaba-encore-pro-530-monoaural-alambrica-con-qd-con-cancelacion-de-ruido-negra\/#breadcrumb\",\"itemListElement\":[{\"@type\":\"ListItem\",\"position\":1,\"name\":\"Inicio\",\"item\":\"https:\/\/compuviper.mx\/tienda\/\"},{\"@type\":\"ListItem\",\"position\":2,\"name\":\"Productos\",\"item\":\"https:\/\/compuviper.mx\/tienda\/productos\/\"},{\"@type\":\"ListItem\",\"position\":3,\"name\":\"Audifonos Y Micro\",\"item\":\"https:\/\/compuviper.mx\/tienda\/categoria-producto\/audifonos-y-micro\/\"},{\"@type\":\"ListItem\",\"position\":4,\"name\":\"Audifono Con Microfono\",\"item\":\"https:\/\/compuviper.mx\/tienda\/categoria-producto\/audifonos-y-micro\/audifono-con-microfono\/\"},{\"@type\":\"ListItem\",\"position\":5,\"name\":\"Poly 783p2aa#aba Diadema Hp 783p2aaaba Encore Pro 530\/ Monoaural Alambrica Con Qd Con Cancelacion De Ruido Negra\"}]},{\"@type\":\"WebSite\",\"@id\":\"https:\/\/compuviper.mx\/tienda\/#website\",\"url\":\"https:\/\/compuviper.mx\/tienda\/\",\"name\":\"Compuviper\",\"description\":\"Proveedor de Computadoras, Laptops, Servidores, Monitores, Puntos de Venta, Teclados,   Impresoras, T\u00f3ner, C\u00e1maras de Seguridad y m\u00e1s en tu tienda en l\u00ednea\",\"publisher\":{\"@id\":\"https:\/\/compuviper.mx\/tienda\/#organization\"},\"potentialAction\":[{\"@type\":\"SearchAction\",\"target\":{\"@type\":\"EntryPoint\",\"urlTemplate\":\"https:\/\/compuviper.mx\/tienda\/?s={search_term_string}\"},\"query-input\":\"required name=search_term_string\"}],\"inLanguage\":\"es-MX\"},{\"@type\":\"Organization\",\"@id\":\"https:\/\/compuviper.mx\/tienda\/#organization\",\"name\":\"Compuviper\",\"url\":\"https:\/\/compuviper.mx\/tienda\/\",\"logo\":{\"@type\":\"ImageObject\",\"inLanguage\":\"es-MX\",\"@id\":\"https:\/\/compuviper.mx\/tienda\/#\/schema\/logo\/image\/\",\"url\":\"https:\/\/compuviper.mx\/tienda\/wp-content\/uploads\/2021\/08\/Logo-Compuviper-10.png\",\"contentUrl\":\"https:\/\/compuviper.mx\/tienda\/wp-content\/uploads\/2021\/08\/Logo-Compuviper-10.png\",\"width\":1000,\"height\":500,\"caption\":\"Compuviper\"},\"image\":{\"@id\":\"https:\/\/compuviper.mx\/tienda\/#\/schema\/logo\/image\/\"},\"sameAs\":[\"https:\/\/www.facebook.com\/compuviper\",\"https:\/\/www.youtube.com\/channel\/UCf73dERp9Y3cfOq7q8BhLjA?view_as=subscriber\"]}]}<\/script>\n<meta property=\"product:brand\" content=\"POLY\" \/>\n<meta property=\"product:price:amount\" content=\"1720\" \/>\n<meta property=\"product:price:currency\" content=\"MXN\" \/>\n<meta property=\"og:availability\" content=\"backorder\" \/>\n<meta property=\"product:availability\" content=\"available for order\" \/>\n<meta property=\"product:retailer_item_id\" content=\"783P2AA#ABA\" \/>\n<meta property=\"product:condition\" content=\"new\" \/>\n<!-- \/ Yoast SEO plugin. -->","yoast_head_json":{"title":"[ Poly ] &#129351; 783p2aa#aba Diadema Hp 783p2aaaba Encore Pro 530\/ Monoaural Alambrica Con Qd Con Cancelacion De Ruido Negra","description":"Compra 783p2aa#aba Diadema Hp 783p2aaaba Encore Pro 530\/ Monoaural Alambrica Con Qd Con Cancelacion De Ruido Negra + Env\u00edo a domicilio + Pago seguro + Garant\u00eda","robots":{"index":"index","follow":"follow","max-snippet":"max-snippet:-1","max-image-preview":"max-image-preview:large","max-video-preview":"max-video-preview:-1"},"canonical":"https:\/\/compuviper.mx\/tienda\/producto\/poly-783p2aaaba-diadema-hp-783p2aaaba-encore-pro-530-monoaural-alambrica-con-qd-con-cancelacion-de-ruido-negra\/","og_locale":"es_MX","og_type":"article","og_title":"[ Poly ] &#129351; 783p2aa#aba Diadema Hp 783p2aaaba Encore Pro 530\/ Monoaural Alambrica Con Qd Con Cancelacion De Ruido Negra","og_description":"Compra 783p2aa#aba Diadema Hp 783p2aaaba Encore Pro 530\/ Monoaural Alambrica Con Qd Con Cancelacion De Ruido Negra + Env\u00edo a domicilio + Pago seguro + Garant\u00eda","og_url":"https:\/\/compuviper.mx\/tienda\/producto\/poly-783p2aaaba-diadema-hp-783p2aaaba-encore-pro-530-monoaural-alambrica-con-qd-con-cancelacion-de-ruido-negra\/","og_site_name":"Compuviper","article_publisher":"https:\/\/www.facebook.com\/compuviper","og_image":[{"width":200,"height":200,"url":"https:\/\/compuviper.mx\/tienda\/wp-content\/uploads\/2024\/09\/Diadema-hp-poly-783p2aaaba-encore-pro-530-monoaural-alambrica-con-qd-con-cancelacion-de-ruido-negra.jpg","type":"image\/jpeg"}],"twitter_card":"summary_large_image","twitter_misc":{"Precio":"&#36;1,720 con IVA","Availability":"On backorder"},"schema":{"@context":"https:\/\/schema.org","@graph":[{"@type":"WebPage","@id":"https:\/\/compuviper.mx\/tienda\/producto\/poly-783p2aaaba-diadema-hp-783p2aaaba-encore-pro-530-monoaural-alambrica-con-qd-con-cancelacion-de-ruido-negra\/","url":"https:\/\/compuviper.mx\/tienda\/producto\/poly-783p2aaaba-diadema-hp-783p2aaaba-encore-pro-530-monoaural-alambrica-con-qd-con-cancelacion-de-ruido-negra\/","name":"[ Poly ] &#129351; 783p2aa#aba Diadema Hp 783p2aaaba Encore Pro 530\/ Monoaural Alambrica Con Qd Con Cancelacion De Ruido Negra","isPartOf":{"@id":"https:\/\/compuviper.mx\/tienda\/#website"},"datePublished":"2026-04-02T08:06:38+00:00","dateModified":"2026-04-02T08:06:38+00:00","description":"Compra 783p2aa#aba Diadema Hp 783p2aaaba Encore Pro 530\/ Monoaural Alambrica Con Qd Con Cancelacion De Ruido Negra + Env\u00edo a domicilio + Pago seguro + Garant\u00eda","breadcrumb":{"@id":"https:\/\/compuviper.mx\/tienda\/producto\/poly-783p2aaaba-diadema-hp-783p2aaaba-encore-pro-530-monoaural-alambrica-con-qd-con-cancelacion-de-ruido-negra\/#breadcrumb"},"inLanguage":"es-MX","potentialAction":[{"@type":"ReadAction","target":["https:\/\/compuviper.mx\/tienda\/producto\/poly-783p2aaaba-diadema-hp-783p2aaaba-encore-pro-530-monoaural-alambrica-con-qd-con-cancelacion-de-ruido-negra\/"]}]},{"@type":"BreadcrumbList","@id":"https:\/\/compuviper.mx\/tienda\/producto\/poly-783p2aaaba-diadema-hp-783p2aaaba-encore-pro-530-monoaural-alambrica-con-qd-con-cancelacion-de-ruido-negra\/#breadcrumb","itemListElement":[{"@type":"ListItem","position":1,"name":"Inicio","item":"https:\/\/compuviper.mx\/tienda\/"},{"@type":"ListItem","position":2,"name":"Productos","item":"https:\/\/compuviper.mx\/tienda\/productos\/"},{"@type":"ListItem","position":3,"name":"Audifonos Y Micro","item":"https:\/\/compuviper.mx\/tienda\/categoria-producto\/audifonos-y-micro\/"},{"@type":"ListItem","position":4,"name":"Audifono Con Microfono","item":"https:\/\/compuviper.mx\/tienda\/categoria-producto\/audifonos-y-micro\/audifono-con-microfono\/"},{"@type":"ListItem","position":5,"name":"Poly 783p2aa#aba Diadema Hp 783p2aaaba Encore Pro 530\/ Monoaural Alambrica Con Qd Con Cancelacion De Ruido Negra"}]},{"@type":"WebSite","@id":"https:\/\/compuviper.mx\/tienda\/#website","url":"https:\/\/compuviper.mx\/tienda\/","name":"Compuviper","description":"Proveedor de Computadoras, Laptops, Servidores, Monitores, Puntos de Venta, Teclados,   Impresoras, T\u00f3ner, C\u00e1maras de Seguridad y m\u00e1s en tu tienda en l\u00ednea","publisher":{"@id":"https:\/\/compuviper.mx\/tienda\/#organization"},"potentialAction":[{"@type":"SearchAction","target":{"@type":"EntryPoint","urlTemplate":"https:\/\/compuviper.mx\/tienda\/?s={search_term_string}"},"query-input":"required name=search_term_string"}],"inLanguage":"es-MX"},{"@type":"Organization","@id":"https:\/\/compuviper.mx\/tienda\/#organization","name":"Compuviper","url":"https:\/\/compuviper.mx\/tienda\/","logo":{"@type":"ImageObject","inLanguage":"es-MX","@id":"https:\/\/compuviper.mx\/tienda\/#\/schema\/logo\/image\/","url":"https:\/\/compuviper.mx\/tienda\/wp-content\/uploads\/2021\/08\/Logo-Compuviper-10.png","contentUrl":"https:\/\/compuviper.mx\/tienda\/wp-content\/uploads\/2021\/08\/Logo-Compuviper-10.png","width":1000,"height":500,"caption":"Compuviper"},"image":{"@id":"https:\/\/compuviper.mx\/tienda\/#\/schema\/logo\/image\/"},"sameAs":["https:\/\/www.facebook.com\/compuviper","https:\/\/www.youtube.com\/channel\/UCf73dERp9Y3cfOq7q8BhLjA?view_as=subscriber"]}]},"product_brand":"POLY","product_price_amount":"1720","product_price_currency":"MXN","og_availability":"backorder","product_availability":"available for order","product_retailer_item_id":"783P2AA#ABA","product_condition":"new"},"_links":{"self":[{"href":"https:\/\/compuviper.mx\/tienda\/wp-json\/wp\/v2\/product\/239549"}],"collection":[{"href":"https:\/\/compuviper.mx\/tienda\/wp-json\/wp\/v2\/product"}],"about":[{"href":"https:\/\/compuviper.mx\/tienda\/wp-json\/wp\/v2\/types\/product"}],"replies":[{"embeddable":true,"href":"https:\/\/compuviper.mx\/tienda\/wp-json\/wp\/v2\/comments?post=239549"}],"wp:featuredmedia":[{"embeddable":true,"href":"https:\/\/compuviper.mx\/tienda\/wp-json\/wp\/v2\/media\/243502"}],"wp:attachment":[{"href":"https:\/\/compuviper.mx\/tienda\/wp-json\/wp\/v2\/media?parent=239549"}],"wp:term":[{"taxonomy":"product_cat","embeddable":true,"href":"https:\/\/compuviper.mx\/tienda\/wp-json\/wp\/v2\/product_cat?post=239549"},{"taxonomy":"product_tag","embeddable":true,"href":"https:\/\/compuviper.mx\/tienda\/wp-json\/wp\/v2\/product_tag?post=239549"}],"curies":[{"name":"wp","href":"https:\/\/api.w.org\/{rel}","templated":true}]}}