{"id":239530,"date":"2026-04-23T00:14:39","date_gmt":"2026-04-23T06:14:39","guid":{"rendered":"https:\/\/compuviper.mx\/tienda\/producto\/dahua-dh-hac-b4a21n-vf-2712-camara-analoga-hac-b4a21-vf-hdcvi-bullet-varifocal-de-2-mp-lente-de-2-7-a-12mm-angulo-ajustable-de-102-a-32-grados-ir-de-40-mts-dwdr-ip67-menu-osd-soporta-hdcvi\/"},"modified":"2026-04-23T00:14:39","modified_gmt":"2026-04-23T06:14:39","slug":"dahua-dh-hac-b4a21n-vf-2712-camara-analoga-hac-b4a21-vf-hdcvi-bullet-varifocal-de-2-mp-lente-de-2-7-a-12mm-angulo-ajustable-de-102-a-32-grados-ir-de-40-mts-dwdr-ip67-menu-osd-soporta-hdcvi","status":"publish","type":"product","link":"https:\/\/compuviper.mx\/tienda\/producto\/dahua-dh-hac-b4a21n-vf-2712-camara-analoga-hac-b4a21-vf-hdcvi-bullet-varifocal-de-2-mp-lente-de-2-7-a-12mm-angulo-ajustable-de-102-a-32-grados-ir-de-40-mts-dwdr-ip67-menu-osd-soporta-hdcvi\/","title":{"rendered":"Dahua Dh-hac-b4a21n-vf-2712 Camara Analoga\/ \/ Hac-b4a21-vf\/ Hdcvi Bullet Varifocal De 2 Mp\/ Lente De 2.7 A 12mm\/ Angulo Ajustable De 102 A 32 Grados\/ Ir De 40 Mts\/ Dwdr\/ Ip67\/ Menu Osd\/ Soporta Hdcvi\/ahd\/tvi Y Cbvs"},"content":{"rendered":"<table class=\"descripcion\">\n<tr>\n<td>Principales caracteristicas<\/td>\n<\/tr>\n<tr>\n<td>\u0095.d-wdr &#8211; amplio rango dinamico de la iluminacion<\/td>\n<\/tr>\n<tr>\n<td>\u00952d-dnr &#8211; reduccin digital de ruido en la imagen<\/td>\n<\/tr>\n<tr>\n<td>\u0095blc\/hlc &#8211; compensacin de luz de fondo \/ luz alta<\/td>\n<\/tr>\n<tr>\n<td>\u0095icr &#8211; filtro mec\u00e1nico de infrarrojos<\/td>\n<\/tr>\n<tr>\n<td>\u0095mirror &#8211; imagen de espejo<\/td>\n<\/tr>\n<tr>\n<td>\u0095agc &#8211; ajuste autom\u00e1tico de la ganancia de la imagen<\/td>\n<\/tr>\n<tr>\n<td>\u0095balance de blancos autom\u00e1tico<\/td>\n<\/tr>\n<\/table>\n","protected":false},"excerpt":{"rendered":"<p>Caractersticas principales. La camara b4a21vf perteneciente a la linea cooper tiene una resolucin de 2mp,presenta una imagen de alta calidad con detalles ricos, incluso en condiciones de muy poca luz. Posee un lente de 2.7mm &#8211; 12mm, potentes ir con alcance de hasta 30mts. Para la visin nocturna y tambien dispone de la tecnologa wdr real 120db que ofrece im\u00e1genes m\u00e1s nitidas incluso en las condiciones de contraste de luz intensas, tiene proteccin contra polvo y agua ideal para instalarse en exterior ya que cuenta con ndice de proteccion ip67. Larga distancia de transmisin. La tecnologia hdcvi en nuestra camara garantiza la transmisin en tiempo real a larga distancia sin ninguna perdida. Admite una transmision de hasta 800 mts. Para video hd de 2mp a travs de un cable coaxial, y hasta 300 mts. Para video hd de 2mp ,mediante un cable utp. Amplio angulo de vision. Una de las ventajas que nos proporciona este modelo es el \u00e1ngulo de vision gracias a que cuenta con un lente varifocal, este es un lente que puede acercar y alejar la imagen permite capturar un area mas amplia o para que se enfoque con mas detalle en un area mas pequea. Ir inteligente. La camara tambien cuenta con smart ir, esto es que los leds ir al ser activados en condiciones de poca luz regulan su intensidad dependiendo de las distancias que se encuentre el objeto en frente, esto evitara imagenes blancas y podr\u00e1 detectar m\u00e1s clara la imagen, los leds ir nos permiten una distancia de hasta 30 mts. Dwdr efectivo. La funcion dwdr se encargan de medir, compensar y ajustar la luz en la imagen que va a grabar una c\u00e1mara de cctv combinando los espacios de luces brillantes con los espacios de sombras que hay en una misma toma, para crear un equilibrio en la imagen final. Menu osd multilenguaje. El menu osd proporciona multiples ajustes de imagen y configuraciones de funcion para cumplir con los requisitos de diferentes escenas de monitoreo. El men osd incluye confguraciones como modo de luz de fondo, da \/ noche, balance de blancos, mascara de privacidad, etc. La c\u00e1mara admite 11 idiomas para el men osd, como lo son, chino, ingles, frances, aleman, espaol, portugues, italiano, japones, coreano, ruso y polaco.<\/p>\n","protected":false},"featured_media":242505,"comment_status":"open","ping_status":"open","template":"","meta":[],"product_cat":[1608,1681],"product_tag":[1555],"acf":[],"yoast_head":"<!-- This site is optimized with the Yoast SEO plugin v21.7 - https:\/\/yoast.com\/wordpress\/plugins\/seo\/ -->\n<title>[ Dahua ] &#129351; Dh-hac-b4a21n-vf-2712 Camara Analoga\/ \/ Hac-b4a21-vf\/ Hdcvi Bullet Varifocal De 2 Mp\/ Lente De 2.7 A 12mm\/ Angulo Ajustable De 102 A 32 Grados\/ Ir De 40 Mts\/ Dwdr\/ Ip67\/ Menu Osd\/ Soporta Hdcvi\/ahd\/tvi Y Cbvs<\/title>\n<meta name=\"description\" content=\"Compra Dh-hac-b4a21n-vf-2712 Camara Analoga\/ \/ Hac-b4a21-vf\/ Hdcvi Bullet Varifocal De 2 Mp\/ Lente De 2.7 A 12mm\/ Angulo Ajustable De 102 A 32 Grados\/ Ir De 40 Mts\/ Dwdr\/ Ip67\/ Menu Osd\/ Soporta Hdcvi\/ahd\/tvi Y Cbvs + Env\u00edo a domicilio + Pago seguro + Garant\u00eda\" \/>\n<meta name=\"robots\" content=\"index, follow, max-snippet:-1, max-image-preview:large, max-video-preview:-1\" \/>\n<link rel=\"canonical\" href=\"https:\/\/compuviper.mx\/tienda\/producto\/dahua-dh-hac-b4a21n-vf-2712-camara-analoga-hac-b4a21-vf-hdcvi-bullet-varifocal-de-2-mp-lente-de-2-7-a-12mm-angulo-ajustable-de-102-a-32-grados-ir-de-40-mts-dwdr-ip67-menu-osd-soporta-hdcvi\/\" \/>\n<meta property=\"og:locale\" content=\"es_MX\" \/>\n<meta property=\"og:type\" content=\"article\" \/>\n<meta property=\"og:title\" content=\"[ Dahua ] &#129351; Dh-hac-b4a21n-vf-2712 Camara Analoga\/ \/ Hac-b4a21-vf\/ Hdcvi Bullet Varifocal De 2 Mp\/ Lente De 2.7 A 12mm\/ Angulo Ajustable De 102 A 32 Grados\/ Ir De 40 Mts\/ Dwdr\/ Ip67\/ Menu Osd\/ Soporta Hdcvi\/ahd\/tvi Y Cbvs\" \/>\n<meta property=\"og:description\" content=\"Compra Dh-hac-b4a21n-vf-2712 Camara Analoga\/ \/ Hac-b4a21-vf\/ Hdcvi Bullet Varifocal De 2 Mp\/ Lente De 2.7 A 12mm\/ Angulo Ajustable De 102 A 32 Grados\/ Ir De 40 Mts\/ Dwdr\/ Ip67\/ Menu Osd\/ Soporta Hdcvi\/ahd\/tvi Y Cbvs + Env\u00edo a domicilio + Pago seguro + Garant\u00eda\" \/>\n<meta property=\"og:url\" content=\"https:\/\/compuviper.mx\/tienda\/producto\/dahua-dh-hac-b4a21n-vf-2712-camara-analoga-hac-b4a21-vf-hdcvi-bullet-varifocal-de-2-mp-lente-de-2-7-a-12mm-angulo-ajustable-de-102-a-32-grados-ir-de-40-mts-dwdr-ip67-menu-osd-soporta-hdcvi\/\" \/>\n<meta property=\"og:site_name\" content=\"Compuviper\" \/>\n<meta property=\"article:publisher\" content=\"https:\/\/www.facebook.com\/compuviper\" \/>\n<meta property=\"og:image\" content=\"https:\/\/compuviper.mx\/tienda\/wp-content\/uploads\/2024\/09\/Camara-analoga-dahua-hac-b4a21-vf-hdcvi-bullet-varifocal-de-2-mp-lente-de-2.7-a-12mm-angulo-ajustable-de-102-a-32-grados-ir-de-40-mts-dwdr-ip67-menu-osd-soporta-hdcviahdtvi-y-cbvs.jpg\" \/>\n\t<meta property=\"og:image:width\" content=\"200\" \/>\n\t<meta property=\"og:image:height\" content=\"200\" \/>\n\t<meta property=\"og:image:type\" content=\"image\/jpeg\" \/>\n<meta name=\"twitter:card\" content=\"summary_large_image\" \/>\n<meta name=\"twitter:label1\" content=\"Precio\" \/>\n\t<meta name=\"twitter:data1\" content=\"&#36;630 con IVA\" \/>\n\t<meta name=\"twitter:label2\" content=\"Availability\" \/>\n\t<meta name=\"twitter:data2\" content=\"Out of stock\" \/>\n<script type=\"application\/ld+json\" class=\"yoast-schema-graph\">{\"@context\":\"https:\/\/schema.org\",\"@graph\":[{\"@type\":\"WebPage\",\"@id\":\"https:\/\/compuviper.mx\/tienda\/producto\/dahua-dh-hac-b4a21n-vf-2712-camara-analoga-hac-b4a21-vf-hdcvi-bullet-varifocal-de-2-mp-lente-de-2-7-a-12mm-angulo-ajustable-de-102-a-32-grados-ir-de-40-mts-dwdr-ip67-menu-osd-soporta-hdcvi\/\",\"url\":\"https:\/\/compuviper.mx\/tienda\/producto\/dahua-dh-hac-b4a21n-vf-2712-camara-analoga-hac-b4a21-vf-hdcvi-bullet-varifocal-de-2-mp-lente-de-2-7-a-12mm-angulo-ajustable-de-102-a-32-grados-ir-de-40-mts-dwdr-ip67-menu-osd-soporta-hdcvi\/\",\"name\":\"[ Dahua ] &#129351; Dh-hac-b4a21n-vf-2712 Camara Analoga\/ \/ Hac-b4a21-vf\/ Hdcvi Bullet Varifocal De 2 Mp\/ Lente De 2.7 A 12mm\/ Angulo Ajustable De 102 A 32 Grados\/ Ir De 40 Mts\/ Dwdr\/ Ip67\/ Menu Osd\/ Soporta Hdcvi\/ahd\/tvi Y Cbvs\",\"isPartOf\":{\"@id\":\"https:\/\/compuviper.mx\/tienda\/#website\"},\"datePublished\":\"2026-04-23T06:14:39+00:00\",\"dateModified\":\"2026-04-23T06:14:39+00:00\",\"description\":\"Compra Dh-hac-b4a21n-vf-2712 Camara Analoga\/ \/ Hac-b4a21-vf\/ Hdcvi Bullet Varifocal De 2 Mp\/ Lente De 2.7 A 12mm\/ Angulo Ajustable De 102 A 32 Grados\/ Ir De 40 Mts\/ Dwdr\/ Ip67\/ Menu Osd\/ Soporta Hdcvi\/ahd\/tvi Y Cbvs + Env\u00edo a domicilio + Pago seguro + Garant\u00eda\",\"breadcrumb\":{\"@id\":\"https:\/\/compuviper.mx\/tienda\/producto\/dahua-dh-hac-b4a21n-vf-2712-camara-analoga-hac-b4a21-vf-hdcvi-bullet-varifocal-de-2-mp-lente-de-2-7-a-12mm-angulo-ajustable-de-102-a-32-grados-ir-de-40-mts-dwdr-ip67-menu-osd-soporta-hdcvi\/#breadcrumb\"},\"inLanguage\":\"es-MX\",\"potentialAction\":[{\"@type\":\"ReadAction\",\"target\":[\"https:\/\/compuviper.mx\/tienda\/producto\/dahua-dh-hac-b4a21n-vf-2712-camara-analoga-hac-b4a21-vf-hdcvi-bullet-varifocal-de-2-mp-lente-de-2-7-a-12mm-angulo-ajustable-de-102-a-32-grados-ir-de-40-mts-dwdr-ip67-menu-osd-soporta-hdcvi\/\"]}]},{\"@type\":\"BreadcrumbList\",\"@id\":\"https:\/\/compuviper.mx\/tienda\/producto\/dahua-dh-hac-b4a21n-vf-2712-camara-analoga-hac-b4a21-vf-hdcvi-bullet-varifocal-de-2-mp-lente-de-2-7-a-12mm-angulo-ajustable-de-102-a-32-grados-ir-de-40-mts-dwdr-ip67-menu-osd-soporta-hdcvi\/#breadcrumb\",\"itemListElement\":[{\"@type\":\"ListItem\",\"position\":1,\"name\":\"Inicio\",\"item\":\"https:\/\/compuviper.mx\/tienda\/\"},{\"@type\":\"ListItem\",\"position\":2,\"name\":\"Productos\",\"item\":\"https:\/\/compuviper.mx\/tienda\/productos\/\"},{\"@type\":\"ListItem\",\"position\":3,\"name\":\"Camaras\",\"item\":\"https:\/\/compuviper.mx\/tienda\/categoria-producto\/camaras-2\/\"},{\"@type\":\"ListItem\",\"position\":4,\"name\":\"Camara De Videovigilancia\",\"item\":\"https:\/\/compuviper.mx\/tienda\/categoria-producto\/camaras-2\/camara-de-videovigilancia\/\"},{\"@type\":\"ListItem\",\"position\":5,\"name\":\"Dahua Dh-hac-b4a21n-vf-2712 Camara Analoga\/ \/ Hac-b4a21-vf\/ Hdcvi Bullet Varifocal De 2 Mp\/ Lente De 2.7 A 12mm\/ Angulo Ajustable De 102 A 32 Grados\/ Ir De 40 Mts\/ Dwdr\/ Ip67\/ Menu Osd\/ Soporta Hdcvi\/ahd\/tvi Y Cbvs\"}]},{\"@type\":\"WebSite\",\"@id\":\"https:\/\/compuviper.mx\/tienda\/#website\",\"url\":\"https:\/\/compuviper.mx\/tienda\/\",\"name\":\"Compuviper\",\"description\":\"Proveedor de Computadoras, Laptops, Servidores, Monitores, Puntos de Venta, Teclados,   Impresoras, T\u00f3ner, C\u00e1maras de Seguridad y m\u00e1s en tu tienda en l\u00ednea\",\"publisher\":{\"@id\":\"https:\/\/compuviper.mx\/tienda\/#organization\"},\"potentialAction\":[{\"@type\":\"SearchAction\",\"target\":{\"@type\":\"EntryPoint\",\"urlTemplate\":\"https:\/\/compuviper.mx\/tienda\/?s={search_term_string}\"},\"query-input\":\"required name=search_term_string\"}],\"inLanguage\":\"es-MX\"},{\"@type\":\"Organization\",\"@id\":\"https:\/\/compuviper.mx\/tienda\/#organization\",\"name\":\"Compuviper\",\"url\":\"https:\/\/compuviper.mx\/tienda\/\",\"logo\":{\"@type\":\"ImageObject\",\"inLanguage\":\"es-MX\",\"@id\":\"https:\/\/compuviper.mx\/tienda\/#\/schema\/logo\/image\/\",\"url\":\"https:\/\/compuviper.mx\/tienda\/wp-content\/uploads\/2021\/08\/Logo-Compuviper-10.png\",\"contentUrl\":\"https:\/\/compuviper.mx\/tienda\/wp-content\/uploads\/2021\/08\/Logo-Compuviper-10.png\",\"width\":1000,\"height\":500,\"caption\":\"Compuviper\"},\"image\":{\"@id\":\"https:\/\/compuviper.mx\/tienda\/#\/schema\/logo\/image\/\"},\"sameAs\":[\"https:\/\/www.facebook.com\/compuviper\",\"https:\/\/www.youtube.com\/channel\/UCf73dERp9Y3cfOq7q8BhLjA?view_as=subscriber\"]}]}<\/script>\n<meta property=\"product:brand\" content=\"DAHUA\" \/>\n<meta property=\"product:price:amount\" content=\"630\" \/>\n<meta property=\"product:price:currency\" content=\"MXN\" \/>\n<meta property=\"og:availability\" content=\"out of stock\" \/>\n<meta property=\"product:availability\" content=\"out of stock\" \/>\n<meta property=\"product:retailer_item_id\" content=\"DH-HAC-B4A21N-VF-2712\" \/>\n<meta property=\"product:condition\" content=\"new\" \/>\n<!-- \/ Yoast SEO plugin. -->","yoast_head_json":{"title":"[ Dahua ] &#129351; Dh-hac-b4a21n-vf-2712 Camara Analoga\/ \/ Hac-b4a21-vf\/ Hdcvi Bullet Varifocal De 2 Mp\/ Lente De 2.7 A 12mm\/ Angulo Ajustable De 102 A 32 Grados\/ Ir De 40 Mts\/ Dwdr\/ Ip67\/ Menu Osd\/ Soporta Hdcvi\/ahd\/tvi Y Cbvs","description":"Compra Dh-hac-b4a21n-vf-2712 Camara Analoga\/ \/ Hac-b4a21-vf\/ Hdcvi Bullet Varifocal De 2 Mp\/ Lente De 2.7 A 12mm\/ Angulo Ajustable De 102 A 32 Grados\/ Ir De 40 Mts\/ Dwdr\/ Ip67\/ Menu Osd\/ Soporta Hdcvi\/ahd\/tvi Y Cbvs + Env\u00edo a domicilio + Pago seguro + Garant\u00eda","robots":{"index":"index","follow":"follow","max-snippet":"max-snippet:-1","max-image-preview":"max-image-preview:large","max-video-preview":"max-video-preview:-1"},"canonical":"https:\/\/compuviper.mx\/tienda\/producto\/dahua-dh-hac-b4a21n-vf-2712-camara-analoga-hac-b4a21-vf-hdcvi-bullet-varifocal-de-2-mp-lente-de-2-7-a-12mm-angulo-ajustable-de-102-a-32-grados-ir-de-40-mts-dwdr-ip67-menu-osd-soporta-hdcvi\/","og_locale":"es_MX","og_type":"article","og_title":"[ Dahua ] &#129351; Dh-hac-b4a21n-vf-2712 Camara Analoga\/ \/ Hac-b4a21-vf\/ Hdcvi Bullet Varifocal De 2 Mp\/ Lente De 2.7 A 12mm\/ Angulo Ajustable De 102 A 32 Grados\/ Ir De 40 Mts\/ Dwdr\/ Ip67\/ Menu Osd\/ Soporta Hdcvi\/ahd\/tvi Y Cbvs","og_description":"Compra Dh-hac-b4a21n-vf-2712 Camara Analoga\/ \/ Hac-b4a21-vf\/ Hdcvi Bullet Varifocal De 2 Mp\/ Lente De 2.7 A 12mm\/ Angulo Ajustable De 102 A 32 Grados\/ Ir De 40 Mts\/ Dwdr\/ Ip67\/ Menu Osd\/ Soporta Hdcvi\/ahd\/tvi Y Cbvs + Env\u00edo a domicilio + Pago seguro + Garant\u00eda","og_url":"https:\/\/compuviper.mx\/tienda\/producto\/dahua-dh-hac-b4a21n-vf-2712-camara-analoga-hac-b4a21-vf-hdcvi-bullet-varifocal-de-2-mp-lente-de-2-7-a-12mm-angulo-ajustable-de-102-a-32-grados-ir-de-40-mts-dwdr-ip67-menu-osd-soporta-hdcvi\/","og_site_name":"Compuviper","article_publisher":"https:\/\/www.facebook.com\/compuviper","og_image":[{"width":200,"height":200,"url":"https:\/\/compuviper.mx\/tienda\/wp-content\/uploads\/2024\/09\/Camara-analoga-dahua-hac-b4a21-vf-hdcvi-bullet-varifocal-de-2-mp-lente-de-2.7-a-12mm-angulo-ajustable-de-102-a-32-grados-ir-de-40-mts-dwdr-ip67-menu-osd-soporta-hdcviahdtvi-y-cbvs.jpg","type":"image\/jpeg"}],"twitter_card":"summary_large_image","twitter_misc":{"Precio":"&#36;630 con IVA","Availability":"Out of stock"},"schema":{"@context":"https:\/\/schema.org","@graph":[{"@type":"WebPage","@id":"https:\/\/compuviper.mx\/tienda\/producto\/dahua-dh-hac-b4a21n-vf-2712-camara-analoga-hac-b4a21-vf-hdcvi-bullet-varifocal-de-2-mp-lente-de-2-7-a-12mm-angulo-ajustable-de-102-a-32-grados-ir-de-40-mts-dwdr-ip67-menu-osd-soporta-hdcvi\/","url":"https:\/\/compuviper.mx\/tienda\/producto\/dahua-dh-hac-b4a21n-vf-2712-camara-analoga-hac-b4a21-vf-hdcvi-bullet-varifocal-de-2-mp-lente-de-2-7-a-12mm-angulo-ajustable-de-102-a-32-grados-ir-de-40-mts-dwdr-ip67-menu-osd-soporta-hdcvi\/","name":"[ Dahua ] &#129351; Dh-hac-b4a21n-vf-2712 Camara Analoga\/ \/ Hac-b4a21-vf\/ Hdcvi Bullet Varifocal De 2 Mp\/ Lente De 2.7 A 12mm\/ Angulo Ajustable De 102 A 32 Grados\/ Ir De 40 Mts\/ Dwdr\/ Ip67\/ Menu Osd\/ Soporta Hdcvi\/ahd\/tvi Y Cbvs","isPartOf":{"@id":"https:\/\/compuviper.mx\/tienda\/#website"},"datePublished":"2026-04-23T06:14:39+00:00","dateModified":"2026-04-23T06:14:39+00:00","description":"Compra Dh-hac-b4a21n-vf-2712 Camara Analoga\/ \/ Hac-b4a21-vf\/ Hdcvi Bullet Varifocal De 2 Mp\/ Lente De 2.7 A 12mm\/ Angulo Ajustable De 102 A 32 Grados\/ Ir De 40 Mts\/ Dwdr\/ Ip67\/ Menu Osd\/ Soporta Hdcvi\/ahd\/tvi Y Cbvs + Env\u00edo a domicilio + Pago seguro + Garant\u00eda","breadcrumb":{"@id":"https:\/\/compuviper.mx\/tienda\/producto\/dahua-dh-hac-b4a21n-vf-2712-camara-analoga-hac-b4a21-vf-hdcvi-bullet-varifocal-de-2-mp-lente-de-2-7-a-12mm-angulo-ajustable-de-102-a-32-grados-ir-de-40-mts-dwdr-ip67-menu-osd-soporta-hdcvi\/#breadcrumb"},"inLanguage":"es-MX","potentialAction":[{"@type":"ReadAction","target":["https:\/\/compuviper.mx\/tienda\/producto\/dahua-dh-hac-b4a21n-vf-2712-camara-analoga-hac-b4a21-vf-hdcvi-bullet-varifocal-de-2-mp-lente-de-2-7-a-12mm-angulo-ajustable-de-102-a-32-grados-ir-de-40-mts-dwdr-ip67-menu-osd-soporta-hdcvi\/"]}]},{"@type":"BreadcrumbList","@id":"https:\/\/compuviper.mx\/tienda\/producto\/dahua-dh-hac-b4a21n-vf-2712-camara-analoga-hac-b4a21-vf-hdcvi-bullet-varifocal-de-2-mp-lente-de-2-7-a-12mm-angulo-ajustable-de-102-a-32-grados-ir-de-40-mts-dwdr-ip67-menu-osd-soporta-hdcvi\/#breadcrumb","itemListElement":[{"@type":"ListItem","position":1,"name":"Inicio","item":"https:\/\/compuviper.mx\/tienda\/"},{"@type":"ListItem","position":2,"name":"Productos","item":"https:\/\/compuviper.mx\/tienda\/productos\/"},{"@type":"ListItem","position":3,"name":"Camaras","item":"https:\/\/compuviper.mx\/tienda\/categoria-producto\/camaras-2\/"},{"@type":"ListItem","position":4,"name":"Camara De Videovigilancia","item":"https:\/\/compuviper.mx\/tienda\/categoria-producto\/camaras-2\/camara-de-videovigilancia\/"},{"@type":"ListItem","position":5,"name":"Dahua Dh-hac-b4a21n-vf-2712 Camara Analoga\/ \/ Hac-b4a21-vf\/ Hdcvi Bullet Varifocal De 2 Mp\/ Lente De 2.7 A 12mm\/ Angulo Ajustable De 102 A 32 Grados\/ Ir De 40 Mts\/ Dwdr\/ Ip67\/ Menu Osd\/ Soporta Hdcvi\/ahd\/tvi Y Cbvs"}]},{"@type":"WebSite","@id":"https:\/\/compuviper.mx\/tienda\/#website","url":"https:\/\/compuviper.mx\/tienda\/","name":"Compuviper","description":"Proveedor de Computadoras, Laptops, Servidores, Monitores, Puntos de Venta, Teclados,   Impresoras, T\u00f3ner, C\u00e1maras de Seguridad y m\u00e1s en tu tienda en l\u00ednea","publisher":{"@id":"https:\/\/compuviper.mx\/tienda\/#organization"},"potentialAction":[{"@type":"SearchAction","target":{"@type":"EntryPoint","urlTemplate":"https:\/\/compuviper.mx\/tienda\/?s={search_term_string}"},"query-input":"required name=search_term_string"}],"inLanguage":"es-MX"},{"@type":"Organization","@id":"https:\/\/compuviper.mx\/tienda\/#organization","name":"Compuviper","url":"https:\/\/compuviper.mx\/tienda\/","logo":{"@type":"ImageObject","inLanguage":"es-MX","@id":"https:\/\/compuviper.mx\/tienda\/#\/schema\/logo\/image\/","url":"https:\/\/compuviper.mx\/tienda\/wp-content\/uploads\/2021\/08\/Logo-Compuviper-10.png","contentUrl":"https:\/\/compuviper.mx\/tienda\/wp-content\/uploads\/2021\/08\/Logo-Compuviper-10.png","width":1000,"height":500,"caption":"Compuviper"},"image":{"@id":"https:\/\/compuviper.mx\/tienda\/#\/schema\/logo\/image\/"},"sameAs":["https:\/\/www.facebook.com\/compuviper","https:\/\/www.youtube.com\/channel\/UCf73dERp9Y3cfOq7q8BhLjA?view_as=subscriber"]}]},"product_brand":"DAHUA","product_price_amount":"630","product_price_currency":"MXN","og_availability":"out of stock","product_availability":"out of stock","product_retailer_item_id":"DH-HAC-B4A21N-VF-2712","product_condition":"new"},"_links":{"self":[{"href":"https:\/\/compuviper.mx\/tienda\/wp-json\/wp\/v2\/product\/239530"}],"collection":[{"href":"https:\/\/compuviper.mx\/tienda\/wp-json\/wp\/v2\/product"}],"about":[{"href":"https:\/\/compuviper.mx\/tienda\/wp-json\/wp\/v2\/types\/product"}],"replies":[{"embeddable":true,"href":"https:\/\/compuviper.mx\/tienda\/wp-json\/wp\/v2\/comments?post=239530"}],"wp:featuredmedia":[{"embeddable":true,"href":"https:\/\/compuviper.mx\/tienda\/wp-json\/wp\/v2\/media\/242505"}],"wp:attachment":[{"href":"https:\/\/compuviper.mx\/tienda\/wp-json\/wp\/v2\/media?parent=239530"}],"wp:term":[{"taxonomy":"product_cat","embeddable":true,"href":"https:\/\/compuviper.mx\/tienda\/wp-json\/wp\/v2\/product_cat?post=239530"},{"taxonomy":"product_tag","embeddable":true,"href":"https:\/\/compuviper.mx\/tienda\/wp-json\/wp\/v2\/product_tag?post=239530"}],"curies":[{"name":"wp","href":"https:\/\/api.w.org\/{rel}","templated":true}]}}