{"id":238988,"date":"2026-04-02T00:11:21","date_gmt":"2026-04-02T06:11:21","guid":{"rendered":"https:\/\/compuviper.mx\/tienda\/producto\/balam-rush-br-938693-gabinete-gamer-tank-master-9600tb-media-torre-atx-micro-atx-itx-paneles-removibles-cristal-templado-ventiladores-argb-soporte-para-enfriamiento-blanco-negro\/"},"modified":"2026-04-02T00:11:21","modified_gmt":"2026-04-02T06:11:21","slug":"balam-rush-br-9386937506215938693-gabinete-gamer-tank-master-9600tb-media-torre-atx-micro-atx-itx-paneles-removibles-cristal-templado-4x-ventiladores-argb-soporte-p-enfriamiento-bla","status":"publish","type":"product","link":"https:\/\/compuviper.mx\/tienda\/producto\/balam-rush-br-9386937506215938693-gabinete-gamer-tank-master-9600tb-media-torre-atx-micro-atx-itx-paneles-removibles-cristal-templado-4x-ventiladores-argb-soporte-p-enfriamiento-bla\/","title":{"rendered":"Balam Rush Br-938693,7506215938693 Gabinete Gamer  Tank Master 9600tb \/ Media Torre \/ Atx &#8211; Micro Atx &#8211; Itx \/ Paneles Removibles Cristal Templado \/ 4x Ventiladores Argb \/ Soporte P\/ Enfriamiento \/ Blanco C\/ Negro \/ Br-938693"},"content":{"rendered":"<table class=\"descripcion\">\n<tr>\n<td>Especificaciones<\/td>\n<\/tr>\n<tr>\n<td>\u0095 producto: gabinete gamer<\/td>\n<\/tr>\n<tr>\n<td>\u0095 modelo: br-938693<\/td>\n<\/tr>\n<tr>\n<td>\u0095 factor de forma: media torre<\/td>\n<\/tr>\n<tr>\n<td>\u0095 materiales:<\/td>\n<\/tr>\n<tr>\n<td>      o panel izquierdo: cristal templado<\/td>\n<\/tr>\n<tr>\n<td>      o panel derecho: metal<\/td>\n<\/tr>\n<tr>\n<td>      o panel frontal: cristal templado<\/td>\n<\/tr>\n<tr>\n<td>\u0095 espesor: spcc 0.8 mm<\/td>\n<\/tr>\n<tr>\n<td>\u0095 color: blanco<\/td>\n<\/tr>\n<tr>\n<td>\u0095 dimensiones: 42.6 x 28.5 x 39.8 cm<\/td>\n<\/tr>\n<tr>\n<td>\u0095 peso: 7.3 kg<\/td>\n<\/tr>\n<tr>\n<td>\u0095 tarjetas madres compatibles: atx \/ micro atx \/ itx<\/td>\n<\/tr>\n<tr>\n<td>\u0095 slots expandibles: 7<\/td>\n<\/tr>\n<tr>\n<td>\u0095 bahias<\/td>\n<\/tr>\n<tr>\n<td>      o 5.25\u0094odd: 0<\/td>\n<\/tr>\n<tr>\n<td>      o hdd 3.5\u0094: 1<\/td>\n<\/tr>\n<tr>\n<td>      o 2.5\u0094 \/ 3.5\u0094(combinado): 1<\/td>\n<\/tr>\n<tr>\n<td>      o 2.5\u0094 sdd: 2<\/td>\n<\/tr>\n<tr>\n<td>\u0095 panel i\/o<\/td>\n<\/tr>\n<tr>\n<td>      o puertos usb: 1x tipo c 3.1 + 1x usb 3.0 + 1x usb 2.0<\/td>\n<\/tr>\n<tr>\n<td>      o audio: hd audio + micro<\/td>\n<\/tr>\n<tr>\n<td>\u0095 ventiladores<\/td>\n<\/tr>\n<tr>\n<td>      o superior: 3x 120 mm<\/td>\n<\/tr>\n<tr>\n<td>      o lateral m\/b: 3x 120 mm ( incluidos)<\/td>\n<\/tr>\n<tr>\n<td>      o trasero: 1x 120 mm ( incluido)<\/td>\n<\/tr>\n<tr>\n<td>      o inferior: 3x 120 mm ( incluido)<\/td>\n<\/tr>\n<tr>\n<td>\u0095 radiador<\/td>\n<\/tr>\n<tr>\n<td>      o superior: 1x 240 \/ 360 mm<\/td>\n<\/tr>\n<tr>\n<td>      o lateral m\/b: 1x 240 \/ 280 mm<\/td>\n<\/tr>\n<tr>\n<td>      o trasero: 1x 120 mm<\/td>\n<\/tr>\n<tr>\n<td>      o otros: 1x 240 mm inferior<\/td>\n<\/tr>\n<tr>\n<td>\u0095 tolerancias<\/td>\n<\/tr>\n<tr>\n<td>      o enfriamiento cpu: 163 mm<\/td>\n<\/tr>\n<tr>\n<td>      o tarjetas gr\u00e1ficas: 410 mm<\/td>\n<\/tr>\n<tr>\n<td>\u0095 cableado<\/td>\n<\/tr>\n<tr>\n<td>      o detr\u00e1s de mb: 35 mm<\/td>\n<\/tr>\n<tr>\n<td>\u0095 filtros de polvo: superior e inferior<\/td>\n<\/tr>\n<tr>\n<td>\u0095 fuente de poder<\/td>\n<\/tr>\n<tr>\n<td>      o tipo: atx<\/td>\n<\/tr>\n<tr>\n<td>      o ubicaci\u00f3n: costado m\u00e1x: 200 mm<\/td>\n<\/tr>\n<tr>\n<td>\u0095 boton de reset: si<\/td>\n<\/tr>\n<tr>\n<td>\u0095 boton de encendido: si<\/td>\n<\/tr>\n<\/table>\n","protected":false},"excerpt":{"rendered":"<p>Gabinete gamer balam rush tank master 9600tb \/ media torre \/ atx &#8211; micro atx &#8211; itx \/ paneles removibles cristal templado \/ ventiladores argb \/ soporte para enfriamiento \/ blanco &#8211; negro \/ br-938693<\/p>\n","protected":false},"featured_media":242410,"comment_status":"open","ping_status":"open","template":"","meta":[],"product_cat":[1674,1676],"product_tag":[2097],"acf":[],"yoast_head":"<!-- This site is optimized with the Yoast SEO plugin v21.7 - https:\/\/yoast.com\/wordpress\/plugins\/seo\/ -->\n<title>[ Balam Rush ] &#129351; Br-938693,7506215938693 Gabinete Gamer Tank Master 9600tb \/ Media Torre \/ Atx - Micro Atx - Itx \/ Paneles Removibles Cristal Templado \/ 4x Ventiladores Argb \/ Soporte P\/ Enfriamiento \/ Blanco C\/ Negro \/ Br-938693<\/title>\n<meta name=\"description\" content=\"Compra Br-938693,7506215938693 Gabinete Gamer Tank Master 9600tb \/ Media Torre \/ Atx - Micro Atx - Itx \/ Paneles Removibles Cristal Templado \/ 4x Ventiladores Argb \/ Soporte P\/ Enfriamiento \/ Blanco C\/ Negro \/ Br-938693 + Env\u00edo a domicilio + Pago seguro + Garant\u00eda\" \/>\n<meta name=\"robots\" content=\"index, follow, max-snippet:-1, max-image-preview:large, max-video-preview:-1\" \/>\n<link rel=\"canonical\" href=\"https:\/\/compuviper.mx\/tienda\/producto\/balam-rush-br-9386937506215938693-gabinete-gamer-tank-master-9600tb-media-torre-atx-micro-atx-itx-paneles-removibles-cristal-templado-4x-ventiladores-argb-soporte-p-enfriamiento-bla\/\" \/>\n<meta property=\"og:locale\" content=\"es_MX\" \/>\n<meta property=\"og:type\" content=\"article\" \/>\n<meta property=\"og:title\" content=\"[ Balam Rush ] &#129351; Br-938693,7506215938693 Gabinete Gamer Tank Master 9600tb \/ Media Torre \/ Atx - Micro Atx - Itx \/ Paneles Removibles Cristal Templado \/ 4x Ventiladores Argb \/ Soporte P\/ Enfriamiento \/ Blanco C\/ Negro \/ Br-938693\" \/>\n<meta property=\"og:description\" content=\"Compra Br-938693,7506215938693 Gabinete Gamer Tank Master 9600tb \/ Media Torre \/ Atx - Micro Atx - Itx \/ Paneles Removibles Cristal Templado \/ 4x Ventiladores Argb \/ Soporte P\/ Enfriamiento \/ Blanco C\/ Negro \/ Br-938693 + Env\u00edo a domicilio + Pago seguro + Garant\u00eda\" \/>\n<meta property=\"og:url\" content=\"https:\/\/compuviper.mx\/tienda\/producto\/balam-rush-br-9386937506215938693-gabinete-gamer-tank-master-9600tb-media-torre-atx-micro-atx-itx-paneles-removibles-cristal-templado-4x-ventiladores-argb-soporte-p-enfriamiento-bla\/\" \/>\n<meta property=\"og:site_name\" content=\"Compuviper\" \/>\n<meta property=\"article:publisher\" content=\"https:\/\/www.facebook.com\/compuviper\" \/>\n<meta property=\"og:image\" content=\"https:\/\/compuviper.mx\/tienda\/wp-content\/uploads\/2024\/09\/Gabinete-gamer-balam-rush-tank-master-9600tb-media-torre-atx-micro-atx-itx-paneles-removibles-cristal-templado-ventiladores-argb-soporte-para-enfriamiento-blanco-negro-br-938693.jpg\" \/>\n\t<meta property=\"og:image:width\" content=\"200\" \/>\n\t<meta property=\"og:image:height\" content=\"200\" \/>\n\t<meta property=\"og:image:type\" content=\"image\/jpeg\" \/>\n<meta name=\"twitter:card\" content=\"summary_large_image\" \/>\n<meta name=\"twitter:label1\" content=\"Precio\" \/>\n\t<meta name=\"twitter:data1\" content=\"&#36;1,723 &#36;1,465 con IVA\" \/>\n\t<meta name=\"twitter:label2\" content=\"Availability\" \/>\n\t<meta name=\"twitter:data2\" content=\"In stock\" \/>\n<script type=\"application\/ld+json\" class=\"yoast-schema-graph\">{\"@context\":\"https:\/\/schema.org\",\"@graph\":[{\"@type\":\"WebPage\",\"@id\":\"https:\/\/compuviper.mx\/tienda\/producto\/balam-rush-br-9386937506215938693-gabinete-gamer-tank-master-9600tb-media-torre-atx-micro-atx-itx-paneles-removibles-cristal-templado-4x-ventiladores-argb-soporte-p-enfriamiento-bla\/\",\"url\":\"https:\/\/compuviper.mx\/tienda\/producto\/balam-rush-br-9386937506215938693-gabinete-gamer-tank-master-9600tb-media-torre-atx-micro-atx-itx-paneles-removibles-cristal-templado-4x-ventiladores-argb-soporte-p-enfriamiento-bla\/\",\"name\":\"[ Balam Rush ] &#129351; Br-938693,7506215938693 Gabinete Gamer Tank Master 9600tb \/ Media Torre \/ Atx - Micro Atx - Itx \/ Paneles Removibles Cristal Templado \/ 4x Ventiladores Argb \/ Soporte P\/ Enfriamiento \/ Blanco C\/ Negro \/ Br-938693\",\"isPartOf\":{\"@id\":\"https:\/\/compuviper.mx\/tienda\/#website\"},\"datePublished\":\"2026-04-02T06:11:21+00:00\",\"dateModified\":\"2026-04-02T06:11:21+00:00\",\"description\":\"Compra Br-938693,7506215938693 Gabinete Gamer Tank Master 9600tb \/ Media Torre \/ Atx - Micro Atx - Itx \/ Paneles Removibles Cristal Templado \/ 4x Ventiladores Argb \/ Soporte P\/ Enfriamiento \/ Blanco C\/ Negro \/ Br-938693 + Env\u00edo a domicilio + Pago seguro + Garant\u00eda\",\"breadcrumb\":{\"@id\":\"https:\/\/compuviper.mx\/tienda\/producto\/balam-rush-br-9386937506215938693-gabinete-gamer-tank-master-9600tb-media-torre-atx-micro-atx-itx-paneles-removibles-cristal-templado-4x-ventiladores-argb-soporte-p-enfriamiento-bla\/#breadcrumb\"},\"inLanguage\":\"es-MX\",\"potentialAction\":[{\"@type\":\"ReadAction\",\"target\":[\"https:\/\/compuviper.mx\/tienda\/producto\/balam-rush-br-9386937506215938693-gabinete-gamer-tank-master-9600tb-media-torre-atx-micro-atx-itx-paneles-removibles-cristal-templado-4x-ventiladores-argb-soporte-p-enfriamiento-bla\/\"]}]},{\"@type\":\"BreadcrumbList\",\"@id\":\"https:\/\/compuviper.mx\/tienda\/producto\/balam-rush-br-9386937506215938693-gabinete-gamer-tank-master-9600tb-media-torre-atx-micro-atx-itx-paneles-removibles-cristal-templado-4x-ventiladores-argb-soporte-p-enfriamiento-bla\/#breadcrumb\",\"itemListElement\":[{\"@type\":\"ListItem\",\"position\":1,\"name\":\"Inicio\",\"item\":\"https:\/\/compuviper.mx\/tienda\/\"},{\"@type\":\"ListItem\",\"position\":2,\"name\":\"Productos\",\"item\":\"https:\/\/compuviper.mx\/tienda\/productos\/\"},{\"@type\":\"ListItem\",\"position\":3,\"name\":\"Gabinetes\",\"item\":\"https:\/\/compuviper.mx\/tienda\/categoria-producto\/gabinetes\/\"},{\"@type\":\"ListItem\",\"position\":4,\"name\":\"Media Torre\",\"item\":\"https:\/\/compuviper.mx\/tienda\/categoria-producto\/gabinetes\/media-torre\/\"},{\"@type\":\"ListItem\",\"position\":5,\"name\":\"Balam Rush Br-938693,7506215938693 Gabinete Gamer Tank Master 9600tb \/ Media Torre \/ Atx &#8211; Micro Atx &#8211; Itx \/ Paneles Removibles Cristal Templado \/ 4x Ventiladores Argb \/ Soporte P\/ Enfriamiento \/ Blanco C\/ Negro \/ Br-938693\"}]},{\"@type\":\"WebSite\",\"@id\":\"https:\/\/compuviper.mx\/tienda\/#website\",\"url\":\"https:\/\/compuviper.mx\/tienda\/\",\"name\":\"Compuviper\",\"description\":\"Proveedor de Computadoras, Laptops, Servidores, Monitores, Puntos de Venta, Teclados,   Impresoras, T\u00f3ner, C\u00e1maras de Seguridad y m\u00e1s en tu tienda en l\u00ednea\",\"publisher\":{\"@id\":\"https:\/\/compuviper.mx\/tienda\/#organization\"},\"potentialAction\":[{\"@type\":\"SearchAction\",\"target\":{\"@type\":\"EntryPoint\",\"urlTemplate\":\"https:\/\/compuviper.mx\/tienda\/?s={search_term_string}\"},\"query-input\":\"required name=search_term_string\"}],\"inLanguage\":\"es-MX\"},{\"@type\":\"Organization\",\"@id\":\"https:\/\/compuviper.mx\/tienda\/#organization\",\"name\":\"Compuviper\",\"url\":\"https:\/\/compuviper.mx\/tienda\/\",\"logo\":{\"@type\":\"ImageObject\",\"inLanguage\":\"es-MX\",\"@id\":\"https:\/\/compuviper.mx\/tienda\/#\/schema\/logo\/image\/\",\"url\":\"https:\/\/compuviper.mx\/tienda\/wp-content\/uploads\/2021\/08\/Logo-Compuviper-10.png\",\"contentUrl\":\"https:\/\/compuviper.mx\/tienda\/wp-content\/uploads\/2021\/08\/Logo-Compuviper-10.png\",\"width\":1000,\"height\":500,\"caption\":\"Compuviper\"},\"image\":{\"@id\":\"https:\/\/compuviper.mx\/tienda\/#\/schema\/logo\/image\/\"},\"sameAs\":[\"https:\/\/www.facebook.com\/compuviper\",\"https:\/\/www.youtube.com\/channel\/UCf73dERp9Y3cfOq7q8BhLjA?view_as=subscriber\"]}]}<\/script>\n<meta property=\"product:brand\" content=\"Balam Rush\" \/>\n<meta property=\"product:price:amount\" content=\"1465\" \/>\n<meta property=\"product:price:currency\" content=\"MXN\" \/>\n<meta property=\"og:availability\" content=\"instock\" \/>\n<meta property=\"product:availability\" content=\"instock\" \/>\n<meta property=\"product:retailer_item_id\" content=\"BR-938693,7506215938693\" \/>\n<meta property=\"product:condition\" content=\"new\" \/>\n<!-- \/ Yoast SEO plugin. -->","yoast_head_json":{"title":"[ Balam Rush ] &#129351; Br-938693,7506215938693 Gabinete Gamer Tank Master 9600tb \/ Media Torre \/ Atx - Micro Atx - Itx \/ Paneles Removibles Cristal Templado \/ 4x Ventiladores Argb \/ Soporte P\/ Enfriamiento \/ Blanco C\/ Negro \/ Br-938693","description":"Compra Br-938693,7506215938693 Gabinete Gamer Tank Master 9600tb \/ Media Torre \/ Atx - Micro Atx - Itx \/ Paneles Removibles Cristal Templado \/ 4x Ventiladores Argb \/ Soporte P\/ Enfriamiento \/ Blanco C\/ Negro \/ Br-938693 + Env\u00edo a domicilio + Pago seguro + Garant\u00eda","robots":{"index":"index","follow":"follow","max-snippet":"max-snippet:-1","max-image-preview":"max-image-preview:large","max-video-preview":"max-video-preview:-1"},"canonical":"https:\/\/compuviper.mx\/tienda\/producto\/balam-rush-br-9386937506215938693-gabinete-gamer-tank-master-9600tb-media-torre-atx-micro-atx-itx-paneles-removibles-cristal-templado-4x-ventiladores-argb-soporte-p-enfriamiento-bla\/","og_locale":"es_MX","og_type":"article","og_title":"[ Balam Rush ] &#129351; Br-938693,7506215938693 Gabinete Gamer Tank Master 9600tb \/ Media Torre \/ Atx - Micro Atx - Itx \/ Paneles Removibles Cristal Templado \/ 4x Ventiladores Argb \/ Soporte P\/ Enfriamiento \/ Blanco C\/ Negro \/ Br-938693","og_description":"Compra Br-938693,7506215938693 Gabinete Gamer Tank Master 9600tb \/ Media Torre \/ Atx - Micro Atx - Itx \/ Paneles Removibles Cristal Templado \/ 4x Ventiladores Argb \/ Soporte P\/ Enfriamiento \/ Blanco C\/ Negro \/ Br-938693 + Env\u00edo a domicilio + Pago seguro + Garant\u00eda","og_url":"https:\/\/compuviper.mx\/tienda\/producto\/balam-rush-br-9386937506215938693-gabinete-gamer-tank-master-9600tb-media-torre-atx-micro-atx-itx-paneles-removibles-cristal-templado-4x-ventiladores-argb-soporte-p-enfriamiento-bla\/","og_site_name":"Compuviper","article_publisher":"https:\/\/www.facebook.com\/compuviper","og_image":[{"width":200,"height":200,"url":"https:\/\/compuviper.mx\/tienda\/wp-content\/uploads\/2024\/09\/Gabinete-gamer-balam-rush-tank-master-9600tb-media-torre-atx-micro-atx-itx-paneles-removibles-cristal-templado-ventiladores-argb-soporte-para-enfriamiento-blanco-negro-br-938693.jpg","type":"image\/jpeg"}],"twitter_card":"summary_large_image","twitter_misc":{"Precio":"&#36;1,723 &#36;1,465 con IVA","Availability":"In stock"},"schema":{"@context":"https:\/\/schema.org","@graph":[{"@type":"WebPage","@id":"https:\/\/compuviper.mx\/tienda\/producto\/balam-rush-br-9386937506215938693-gabinete-gamer-tank-master-9600tb-media-torre-atx-micro-atx-itx-paneles-removibles-cristal-templado-4x-ventiladores-argb-soporte-p-enfriamiento-bla\/","url":"https:\/\/compuviper.mx\/tienda\/producto\/balam-rush-br-9386937506215938693-gabinete-gamer-tank-master-9600tb-media-torre-atx-micro-atx-itx-paneles-removibles-cristal-templado-4x-ventiladores-argb-soporte-p-enfriamiento-bla\/","name":"[ Balam Rush ] &#129351; Br-938693,7506215938693 Gabinete Gamer Tank Master 9600tb \/ Media Torre \/ Atx - Micro Atx - Itx \/ Paneles Removibles Cristal Templado \/ 4x Ventiladores Argb \/ Soporte P\/ Enfriamiento \/ Blanco C\/ Negro \/ Br-938693","isPartOf":{"@id":"https:\/\/compuviper.mx\/tienda\/#website"},"datePublished":"2026-04-02T06:11:21+00:00","dateModified":"2026-04-02T06:11:21+00:00","description":"Compra Br-938693,7506215938693 Gabinete Gamer Tank Master 9600tb \/ Media Torre \/ Atx - Micro Atx - Itx \/ Paneles Removibles Cristal Templado \/ 4x Ventiladores Argb \/ Soporte P\/ Enfriamiento \/ Blanco C\/ Negro \/ Br-938693 + Env\u00edo a domicilio + Pago seguro + Garant\u00eda","breadcrumb":{"@id":"https:\/\/compuviper.mx\/tienda\/producto\/balam-rush-br-9386937506215938693-gabinete-gamer-tank-master-9600tb-media-torre-atx-micro-atx-itx-paneles-removibles-cristal-templado-4x-ventiladores-argb-soporte-p-enfriamiento-bla\/#breadcrumb"},"inLanguage":"es-MX","potentialAction":[{"@type":"ReadAction","target":["https:\/\/compuviper.mx\/tienda\/producto\/balam-rush-br-9386937506215938693-gabinete-gamer-tank-master-9600tb-media-torre-atx-micro-atx-itx-paneles-removibles-cristal-templado-4x-ventiladores-argb-soporte-p-enfriamiento-bla\/"]}]},{"@type":"BreadcrumbList","@id":"https:\/\/compuviper.mx\/tienda\/producto\/balam-rush-br-9386937506215938693-gabinete-gamer-tank-master-9600tb-media-torre-atx-micro-atx-itx-paneles-removibles-cristal-templado-4x-ventiladores-argb-soporte-p-enfriamiento-bla\/#breadcrumb","itemListElement":[{"@type":"ListItem","position":1,"name":"Inicio","item":"https:\/\/compuviper.mx\/tienda\/"},{"@type":"ListItem","position":2,"name":"Productos","item":"https:\/\/compuviper.mx\/tienda\/productos\/"},{"@type":"ListItem","position":3,"name":"Gabinetes","item":"https:\/\/compuviper.mx\/tienda\/categoria-producto\/gabinetes\/"},{"@type":"ListItem","position":4,"name":"Media Torre","item":"https:\/\/compuviper.mx\/tienda\/categoria-producto\/gabinetes\/media-torre\/"},{"@type":"ListItem","position":5,"name":"Balam Rush Br-938693,7506215938693 Gabinete Gamer Tank Master 9600tb \/ Media Torre \/ Atx &#8211; Micro Atx &#8211; Itx \/ Paneles Removibles Cristal Templado \/ 4x Ventiladores Argb \/ Soporte P\/ Enfriamiento \/ Blanco C\/ Negro \/ Br-938693"}]},{"@type":"WebSite","@id":"https:\/\/compuviper.mx\/tienda\/#website","url":"https:\/\/compuviper.mx\/tienda\/","name":"Compuviper","description":"Proveedor de Computadoras, Laptops, Servidores, Monitores, Puntos de Venta, Teclados,   Impresoras, T\u00f3ner, C\u00e1maras de Seguridad y m\u00e1s en tu tienda en l\u00ednea","publisher":{"@id":"https:\/\/compuviper.mx\/tienda\/#organization"},"potentialAction":[{"@type":"SearchAction","target":{"@type":"EntryPoint","urlTemplate":"https:\/\/compuviper.mx\/tienda\/?s={search_term_string}"},"query-input":"required name=search_term_string"}],"inLanguage":"es-MX"},{"@type":"Organization","@id":"https:\/\/compuviper.mx\/tienda\/#organization","name":"Compuviper","url":"https:\/\/compuviper.mx\/tienda\/","logo":{"@type":"ImageObject","inLanguage":"es-MX","@id":"https:\/\/compuviper.mx\/tienda\/#\/schema\/logo\/image\/","url":"https:\/\/compuviper.mx\/tienda\/wp-content\/uploads\/2021\/08\/Logo-Compuviper-10.png","contentUrl":"https:\/\/compuviper.mx\/tienda\/wp-content\/uploads\/2021\/08\/Logo-Compuviper-10.png","width":1000,"height":500,"caption":"Compuviper"},"image":{"@id":"https:\/\/compuviper.mx\/tienda\/#\/schema\/logo\/image\/"},"sameAs":["https:\/\/www.facebook.com\/compuviper","https:\/\/www.youtube.com\/channel\/UCf73dERp9Y3cfOq7q8BhLjA?view_as=subscriber"]}]},"product_brand":"Balam Rush","product_price_amount":"1465","product_price_currency":"MXN","og_availability":"instock","product_availability":"instock","product_retailer_item_id":"BR-938693,7506215938693","product_condition":"new"},"_links":{"self":[{"href":"https:\/\/compuviper.mx\/tienda\/wp-json\/wp\/v2\/product\/238988"}],"collection":[{"href":"https:\/\/compuviper.mx\/tienda\/wp-json\/wp\/v2\/product"}],"about":[{"href":"https:\/\/compuviper.mx\/tienda\/wp-json\/wp\/v2\/types\/product"}],"replies":[{"embeddable":true,"href":"https:\/\/compuviper.mx\/tienda\/wp-json\/wp\/v2\/comments?post=238988"}],"wp:featuredmedia":[{"embeddable":true,"href":"https:\/\/compuviper.mx\/tienda\/wp-json\/wp\/v2\/media\/242410"}],"wp:attachment":[{"href":"https:\/\/compuviper.mx\/tienda\/wp-json\/wp\/v2\/media?parent=238988"}],"wp:term":[{"taxonomy":"product_cat","embeddable":true,"href":"https:\/\/compuviper.mx\/tienda\/wp-json\/wp\/v2\/product_cat?post=238988"},{"taxonomy":"product_tag","embeddable":true,"href":"https:\/\/compuviper.mx\/tienda\/wp-json\/wp\/v2\/product_tag?post=238988"}],"curies":[{"name":"wp","href":"https:\/\/api.w.org\/{rel}","templated":true}]}}